{"id":55,"date":"2021-05-07T09:49:21","date_gmt":"2021-05-07T09:49:21","guid":{"rendered":"https:\/\/riberasalud.com\/rsc\/?page_id=55"},"modified":"2021-05-07T10:20:45","modified_gmt":"2021-05-07T10:20:45","slug":"cuidate-en-casa","status":"publish","type":"page","link":"https:\/\/riberasalud.com\/rsc\/cuidate-en-casa\/","title":{"rendered":"Cu\u00eddate en casa"},"content":{"rendered":"\n<div class=\"wp-block-group backgroundbanner\"><div class=\"wp-block-group__inner-container is-layout-flow wp-block-group-is-layout-flow\">\n<p class=\"has-text-align-center\" style=\"font-size:40px\"><span style=\"color: #4b4a4a;\" class=\"ugb-highlight\">Cu\u00eddate en casa<\/span><\/p>\n<\/div><\/div>\n\n\n\n<div class=\"wp-block-group videopovisa\"><div class=\"wp-block-group__inner-container is-layout-flow wp-block-group-is-layout-flow\">\n<div class=\"wp-block-columns is-layout-flex wp-container-core-columns-is-layout-9d6595d7 wp-block-columns-is-layout-flex\">\n<div class=\"wp-block-column is-layout-flow wp-block-column-is-layout-flow\">\n<p class=\"espe1\" style=\"font-size:14px\"><span style=\"color: #4b4a4a;\" class=\"ugb-highlight\">CU\u00cdDATE EN CASA<\/span><span style=\"color: #4b4a4a;\" class=\"ugb-highlight\"><\/span><span style=\"color: #4b4a4a;\" class=\"ugb-highlight\"><\/span><\/p>\n\n\n\n<p class=\"espe2\" style=\"font-size:27px\"><strong><span style=\"color: #4b4a4a;\" class=\"ugb-highlight\">Desde tu centro de salud<\/span><span style=\"color: #4b4a4a;\" class=\"ugb-highlight\"><\/span><\/strong><\/p>\n<\/div>\n\n\n\n<div class=\"wp-block-column is-layout-flow wp-block-column-is-layout-flow\">\n<div class=\"wp-block-advgb-video advgb-video-block full-width\" data-video=\"https:\/\/www.youtube.com\/embed\/cGjzQdrcfy8?rel=0&amp;wmode=transparent\" data-source=\"youtube\" data-video-attr=\"controls,playsinline\" data-video-preload=\"metadata\"><div class=\"advgb-video-wrapper full-width no-lightbox\"><iframe src=\"https:\/\/www.youtube.com\/embed\/cGjzQdrcfy8?rel=0&amp;wmode=transparent\" height=\"300\" frameborder=\"0\" allowfullscreen><\/iframe><\/div><\/div>\n<\/div>\n<\/div>\n<\/div><\/div>\n\n\n\n<div class=\"wp-block-group videopovisa\"><div class=\"wp-block-group__inner-container is-layout-flow wp-block-group-is-layout-flow\">\n<div class=\"wp-block-columns is-layout-flex wp-container-core-columns-is-layout-9d6595d7 wp-block-columns-is-layout-flex\">\n<div class=\"wp-block-column is-layout-flow wp-block-column-is-layout-flow\">\n<p class=\"espe1\" style=\"font-size:14px\"><span style=\"color: #4b4a4a;\" class=\"ugb-highlight\">CU\u00cdDATE EN CASA<\/span><\/p>\n\n\n\n<p class=\"espe2\" style=\"font-size:27px\"><strong><span style=\"color: #4b4a4a;\" class=\"ugb-highlight\">Mindfulness<\/span><\/strong><\/p>\n\n\n\n<p class=\"espe2\" style=\"font-size:13px\"><span style=\"color: #706f6f;\" class=\"ugb-highlight\">Marta Due\u00f1as<br>Psic\u00f3loga Sanitaria<\/span><\/p>\n<\/div>\n\n\n\n<div class=\"wp-block-column is-layout-flow wp-block-column-is-layout-flow\">\n<div class=\"wp-block-advgb-video advgb-video-block full-width\" data-video=\"https:\/\/www.youtube.com\/embed\/I1Vnxn8qYAg?rel=0&amp;wmode=transparent\" data-source=\"youtube\" data-video-attr=\"controls,playsinline\" data-video-preload=\"metadata\"><div class=\"advgb-video-wrapper full-width no-lightbox\"><iframe src=\"https:\/\/www.youtube.com\/embed\/I1Vnxn8qYAg?rel=0&amp;wmode=transparent\" height=\"300\" frameborder=\"0\" allowfullscreen><\/iframe><\/div><\/div>\n<\/div>\n<\/div>\n<\/div><\/div>\n\n\n\n<div class=\"wp-block-group videopovisa\"><div class=\"wp-block-group__inner-container is-layout-flow wp-block-group-is-layout-flow\">\n<div class=\"wp-block-columns is-layout-flex wp-container-core-columns-is-layout-9d6595d7 wp-block-columns-is-layout-flex\">\n<div class=\"wp-block-column is-layout-flow wp-block-column-is-layout-flow\">\n<p class=\"espe1\" style=\"font-size:14px\"><span style=\"color: #4b4a4a;\" class=\"ugb-highlight\">CU\u00cdDATE EN CASA<\/span><\/p>\n\n\n\n<p class=\"espe2\" style=\"font-size:27px\"><strong><span style=\"color: #4b4a4a;\" class=\"ugb-highlight\">Fisioterapia<\/span><\/strong><\/p>\n\n\n\n<p class=\"espe2\" style=\"font-size:13px\"><span style=\"color: #706f6f;\" class=\"ugb-highlight\">David Valero<br>Fisioterapeuta<\/span><\/p>\n<\/div>\n\n\n\n<div class=\"wp-block-column is-layout-flow wp-block-column-is-layout-flow\">\n<div class=\"wp-block-advgb-video advgb-video-block full-width\" data-video=\"https:\/\/www.youtube.com\/embed\/7-EKh6BpfWw?rel=0&amp;wmode=transparent\" data-source=\"youtube\" data-video-attr=\"controls,playsinline\" data-video-preload=\"metadata\"><div class=\"advgb-video-wrapper full-width no-lightbox\"><iframe src=\"https:\/\/www.youtube.com\/embed\/7-EKh6BpfWw?rel=0&amp;wmode=transparent\" height=\"300\" frameborder=\"0\" allowfullscreen><\/iframe><\/div><\/div>\n<\/div>\n<\/div>\n<\/div><\/div>\n\n\n\n<div class=\"wp-block-group videopovisa\"><div class=\"wp-block-group__inner-container is-layout-flow wp-block-group-is-layout-flow\">\n<div class=\"wp-block-columns is-layout-flex wp-container-core-columns-is-layout-9d6595d7 wp-block-columns-is-layout-flex\">\n<div class=\"wp-block-column is-layout-flow wp-block-column-is-layout-flow\">\n<p class=\"espe1\" style=\"font-size:14px\"><span style=\"color: #4b4a4a;\" class=\"ugb-highlight\">CU\u00cdDATE EN CASA<\/span><\/p>\n\n\n\n<p class=\"espe2\" style=\"font-size:27px\"><strong><span style=\"color: #4b4a4a;\" class=\"ugb-highlight\">Operaci\u00f3n cole online<\/span><span style=\"color: #4b4a4a;\" class=\"ugb-highlight\"><\/span><\/strong><\/p>\n<\/div>\n\n\n\n<div class=\"wp-block-column is-layout-flow wp-block-column-is-layout-flow\">\n<div class=\"wp-block-advgb-video advgb-video-block full-width\" data-video=\"https:\/\/www.youtube.com\/embed\/pkUgEtzg64w?rel=0&amp;wmode=transparent\" data-source=\"youtube\" data-video-attr=\"controls,playsinline\" data-video-preload=\"metadata\"><div class=\"advgb-video-wrapper full-width no-lightbox\"><iframe src=\"https:\/\/www.youtube.com\/embed\/pkUgEtzg64w?rel=0&amp;wmode=transparent\" height=\"300\" frameborder=\"0\" allowfullscreen><\/iframe><\/div><\/div>\n<\/div>\n<\/div>\n<\/div><\/div>\n\n\n\n<div class=\"wp-block-group videopovisa\"><div class=\"wp-block-group__inner-container is-layout-flow wp-block-group-is-layout-flow\">\n<div class=\"wp-block-columns is-layout-flex wp-container-core-columns-is-layout-9d6595d7 wp-block-columns-is-layout-flex\">\n<div class=\"wp-block-column is-layout-flow wp-block-column-is-layout-flow\">\n<p class=\"espe1\" style=\"font-size:14px\"><span style=\"color: #4b4a4a;\" class=\"ugb-highlight\">CU\u00cdDATE EN CASA<\/span><\/p>\n\n\n\n<p class=\"espe2\" style=\"font-size:27px\"><strong><span style=\"color: #4b4a4a;\" class=\"ugb-highlight\">Neurolog\u00eda<\/span><\/strong><\/p>\n\n\n\n<p class=\"espe2\" style=\"font-size:13px\"><span style=\"color: #706f6f;\" class=\"ugb-highlight\">Erika Torres<br>Neur\u00f3loga<span style=\"color: #706f6f;\" class=\"ugb-highlight\"><\/span><span style=\"color: #706f6f;\" class=\"ugb-highlight\"><\/span><strong><span style=\"color: #4b4a4a;\" class=\"ugb-highlight\"><\/span><\/strong><\/span><\/p>\n<\/div>\n\n\n\n<div class=\"wp-block-column is-layout-flow wp-block-column-is-layout-flow\">\n<div class=\"wp-block-advgb-video advgb-video-block full-width\" data-video=\"https:\/\/www.youtube.com\/embed\/QRdnYWK0W3U?rel=0&amp;wmode=transparent\" data-source=\"youtube\" data-video-attr=\"controls,playsinline\" data-video-preload=\"metadata\"><div class=\"advgb-video-wrapper full-width no-lightbox\"><iframe src=\"https:\/\/www.youtube.com\/embed\/QRdnYWK0W3U?rel=0&amp;wmode=transparent\" height=\"300\" frameborder=\"0\" allowfullscreen><\/iframe><\/div><\/div>\n<\/div>\n<\/div>\n<\/div><\/div>\n\n\n\n<div class=\"wp-block-group videopovisa\"><div class=\"wp-block-group__inner-container is-layout-flow wp-block-group-is-layout-flow\">\n<div class=\"wp-block-columns is-layout-flex wp-container-core-columns-is-layout-9d6595d7 wp-block-columns-is-layout-flex\">\n<div class=\"wp-block-column is-layout-flow wp-block-column-is-layout-flow\">\n<p class=\"espe1\" style=\"font-size:14px\"><span style=\"color: #4b4a4a;\" class=\"ugb-highlight\">CU\u00cdDATE EN CASA<\/span><\/p>\n\n\n\n<p class=\"espe2\" style=\"font-size:27px\"><strong><span style=\"color: #4b4a4a;\" class=\"ugb-highlight\">Embarazo<\/span><\/strong><\/p>\n\n\n\n<p class=\"espe2\" style=\"font-size:13px\"><span style=\"color: #706f6f;\" class=\"ugb-highlight\">Elia de Felipe<br>Enfermera<span style=\"color: #706f6f;\" class=\"ugb-highlight\"><\/span><span style=\"color: #706f6f;\" class=\"ugb-highlight\"><\/span><strong><span style=\"color: #4b4a4a;\" class=\"ugb-highlight\"><\/span><\/strong><\/span><\/p>\n<\/div>\n\n\n\n<div class=\"wp-block-column is-layout-flow wp-block-column-is-layout-flow\">\n<div class=\"wp-block-advgb-video advgb-video-block full-width\" data-video=\"https:\/\/www.youtube.com\/embed\/rEqfmcP9LmA?rel=0&amp;wmode=transparent\" data-source=\"youtube\" data-video-attr=\"controls,playsinline\" data-video-preload=\"metadata\"><div class=\"advgb-video-wrapper full-width no-lightbox\"><iframe src=\"https:\/\/www.youtube.com\/embed\/rEqfmcP9LmA?rel=0&amp;wmode=transparent\" height=\"300\" frameborder=\"0\" allowfullscreen><\/iframe><\/div><\/div>\n<\/div>\n<\/div>\n<\/div><\/div>\n\n\n\n<p><\/p>\n","protected":false},"excerpt":{"rendered":"<p>Cu\u00eddate en casa CU\u00cdDATE EN CASA Desde tu centro de salud CU\u00cdDATE EN CASA Mindfulness Marta Due\u00f1asPsic\u00f3loga Sanitaria CU\u00cdDATE EN CASA Fisioterapia David ValeroFisioterapeuta CU\u00cdDATE EN CASA Operaci\u00f3n cole online CU\u00cdDATE EN CASA Neurolog\u00eda Erika TorresNeur\u00f3loga CU\u00cdDATE EN CASA Embarazo Elia de FelipeEnfermera<\/p>\n","protected":false},"author":1,"featured_media":0,"parent":0,"menu_order":0,"comment_status":"closed","ping_status":"closed","template":"","meta":{"_editorskit_title_hidden":false,"_editorskit_reading_time":0,"_editorskit_is_block_options_detached":false,"_editorskit_block_options_position":"{}","_coblocks_attr":"","_coblocks_dimensions":"","_coblocks_responsive_height":"","_coblocks_accordion_ie_support":"","_uag_custom_page_level_css":"","advgb_blocks_editor_width":"","advgb_blocks_columns_visual_guide":"","_monsterinsights_skip_tracking":false,"_monsterinsights_sitenote_active":false,"_monsterinsights_sitenote_note":"","_monsterinsights_sitenote_category":0,"footnotes":""},"class_list":["post-55","page","type-page","status-publish"],"featured_image_urls_v2":{"full":"","thumbnail":"","medium":"","medium_large":"","large":"","xl":"","xxl":"","xxxl":"","xxxxl":"","xxxxxl":"","1536x1536":"","2048x2048":""},"post_excerpt_stackable_v2":"<p>Cu\u00eddate en casa CU\u00cdDATE EN CASA Desde tu centro de salud CU\u00cdDATE EN CASA Mindfulness Marta Due\u00f1asPsic\u00f3loga Sanitaria CU\u00cdDATE EN CASA Fisioterapia David ValeroFisioterapeuta CU\u00cdDATE EN CASA Operaci\u00f3n cole online CU\u00cdDATE EN CASA Neurolog\u00eda Erika TorresNeur\u00f3loga CU\u00cdDATE EN CASA Embarazo Elia de FelipeEnfermera<\/p>\n","category_list_v2":"","author_info_v2":{"name":"jorge@quois.com","url":"https:\/\/riberasalud.com\/rsc\/author\/jorgequois-com\/"},"comments_num_v2":"0 comentarios","yoast_head":"<!-- This site is optimized with the Yoast SEO plugin v26.6 - https:\/\/yoast.com\/wordpress\/plugins\/seo\/ -->\n<title>Cu\u00eddate en casa - RSC Grupo sanitario Ribera<\/title>\n<meta name=\"robots\" content=\"index, follow, max-snippet:-1, max-image-preview:large, max-video-preview:-1\" \/>\n<link rel=\"canonical\" href=\"https:\/\/riberasalud.com\/rsc\/cuidate-en-casa\/\" \/>\n<meta property=\"og:locale\" content=\"es_ES\" \/>\n<meta property=\"og:type\" content=\"article\" \/>\n<meta property=\"og:title\" content=\"Cu\u00eddate en casa - RSC Grupo sanitario Ribera\" \/>\n<meta property=\"og:description\" content=\"Cu\u00eddate en casa CU\u00cdDATE EN CASA Desde tu centro de salud CU\u00cdDATE EN CASA Mindfulness Marta Due\u00f1asPsic\u00f3loga Sanitaria CU\u00cdDATE EN CASA Fisioterapia David ValeroFisioterapeuta CU\u00cdDATE EN CASA Operaci\u00f3n cole online CU\u00cdDATE EN CASA Neurolog\u00eda Erika TorresNeur\u00f3loga CU\u00cdDATE EN CASA Embarazo Elia de FelipeEnfermera\" \/>\n<meta property=\"og:url\" content=\"https:\/\/riberasalud.com\/rsc\/cuidate-en-casa\/\" \/>\n<meta property=\"og:site_name\" content=\"RSC Grupo sanitario Ribera\" \/>\n<meta property=\"article:modified_time\" content=\"2021-05-07T10:20:45+00:00\" \/>\n<meta name=\"twitter:card\" content=\"summary_large_image\" \/>\n<script type=\"application\/ld+json\" class=\"yoast-schema-graph\">{\"@context\":\"https:\/\/schema.org\",\"@graph\":[{\"@type\":\"WebPage\",\"@id\":\"https:\/\/riberasalud.com\/rsc\/cuidate-en-casa\/\",\"url\":\"https:\/\/riberasalud.com\/rsc\/cuidate-en-casa\/\",\"name\":\"Cu\u00eddate en casa - RSC Grupo sanitario Ribera\",\"isPartOf\":{\"@id\":\"https:\/\/riberasalud.com\/rsc\/#website\"},\"datePublished\":\"2021-05-07T09:49:21+00:00\",\"dateModified\":\"2021-05-07T10:20:45+00:00\",\"breadcrumb\":{\"@id\":\"https:\/\/riberasalud.com\/rsc\/cuidate-en-casa\/#breadcrumb\"},\"inLanguage\":\"es\",\"potentialAction\":[{\"@type\":\"ReadAction\",\"target\":[\"https:\/\/riberasalud.com\/rsc\/cuidate-en-casa\/\"]}]},{\"@type\":\"BreadcrumbList\",\"@id\":\"https:\/\/riberasalud.com\/rsc\/cuidate-en-casa\/#breadcrumb\",\"itemListElement\":[{\"@type\":\"ListItem\",\"position\":1,\"name\":\"Portada\",\"item\":\"https:\/\/riberasalud.com\/rsc\/\"},{\"@type\":\"ListItem\",\"position\":2,\"name\":\"Cu\u00eddate en casa\"}]},{\"@type\":\"WebSite\",\"@id\":\"https:\/\/riberasalud.com\/rsc\/#website\",\"url\":\"https:\/\/riberasalud.com\/rsc\/\",\"name\":\"RSC Grupo sanitario Ribera\",\"description\":\"\",\"publisher\":{\"@id\":\"https:\/\/riberasalud.com\/rsc\/#organization\"},\"potentialAction\":[{\"@type\":\"SearchAction\",\"target\":{\"@type\":\"EntryPoint\",\"urlTemplate\":\"https:\/\/riberasalud.com\/rsc\/?s={search_term_string}\"},\"query-input\":{\"@type\":\"PropertyValueSpecification\",\"valueRequired\":true,\"valueName\":\"search_term_string\"}}],\"inLanguage\":\"es\"},{\"@type\":\"Organization\",\"@id\":\"https:\/\/riberasalud.com\/rsc\/#organization\",\"name\":\"RSC Grupo sanitario Ribera\",\"url\":\"https:\/\/riberasalud.com\/rsc\/\",\"logo\":{\"@type\":\"ImageObject\",\"inLanguage\":\"es\",\"@id\":\"https:\/\/riberasalud.com\/rsc\/#\/schema\/logo\/image\/\",\"url\":\"https:\/\/riberasalud.com\/rsc\/wp-content\/uploads\/2021\/05\/cropped-Logotipo-Red.png\",\"contentUrl\":\"https:\/\/riberasalud.com\/rsc\/wp-content\/uploads\/2021\/05\/cropped-Logotipo-Red.png\",\"width\":500,\"height\":198,\"caption\":\"RSC Grupo sanitario Ribera\"},\"image\":{\"@id\":\"https:\/\/riberasalud.com\/rsc\/#\/schema\/logo\/image\/\"}}]}<\/script>\n<!-- \/ Yoast SEO plugin. -->","yoast_head_json":{"title":"Cu\u00eddate en casa - RSC Grupo sanitario Ribera","robots":{"index":"index","follow":"follow","max-snippet":"max-snippet:-1","max-image-preview":"max-image-preview:large","max-video-preview":"max-video-preview:-1"},"canonical":"https:\/\/riberasalud.com\/rsc\/cuidate-en-casa\/","og_locale":"es_ES","og_type":"article","og_title":"Cu\u00eddate en casa - RSC Grupo sanitario Ribera","og_description":"Cu\u00eddate en casa CU\u00cdDATE EN CASA Desde tu centro de salud CU\u00cdDATE EN CASA Mindfulness Marta Due\u00f1asPsic\u00f3loga Sanitaria CU\u00cdDATE EN CASA Fisioterapia David ValeroFisioterapeuta CU\u00cdDATE EN CASA Operaci\u00f3n cole online CU\u00cdDATE EN CASA Neurolog\u00eda Erika TorresNeur\u00f3loga CU\u00cdDATE EN CASA Embarazo Elia de FelipeEnfermera","og_url":"https:\/\/riberasalud.com\/rsc\/cuidate-en-casa\/","og_site_name":"RSC Grupo sanitario Ribera","article_modified_time":"2021-05-07T10:20:45+00:00","twitter_card":"summary_large_image","schema":{"@context":"https:\/\/schema.org","@graph":[{"@type":"WebPage","@id":"https:\/\/riberasalud.com\/rsc\/cuidate-en-casa\/","url":"https:\/\/riberasalud.com\/rsc\/cuidate-en-casa\/","name":"Cu\u00eddate en casa - RSC Grupo sanitario Ribera","isPartOf":{"@id":"https:\/\/riberasalud.com\/rsc\/#website"},"datePublished":"2021-05-07T09:49:21+00:00","dateModified":"2021-05-07T10:20:45+00:00","breadcrumb":{"@id":"https:\/\/riberasalud.com\/rsc\/cuidate-en-casa\/#breadcrumb"},"inLanguage":"es","potentialAction":[{"@type":"ReadAction","target":["https:\/\/riberasalud.com\/rsc\/cuidate-en-casa\/"]}]},{"@type":"BreadcrumbList","@id":"https:\/\/riberasalud.com\/rsc\/cuidate-en-casa\/#breadcrumb","itemListElement":[{"@type":"ListItem","position":1,"name":"Portada","item":"https:\/\/riberasalud.com\/rsc\/"},{"@type":"ListItem","position":2,"name":"Cu\u00eddate en casa"}]},{"@type":"WebSite","@id":"https:\/\/riberasalud.com\/rsc\/#website","url":"https:\/\/riberasalud.com\/rsc\/","name":"RSC Grupo sanitario Ribera","description":"","publisher":{"@id":"https:\/\/riberasalud.com\/rsc\/#organization"},"potentialAction":[{"@type":"SearchAction","target":{"@type":"EntryPoint","urlTemplate":"https:\/\/riberasalud.com\/rsc\/?s={search_term_string}"},"query-input":{"@type":"PropertyValueSpecification","valueRequired":true,"valueName":"search_term_string"}}],"inLanguage":"es"},{"@type":"Organization","@id":"https:\/\/riberasalud.com\/rsc\/#organization","name":"RSC Grupo sanitario Ribera","url":"https:\/\/riberasalud.com\/rsc\/","logo":{"@type":"ImageObject","inLanguage":"es","@id":"https:\/\/riberasalud.com\/rsc\/#\/schema\/logo\/image\/","url":"https:\/\/riberasalud.com\/rsc\/wp-content\/uploads\/2021\/05\/cropped-Logotipo-Red.png","contentUrl":"https:\/\/riberasalud.com\/rsc\/wp-content\/uploads\/2021\/05\/cropped-Logotipo-Red.png","width":500,"height":198,"caption":"RSC Grupo sanitario Ribera"},"image":{"@id":"https:\/\/riberasalud.com\/rsc\/#\/schema\/logo\/image\/"}}]}},"pbg_featured_image_src":{"full":false,"thumbnail":false,"medium":false,"medium_large":false,"large":false,"xl":false,"xxl":false,"xxxl":false,"xxxxl":false,"xxxxxl":false,"1536x1536":false,"2048x2048":false},"pbg_author_info":{"display_name":"jorge@quois.com","author_link":"https:\/\/riberasalud.com\/rsc\/author\/jorgequois-com\/","author_img":"<img alt='jorge@quois.com' src='https:\/\/secure.gravatar.com\/avatar\/bca8cccf11ce6757dcdec6ce293d120c16d33c83aeb423357cce3f49f3abae94?s=128&#038;d=mm&#038;r=g' srcset='https:\/\/secure.gravatar.com\/avatar\/bca8cccf11ce6757dcdec6ce293d120c16d33c83aeb423357cce3f49f3abae94?s=256&#038;d=mm&#038;r=g 2x' class='avatar avatar-128 photo' height='128' width='128' loading='lazy' decoding='async'\/>"},"pbg_comment_info":" No Comments","pbg_excerpt":"Cu\u00eddate en casa CU\u00cdDATE EN CASA Desde tu centro de salud CU\u00cdDATE EN CASA Mindfulness Marta Due\u00f1asPsic\u00f3loga Sanitaria CU\u00cdDATE EN CASA Fisioterapia David ValeroFisioterapeuta CU\u00cdDATE EN CASA Operaci\u00f3n cole online CU\u00cdDATE EN CASA Neurolog\u00eda Erika TorresNeur\u00f3loga CU\u00cdDATE EN CASA Embarazo Elia de FelipeEnfermera","uagb_featured_image_src":{"full":false,"thumbnail":false,"medium":false,"medium_large":false,"large":false,"xl":false,"xxl":false,"xxxl":false,"xxxxl":false,"xxxxxl":false,"1536x1536":false,"2048x2048":false},"uagb_author_info":{"display_name":"jorge@quois.com","author_link":"https:\/\/riberasalud.com\/rsc\/author\/jorgequois-com\/"},"uagb_comment_info":0,"uagb_excerpt":"Cu\u00eddate en casa CU\u00cdDATE EN CASA Desde tu centro de salud CU\u00cdDATE EN CASA Mindfulness Marta Due\u00f1asPsic\u00f3loga Sanitaria CU\u00cdDATE EN CASA Fisioterapia David ValeroFisioterapeuta CU\u00cdDATE EN CASA Operaci\u00f3n cole online CU\u00cdDATE EN CASA Neurolog\u00eda Erika TorresNeur\u00f3loga CU\u00cdDATE EN CASA Embarazo Elia de FelipeEnfermera","coauthors":[],"author_meta":{"author_link":"https:\/\/riberasalud.com\/rsc\/author\/jorgequois-com\/","display_name":"jorge@quois.com"},"relative_dates":{"created":"Publicado 5 a\u00f1os hace","modified":"Actualizado 5 a\u00f1os hace"},"absolute_dates":{"created":"Publicado el 7 de mayo de 2021","modified":"Actualizado el 7 de mayo de 2021"},"absolute_dates_time":{"created":"Publicado el 7 de mayo de 2021 09:49","modified":"Actualizado el 7 de mayo de 2021 10:20"},"featured_img_caption":"","featured_img":false,"series_order":"","_links":{"self":[{"href":"https:\/\/riberasalud.com\/rsc\/wp-json\/wp\/v2\/pages\/55","targetHints":{"allow":["GET"]}}],"collection":[{"href":"https:\/\/riberasalud.com\/rsc\/wp-json\/wp\/v2\/pages"}],"about":[{"href":"https:\/\/riberasalud.com\/rsc\/wp-json\/wp\/v2\/types\/page"}],"author":[{"embeddable":true,"href":"https:\/\/riberasalud.com\/rsc\/wp-json\/wp\/v2\/users\/1"}],"replies":[{"embeddable":true,"href":"https:\/\/riberasalud.com\/rsc\/wp-json\/wp\/v2\/comments?post=55"}],"version-history":[{"count":6,"href":"https:\/\/riberasalud.com\/rsc\/wp-json\/wp\/v2\/pages\/55\/revisions"}],"predecessor-version":[{"id":63,"href":"https:\/\/riberasalud.com\/rsc\/wp-json\/wp\/v2\/pages\/55\/revisions\/63"}],"wp:attachment":[{"href":"https:\/\/riberasalud.com\/rsc\/wp-json\/wp\/v2\/media?parent=55"}],"curies":[{"name":"wp","href":"https:\/\/api.w.org\/{rel}","templated":true}]}}