{"id":3166,"date":"2023-11-13T09:02:16","date_gmt":"2023-11-13T09:02:16","guid":{"rendered":"https:\/\/riberasalud.com\/rsc\/?page_id=3166"},"modified":"2023-11-15T10:38:07","modified_gmt":"2023-11-15T10:38:07","slug":"solicitud-de-colaboracion","status":"publish","type":"page","link":"https:\/\/riberasalud.com\/rsc\/solicitud-de-colaboracion\/","title":{"rendered":"Solicitud de colaboraci\u00f3n"},"content":{"rendered":"\n<div class=\"wp-block-group backgroundbanner\"><div class=\"wp-block-group__inner-container is-layout-flow wp-block-group-is-layout-flow\">\n<p class=\"has-text-align-center\" style=\"font-size:40px\"><span style=\"color: #4b4a4a;\" class=\"ugb-highlight\">Solicitud de colaboraci\u00f3n<\/span><\/p>\n<\/div><\/div>\n\n\n\n<div class=\"wp-block-group\"><div class=\"wp-block-group__inner-container is-layout-flow wp-block-group-is-layout-flow\">\n<p style=\"font-size:18px\">Actualmente no tenemos convocatoria abierta, no obstante, puedes remitir la tuya para su valoraci\u00f3n.<\/p>\n\n\n\t\t\t\t<div class = \"wp-block-uagb-cf7-styler uagb-cf7-styler__outer-wrap uagb-block-1e37e65a   \">\n\t\t\t\t\t<div class = \"uagb-cf7-styler__align-left uagb-cf7-styler__field-style-box uagb-cf7-styler__btn-align-left uagb-cf7-styler__btn-align-tablet- uagb-cf7-styler__btn-align-mobile- uagb-cf7-styler__highlight-style-default uagb-cf7-styler__check-style-enabled\">\n\t\t\t\t\t\n<div class=\"wpcf7 no-js\" id=\"wpcf7-f3165-o1\" lang=\"es-ES\" dir=\"ltr\" data-wpcf7-id=\"3165\">\n<div class=\"screen-reader-response\"><p role=\"status\" aria-live=\"polite\" aria-atomic=\"true\"><\/p> <ul><\/ul><\/div>\n<form action=\"\/rsc\/wp-json\/wp\/v2\/pages\/3166#wpcf7-f3165-o1\" method=\"post\" class=\"wpcf7-form init\" aria-label=\"Formulario de contacto\" enctype=\"multipart\/form-data\" novalidate=\"novalidate\" data-status=\"init\">\n<fieldset class=\"hidden-fields-container\"><input type=\"hidden\" name=\"_wpcf7\" value=\"3165\" \/><input type=\"hidden\" name=\"_wpcf7_version\" value=\"6.1.4\" \/><input type=\"hidden\" name=\"_wpcf7_locale\" value=\"es_ES\" \/><input type=\"hidden\" name=\"_wpcf7_unit_tag\" value=\"wpcf7-f3165-o1\" \/><input type=\"hidden\" name=\"_wpcf7_container_post\" value=\"0\" \/><input type=\"hidden\" name=\"_wpcf7_posted_data_hash\" value=\"\" \/><input type=\"hidden\" name=\"_wpcf7cf_hidden_group_fields\" value=\"[]\" \/><input type=\"hidden\" name=\"_wpcf7cf_hidden_groups\" value=\"[]\" \/><input type=\"hidden\" name=\"_wpcf7cf_visible_groups\" value=\"[]\" \/><input type=\"hidden\" name=\"_wpcf7cf_repeaters\" value=\"[]\" \/><input type=\"hidden\" name=\"_wpcf7cf_steps\" value=\"{}\" \/><input type=\"hidden\" name=\"_wpcf7cf_options\" value=\"{&quot;form_id&quot;:3165,&quot;conditions&quot;:[{&quot;then_field&quot;:&quot;economico&quot;,&quot;and_rules&quot;:[{&quot;if_field&quot;:&quot;tiporecurso&quot;,&quot;operator&quot;:&quot;equals&quot;,&quot;if_value&quot;:&quot;Recursos econ\\u00f3micos&quot;}]},{&quot;then_field&quot;:&quot;otrotipo&quot;,&quot;and_rules&quot;:[{&quot;if_field&quot;:&quot;tiporecurso&quot;,&quot;operator&quot;:&quot;equals&quot;,&quot;if_value&quot;:&quot;Otro tipo&quot;}]}],&quot;settings&quot;:{&quot;animation&quot;:&quot;yes&quot;,&quot;animation_intime&quot;:200,&quot;animation_outtime&quot;:200,&quot;conditions_ui&quot;:&quot;normal&quot;,&quot;notice_dismissed&quot;:false,&quot;notice_dismissed_update-cf7-5.5.6&quot;:true}}\" \/>\n<\/fieldset>\n<p><span class=\"wpcf7-form-control-wrap\" data-name=\"organizacion\"><input size=\"40\" maxlength=\"400\" class=\"wpcf7-form-control wpcf7-text wpcf7-validates-as-required\" aria-required=\"true\" aria-invalid=\"false\" placeholder=\"Organizaci\u00f3n solicitante\" value=\"\" type=\"text\" name=\"organizacion\" \/><\/span>\n<\/p>\n<p><span class=\"wpcf7-form-control-wrap\" data-name=\"nombreproyecto\"><input size=\"40\" maxlength=\"400\" class=\"wpcf7-form-control wpcf7-text wpcf7-validates-as-required\" aria-required=\"true\" aria-invalid=\"false\" placeholder=\"Nombre del proyecto\" value=\"\" type=\"text\" name=\"nombreproyecto\" \/><\/span>\n<\/p>\n<p><span class=\"wpcf7-form-control-wrap\" data-name=\"responsable\"><input size=\"40\" maxlength=\"400\" class=\"wpcf7-form-control wpcf7-text wpcf7-validates-as-required\" aria-required=\"true\" aria-invalid=\"false\" placeholder=\"Responsable del proyecto\" value=\"\" type=\"text\" name=\"responsable\" \/><\/span>\n<\/p>\n<p><span class=\"wpcf7-form-control-wrap\" data-name=\"telefono\"><input size=\"40\" maxlength=\"400\" class=\"wpcf7-form-control wpcf7-tel wpcf7-validates-as-required wpcf7-text wpcf7-validates-as-tel\" aria-required=\"true\" aria-invalid=\"false\" placeholder=\"Tel\u00e9fono\" value=\"\" type=\"tel\" name=\"telefono\" \/><\/span>\n<\/p>\n<p><span class=\"wpcf7-form-control-wrap\" data-name=\"email\"><input size=\"40\" maxlength=\"400\" class=\"wpcf7-form-control wpcf7-email wpcf7-validates-as-required wpcf7-text wpcf7-validates-as-email\" aria-required=\"true\" aria-invalid=\"false\" placeholder=\"Correo electr\u00f3nico\" value=\"\" type=\"email\" name=\"email\" \/><\/span>\n<\/p>\n<p><span class=\"wpcf7-form-control-wrap\" data-name=\"lineasactuacion\"><select class=\"wpcf7-form-control wpcf7-select wpcf7-validates-as-required\" aria-required=\"true\" aria-invalid=\"false\" name=\"lineasactuacion\"><option value=\"\">L\u00ednea de actuaci\u00f3n<\/option><option value=\"Sanitario\">Sanitario<\/option><option value=\"Cultural\">Cultural<\/option><option value=\"Deportivo\">Deportivo<\/option><option value=\"Medio ambiente\">Medio ambiente<\/option><option value=\"Social\">Social<\/option><\/select><\/span>\n<\/p>\n<p><span class=\"wpcf7-form-control-wrap\" data-name=\"areaactuacion\"><select class=\"wpcf7-form-control wpcf7-select wpcf7-validates-as-required\" aria-required=\"true\" aria-invalid=\"false\" name=\"areaactuacion\"><option value=\"\">\u00c1rea de actuaci\u00f3n<\/option><option value=\"Educaci\u00f3n y juventud\">Educaci\u00f3n y juventud<\/option><option value=\"Salud\">Salud<\/option><option value=\"Desarrollo econ\u00f3mico\">Desarrollo econ\u00f3mico<\/option><option value=\"Medio ambiente\">Medio ambiente<\/option><option value=\"Arte y cultura\">Arte y cultura<\/option><option value=\"Bienestar social\">Bienestar social<\/option><option value=\"Ayuda humanitaria\">Ayuda humanitaria<\/option><option value=\"Deportivo\">Deportivo<\/option><option value=\"Investigaci\u00f3n\">Investigaci\u00f3n<\/option><\/select><\/span>\n<\/p>\n<p><span class=\"wpcf7-form-control-wrap\" data-name=\"tiporecurso\"><select class=\"wpcf7-form-control wpcf7-select wpcf7-validates-as-required\" aria-required=\"true\" aria-invalid=\"false\" name=\"tiporecurso\"><option value=\"\">Recursos necesarios<\/option><option value=\"Recursos econ\u00f3micos\">Recursos econ\u00f3micos<\/option><option value=\"Otro tipo\">Otro tipo<\/option><\/select><\/span>\n<\/p>\n<div data-id=\"economico\" data-orig_data_id=\"economico\"  class=\"\" data-class=\"wpcf7cf_group\">\n\t<p><span class=\"wpcf7-form-control-wrap\" data-name=\"importe\"><input class=\"wpcf7-form-control wpcf7-number wpcf7-validates-as-required wpcf7-validates-as-number\" aria-required=\"true\" aria-invalid=\"false\" placeholder=\"Importe (en \u20ac)\" value=\"\" type=\"number\" name=\"importe\" \/><\/span>\n\t<\/p>\n<\/div>\n<div data-id=\"otrotipo\" data-orig_data_id=\"otrotipo\"  class=\"\" data-class=\"wpcf7cf_group\">\n\t<p><span class=\"wpcf7-form-control-wrap\" data-name=\"otrotiporecurso\"><input size=\"40\" maxlength=\"400\" class=\"wpcf7-form-control wpcf7-text wpcf7-validates-as-required\" aria-required=\"true\" aria-invalid=\"false\" placeholder=\"Especificar recurso\" value=\"\" type=\"text\" name=\"otrotiporecurso\" \/><\/span>\n\t<\/p>\n<\/div>\n<p><span class=\"wpcf7-form-control-wrap\" data-name=\"alcance\"><select class=\"wpcf7-form-control wpcf7-select wpcf7-validates-as-required\" aria-required=\"true\" aria-invalid=\"false\" name=\"alcance\"><option value=\"\">Alcance de la iniciativa<\/option><option value=\"Internacional\">Internacional<\/option><option value=\"Nacional\">Nacional<\/option><option value=\"Regional\">Regional<\/option><option value=\"Local\">Local<\/option><\/select><\/span>\n<\/p>\n<p><span class=\"wpcf7-form-control-wrap\" data-name=\"centro\"><select class=\"wpcf7-form-control wpcf7-select wpcf7-validates-as-required\" aria-required=\"true\" aria-invalid=\"false\" name=\"centro\"><option value=\"\">Centro para el que se solicita la ayuda<\/option><option value=\"Central Grupo Ribera\">Central Grupo Ribera<\/option><option value=\"Hospital Universitario del Vinalop\u00f3\">Hospital Universitario del Vinalop\u00f3<\/option><option value=\"Hospital Universitario de Torrej\u00f3n\">Hospital Universitario de Torrej\u00f3n<\/option><option value=\"Hospital de Cascais\">Hospital de Cascais<\/option><option value=\"Hospital Ribera Povisa\">Hospital Ribera Povisa<\/option><option value=\"Hospital Ribera Polusa\">Hospital Ribera Polusa<\/option><option value=\"Hospital Ribera Almendralejo\">Hospital Ribera Almendralejo<\/option><option value=\"Hospital Ribera Juan Cardona\">Hospital Ribera Juan Cardona<\/option><option value=\"Ribera Hospital de Molina\">Ribera Hospital de Molina<\/option><option value=\"Cl\u00ednica Ribera Ciudad Quesada\">Cl\u00ednica Ribera Ciudad Quesada<\/option><option value=\"Cl\u00ednicas Ribera Polusa Santo Domingo\">Cl\u00ednicas Ribera Polusa Santo Domingo<\/option><option value=\"Hospitales Ribera Virgen de la Caridad y Caravaca\">Hospitales Ribera Virgen de la Caridad y Caravaca<\/option><option value=\"Otros centros\">Otros centros<\/option><\/select><\/span>\n<\/p>\n<p><span class=\"wpcf7-form-control-wrap\" data-name=\"descripcion\"><textarea cols=\"40\" rows=\"10\" maxlength=\"2000\" class=\"wpcf7-form-control wpcf7-textarea\" aria-invalid=\"false\" placeholder=\"Breve descripci\u00f3n del proyecto\" name=\"descripcion\"><\/textarea><\/span>\n<\/p>\n<p><label> Documentaci\u00f3n relacionada<br \/>\nLos formatos aceptados son (pdf, word, png, jpg) con un tama\u00f1o m\u00e1ximo de 5 megas<br \/>\n<span class=\"wpcf7-form-control-wrap\" data-name=\"documentacion\"><input size=\"40\" class=\"wpcf7-form-control wpcf7-file wpcf7-validates-as-required\" accept=\"audio\/*,video\/*,image\/*\" aria-required=\"true\" aria-invalid=\"false\" type=\"file\" name=\"documentacion\" \/><\/span><\/label>\n<\/p>\n<p><span class=\"wpcf7-form-control-wrap\" data-name=\"acceptance-205\"><span class=\"wpcf7-form-control wpcf7-acceptance\"><span class=\"wpcf7-list-item\"><label><input type=\"checkbox\" name=\"acceptance-205\" value=\"1\" aria-invalid=\"false\" \/><span class=\"wpcf7-list-item-label\">He le\u00eddo y acepto la <a href=\"https:\/\/www.riberasalud.com\/politica-de-privacidad\/\">pol\u00edtica de privacidad<\/a><\/span><\/label><\/span><\/span><\/span>\n<\/p>\n<p><input class=\"wpcf7-form-control wpcf7-submit has-spinner\" type=\"submit\" value=\"Enviar\" \/>\n<\/p><div class=\"wpcf7-response-output\" aria-hidden=\"true\"><\/div>\n<\/form>\n<\/div>\n\t\t\t\t\t<\/div>\n\t\t\t\t<\/div>\n\t\t\t\t<\/div><\/div>\n","protected":false},"excerpt":{"rendered":"<p>Solicitud de colaboraci\u00f3n Actualmente no tenemos convocatoria abierta, no obstante, puedes remitir la tuya para su valoraci\u00f3n.<\/p>\n","protected":false},"author":1,"featured_media":0,"parent":0,"menu_order":0,"comment_status":"closed","ping_status":"closed","template":"","meta":{"_editorskit_title_hidden":false,"_editorskit_reading_time":1,"_editorskit_is_block_options_detached":false,"_editorskit_block_options_position":"{}","_coblocks_attr":"","_coblocks_dimensions":"","_coblocks_responsive_height":"","_coblocks_accordion_ie_support":"","_uag_custom_page_level_css":"","advgb_blocks_editor_width":"","advgb_blocks_columns_visual_guide":"","_monsterinsights_skip_tracking":false,"_monsterinsights_sitenote_active":false,"_monsterinsights_sitenote_note":"","_monsterinsights_sitenote_category":0,"footnotes":""},"class_list":["post-3166","page","type-page","status-publish"],"featured_image_urls_v2":{"full":"","thumbnail":"","medium":"","medium_large":"","large":"","xl":"","xxl":"","xxxl":"","xxxxl":"","xxxxxl":"","1536x1536":"","2048x2048":""},"post_excerpt_stackable_v2":"<p>Solicitud de colaboraci\u00f3n Actualmente no tenemos convocatoria abierta, no obstante, puedes remitir la tuya para su valoraci\u00f3n. L\u00ednea de actuaci\u00f3nSanitarioCulturalDeportivoMedio ambienteSocial \u00c1rea de actuaci\u00f3nEducaci\u00f3n y juventudSaludDesarrollo econ\u00f3micoMedio ambienteArte y culturaBienestar socialAyuda humanitariaDeportivoInvestigaci\u00f3n Recursos necesariosRecursos econ\u00f3micosOtro tipo Alcance de la iniciativaInternacionalNacionalRegionalLocal Centro para el que se solicita la ayudaCentral Grupo RiberaHospital Universitario del Vinalop\u00f3Hospital Universitario de Torrej\u00f3nHospital de CascaisHospital Ribera PovisaHospital Ribera PolusaHospital Ribera AlmendralejoHospital Ribera Juan CardonaRibera Hospital de MolinaCl\u00ednica Ribera Ciudad QuesadaCl\u00ednicas Ribera Polusa Santo DomingoHospitales Ribera Virgen de la Caridad y CaravacaOtros centros Documentaci\u00f3n relacionada Los formatos aceptados son (pdf, word, png, jpg) con un tama\u00f1o m\u00e1ximo de&hellip;<\/p>\n","category_list_v2":"","author_info_v2":{"name":"jorge@quois.com","url":"https:\/\/riberasalud.com\/rsc\/author\/jorgequois-com\/"},"comments_num_v2":"0 comentarios","yoast_head":"<!-- This site is optimized with the Yoast SEO plugin v26.6 - https:\/\/yoast.com\/wordpress\/plugins\/seo\/ -->\n<title>Solicitud de colaboraci\u00f3n - RSC Grupo sanitario Ribera<\/title>\n<meta name=\"robots\" content=\"index, follow, max-snippet:-1, max-image-preview:large, max-video-preview:-1\" \/>\n<link rel=\"canonical\" href=\"https:\/\/riberasalud.com\/rsc\/solicitud-de-colaboracion\/\" \/>\n<meta property=\"og:locale\" content=\"es_ES\" \/>\n<meta property=\"og:type\" content=\"article\" \/>\n<meta property=\"og:title\" content=\"Solicitud de colaboraci\u00f3n - RSC Grupo sanitario Ribera\" \/>\n<meta property=\"og:description\" content=\"Solicitud de colaboraci\u00f3n Actualmente no tenemos convocatoria abierta, no obstante, puedes remitir la tuya para su valoraci\u00f3n.\" \/>\n<meta property=\"og:url\" content=\"https:\/\/riberasalud.com\/rsc\/solicitud-de-colaboracion\/\" \/>\n<meta property=\"og:site_name\" content=\"RSC Grupo sanitario Ribera\" \/>\n<meta property=\"article:modified_time\" content=\"2023-11-15T10:38:07+00:00\" \/>\n<meta name=\"twitter:card\" content=\"summary_large_image\" \/>\n<meta name=\"twitter:label1\" content=\"Tiempo de lectura\" \/>\n\t<meta name=\"twitter:data1\" content=\"1 minuto\" \/>\n<script type=\"application\/ld+json\" class=\"yoast-schema-graph\">{\"@context\":\"https:\/\/schema.org\",\"@graph\":[{\"@type\":\"WebPage\",\"@id\":\"https:\/\/riberasalud.com\/rsc\/solicitud-de-colaboracion\/\",\"url\":\"https:\/\/riberasalud.com\/rsc\/solicitud-de-colaboracion\/\",\"name\":\"Solicitud de colaboraci\u00f3n - RSC Grupo sanitario Ribera\",\"isPartOf\":{\"@id\":\"https:\/\/riberasalud.com\/rsc\/#website\"},\"datePublished\":\"2023-11-13T09:02:16+00:00\",\"dateModified\":\"2023-11-15T10:38:07+00:00\",\"breadcrumb\":{\"@id\":\"https:\/\/riberasalud.com\/rsc\/solicitud-de-colaboracion\/#breadcrumb\"},\"inLanguage\":\"es\",\"potentialAction\":[{\"@type\":\"ReadAction\",\"target\":[\"https:\/\/riberasalud.com\/rsc\/solicitud-de-colaboracion\/\"]}]},{\"@type\":\"BreadcrumbList\",\"@id\":\"https:\/\/riberasalud.com\/rsc\/solicitud-de-colaboracion\/#breadcrumb\",\"itemListElement\":[{\"@type\":\"ListItem\",\"position\":1,\"name\":\"Portada\",\"item\":\"https:\/\/riberasalud.com\/rsc\/\"},{\"@type\":\"ListItem\",\"position\":2,\"name\":\"Solicitud de colaboraci\u00f3n\"}]},{\"@type\":\"WebSite\",\"@id\":\"https:\/\/riberasalud.com\/rsc\/#website\",\"url\":\"https:\/\/riberasalud.com\/rsc\/\",\"name\":\"RSC Grupo sanitario Ribera\",\"description\":\"\",\"publisher\":{\"@id\":\"https:\/\/riberasalud.com\/rsc\/#organization\"},\"potentialAction\":[{\"@type\":\"SearchAction\",\"target\":{\"@type\":\"EntryPoint\",\"urlTemplate\":\"https:\/\/riberasalud.com\/rsc\/?s={search_term_string}\"},\"query-input\":{\"@type\":\"PropertyValueSpecification\",\"valueRequired\":true,\"valueName\":\"search_term_string\"}}],\"inLanguage\":\"es\"},{\"@type\":\"Organization\",\"@id\":\"https:\/\/riberasalud.com\/rsc\/#organization\",\"name\":\"RSC Grupo sanitario Ribera\",\"url\":\"https:\/\/riberasalud.com\/rsc\/\",\"logo\":{\"@type\":\"ImageObject\",\"inLanguage\":\"es\",\"@id\":\"https:\/\/riberasalud.com\/rsc\/#\/schema\/logo\/image\/\",\"url\":\"https:\/\/riberasalud.com\/rsc\/wp-content\/uploads\/2021\/05\/cropped-Logotipo-Red.png\",\"contentUrl\":\"https:\/\/riberasalud.com\/rsc\/wp-content\/uploads\/2021\/05\/cropped-Logotipo-Red.png\",\"width\":500,\"height\":198,\"caption\":\"RSC Grupo sanitario Ribera\"},\"image\":{\"@id\":\"https:\/\/riberasalud.com\/rsc\/#\/schema\/logo\/image\/\"}}]}<\/script>\n<!-- \/ Yoast SEO plugin. -->","yoast_head_json":{"title":"Solicitud de colaboraci\u00f3n - RSC Grupo sanitario Ribera","robots":{"index":"index","follow":"follow","max-snippet":"max-snippet:-1","max-image-preview":"max-image-preview:large","max-video-preview":"max-video-preview:-1"},"canonical":"https:\/\/riberasalud.com\/rsc\/solicitud-de-colaboracion\/","og_locale":"es_ES","og_type":"article","og_title":"Solicitud de colaboraci\u00f3n - RSC Grupo sanitario Ribera","og_description":"Solicitud de colaboraci\u00f3n Actualmente no tenemos convocatoria abierta, no obstante, puedes remitir la tuya para su valoraci\u00f3n.","og_url":"https:\/\/riberasalud.com\/rsc\/solicitud-de-colaboracion\/","og_site_name":"RSC Grupo sanitario Ribera","article_modified_time":"2023-11-15T10:38:07+00:00","twitter_card":"summary_large_image","twitter_misc":{"Tiempo de lectura":"1 minuto"},"schema":{"@context":"https:\/\/schema.org","@graph":[{"@type":"WebPage","@id":"https:\/\/riberasalud.com\/rsc\/solicitud-de-colaboracion\/","url":"https:\/\/riberasalud.com\/rsc\/solicitud-de-colaboracion\/","name":"Solicitud de colaboraci\u00f3n - RSC Grupo sanitario Ribera","isPartOf":{"@id":"https:\/\/riberasalud.com\/rsc\/#website"},"datePublished":"2023-11-13T09:02:16+00:00","dateModified":"2023-11-15T10:38:07+00:00","breadcrumb":{"@id":"https:\/\/riberasalud.com\/rsc\/solicitud-de-colaboracion\/#breadcrumb"},"inLanguage":"es","potentialAction":[{"@type":"ReadAction","target":["https:\/\/riberasalud.com\/rsc\/solicitud-de-colaboracion\/"]}]},{"@type":"BreadcrumbList","@id":"https:\/\/riberasalud.com\/rsc\/solicitud-de-colaboracion\/#breadcrumb","itemListElement":[{"@type":"ListItem","position":1,"name":"Portada","item":"https:\/\/riberasalud.com\/rsc\/"},{"@type":"ListItem","position":2,"name":"Solicitud de colaboraci\u00f3n"}]},{"@type":"WebSite","@id":"https:\/\/riberasalud.com\/rsc\/#website","url":"https:\/\/riberasalud.com\/rsc\/","name":"RSC Grupo sanitario Ribera","description":"","publisher":{"@id":"https:\/\/riberasalud.com\/rsc\/#organization"},"potentialAction":[{"@type":"SearchAction","target":{"@type":"EntryPoint","urlTemplate":"https:\/\/riberasalud.com\/rsc\/?s={search_term_string}"},"query-input":{"@type":"PropertyValueSpecification","valueRequired":true,"valueName":"search_term_string"}}],"inLanguage":"es"},{"@type":"Organization","@id":"https:\/\/riberasalud.com\/rsc\/#organization","name":"RSC Grupo sanitario Ribera","url":"https:\/\/riberasalud.com\/rsc\/","logo":{"@type":"ImageObject","inLanguage":"es","@id":"https:\/\/riberasalud.com\/rsc\/#\/schema\/logo\/image\/","url":"https:\/\/riberasalud.com\/rsc\/wp-content\/uploads\/2021\/05\/cropped-Logotipo-Red.png","contentUrl":"https:\/\/riberasalud.com\/rsc\/wp-content\/uploads\/2021\/05\/cropped-Logotipo-Red.png","width":500,"height":198,"caption":"RSC Grupo sanitario Ribera"},"image":{"@id":"https:\/\/riberasalud.com\/rsc\/#\/schema\/logo\/image\/"}}]}},"pbg_featured_image_src":{"full":false,"thumbnail":false,"medium":false,"medium_large":false,"large":false,"xl":false,"xxl":false,"xxxl":false,"xxxxl":false,"xxxxxl":false,"1536x1536":false,"2048x2048":false},"pbg_author_info":{"display_name":"jorge@quois.com","author_link":"https:\/\/riberasalud.com\/rsc\/author\/jorgequois-com\/","author_img":"<img alt='jorge@quois.com' src='https:\/\/secure.gravatar.com\/avatar\/bca8cccf11ce6757dcdec6ce293d120c16d33c83aeb423357cce3f49f3abae94?s=128&#038;d=mm&#038;r=g' srcset='https:\/\/secure.gravatar.com\/avatar\/bca8cccf11ce6757dcdec6ce293d120c16d33c83aeb423357cce3f49f3abae94?s=256&#038;d=mm&#038;r=g 2x' class='avatar avatar-128 photo' height='128' width='128' loading='lazy' decoding='async'\/>"},"pbg_comment_info":" No Comments","pbg_excerpt":"Solicitud de colaboraci\u00f3n Actualmente no tenemos convocatoria abierta, no obstante, puedes remitir la tuya para su valoraci\u00f3n.","uagb_featured_image_src":{"full":false,"thumbnail":false,"medium":false,"medium_large":false,"large":false,"xl":false,"xxl":false,"xxxl":false,"xxxxl":false,"xxxxxl":false,"1536x1536":false,"2048x2048":false},"uagb_author_info":{"display_name":"jorge@quois.com","author_link":"https:\/\/riberasalud.com\/rsc\/author\/jorgequois-com\/"},"uagb_comment_info":0,"uagb_excerpt":"Solicitud de colaboraci\u00f3n Actualmente no tenemos convocatoria abierta, no obstante, puedes remitir la tuya para su valoraci\u00f3n.","coauthors":[],"author_meta":{"author_link":"https:\/\/riberasalud.com\/rsc\/author\/jorgequois-com\/","display_name":"jorge@quois.com"},"relative_dates":{"created":"Publicado 2 a\u00f1os hace","modified":"Actualizado 2 a\u00f1os hace"},"absolute_dates":{"created":"Publicado el 13 de noviembre de 2023","modified":"Actualizado el 15 de noviembre de 2023"},"absolute_dates_time":{"created":"Publicado el 13 de noviembre de 2023 09:02","modified":"Actualizado el 15 de noviembre de 2023 10:38"},"featured_img_caption":"","featured_img":false,"series_order":"","_links":{"self":[{"href":"https:\/\/riberasalud.com\/rsc\/wp-json\/wp\/v2\/pages\/3166","targetHints":{"allow":["GET"]}}],"collection":[{"href":"https:\/\/riberasalud.com\/rsc\/wp-json\/wp\/v2\/pages"}],"about":[{"href":"https:\/\/riberasalud.com\/rsc\/wp-json\/wp\/v2\/types\/page"}],"author":[{"embeddable":true,"href":"https:\/\/riberasalud.com\/rsc\/wp-json\/wp\/v2\/users\/1"}],"replies":[{"embeddable":true,"href":"https:\/\/riberasalud.com\/rsc\/wp-json\/wp\/v2\/comments?post=3166"}],"version-history":[{"count":9,"href":"https:\/\/riberasalud.com\/rsc\/wp-json\/wp\/v2\/pages\/3166\/revisions"}],"predecessor-version":[{"id":3648,"href":"https:\/\/riberasalud.com\/rsc\/wp-json\/wp\/v2\/pages\/3166\/revisions\/3648"}],"wp:attachment":[{"href":"https:\/\/riberasalud.com\/rsc\/wp-json\/wp\/v2\/media?parent=3166"}],"curies":[{"name":"wp","href":"https:\/\/api.w.org\/{rel}","templated":true}]}}