{"id":501,"date":"2024-10-10T10:43:04","date_gmt":"2024-10-10T08:43:04","guid":{"rendered":"https:\/\/riberasalud.com\/covadonga\/?page_id=501"},"modified":"2026-02-06T12:33:13","modified_gmt":"2026-02-06T11:33:13","slug":"actualidad","status":"publish","type":"page","link":"https:\/\/riberasalud.com\/ribera-lab\/actualidad\/","title":{"rendered":"Actualidad"},"content":{"rendered":"\n<div class=\"wp-block-group hasbackgroundnaranja sliderlinea\"><div class=\"wp-block-group__inner-container is-layout-flow wp-block-group-is-layout-flow\">\n<p>ACTUALIDAD<\/p>\n\n\n\n<h1 class=\"wp-block-heading\">Noticias<\/h1>\n<\/div><\/div>\n\n\n\n<div class=\"wp-block-group grupopestanya1\"><div class=\"wp-block-group__inner-container is-layout-flow wp-block-group-is-layout-flow\">\n<div class=\"wp-block-query is-layout-flow wp-block-query-is-layout-flow\">\n<div class=\"gb-grid-wrapper gb-grid-wrapper-33835316 gb-query-loop-wrapper\">\n<div class=\"gb-grid-column gb-grid-column-a8d5b985 gb-query-loop-item post-16389 post type-post status-publish format-standard has-post-thumbnail hentry category-promocion-de-la-salud tag-analiticas tag-deporte tag-levante-ud\"><div class=\"gb-container gb-container-a8d5b985\">\n<figure class=\"gb-block-image gb-block-image-375f0904\"><img loading=\"lazy\" decoding=\"async\" width=\"800\" height=\"533\" src=\"https:\/\/riberasalud.com\/ribera-lab\/wp-content\/uploads\/2026\/03\/260225-DEPORTE-ANALITICAS-LEVANTE-UD-Arriaga.jpg\" class=\"gb-image-375f0904\" alt=\"DEPORTE- ANALITICAS LEVANTE UD- Arriaga\" srcset=\"https:\/\/riberasalud.com\/ribera-lab\/wp-content\/uploads\/2026\/03\/260225-DEPORTE-ANALITICAS-LEVANTE-UD-Arriaga.jpg 800w, https:\/\/riberasalud.com\/ribera-lab\/wp-content\/uploads\/2026\/03\/260225-DEPORTE-ANALITICAS-LEVANTE-UD-Arriaga-300x200.jpg 300w, https:\/\/riberasalud.com\/ribera-lab\/wp-content\/uploads\/2026\/03\/260225-DEPORTE-ANALITICAS-LEVANTE-UD-Arriaga-768x512.jpg 768w\" sizes=\"auto, (max-width: 800px) 100vw, 800px\" \/><\/figure>\n\n<h2 class=\"gb-headline gb-headline-8d777f35 gb-headline-text\"><a href=\"https:\/\/riberasalud.com\/ribera-lab\/ribera-lab-hace-las-analiticas-a-los-jugadores-del-levante-ud-y-refuerza-su-compromiso-con-el-deporte\/\">Ribera Lab hace las anal\u00edticas a los jugadores del Levante UD y refuerza su compromiso con el deporte<\/a><\/h2>\n\n<p class=\"gb-headline gb-headline-019ac61f gb-headline-text\"><time class=\"entry-date published\" datetime=\"2026-03-04T16:46:02+01:00\">4 de marzo de 2026<\/time><\/p>\n<\/div><\/div>\n\n<div class=\"gb-grid-column gb-grid-column-a8d5b985 gb-query-loop-item post-16199 post type-post status-publish format-standard has-post-thumbnail hentry category-acreditaciones category-medio-ambiente tag-certificacion tag-compromiso tag-huella-de-carbono tag-sostenibilidad\"><div class=\"gb-container gb-container-a8d5b985\">\n<figure class=\"gb-block-image gb-block-image-375f0904\"><img loading=\"lazy\" decoding=\"async\" width=\"800\" height=\"533\" src=\"https:\/\/riberasalud.com\/ribera-lab\/wp-content\/uploads\/2025\/02\/Profesional-Ribera-Lab-trabaja-con-muestras.jpg\" class=\"gb-image-375f0904\" alt=\"ribera lab\" srcset=\"https:\/\/riberasalud.com\/ribera-lab\/wp-content\/uploads\/2025\/02\/Profesional-Ribera-Lab-trabaja-con-muestras.jpg 800w, https:\/\/riberasalud.com\/ribera-lab\/wp-content\/uploads\/2025\/02\/Profesional-Ribera-Lab-trabaja-con-muestras-300x200.jpg 300w, https:\/\/riberasalud.com\/ribera-lab\/wp-content\/uploads\/2025\/02\/Profesional-Ribera-Lab-trabaja-con-muestras-768x512.jpg 768w\" sizes=\"auto, (max-width: 800px) 100vw, 800px\" \/><\/figure>\n\n<h2 class=\"gb-headline gb-headline-8d777f35 gb-headline-text\"><a href=\"https:\/\/riberasalud.com\/ribera-lab\/ribera-lab-amplia-su-certificacion-de-huella-de-carbono-incorporando-el-alcance-3-conforme-al-ghg-protocol\/\">Ribera Lab ampl\u00eda su certificaci\u00f3n de huella de carbono incorporando el Alcance 3 conforme al GHG Protocol<\/a><\/h2>\n\n<p class=\"gb-headline gb-headline-019ac61f gb-headline-text\"><time class=\"entry-date published\" datetime=\"2025-12-17T15:56:05+01:00\">17 de diciembre de 2025<\/time><\/p>\n<\/div><\/div>\n\n<div class=\"gb-grid-column gb-grid-column-a8d5b985 gb-query-loop-item post-16195 post type-post status-publish format-standard has-post-thumbnail hentry category-congreso tag-congreso tag-laboratorio\"><div class=\"gb-container gb-container-a8d5b985\">\n<figure class=\"gb-block-image gb-block-image-375f0904\"><img loading=\"lazy\" decoding=\"async\" width=\"800\" height=\"533\" src=\"https:\/\/riberasalud.com\/ribera-lab\/wp-content\/uploads\/2025\/12\/Foro-Labclin-1.jpg\" class=\"gb-image-375f0904\" alt=\"Foro Labclin\" srcset=\"https:\/\/riberasalud.com\/ribera-lab\/wp-content\/uploads\/2025\/12\/Foro-Labclin-1.jpg 800w, https:\/\/riberasalud.com\/ribera-lab\/wp-content\/uploads\/2025\/12\/Foro-Labclin-1-300x200.jpg 300w, https:\/\/riberasalud.com\/ribera-lab\/wp-content\/uploads\/2025\/12\/Foro-Labclin-1-768x512.jpg 768w\" sizes=\"auto, (max-width: 800px) 100vw, 800px\" \/><\/figure>\n\n<h2 class=\"gb-headline gb-headline-8d777f35 gb-headline-text\"><a href=\"https:\/\/riberasalud.com\/ribera-lab\/los-facultativos-de-riberalab-han-participado-en-el-xix-congreso-nacional-de-laboratorio-clinico-labclin-2025-2\/\">Los facultativos de Riberalab han participado en el XIX Congreso Nacional de Laboratorio Cl\u00ednico (Labclin 2025)<\/a><\/h2>\n\n<p class=\"gb-headline gb-headline-019ac61f gb-headline-text\"><time class=\"entry-date published\" datetime=\"2025-12-09T08:50:40+01:00\">9 de diciembre de 2025<\/time><\/p>\n<\/div><\/div>\n\n<div class=\"gb-grid-column gb-grid-column-a8d5b985 gb-query-loop-item post-16186 post type-post status-publish format-standard has-post-thumbnail hentry category-congreso tag-congreso-nacional tag-enfermedades tag-enfermedades-hematologicas\"><div class=\"gb-container gb-container-a8d5b985\">\n<figure class=\"gb-block-image gb-block-image-375f0904\"><img loading=\"lazy\" decoding=\"async\" width=\"800\" height=\"533\" src=\"https:\/\/riberasalud.com\/ribera-lab\/wp-content\/uploads\/2025\/10\/251017-Ribera-Lab-congreso-Enfermedades-Hematologicas-Mayte-Alarcon-directora-de-gestion1.jpg\" class=\"gb-image-375f0904\" alt=\"congreso enfermedades\" srcset=\"https:\/\/riberasalud.com\/ribera-lab\/wp-content\/uploads\/2025\/10\/251017-Ribera-Lab-congreso-Enfermedades-Hematologicas-Mayte-Alarcon-directora-de-gestion1.jpg 800w, https:\/\/riberasalud.com\/ribera-lab\/wp-content\/uploads\/2025\/10\/251017-Ribera-Lab-congreso-Enfermedades-Hematologicas-Mayte-Alarcon-directora-de-gestion1-300x200.jpg 300w, https:\/\/riberasalud.com\/ribera-lab\/wp-content\/uploads\/2025\/10\/251017-Ribera-Lab-congreso-Enfermedades-Hematologicas-Mayte-Alarcon-directora-de-gestion1-768x512.jpg 768w\" sizes=\"auto, (max-width: 800px) 100vw, 800px\" \/><\/figure>\n\n<h2 class=\"gb-headline gb-headline-8d777f35 gb-headline-text\"><a href=\"https:\/\/riberasalud.com\/ribera-lab\/ribera-lab-participa-en-el-29o-congreso-nacional-de-enfermedades-hematologicas-en-avila\/\">Ribera Lab participa en el 29\u00ba Congreso Nacional de Enfermedades Hematol\u00f3gicas en \u00c1vila<\/a><\/h2>\n\n<p class=\"gb-headline gb-headline-019ac61f gb-headline-text\"><time class=\"entry-date published\" datetime=\"2025-10-20T10:04:34+02:00\">20 de octubre de 2025<\/time><\/p>\n<\/div><\/div>\n\n<div class=\"gb-grid-column gb-grid-column-a8d5b985 gb-query-loop-item post-16168 post type-post status-publish format-standard has-post-thumbnail hentry category-promocion-de-la-salud tag-hospital-ribera-juan-cardona tag-racing tag-revision-medica\"><div class=\"gb-container gb-container-a8d5b985\">\n<figure class=\"gb-block-image gb-block-image-375f0904\"><img loading=\"lazy\" decoding=\"async\" width=\"800\" height=\"533\" src=\"https:\/\/riberasalud.com\/ribera-lab\/wp-content\/uploads\/2025\/07\/WhatsApp-Image-2025-07-23-at-10.12.45-1.jpeg\" class=\"gb-image-375f0904\" alt=\"racing y ribera lab\" srcset=\"https:\/\/riberasalud.com\/ribera-lab\/wp-content\/uploads\/2025\/07\/WhatsApp-Image-2025-07-23-at-10.12.45-1.jpeg 800w, https:\/\/riberasalud.com\/ribera-lab\/wp-content\/uploads\/2025\/07\/WhatsApp-Image-2025-07-23-at-10.12.45-1-300x200.jpeg 300w, https:\/\/riberasalud.com\/ribera-lab\/wp-content\/uploads\/2025\/07\/WhatsApp-Image-2025-07-23-at-10.12.45-1-768x512.jpeg 768w\" sizes=\"auto, (max-width: 800px) 100vw, 800px\" \/><\/figure>\n\n<h2 class=\"gb-headline gb-headline-8d777f35 gb-headline-text\"><a href=\"https:\/\/riberasalud.com\/ribera-lab\/analiticas-para-la-revisiones-medicas-del-racing-de-ferrol-en-ribera-lab\/\">Anal\u00edticas para la revisiones m\u00e9dicas del R\u00e1cing de Ferrol en Ribera Lab<\/a><\/h2>\n\n<p class=\"gb-headline gb-headline-019ac61f gb-headline-text\"><time class=\"entry-date published\" datetime=\"2025-07-23T12:22:13+02:00\">23 de julio de 2025<\/time><\/p>\n<\/div><\/div>\n\n<div class=\"gb-grid-column gb-grid-column-a8d5b985 gb-query-loop-item post-16163 post type-post status-publish format-standard has-post-thumbnail hentry category-promocion-de-la-salud tag-anaitica tag-femenino tag-filial tag-levante-ud tag-reconocimientos-medicos\"><div class=\"gb-container gb-container-a8d5b985\">\n<figure class=\"gb-block-image gb-block-image-375f0904\"><img loading=\"lazy\" decoding=\"async\" width=\"800\" height=\"533\" src=\"https:\/\/riberasalud.com\/ribera-lab\/wp-content\/uploads\/2025\/07\/Ribera-Lab-analisis-Levante.jpg\" class=\"gb-image-375f0904\" alt=\"Ribera Lab con Levante\" srcset=\"https:\/\/riberasalud.com\/ribera-lab\/wp-content\/uploads\/2025\/07\/Ribera-Lab-analisis-Levante.jpg 800w, https:\/\/riberasalud.com\/ribera-lab\/wp-content\/uploads\/2025\/07\/Ribera-Lab-analisis-Levante-300x200.jpg 300w, https:\/\/riberasalud.com\/ribera-lab\/wp-content\/uploads\/2025\/07\/Ribera-Lab-analisis-Levante-768x512.jpg 768w\" sizes=\"auto, (max-width: 800px) 100vw, 800px\" \/><\/figure>\n\n<h2 class=\"gb-headline gb-headline-8d777f35 gb-headline-text\"><a href=\"https:\/\/riberasalud.com\/ribera-lab\/ribera-lab-continua-con-las-analiticas-de-los-reconocimientos-medicos-en-el-levante-ud-esta-vez-al-equipo-filial-y-femenino\/\">Ribera Lab contin\u00faa con las anal\u00edticas de los reconocimientos m\u00e9dicos en el Levante UD, esta vez al equipo filial y femenino<\/a><\/h2>\n\n<p class=\"gb-headline gb-headline-019ac61f gb-headline-text\"><time class=\"entry-date published\" datetime=\"2025-07-21T11:57:05+02:00\">21 de julio de 2025<\/time><\/p>\n<\/div><\/div>\n\n<div class=\"gb-grid-column gb-grid-column-a8d5b985 gb-query-loop-item post-16157 post type-post status-publish format-standard has-post-thumbnail hentry category-plan-estrategico tag-laboratorio tag-pacientes tag-profesionales\"><div class=\"gb-container gb-container-a8d5b985\">\n<figure class=\"gb-block-image gb-block-image-375f0904\"><img loading=\"lazy\" decoding=\"async\" width=\"800\" height=\"533\" src=\"https:\/\/riberasalud.com\/ribera-lab\/wp-content\/uploads\/2025\/07\/250714-Integracion-laboratorio-Fundacion-Hospitalarias-Madrid1.jpg\" class=\"gb-image-375f0904\" alt=\"Integracio\u0301n laboratorio Fundacio\u0301n Hospitalarias Madrid\" srcset=\"https:\/\/riberasalud.com\/ribera-lab\/wp-content\/uploads\/2025\/07\/250714-Integracion-laboratorio-Fundacion-Hospitalarias-Madrid1.jpg 800w, https:\/\/riberasalud.com\/ribera-lab\/wp-content\/uploads\/2025\/07\/250714-Integracion-laboratorio-Fundacion-Hospitalarias-Madrid1-300x200.jpg 300w, https:\/\/riberasalud.com\/ribera-lab\/wp-content\/uploads\/2025\/07\/250714-Integracion-laboratorio-Fundacion-Hospitalarias-Madrid1-768x512.jpg 768w\" sizes=\"auto, (max-width: 800px) 100vw, 800px\" \/><\/figure>\n\n<h2 class=\"gb-headline gb-headline-8d777f35 gb-headline-text\"><a href=\"https:\/\/riberasalud.com\/ribera-lab\/ribera-lab-asume-la-gestion-del-servicio-de-laboratorio-anatomia-patologica-y-radiologia-convencional-de-la-fundacion-hospitalarias-madrid\/\">Ribera Lab asume la gesti\u00f3n del servicio de laboratorio, anatom\u00eda patol\u00f3gica y radiolog\u00eda convencional de la Fundaci\u00f3n Hospitalarias Madrid\u00a0<\/a><\/h2>\n\n<p class=\"gb-headline gb-headline-019ac61f gb-headline-text\"><time class=\"entry-date published\" datetime=\"2025-07-14T11:28:28+02:00\">14 de julio de 2025<\/time><\/p>\n<\/div><\/div>\n\n<div class=\"gb-grid-column gb-grid-column-a8d5b985 gb-query-loop-item post-16153 post type-post status-publish format-standard has-post-thumbnail hentry category-promocion-de-la-salud tag-analiticas tag-calidad tag-levante-ud\"><div class=\"gb-container gb-container-a8d5b985\">\n<figure class=\"gb-block-image gb-block-image-375f0904\"><img loading=\"lazy\" decoding=\"async\" width=\"800\" height=\"533\" src=\"https:\/\/riberasalud.com\/ribera-lab\/wp-content\/uploads\/2025\/07\/WhatsApp-Image-2025-07-07-at-12.08.20.jpeg\" class=\"gb-image-375f0904\" alt=\"pruebas m\u00e9dicas de Ribera Lab con el Levante UD\" srcset=\"https:\/\/riberasalud.com\/ribera-lab\/wp-content\/uploads\/2025\/07\/WhatsApp-Image-2025-07-07-at-12.08.20.jpeg 800w, https:\/\/riberasalud.com\/ribera-lab\/wp-content\/uploads\/2025\/07\/WhatsApp-Image-2025-07-07-at-12.08.20-300x200.jpeg 300w, https:\/\/riberasalud.com\/ribera-lab\/wp-content\/uploads\/2025\/07\/WhatsApp-Image-2025-07-07-at-12.08.20-768x512.jpeg 768w\" sizes=\"auto, (max-width: 800px) 100vw, 800px\" \/><\/figure>\n\n<h2 class=\"gb-headline gb-headline-8d777f35 gb-headline-text\"><a href=\"https:\/\/riberasalud.com\/ribera-lab\/ribera-lab-realiza-las-analiticas-de-los-jugadores-del-levante-ud-bajo-estrictos-controles-de-calidad\/\">Ribera Lab realiza las anal\u00edticas de los jugadores del Levante UD bajo estrictos controles de calidad<\/a><\/h2>\n\n<p class=\"gb-headline gb-headline-019ac61f gb-headline-text\"><time class=\"entry-date published\" datetime=\"2025-07-07T14:10:48+02:00\">7 de julio de 2025<\/time><\/p>\n<\/div><\/div>\n\n<div class=\"gb-grid-column gb-grid-column-a8d5b985 gb-query-loop-item post-16116 post type-post status-publish format-standard has-post-thumbnail hentry category-acreditaciones tag-genetica tag-iso tag-iso15189 tag-tecnica\"><div class=\"gb-container gb-container-a8d5b985\">\n<figure class=\"gb-block-image gb-block-image-375f0904\"><img loading=\"lazy\" decoding=\"async\" width=\"800\" height=\"533\" src=\"https:\/\/riberasalud.com\/ribera-lab\/wp-content\/uploads\/2025\/05\/Testeo.jpg\" class=\"gb-image-375f0904\" alt=\"profesional en laboratorio Ribera Lab\" srcset=\"https:\/\/riberasalud.com\/ribera-lab\/wp-content\/uploads\/2025\/05\/Testeo.jpg 800w, https:\/\/riberasalud.com\/ribera-lab\/wp-content\/uploads\/2025\/05\/Testeo-300x200.jpg 300w, https:\/\/riberasalud.com\/ribera-lab\/wp-content\/uploads\/2025\/05\/Testeo-768x512.jpg 768w\" sizes=\"auto, (max-width: 800px) 100vw, 800px\" \/><\/figure>\n\n<h2 class=\"gb-headline gb-headline-8d777f35 gb-headline-text\"><a href=\"https:\/\/riberasalud.com\/ribera-lab\/ribera-lab-obtiene-la-acreditacion-iso-15189-sobre-calidad-y-competencia-tecnica-para-su-area-de-genetica\/\">Ribera Lab obtiene la acreditaci\u00f3n ISO 15189 sobre calidad y competencia t\u00e9cnica para su \u00e1rea de gen\u00e9tica<\/a><\/h2>\n\n<p class=\"gb-headline gb-headline-019ac61f gb-headline-text\"><time class=\"entry-date published\" datetime=\"2025-05-19T10:29:01+02:00\">19 de mayo de 2025<\/time><\/p>\n<\/div><\/div>\n<\/div>\n<\/div>\n\n\n\n<div style=\"height:50px\" aria-hidden=\"true\" class=\"wp-block-spacer\"><\/div>\n\n\n\n<h2 class=\"wp-block-heading has-text-align-center\">A continuaci\u00f3n puedes ver todas nuestras noticias<\/h2>\n\n\n\n<p class=\"has-text-align-center\"><a href=\"https:\/\/riberasalud.com\/ribera-lab\/entradas\/\">Ver m\u00e1s<\/a><\/p>\n<\/div><\/div>\n","protected":false},"excerpt":{"rendered":"<p>ACTUALIDAD Noticias A continuaci\u00f3n puedes ver todas nuestras noticias Ver m\u00e1s<\/p>\n","protected":false},"author":1,"featured_media":0,"parent":0,"menu_order":0,"comment_status":"closed","ping_status":"closed","template":"","meta":{"footnotes":""},"class_list":["post-501","page","type-page","status-publish"],"yoast_head":"<!-- This site is optimized with the Yoast SEO plugin v26.6 - https:\/\/yoast.com\/wordpress\/plugins\/seo\/ -->\n<title>Actualidad - Ribera Lab<\/title>\n<meta name=\"description\" content=\"Tenemos el objetivo de facilitar los\u00a0tr\u00e1mites administrativos\u00a0 a nuestros pacientes para que cuidar de su salud sea m\u00e1s f\u00e1cil\" \/>\n<meta name=\"robots\" content=\"index, follow, max-snippet:-1, max-image-preview:large, max-video-preview:-1\" \/>\n<link rel=\"canonical\" href=\"https:\/\/riberasalud.com\/ribera-lab\/actualidad\/\" \/>\n<meta property=\"og:locale\" content=\"es_ES\" \/>\n<meta property=\"og:type\" content=\"article\" \/>\n<meta property=\"og:title\" content=\"Actualidad - Ribera Lab\" \/>\n<meta property=\"og:description\" content=\"Tenemos el objetivo de facilitar los\u00a0tr\u00e1mites administrativos\u00a0 a nuestros pacientes para que cuidar de su salud sea m\u00e1s f\u00e1cil\" \/>\n<meta property=\"og:url\" content=\"https:\/\/riberasalud.com\/ribera-lab\/actualidad\/\" \/>\n<meta property=\"og:site_name\" content=\"Ribera Lab\" \/>\n<meta property=\"article:modified_time\" content=\"2026-02-06T11:33:13+00:00\" \/>\n<meta property=\"og:image\" content=\"https:\/\/riberasalud.com\/ribera-lab\/wp-content\/uploads\/2026\/01\/2Ribera-Lab-servicios-avanzados-de-analisis-y-diagnostico-medico-1.jpg\" \/>\n\t<meta property=\"og:image:width\" content=\"1200\" \/>\n\t<meta property=\"og:image:height\" content=\"674\" \/>\n\t<meta property=\"og:image:type\" content=\"image\/jpeg\" \/>\n<meta name=\"twitter:card\" content=\"summary_large_image\" \/>\n<meta name=\"twitter:label1\" content=\"Tiempo de lectura\" \/>\n\t<meta name=\"twitter:data1\" content=\"1 minuto\" \/>\n<script type=\"application\/ld+json\" class=\"yoast-schema-graph\">{\"@context\":\"https:\/\/schema.org\",\"@graph\":[{\"@type\":\"WebPage\",\"@id\":\"https:\/\/riberasalud.com\/ribera-lab\/actualidad\/\",\"url\":\"https:\/\/riberasalud.com\/ribera-lab\/actualidad\/\",\"name\":\"Actualidad - Ribera Lab\",\"isPartOf\":{\"@id\":\"https:\/\/riberasalud.com\/ribera-lab\/#website\"},\"datePublished\":\"2024-10-10T08:43:04+00:00\",\"dateModified\":\"2026-02-06T11:33:13+00:00\",\"description\":\"Tenemos el objetivo de facilitar los\u00a0tr\u00e1mites administrativos\u00a0 a nuestros pacientes para que cuidar de su salud sea m\u00e1s f\u00e1cil\",\"breadcrumb\":{\"@id\":\"https:\/\/riberasalud.com\/ribera-lab\/actualidad\/#breadcrumb\"},\"inLanguage\":\"es\",\"potentialAction\":[{\"@type\":\"ReadAction\",\"target\":[\"https:\/\/riberasalud.com\/ribera-lab\/actualidad\/\"]}]},{\"@type\":\"BreadcrumbList\",\"@id\":\"https:\/\/riberasalud.com\/ribera-lab\/actualidad\/#breadcrumb\",\"itemListElement\":[{\"@type\":\"ListItem\",\"position\":1,\"name\":\"Portada\",\"item\":\"https:\/\/riberasalud.com\/ribera-lab\/\"},{\"@type\":\"ListItem\",\"position\":2,\"name\":\"Actualidad\"}]},{\"@type\":\"WebSite\",\"@id\":\"https:\/\/riberasalud.com\/ribera-lab\/#website\",\"url\":\"https:\/\/riberasalud.com\/ribera-lab\/\",\"name\":\"Ribera Lab\",\"description\":\"\",\"publisher\":{\"@id\":\"https:\/\/riberasalud.com\/ribera-lab\/#organization\"},\"potentialAction\":[{\"@type\":\"SearchAction\",\"target\":{\"@type\":\"EntryPoint\",\"urlTemplate\":\"https:\/\/riberasalud.com\/ribera-lab\/?s={search_term_string}\"},\"query-input\":{\"@type\":\"PropertyValueSpecification\",\"valueRequired\":true,\"valueName\":\"search_term_string\"}}],\"inLanguage\":\"es\"},{\"@type\":\"Organization\",\"@id\":\"https:\/\/riberasalud.com\/ribera-lab\/#organization\",\"name\":\"Ribera Lab\",\"url\":\"https:\/\/riberasalud.com\/ribera-lab\/\",\"logo\":{\"@type\":\"ImageObject\",\"inLanguage\":\"es\",\"@id\":\"https:\/\/riberasalud.com\/ribera-lab\/#\/schema\/logo\/image\/\",\"url\":\"https:\/\/riberasalud.com\/ribera-lab\/wp-content\/uploads\/2024\/10\/cropped-cropped-Logo-Red-Lab-1.png\",\"contentUrl\":\"https:\/\/riberasalud.com\/ribera-lab\/wp-content\/uploads\/2024\/10\/cropped-cropped-Logo-Red-Lab-1.png\",\"width\":1611,\"height\":474,\"caption\":\"Ribera Lab\"},\"image\":{\"@id\":\"https:\/\/riberasalud.com\/ribera-lab\/#\/schema\/logo\/image\/\"}}]}<\/script>\n<!-- \/ Yoast SEO plugin. -->","yoast_head_json":{"title":"Actualidad - Ribera Lab","description":"Tenemos el objetivo de facilitar los\u00a0tr\u00e1mites administrativos\u00a0 a nuestros pacientes para que cuidar de su salud sea m\u00e1s f\u00e1cil","robots":{"index":"index","follow":"follow","max-snippet":"max-snippet:-1","max-image-preview":"max-image-preview:large","max-video-preview":"max-video-preview:-1"},"canonical":"https:\/\/riberasalud.com\/ribera-lab\/actualidad\/","og_locale":"es_ES","og_type":"article","og_title":"Actualidad - Ribera Lab","og_description":"Tenemos el objetivo de facilitar los\u00a0tr\u00e1mites administrativos\u00a0 a nuestros pacientes para que cuidar de su salud sea m\u00e1s f\u00e1cil","og_url":"https:\/\/riberasalud.com\/ribera-lab\/actualidad\/","og_site_name":"Ribera Lab","article_modified_time":"2026-02-06T11:33:13+00:00","og_image":[{"width":1200,"height":674,"url":"https:\/\/riberasalud.com\/ribera-lab\/wp-content\/uploads\/2026\/01\/2Ribera-Lab-servicios-avanzados-de-analisis-y-diagnostico-medico-1.jpg","type":"image\/jpeg"}],"twitter_card":"summary_large_image","twitter_misc":{"Tiempo de lectura":"1 minuto"},"schema":{"@context":"https:\/\/schema.org","@graph":[{"@type":"WebPage","@id":"https:\/\/riberasalud.com\/ribera-lab\/actualidad\/","url":"https:\/\/riberasalud.com\/ribera-lab\/actualidad\/","name":"Actualidad - Ribera Lab","isPartOf":{"@id":"https:\/\/riberasalud.com\/ribera-lab\/#website"},"datePublished":"2024-10-10T08:43:04+00:00","dateModified":"2026-02-06T11:33:13+00:00","description":"Tenemos el objetivo de facilitar los\u00a0tr\u00e1mites administrativos\u00a0 a nuestros pacientes para que cuidar de su salud sea m\u00e1s f\u00e1cil","breadcrumb":{"@id":"https:\/\/riberasalud.com\/ribera-lab\/actualidad\/#breadcrumb"},"inLanguage":"es","potentialAction":[{"@type":"ReadAction","target":["https:\/\/riberasalud.com\/ribera-lab\/actualidad\/"]}]},{"@type":"BreadcrumbList","@id":"https:\/\/riberasalud.com\/ribera-lab\/actualidad\/#breadcrumb","itemListElement":[{"@type":"ListItem","position":1,"name":"Portada","item":"https:\/\/riberasalud.com\/ribera-lab\/"},{"@type":"ListItem","position":2,"name":"Actualidad"}]},{"@type":"WebSite","@id":"https:\/\/riberasalud.com\/ribera-lab\/#website","url":"https:\/\/riberasalud.com\/ribera-lab\/","name":"Ribera Lab","description":"","publisher":{"@id":"https:\/\/riberasalud.com\/ribera-lab\/#organization"},"potentialAction":[{"@type":"SearchAction","target":{"@type":"EntryPoint","urlTemplate":"https:\/\/riberasalud.com\/ribera-lab\/?s={search_term_string}"},"query-input":{"@type":"PropertyValueSpecification","valueRequired":true,"valueName":"search_term_string"}}],"inLanguage":"es"},{"@type":"Organization","@id":"https:\/\/riberasalud.com\/ribera-lab\/#organization","name":"Ribera Lab","url":"https:\/\/riberasalud.com\/ribera-lab\/","logo":{"@type":"ImageObject","inLanguage":"es","@id":"https:\/\/riberasalud.com\/ribera-lab\/#\/schema\/logo\/image\/","url":"https:\/\/riberasalud.com\/ribera-lab\/wp-content\/uploads\/2024\/10\/cropped-cropped-Logo-Red-Lab-1.png","contentUrl":"https:\/\/riberasalud.com\/ribera-lab\/wp-content\/uploads\/2024\/10\/cropped-cropped-Logo-Red-Lab-1.png","width":1611,"height":474,"caption":"Ribera Lab"},"image":{"@id":"https:\/\/riberasalud.com\/ribera-lab\/#\/schema\/logo\/image\/"}}]}},"_links":{"self":[{"href":"https:\/\/riberasalud.com\/ribera-lab\/wp-json\/wp\/v2\/pages\/501","targetHints":{"allow":["GET"]}}],"collection":[{"href":"https:\/\/riberasalud.com\/ribera-lab\/wp-json\/wp\/v2\/pages"}],"about":[{"href":"https:\/\/riberasalud.com\/ribera-lab\/wp-json\/wp\/v2\/types\/page"}],"author":[{"embeddable":true,"href":"https:\/\/riberasalud.com\/ribera-lab\/wp-json\/wp\/v2\/users\/1"}],"replies":[{"embeddable":true,"href":"https:\/\/riberasalud.com\/ribera-lab\/wp-json\/wp\/v2\/comments?post=501"}],"version-history":[{"count":1,"href":"https:\/\/riberasalud.com\/ribera-lab\/wp-json\/wp\/v2\/pages\/501\/revisions"}],"predecessor-version":[{"id":16213,"href":"https:\/\/riberasalud.com\/ribera-lab\/wp-json\/wp\/v2\/pages\/501\/revisions\/16213"}],"wp:attachment":[{"href":"https:\/\/riberasalud.com\/ribera-lab\/wp-json\/wp\/v2\/media?parent=501"}],"curies":[{"name":"wp","href":"https:\/\/api.w.org\/{rel}","templated":true}]}}