{"id":2298,"date":"2026-01-20T16:29:09","date_gmt":"2026-01-20T15:29:09","guid":{"rendered":"https:\/\/riberasalud.com\/ribera-labaux\/?page_id=2298"},"modified":"2026-01-20T16:35:44","modified_gmt":"2026-01-20T15:35:44","slug":"ayudas-a-la-certificacion-de-idi","status":"publish","type":"page","link":"https:\/\/riberasalud.com\/ribera-lab\/ayudas-a-la-certificacion-de-idi\/","title":{"rendered":"Ayudas a la certificaci\u00f3n de I+D+I"},"content":{"rendered":"\n<p>AYUDAS A LA CERTIFICACI\u00d3N DE I+D+i (CERTIFICA-CV) PARA EL EJERCICIO 2018<br>La certificaci\u00f3n de los proyectos de I+D+i realizados por CENTRO INMUNOL\u00d3GICO DE LA COMUNIDAD VALENCIANA, S.L.:<\/p>\n\n\n\n<ul class=\"wp-block-list\">\n<li>DESARROLLO E IMPLEMENTACION DE PRUEBAS DE BIOLOGIA MOLECULAR POR METODO DE NGS (NGENERASEC) (N\u00ba expediente IMACPA\/2018\/158)<\/li>\n\n\n\n<li>DESARROLLO DE UN PROTOCOLO DE DETECCION DE MOSAICISMOS MEDIANTE ARRAY CGH (MOSAIARRAY) (N\u00ba expediente IMACPA\/2018\/151)<\/li>\n<\/ul>\n\n\n\n<p>Ha sido financiada por el Programa de Certificaci\u00f3n de I+D+i 2018, cofinanciado por el Fondo Europeo de Desarrollo Regional (FEDER).<\/p>\n\n\n\n<p>AYUDAS A LA CERTIFICACI\u00d3N DE I+D+i (CERTIFICA-CV) PARA EL EJERCICIO 2017<br>La certificaci\u00f3n de los proyectos de I+D+i realizados por CENTRO INMUNOL\u00d3GICO DE LA COMUNIDAD VALENCIANA, S.L.:<\/p>\n\n\n\n<ul class=\"wp-block-list\">\n<li>DESARROLLO DE UN NUEVO M\u00c9TODO DE DETECCI\u00d3N DE PEQUE\u00d1OS CLONES CELULARES BASADO EN T\u00c9CNICAS CITOGEN\u00c9TICAS (N\u00ba EXPEDIENTE: IMACPA\/2017\/95)<\/li>\n\n\n\n<li>DESARROLLO DE UN PROTOCOLO DE DETECCI\u00d3N DE MOSAICISMOS MEDIANTE ARRAY CGH (N\u00ba EXPEDIENTE: IMACPA\/2017\/100)<\/li>\n\n\n\n<li>DESARROLLO DE UN PROTOCOLO DE DETECCI\u00d3N DE MOSAICISMOS MEDIANTE ARRAY CGH (N\u00ba EXPEDIENTE: IMACPA\/2017\/101)<\/li>\n\n\n\n<li>DESARROLLO E IMPLEMENTACI\u00d3N DE PRUEBAS DE BIOLOG\u00cdA MOLECULAR POR EL M\u00c9TODO DE S\u00c1NGER (N\u00ba EXPEDIENTE: IMACPA\/2017\/96)<\/li>\n\n\n\n<li>DESARROLLO E IMPLEMENTACI\u00d3N DE PRUEBAS DE BIOLOG\u00cdA MOLECULAR POR EL M\u00c9TODO DE S\u00c1NGER (N\u00ba EXPEDIENTE: IMACPA\/2017\/98)<\/li>\n\n\n\n<li>DESARROLLO E IMPLEMENTACI\u00d3N DE PRUEBAS DE BIOLOG\u00cdA MOLECULAR POR M\u00c9TODO DE NGS (N\u00ba EXPEDIENTE: IMACPA\/2017\/99)<\/li>\n\n\n\n<li>DESARROLLO DE UN NUEVO M\u00c9TODO DE DETECCI\u00d3N DE PEQUE\u00d1OS CLONES CELULARES BASADO EN T\u00c9CNICAS CITOGEN\u00c9TICAS (N\u00ba EXPEDIENTE: IMACPA\/2017\/94)<\/li>\n\n\n\n<li>DESARROLLO DE UN NUEVO M\u00c9TODO DE DETECCI\u00d3N DE PEQUE\u00d1OS CLONES CELULARES BASADO EN T\u00c9CNICAS CITOGEN\u00c9TICAS(N\u00ba EXPEDIENTE: IMACPA\/2017\/93)<\/li>\n<\/ul>\n\n\n\n<p>Ha sido financiada por el Programa de Certificaci\u00f3n de I+D+i (CERTIFICA-CV) 2017, cofinanciado por el Fondo Europeo de Desarrollo Regional (FEDER).<\/p>\n\n\n\n<div style=\"height:30px\" aria-hidden=\"true\" class=\"wp-block-spacer\"><\/div>\n\n\n\n<div class=\"wp-block-columns is-layout-flex wp-container-core-columns-is-layout-9d6595d7 wp-block-columns-is-layout-flex\">\n<div class=\"wp-block-column is-layout-flow wp-block-column-is-layout-flow\">\n<figure class=\"wp-block-image size-full\"><img loading=\"lazy\" decoding=\"async\" width=\"640\" height=\"156\" src=\"https:\/\/riberasalud.com\/ribera-lab\/wp-content\/uploads\/2026\/01\/union_Europea.jpg\" alt=\"\" class=\"wp-image-2303\" srcset=\"https:\/\/riberasalud.com\/ribera-lab\/wp-content\/uploads\/2026\/01\/union_Europea.jpg 640w, https:\/\/riberasalud.com\/ribera-lab\/wp-content\/uploads\/2026\/01\/union_Europea-300x73.jpg 300w\" sizes=\"auto, (max-width: 640px) 100vw, 640px\" \/><\/figure>\n<\/div>\n\n\n\n<div class=\"wp-block-column is-layout-flow wp-block-column-is-layout-flow\">\n<figure class=\"wp-block-image size-full\"><img loading=\"lazy\" decoding=\"async\" width=\"692\" height=\"155\" src=\"https:\/\/riberasalud.com\/ribera-lab\/wp-content\/uploads\/2026\/01\/IVACE.png\" alt=\"IVACE\" class=\"wp-image-2305\" srcset=\"https:\/\/riberasalud.com\/ribera-lab\/wp-content\/uploads\/2026\/01\/IVACE.png 692w, https:\/\/riberasalud.com\/ribera-lab\/wp-content\/uploads\/2026\/01\/IVACE-300x67.png 300w\" sizes=\"auto, (max-width: 692px) 100vw, 692px\" \/><\/figure>\n<\/div>\n<\/div>\n\n\n\n<div style=\"height:200px\" aria-hidden=\"true\" class=\"wp-block-spacer\"><\/div>\n","protected":false},"excerpt":{"rendered":"<p>AYUDAS A LA CERTIFICACI\u00d3N DE I+D+i (CERTIFICA-CV) PARA EL EJERCICIO 2018La certificaci\u00f3n de los proyectos de I+D+i realizados por CENTRO INMUNOL\u00d3GICO DE LA COMUNIDAD VALENCIANA, S.L.: Ha sido financiada por el Programa de Certificaci\u00f3n de I+D+i 2018, cofinanciado por el Fondo Europeo de Desarrollo Regional (FEDER). AYUDAS A LA CERTIFICACI\u00d3N DE I+D+i (CERTIFICA-CV) PARA EL &#8230; <\/p>\n<p class=\"read-more-container\"><a title=\"Ayudas a la certificaci\u00f3n de I+D+I\" class=\"read-more button\" href=\"https:\/\/riberasalud.com\/ribera-lab\/ayudas-a-la-certificacion-de-idi\/#more-2298\" aria-label=\"Leer m\u00e1s sobre Ayudas a la certificaci\u00f3n de I+D+I\">Leer m\u00e1s<\/a><\/p>\n","protected":false},"author":2,"featured_media":0,"parent":0,"menu_order":0,"comment_status":"closed","ping_status":"closed","template":"","meta":{"footnotes":""},"class_list":["post-2298","page","type-page","status-publish"],"yoast_head":"<!-- This site is optimized with the Yoast SEO plugin v26.6 - https:\/\/yoast.com\/wordpress\/plugins\/seo\/ -->\n<title>Ayudas a la certificaci\u00f3n de I+D+I - Ribera Lab<\/title>\n<meta name=\"description\" content=\"La certificaci\u00f3n de los proyectos de I+D+i realizados por CENTRO INMUNOL\u00d3GICO DE LA COMUNIDAD VALENCIANA, S.L\" \/>\n<meta name=\"robots\" content=\"index, follow, max-snippet:-1, max-image-preview:large, max-video-preview:-1\" \/>\n<link rel=\"canonical\" href=\"https:\/\/riberasalud.com\/ribera-lab\/ayudas-a-la-certificacion-de-idi\/\" \/>\n<meta property=\"og:locale\" content=\"es_ES\" \/>\n<meta property=\"og:type\" content=\"article\" \/>\n<meta property=\"og:title\" content=\"Ayudas a la certificaci\u00f3n de I+D+I - Ribera Lab\" \/>\n<meta property=\"og:description\" content=\"La certificaci\u00f3n de los proyectos de I+D+i realizados por CENTRO INMUNOL\u00d3GICO DE LA COMUNIDAD VALENCIANA, S.L\" \/>\n<meta property=\"og:url\" content=\"https:\/\/riberasalud.com\/ribera-lab\/ayudas-a-la-certificacion-de-idi\/\" \/>\n<meta property=\"og:site_name\" content=\"Ribera Lab\" \/>\n<meta property=\"article:modified_time\" content=\"2026-01-20T15:35:44+00:00\" \/>\n<meta property=\"og:image\" content=\"https:\/\/riberasalud.com\/ribera-lab\/wp-content\/uploads\/2026\/01\/union_Europea.jpg\" \/>\n<meta name=\"twitter:card\" content=\"summary_large_image\" \/>\n<meta name=\"twitter:label1\" content=\"Tiempo de lectura\" \/>\n\t<meta name=\"twitter:data1\" content=\"2 minutos\" \/>\n<script type=\"application\/ld+json\" class=\"yoast-schema-graph\">{\"@context\":\"https:\/\/schema.org\",\"@graph\":[{\"@type\":\"WebPage\",\"@id\":\"https:\/\/riberasalud.com\/ribera-lab\/ayudas-a-la-certificacion-de-idi\/\",\"url\":\"https:\/\/riberasalud.com\/ribera-lab\/ayudas-a-la-certificacion-de-idi\/\",\"name\":\"Ayudas a la certificaci\u00f3n de I+D+I - Ribera Lab\",\"isPartOf\":{\"@id\":\"https:\/\/riberasalud.com\/ribera-lab\/#website\"},\"primaryImageOfPage\":{\"@id\":\"https:\/\/riberasalud.com\/ribera-lab\/ayudas-a-la-certificacion-de-idi\/#primaryimage\"},\"image\":{\"@id\":\"https:\/\/riberasalud.com\/ribera-lab\/ayudas-a-la-certificacion-de-idi\/#primaryimage\"},\"thumbnailUrl\":\"https:\/\/riberasalud.com\/ribera-lab\/wp-content\/uploads\/2026\/01\/union_Europea.jpg\",\"datePublished\":\"2026-01-20T15:29:09+00:00\",\"dateModified\":\"2026-01-20T15:35:44+00:00\",\"description\":\"La certificaci\u00f3n de los proyectos de I+D+i realizados por CENTRO INMUNOL\u00d3GICO DE LA COMUNIDAD VALENCIANA, S.L\",\"breadcrumb\":{\"@id\":\"https:\/\/riberasalud.com\/ribera-lab\/ayudas-a-la-certificacion-de-idi\/#breadcrumb\"},\"inLanguage\":\"es\",\"potentialAction\":[{\"@type\":\"ReadAction\",\"target\":[\"https:\/\/riberasalud.com\/ribera-lab\/ayudas-a-la-certificacion-de-idi\/\"]}]},{\"@type\":\"ImageObject\",\"inLanguage\":\"es\",\"@id\":\"https:\/\/riberasalud.com\/ribera-lab\/ayudas-a-la-certificacion-de-idi\/#primaryimage\",\"url\":\"https:\/\/riberasalud.com\/ribera-lab\/wp-content\/uploads\/2026\/01\/union_Europea.jpg\",\"contentUrl\":\"https:\/\/riberasalud.com\/ribera-lab\/wp-content\/uploads\/2026\/01\/union_Europea.jpg\",\"width\":640,\"height\":156,\"caption\":\"Uni\u00f3n europea\"},{\"@type\":\"BreadcrumbList\",\"@id\":\"https:\/\/riberasalud.com\/ribera-lab\/ayudas-a-la-certificacion-de-idi\/#breadcrumb\",\"itemListElement\":[{\"@type\":\"ListItem\",\"position\":1,\"name\":\"Portada\",\"item\":\"https:\/\/riberasalud.com\/ribera-lab\/\"},{\"@type\":\"ListItem\",\"position\":2,\"name\":\"Ayudas a la certificaci\u00f3n de I+D+I\"}]},{\"@type\":\"WebSite\",\"@id\":\"https:\/\/riberasalud.com\/ribera-lab\/#website\",\"url\":\"https:\/\/riberasalud.com\/ribera-lab\/\",\"name\":\"Ribera Lab\",\"description\":\"\",\"publisher\":{\"@id\":\"https:\/\/riberasalud.com\/ribera-lab\/#organization\"},\"potentialAction\":[{\"@type\":\"SearchAction\",\"target\":{\"@type\":\"EntryPoint\",\"urlTemplate\":\"https:\/\/riberasalud.com\/ribera-lab\/?s={search_term_string}\"},\"query-input\":{\"@type\":\"PropertyValueSpecification\",\"valueRequired\":true,\"valueName\":\"search_term_string\"}}],\"inLanguage\":\"es\"},{\"@type\":\"Organization\",\"@id\":\"https:\/\/riberasalud.com\/ribera-lab\/#organization\",\"name\":\"Ribera Lab\",\"url\":\"https:\/\/riberasalud.com\/ribera-lab\/\",\"logo\":{\"@type\":\"ImageObject\",\"inLanguage\":\"es\",\"@id\":\"https:\/\/riberasalud.com\/ribera-lab\/#\/schema\/logo\/image\/\",\"url\":\"https:\/\/riberasalud.com\/ribera-lab\/wp-content\/uploads\/2024\/10\/cropped-cropped-Logo-Red-Lab-1.png\",\"contentUrl\":\"https:\/\/riberasalud.com\/ribera-lab\/wp-content\/uploads\/2024\/10\/cropped-cropped-Logo-Red-Lab-1.png\",\"width\":1611,\"height\":474,\"caption\":\"Ribera Lab\"},\"image\":{\"@id\":\"https:\/\/riberasalud.com\/ribera-lab\/#\/schema\/logo\/image\/\"}}]}<\/script>\n<!-- \/ Yoast SEO plugin. -->","yoast_head_json":{"title":"Ayudas a la certificaci\u00f3n de I+D+I - Ribera Lab","description":"La certificaci\u00f3n de los proyectos de I+D+i realizados por CENTRO INMUNOL\u00d3GICO DE LA COMUNIDAD VALENCIANA, S.L","robots":{"index":"index","follow":"follow","max-snippet":"max-snippet:-1","max-image-preview":"max-image-preview:large","max-video-preview":"max-video-preview:-1"},"canonical":"https:\/\/riberasalud.com\/ribera-lab\/ayudas-a-la-certificacion-de-idi\/","og_locale":"es_ES","og_type":"article","og_title":"Ayudas a la certificaci\u00f3n de I+D+I - Ribera Lab","og_description":"La certificaci\u00f3n de los proyectos de I+D+i realizados por CENTRO INMUNOL\u00d3GICO DE LA COMUNIDAD VALENCIANA, S.L","og_url":"https:\/\/riberasalud.com\/ribera-lab\/ayudas-a-la-certificacion-de-idi\/","og_site_name":"Ribera Lab","article_modified_time":"2026-01-20T15:35:44+00:00","og_image":[{"url":"https:\/\/riberasalud.com\/ribera-lab\/wp-content\/uploads\/2026\/01\/union_Europea.jpg","type":"","width":"","height":""}],"twitter_card":"summary_large_image","twitter_misc":{"Tiempo de lectura":"2 minutos"},"schema":{"@context":"https:\/\/schema.org","@graph":[{"@type":"WebPage","@id":"https:\/\/riberasalud.com\/ribera-lab\/ayudas-a-la-certificacion-de-idi\/","url":"https:\/\/riberasalud.com\/ribera-lab\/ayudas-a-la-certificacion-de-idi\/","name":"Ayudas a la certificaci\u00f3n de I+D+I - Ribera Lab","isPartOf":{"@id":"https:\/\/riberasalud.com\/ribera-lab\/#website"},"primaryImageOfPage":{"@id":"https:\/\/riberasalud.com\/ribera-lab\/ayudas-a-la-certificacion-de-idi\/#primaryimage"},"image":{"@id":"https:\/\/riberasalud.com\/ribera-lab\/ayudas-a-la-certificacion-de-idi\/#primaryimage"},"thumbnailUrl":"https:\/\/riberasalud.com\/ribera-lab\/wp-content\/uploads\/2026\/01\/union_Europea.jpg","datePublished":"2026-01-20T15:29:09+00:00","dateModified":"2026-01-20T15:35:44+00:00","description":"La certificaci\u00f3n de los proyectos de I+D+i realizados por CENTRO INMUNOL\u00d3GICO DE LA COMUNIDAD VALENCIANA, S.L","breadcrumb":{"@id":"https:\/\/riberasalud.com\/ribera-lab\/ayudas-a-la-certificacion-de-idi\/#breadcrumb"},"inLanguage":"es","potentialAction":[{"@type":"ReadAction","target":["https:\/\/riberasalud.com\/ribera-lab\/ayudas-a-la-certificacion-de-idi\/"]}]},{"@type":"ImageObject","inLanguage":"es","@id":"https:\/\/riberasalud.com\/ribera-lab\/ayudas-a-la-certificacion-de-idi\/#primaryimage","url":"https:\/\/riberasalud.com\/ribera-lab\/wp-content\/uploads\/2026\/01\/union_Europea.jpg","contentUrl":"https:\/\/riberasalud.com\/ribera-lab\/wp-content\/uploads\/2026\/01\/union_Europea.jpg","width":640,"height":156,"caption":"Uni\u00f3n europea"},{"@type":"BreadcrumbList","@id":"https:\/\/riberasalud.com\/ribera-lab\/ayudas-a-la-certificacion-de-idi\/#breadcrumb","itemListElement":[{"@type":"ListItem","position":1,"name":"Portada","item":"https:\/\/riberasalud.com\/ribera-lab\/"},{"@type":"ListItem","position":2,"name":"Ayudas a la certificaci\u00f3n de I+D+I"}]},{"@type":"WebSite","@id":"https:\/\/riberasalud.com\/ribera-lab\/#website","url":"https:\/\/riberasalud.com\/ribera-lab\/","name":"Ribera Lab","description":"","publisher":{"@id":"https:\/\/riberasalud.com\/ribera-lab\/#organization"},"potentialAction":[{"@type":"SearchAction","target":{"@type":"EntryPoint","urlTemplate":"https:\/\/riberasalud.com\/ribera-lab\/?s={search_term_string}"},"query-input":{"@type":"PropertyValueSpecification","valueRequired":true,"valueName":"search_term_string"}}],"inLanguage":"es"},{"@type":"Organization","@id":"https:\/\/riberasalud.com\/ribera-lab\/#organization","name":"Ribera Lab","url":"https:\/\/riberasalud.com\/ribera-lab\/","logo":{"@type":"ImageObject","inLanguage":"es","@id":"https:\/\/riberasalud.com\/ribera-lab\/#\/schema\/logo\/image\/","url":"https:\/\/riberasalud.com\/ribera-lab\/wp-content\/uploads\/2024\/10\/cropped-cropped-Logo-Red-Lab-1.png","contentUrl":"https:\/\/riberasalud.com\/ribera-lab\/wp-content\/uploads\/2024\/10\/cropped-cropped-Logo-Red-Lab-1.png","width":1611,"height":474,"caption":"Ribera Lab"},"image":{"@id":"https:\/\/riberasalud.com\/ribera-lab\/#\/schema\/logo\/image\/"}}]}},"_links":{"self":[{"href":"https:\/\/riberasalud.com\/ribera-lab\/wp-json\/wp\/v2\/pages\/2298","targetHints":{"allow":["GET"]}}],"collection":[{"href":"https:\/\/riberasalud.com\/ribera-lab\/wp-json\/wp\/v2\/pages"}],"about":[{"href":"https:\/\/riberasalud.com\/ribera-lab\/wp-json\/wp\/v2\/types\/page"}],"author":[{"embeddable":true,"href":"https:\/\/riberasalud.com\/ribera-lab\/wp-json\/wp\/v2\/users\/2"}],"replies":[{"embeddable":true,"href":"https:\/\/riberasalud.com\/ribera-lab\/wp-json\/wp\/v2\/comments?post=2298"}],"version-history":[{"count":6,"href":"https:\/\/riberasalud.com\/ribera-lab\/wp-json\/wp\/v2\/pages\/2298\/revisions"}],"predecessor-version":[{"id":2309,"href":"https:\/\/riberasalud.com\/ribera-lab\/wp-json\/wp\/v2\/pages\/2298\/revisions\/2309"}],"wp:attachment":[{"href":"https:\/\/riberasalud.com\/ribera-lab\/wp-json\/wp\/v2\/media?parent=2298"}],"curies":[{"name":"wp","href":"https:\/\/api.w.org\/{rel}","templated":true}]}}