{"id":208,"date":"2024-10-02T16:34:39","date_gmt":"2024-10-02T14:34:39","guid":{"rendered":"https:\/\/riberasalud.com\/covadonga\/?page_id=208"},"modified":"2026-03-16T12:40:15","modified_gmt":"2026-03-16T11:40:15","slug":"calidad","status":"publish","type":"page","link":"https:\/\/riberasalud.com\/ribera-lab\/calidad\/","title":{"rendered":"Calidad"},"content":{"rendered":"\n<div class=\"wp-block-cover alignfull bannerribera\" style=\"min-height:430px;aspect-ratio:unset;\"><img loading=\"lazy\" decoding=\"async\" width=\"1354\" height=\"477\" class=\"wp-block-cover__image-background wp-image-844\" alt=\"laboratorio haciendo pruebas\" src=\"https:\/\/riberasalud.com\/ribera-lab\/wp-content\/uploads\/2025\/03\/doctor-performing-medical-research-lab-1.jpg\" style=\"object-position:11% 0%\" data-object-fit=\"cover\" data-object-position=\"11% 0%\" srcset=\"https:\/\/riberasalud.com\/ribera-lab\/wp-content\/uploads\/2025\/03\/doctor-performing-medical-research-lab-1.jpg 1354w, https:\/\/riberasalud.com\/ribera-lab\/wp-content\/uploads\/2025\/03\/doctor-performing-medical-research-lab-1-300x106.jpg 300w, https:\/\/riberasalud.com\/ribera-lab\/wp-content\/uploads\/2025\/03\/doctor-performing-medical-research-lab-1-1024x361.jpg 1024w, https:\/\/riberasalud.com\/ribera-lab\/wp-content\/uploads\/2025\/03\/doctor-performing-medical-research-lab-1-768x271.jpg 768w\" sizes=\"auto, (max-width: 1354px) 100vw, 1354px\" \/><span aria-hidden=\"true\" class=\"wp-block-cover__background has-contrast-background-color has-background-dim\"><\/span><div class=\"wp-block-cover__inner-container is-layout-constrained wp-block-cover-is-layout-constrained\">\n<div class=\"wp-block-columns is-layout-flex wp-container-core-columns-is-layout-9d6595d7 wp-block-columns-is-layout-flex\">\n<div class=\"wp-block-column is-layout-flow wp-block-column-is-layout-flow\">\n<h1 class=\"wp-block-heading has-text-align-center has-large-font-size\">Pol\u00edticas<\/h1>\n\n\n\n<p class=\"has-text-align-center\" style=\"font-size:18px\">Nuestras pol\u00edticas aseguran transparencia, cumplimiento y responsabilidad<\/p>\n\n\n\n<div class=\"wp-block-buttons is-content-justification-center is-layout-flex wp-container-core-buttons-is-layout-16018d1d wp-block-buttons-is-layout-flex\">\n<div class=\"wp-block-button is-style-outline is-style-outline--1\"><a class=\"wp-block-button__link has-background wp-element-button\" href=\"https:\/\/www.riberasalud.com\/corporativo\/politicas\/\" style=\"background-color:#ffffff00\">Conoce nuestras pol\u00edticas<\/a><\/div>\n<\/div>\n<\/div>\n<\/div>\n<\/div><\/div>\n\n\n\n<div class=\"wp-block-group\"><div class=\"wp-block-group__inner-container is-layout-constrained wp-block-group-is-layout-constrained\">\n<div class=\"wp-block-columns is-layout-flex wp-container-core-columns-is-layout-9d6595d7 wp-block-columns-is-layout-flex\">\n<div class=\"wp-block-column is-layout-flow wp-block-column-is-layout-flow\">\n<h2 class=\"wp-block-heading\">Medio Ambiente<\/h2>\n\n\n\n<h3 class=\"wp-block-heading\"><strong>Comunicaci\u00f3n ambiental a proveedores<\/strong><\/h3>\n\n\n\n<p>En Ribera Lab asumimos que un desarrollo sostenible va ligado a la protecci\u00f3n del medioambiente y a la prevenci\u00f3n de la contaminaci\u00f3n, por eso nos comprometemos a incluir nuestra pol\u00edtica ambiental en todas nuestras actividades, conscientes de que la mejora del entorno va en beneficio tambi\u00e9n de la salud de la poblaci\u00f3n.<\/p>\n\n\n\n<p>Los centros con los que trabajamos tienen implantado un sistema de gesti\u00f3n basado en la ISO 14001 (medioambiente) y gestionan sus aspectos ambientales.<br>Solicitamos que nuestros proveedores apuesten por un consumo responsable de recursos (agua, energ\u00eda, productos qu\u00edmicos, etc), realicen una correcta gesti\u00f3n de los residuos, reduzcan su huella de carbono e intenten minimizar el impacto medioambiental en todos sus procesos. Para nosotros, es un aspecto muy importante que los proveedores cumplan con la normativa de medio ambiente y dispongan de un sistema de gesti\u00f3n ambiental.<\/p>\n\n\n\n<div style=\"height:10px\" aria-hidden=\"true\" class=\"wp-block-spacer\"><\/div>\n\n\n\n<h3 class=\"wp-block-heading\"><strong>Desempe\u00f1o ambiental<\/strong><\/h3>\n\n\n\n<p>Para Ribera Lab el compromiso con el medio ambiente forma parte de su identidad corporativa. La actividad se realiza teniendo presente la&nbsp;<strong>pol\u00edtica ambiental corporativa.<\/strong><\/p>\n\n\n\n<p>Este compromiso con el medio ambiente se materializa mediante la gesti\u00f3n eficiente de los consumos con el fin de reducir los impactos ambientales y la certificaci\u00f3n ISO 14001 del sistema de gesti\u00f3n ambiental.<\/p>\n\n\n\n<p>En 2025, se llevan a cabo acciones de sensibilizaci\u00f3n en materia ambiental mensualmente con el fin de mejorar las pr\u00e1cticas habituales.\u00a0<\/p>\n\n\n\n<p>Cabe destacar que se ha conseguido reducir el consumo energ\u00e9tico, el consumo de agua, el consumo de papel y los residuos peligrosos en relaci\u00f3n a la actividad.&nbsp;<\/p>\n<\/div>\n<\/div>\n<\/div><\/div>\n\n\n\n<div class=\"wp-block-group hasbackgroundmio\"><div class=\"wp-block-group__inner-container is-layout-constrained wp-block-group-is-layout-constrained\">\n<div class=\"wp-block-columns is-layout-flex wp-container-core-columns-is-layout-9d6595d7 wp-block-columns-is-layout-flex\">\n<div class=\"wp-block-column is-layout-flow wp-block-column-is-layout-flow\">\n<div style=\"height:15px\" aria-hidden=\"true\" class=\"wp-block-spacer\"><\/div>\n\n\n\n<h2 class=\"wp-block-heading has-text-align-center\"><strong>Acreditaciones y reconocimientos<\/strong><\/h2>\n\n\n\n<div style=\"height:15px\" aria-hidden=\"true\" class=\"wp-block-spacer\"><\/div>\n\n\n\n<div class=\"wp-block-columns is-layout-flex wp-container-core-columns-is-layout-9d6595d7 wp-block-columns-is-layout-flex\">\n<div class=\"wp-block-column is-layout-flow wp-block-column-is-layout-flow\"><div class=\"wp-block-image\">\n<figure class=\"aligncenter size-full is-resized\"><img loading=\"lazy\" decoding=\"async\" width=\"500\" height=\"500\" src=\"https:\/\/riberasalud.com\/ribera-lab\/wp-content\/uploads\/2025\/03\/calidad_lab_Mesa-de-trabajo-1.jpg\" alt=\"AENOR Gesti\u00f3n de la Calidad 9001\" class=\"wp-image-826\" style=\"width:250px\" srcset=\"https:\/\/riberasalud.com\/ribera-lab\/wp-content\/uploads\/2025\/03\/calidad_lab_Mesa-de-trabajo-1.jpg 500w, https:\/\/riberasalud.com\/ribera-lab\/wp-content\/uploads\/2025\/03\/calidad_lab_Mesa-de-trabajo-1-300x300.jpg 300w, https:\/\/riberasalud.com\/ribera-lab\/wp-content\/uploads\/2025\/03\/calidad_lab_Mesa-de-trabajo-1-150x150.jpg 150w\" sizes=\"auto, (max-width: 500px) 100vw, 500px\" \/><\/figure>\n<\/div>\n\n\n<div style=\"height:20px\" aria-hidden=\"true\" class=\"wp-block-spacer\"><\/div>\n\n\n\n<p class=\"has-text-align-center\">Certificaci\u00f3n concedida a: Cialab <br><a href=\"https:\/\/riberasalud.com\/ribera-lab\/wp-content\/uploads\/2025\/03\/CertificadoER-0976-2002_ES_2024-08-23.pdf\" target=\"_blank\" rel=\"noreferrer noopener\">Ver certificado \u2192 <br><\/a>Centros certificados <br><a href=\"https:\/\/riberasalud.com\/ribera-lab\/wp-content\/uploads\/2025\/03\/AnexoDireccionesER-0976-2002_ES_2024-08-23.pdf\" target=\"_blank\" rel=\"noreferrer noopener\">Ver anexo \u2192<\/a><\/p>\n<\/div>\n\n\n\n<div class=\"wp-block-column is-layout-flow wp-block-column-is-layout-flow\"><div class=\"wp-block-image\">\n<figure class=\"aligncenter size-full is-resized\"><img loading=\"lazy\" decoding=\"async\" width=\"500\" height=\"500\" src=\"https:\/\/riberasalud.com\/ribera-lab\/wp-content\/uploads\/2025\/03\/calidad_lab-02.jpg\" alt=\"Aenor Gesti\u00f3n Ambiental ISO 14001\" class=\"wp-image-831\" style=\"width:250px\" srcset=\"https:\/\/riberasalud.com\/ribera-lab\/wp-content\/uploads\/2025\/03\/calidad_lab-02.jpg 500w, https:\/\/riberasalud.com\/ribera-lab\/wp-content\/uploads\/2025\/03\/calidad_lab-02-300x300.jpg 300w, https:\/\/riberasalud.com\/ribera-lab\/wp-content\/uploads\/2025\/03\/calidad_lab-02-150x150.jpg 150w\" sizes=\"auto, (max-width: 500px) 100vw, 500px\" \/><\/figure>\n<\/div>\n\n\n<div style=\"height:20px\" aria-hidden=\"true\" class=\"wp-block-spacer\"><\/div>\n\n\n\n<p class=\"has-text-align-center\">Certificaci\u00f3n concedida a:<br>Cialab <br><a href=\"https:\/\/riberasalud.com\/ribera-lab\/wp-content\/uploads\/2025\/03\/2024-2027.CertificadoGA-2014-0112_ES_2024-08-23.pdf\" target=\"_blank\" rel=\"noreferrer noopener\">Ver certificado \u2192 <br><\/a>Hospital Ribera Polusa <br>Ribera hospital de Molina<\/p>\n<\/div>\n\n\n\n<div class=\"wp-block-column is-layout-flow wp-block-column-is-layout-flow\"><div class=\"wp-block-image\">\n<figure class=\"aligncenter size-full is-resized\"><img loading=\"lazy\" decoding=\"async\" width=\"500\" height=\"500\" src=\"https:\/\/riberasalud.com\/ribera-lab\/wp-content\/uploads\/2025\/03\/calidad_lab-03.jpg\" alt=\"ENAC\" class=\"wp-image-835\" style=\"width:250px\" srcset=\"https:\/\/riberasalud.com\/ribera-lab\/wp-content\/uploads\/2025\/03\/calidad_lab-03.jpg 500w, https:\/\/riberasalud.com\/ribera-lab\/wp-content\/uploads\/2025\/03\/calidad_lab-03-300x300.jpg 300w, https:\/\/riberasalud.com\/ribera-lab\/wp-content\/uploads\/2025\/03\/calidad_lab-03-150x150.jpg 150w\" sizes=\"auto, (max-width: 500px) 100vw, 500px\" \/><\/figure>\n<\/div>\n\n\n<div style=\"height:20px\" aria-hidden=\"true\" class=\"wp-block-spacer\"><\/div>\n\n\n\n<p class=\"has-text-align-center\">Acreditaci\u00f3n concedida a: <br>Cialab (alcance: citogen\u00e9tica y biolog\u00eda molecular) <br><a href=\"https:\/\/riberasalud.com\/ribera-lab\/wp-content\/uploads\/2025\/03\/CERT_4516_LE_2601_rev0.pdf\" target=\"_blank\" rel=\"noreferrer noopener\">Ver certificado \u2192 <br><\/a><a href=\"https:\/\/riberasalud.com\/ribera-lab\/wp-content\/uploads\/2025\/04\/Anexo-tecnico-v6-1448_LE2601.pdf\" target=\"_blank\" rel=\"noreferrer noopener\">Anexo t\u00e9cnico \u2192<\/a><\/p>\n<\/div>\n\n\n\n<div class=\"wp-block-column is-layout-flow wp-block-column-is-layout-flow\"><div class=\"wp-block-image\">\n<figure class=\"aligncenter size-full is-resized\"><img loading=\"lazy\" decoding=\"async\" width=\"500\" height=\"500\" src=\"https:\/\/riberasalud.com\/ribera-lab\/wp-content\/uploads\/2025\/03\/huella1_Mesa-de-trabajo-1.jpg\" alt=\"AENOR Huella de Carbono\" class=\"wp-image-839\" style=\"width:250px\" srcset=\"https:\/\/riberasalud.com\/ribera-lab\/wp-content\/uploads\/2025\/03\/huella1_Mesa-de-trabajo-1.jpg 500w, https:\/\/riberasalud.com\/ribera-lab\/wp-content\/uploads\/2025\/03\/huella1_Mesa-de-trabajo-1-300x300.jpg 300w, https:\/\/riberasalud.com\/ribera-lab\/wp-content\/uploads\/2025\/03\/huella1_Mesa-de-trabajo-1-150x150.jpg 150w\" sizes=\"auto, (max-width: 500px) 100vw, 500px\" \/><\/figure>\n<\/div>\n\n\n<div style=\"height:20px\" aria-hidden=\"true\" class=\"wp-block-spacer\"><\/div>\n\n\n\n<p class=\"has-text-align-center\">Acreditaci\u00f3n concedida a: <br>Cialab <br><a href=\"https:\/\/riberasalud.com\/ribera-lab\/wp-content\/uploads\/2025\/12\/CertificadoGHG-0100-2024_ES_2025-12-22.pdf\" target=\"_blank\" rel=\"noreferrer noopener\">Ver certificado \u2192<\/a><\/p>\n<\/div>\n<\/div>\n<\/div>\n<\/div>\n\n\n\n<div style=\"height:30px\" aria-hidden=\"true\" class=\"wp-block-spacer\"><\/div>\n<\/div><\/div>\n\n\n\n<div class=\"wp-block-group\"><div class=\"wp-block-group__inner-container is-layout-constrained wp-block-group-is-layout-constrained\">\n<div class=\"wp-block-columns is-layout-flex wp-container-core-columns-is-layout-9d6595d7 wp-block-columns-is-layout-flex\">\n<div class=\"wp-block-column is-layout-flow wp-block-column-is-layout-flow\">\n<h2 class=\"wp-block-heading\">Controles externos y redes de trabajo<\/h2>\n\n\n\n<p>Adem\u00e1s, para asegurar la fiabilidad de sus resultados, Ribera Lab participa en los siguientes controles externos y redes de trabajo:<\/p>\n\n\n\n<p>\u2022 American Society of Microbiology<br>\u2022 Iberoamerican Genetic Society<br>\u2022 Asociaci\u00f3n Espa\u00f1ola de Biopatolog\u00eda M\u00e9dica<br>\u2022 Asociaci\u00f3n Espa\u00f1ola de Hematolog\u00eda y Hemoterapia<br>\u2022 Asociaci\u00f3n Americana de Qu\u00edmica Cl\u00ednica<br>\u2022 Sociedad Espa\u00f1ola de Bioqu\u00edmica Cl\u00ednica y Patolog\u00eda Molecular.<br>\u2022 Asociaci\u00f3n Espa\u00f1ola de Farmac\u00e9uticos Analistas<br>\u2022 Sociedad Espa\u00f1ola de Inmunolog\u00eda<br>\u2022 Asociaci\u00f3n Espa\u00f1ola de Diagn\u00f3stico Prenatal (AEDP)<br>\u2022 Asociaci\u00f3n Espa\u00f1ola de Gen\u00e9tica Humana (AEGH)<br>\u2022 Asociaci\u00f3n para el Estudio de la Biolog\u00eda de la Reproducci\u00f3n (ASEBIR)<br>\u2022 Asociaci\u00f3n Espa\u00f1ola de Bi\u00f3logos Analistas Cl\u00ednicos (ASEBAC)<br>\u2022 European Molecular Quality Network (EMQN)<br>\u2022 United Kingdom National External Quality Assessment Service (UK NEQAS)<br>\u2022 European Cytogeneticist Association (ECA)<br>\u2022 European Society of Human Genetics (ESHG)<br>\u2022 International Society for Forensic Genetics (ISFG) y al Grupo Espa\u00f1ol Y Portugu\u00e9s de la ISFG (GEP-ISFG)<\/p>\n<\/div>\n<\/div>\n<\/div><\/div>\n","protected":false},"excerpt":{"rendered":"<p>Medio Ambiente Comunicaci\u00f3n ambiental a proveedores En Ribera Lab asumimos que un desarrollo sostenible va ligado a la protecci\u00f3n del medioambiente y a la prevenci\u00f3n de la contaminaci\u00f3n, por eso nos comprometemos a incluir nuestra pol\u00edtica ambiental en todas nuestras actividades, conscientes de que la mejora del entorno va en beneficio tambi\u00e9n de la salud &#8230; <\/p>\n<p class=\"read-more-container\"><a title=\"Calidad\" class=\"read-more button\" href=\"https:\/\/riberasalud.com\/ribera-lab\/calidad\/#more-208\" aria-label=\"Leer m\u00e1s sobre Calidad\">Leer m\u00e1s<\/a><\/p>\n","protected":false},"author":1,"featured_media":0,"parent":0,"menu_order":0,"comment_status":"closed","ping_status":"closed","template":"","meta":{"footnotes":""},"class_list":["post-208","page","type-page","status-publish"],"yoast_head":"<!-- This site is optimized with the Yoast SEO plugin v26.6 - https:\/\/yoast.com\/wordpress\/plugins\/seo\/ -->\n<title>Calidad - Ribera Lab<\/title>\n<meta name=\"description\" content=\"En Ribera Lab asumimos que un desarrollo sostenible va ligado a la protecci\u00f3n del medioambiente y a la prevenci\u00f3n de la contaminaci\u00f3n\" \/>\n<meta name=\"robots\" content=\"index, follow, max-snippet:-1, max-image-preview:large, max-video-preview:-1\" \/>\n<link rel=\"canonical\" href=\"https:\/\/riberasalud.com\/ribera-lab\/calidad\/\" \/>\n<meta property=\"og:locale\" content=\"es_ES\" \/>\n<meta property=\"og:type\" content=\"article\" \/>\n<meta property=\"og:title\" content=\"Calidad - Ribera Lab\" \/>\n<meta property=\"og:description\" content=\"En Ribera Lab asumimos que un desarrollo sostenible va ligado a la protecci\u00f3n del medioambiente y a la prevenci\u00f3n de la contaminaci\u00f3n\" \/>\n<meta property=\"og:url\" content=\"https:\/\/riberasalud.com\/ribera-lab\/calidad\/\" \/>\n<meta property=\"og:site_name\" content=\"Ribera Lab\" \/>\n<meta property=\"article:modified_time\" content=\"2026-03-16T11:40:15+00:00\" \/>\n<meta property=\"og:image\" content=\"https:\/\/riberasalud.com\/ribera-lab\/wp-content\/uploads\/2025\/03\/doctor-performing-medical-research-lab-1.jpg\" \/>\n\t<meta property=\"og:image:width\" content=\"1354\" \/>\n\t<meta property=\"og:image:height\" content=\"477\" \/>\n\t<meta property=\"og:image:type\" content=\"image\/jpeg\" \/>\n<meta name=\"twitter:card\" content=\"summary_large_image\" \/>\n<meta name=\"twitter:label1\" content=\"Tiempo de lectura\" \/>\n\t<meta name=\"twitter:data1\" content=\"4 minutos\" \/>\n<script type=\"application\/ld+json\" class=\"yoast-schema-graph\">{\"@context\":\"https:\/\/schema.org\",\"@graph\":[{\"@type\":\"WebPage\",\"@id\":\"https:\/\/riberasalud.com\/ribera-lab\/calidad\/\",\"url\":\"https:\/\/riberasalud.com\/ribera-lab\/calidad\/\",\"name\":\"Calidad - Ribera Lab\",\"isPartOf\":{\"@id\":\"https:\/\/riberasalud.com\/ribera-lab\/#website\"},\"primaryImageOfPage\":{\"@id\":\"https:\/\/riberasalud.com\/ribera-lab\/calidad\/#primaryimage\"},\"image\":{\"@id\":\"https:\/\/riberasalud.com\/ribera-lab\/calidad\/#primaryimage\"},\"thumbnailUrl\":\"https:\/\/riberasalud.com\/ribera-lab\/wp-content\/uploads\/2025\/03\/doctor-performing-medical-research-lab-1.jpg\",\"datePublished\":\"2024-10-02T14:34:39+00:00\",\"dateModified\":\"2026-03-16T11:40:15+00:00\",\"description\":\"En Ribera Lab asumimos que un desarrollo sostenible va ligado a la protecci\u00f3n del medioambiente y a la prevenci\u00f3n de la contaminaci\u00f3n\",\"breadcrumb\":{\"@id\":\"https:\/\/riberasalud.com\/ribera-lab\/calidad\/#breadcrumb\"},\"inLanguage\":\"es\",\"potentialAction\":[{\"@type\":\"ReadAction\",\"target\":[\"https:\/\/riberasalud.com\/ribera-lab\/calidad\/\"]}]},{\"@type\":\"ImageObject\",\"inLanguage\":\"es\",\"@id\":\"https:\/\/riberasalud.com\/ribera-lab\/calidad\/#primaryimage\",\"url\":\"https:\/\/riberasalud.com\/ribera-lab\/wp-content\/uploads\/2025\/03\/doctor-performing-medical-research-lab-1.jpg\",\"contentUrl\":\"https:\/\/riberasalud.com\/ribera-lab\/wp-content\/uploads\/2025\/03\/doctor-performing-medical-research-lab-1.jpg\",\"width\":1354,\"height\":477,\"caption\":\"laboratorio haciendo pruebas\"},{\"@type\":\"BreadcrumbList\",\"@id\":\"https:\/\/riberasalud.com\/ribera-lab\/calidad\/#breadcrumb\",\"itemListElement\":[{\"@type\":\"ListItem\",\"position\":1,\"name\":\"Portada\",\"item\":\"https:\/\/riberasalud.com\/ribera-lab\/\"},{\"@type\":\"ListItem\",\"position\":2,\"name\":\"Calidad\"}]},{\"@type\":\"WebSite\",\"@id\":\"https:\/\/riberasalud.com\/ribera-lab\/#website\",\"url\":\"https:\/\/riberasalud.com\/ribera-lab\/\",\"name\":\"Ribera Lab\",\"description\":\"\",\"publisher\":{\"@id\":\"https:\/\/riberasalud.com\/ribera-lab\/#organization\"},\"potentialAction\":[{\"@type\":\"SearchAction\",\"target\":{\"@type\":\"EntryPoint\",\"urlTemplate\":\"https:\/\/riberasalud.com\/ribera-lab\/?s={search_term_string}\"},\"query-input\":{\"@type\":\"PropertyValueSpecification\",\"valueRequired\":true,\"valueName\":\"search_term_string\"}}],\"inLanguage\":\"es\"},{\"@type\":\"Organization\",\"@id\":\"https:\/\/riberasalud.com\/ribera-lab\/#organization\",\"name\":\"Ribera Lab\",\"url\":\"https:\/\/riberasalud.com\/ribera-lab\/\",\"logo\":{\"@type\":\"ImageObject\",\"inLanguage\":\"es\",\"@id\":\"https:\/\/riberasalud.com\/ribera-lab\/#\/schema\/logo\/image\/\",\"url\":\"https:\/\/riberasalud.com\/ribera-lab\/wp-content\/uploads\/2024\/10\/cropped-cropped-Logo-Red-Lab-1.png\",\"contentUrl\":\"https:\/\/riberasalud.com\/ribera-lab\/wp-content\/uploads\/2024\/10\/cropped-cropped-Logo-Red-Lab-1.png\",\"width\":1611,\"height\":474,\"caption\":\"Ribera Lab\"},\"image\":{\"@id\":\"https:\/\/riberasalud.com\/ribera-lab\/#\/schema\/logo\/image\/\"}}]}<\/script>\n<!-- \/ Yoast SEO plugin. -->","yoast_head_json":{"title":"Calidad - Ribera Lab","description":"En Ribera Lab asumimos que un desarrollo sostenible va ligado a la protecci\u00f3n del medioambiente y a la prevenci\u00f3n de la contaminaci\u00f3n","robots":{"index":"index","follow":"follow","max-snippet":"max-snippet:-1","max-image-preview":"max-image-preview:large","max-video-preview":"max-video-preview:-1"},"canonical":"https:\/\/riberasalud.com\/ribera-lab\/calidad\/","og_locale":"es_ES","og_type":"article","og_title":"Calidad - Ribera Lab","og_description":"En Ribera Lab asumimos que un desarrollo sostenible va ligado a la protecci\u00f3n del medioambiente y a la prevenci\u00f3n de la contaminaci\u00f3n","og_url":"https:\/\/riberasalud.com\/ribera-lab\/calidad\/","og_site_name":"Ribera Lab","article_modified_time":"2026-03-16T11:40:15+00:00","og_image":[{"width":1354,"height":477,"url":"https:\/\/riberasalud.com\/ribera-lab\/wp-content\/uploads\/2025\/03\/doctor-performing-medical-research-lab-1.jpg","type":"image\/jpeg"}],"twitter_card":"summary_large_image","twitter_misc":{"Tiempo de lectura":"4 minutos"},"schema":{"@context":"https:\/\/schema.org","@graph":[{"@type":"WebPage","@id":"https:\/\/riberasalud.com\/ribera-lab\/calidad\/","url":"https:\/\/riberasalud.com\/ribera-lab\/calidad\/","name":"Calidad - Ribera Lab","isPartOf":{"@id":"https:\/\/riberasalud.com\/ribera-lab\/#website"},"primaryImageOfPage":{"@id":"https:\/\/riberasalud.com\/ribera-lab\/calidad\/#primaryimage"},"image":{"@id":"https:\/\/riberasalud.com\/ribera-lab\/calidad\/#primaryimage"},"thumbnailUrl":"https:\/\/riberasalud.com\/ribera-lab\/wp-content\/uploads\/2025\/03\/doctor-performing-medical-research-lab-1.jpg","datePublished":"2024-10-02T14:34:39+00:00","dateModified":"2026-03-16T11:40:15+00:00","description":"En Ribera Lab asumimos que un desarrollo sostenible va ligado a la protecci\u00f3n del medioambiente y a la prevenci\u00f3n de la contaminaci\u00f3n","breadcrumb":{"@id":"https:\/\/riberasalud.com\/ribera-lab\/calidad\/#breadcrumb"},"inLanguage":"es","potentialAction":[{"@type":"ReadAction","target":["https:\/\/riberasalud.com\/ribera-lab\/calidad\/"]}]},{"@type":"ImageObject","inLanguage":"es","@id":"https:\/\/riberasalud.com\/ribera-lab\/calidad\/#primaryimage","url":"https:\/\/riberasalud.com\/ribera-lab\/wp-content\/uploads\/2025\/03\/doctor-performing-medical-research-lab-1.jpg","contentUrl":"https:\/\/riberasalud.com\/ribera-lab\/wp-content\/uploads\/2025\/03\/doctor-performing-medical-research-lab-1.jpg","width":1354,"height":477,"caption":"laboratorio haciendo pruebas"},{"@type":"BreadcrumbList","@id":"https:\/\/riberasalud.com\/ribera-lab\/calidad\/#breadcrumb","itemListElement":[{"@type":"ListItem","position":1,"name":"Portada","item":"https:\/\/riberasalud.com\/ribera-lab\/"},{"@type":"ListItem","position":2,"name":"Calidad"}]},{"@type":"WebSite","@id":"https:\/\/riberasalud.com\/ribera-lab\/#website","url":"https:\/\/riberasalud.com\/ribera-lab\/","name":"Ribera Lab","description":"","publisher":{"@id":"https:\/\/riberasalud.com\/ribera-lab\/#organization"},"potentialAction":[{"@type":"SearchAction","target":{"@type":"EntryPoint","urlTemplate":"https:\/\/riberasalud.com\/ribera-lab\/?s={search_term_string}"},"query-input":{"@type":"PropertyValueSpecification","valueRequired":true,"valueName":"search_term_string"}}],"inLanguage":"es"},{"@type":"Organization","@id":"https:\/\/riberasalud.com\/ribera-lab\/#organization","name":"Ribera Lab","url":"https:\/\/riberasalud.com\/ribera-lab\/","logo":{"@type":"ImageObject","inLanguage":"es","@id":"https:\/\/riberasalud.com\/ribera-lab\/#\/schema\/logo\/image\/","url":"https:\/\/riberasalud.com\/ribera-lab\/wp-content\/uploads\/2024\/10\/cropped-cropped-Logo-Red-Lab-1.png","contentUrl":"https:\/\/riberasalud.com\/ribera-lab\/wp-content\/uploads\/2024\/10\/cropped-cropped-Logo-Red-Lab-1.png","width":1611,"height":474,"caption":"Ribera Lab"},"image":{"@id":"https:\/\/riberasalud.com\/ribera-lab\/#\/schema\/logo\/image\/"}}]}},"_links":{"self":[{"href":"https:\/\/riberasalud.com\/ribera-lab\/wp-json\/wp\/v2\/pages\/208","targetHints":{"allow":["GET"]}}],"collection":[{"href":"https:\/\/riberasalud.com\/ribera-lab\/wp-json\/wp\/v2\/pages"}],"about":[{"href":"https:\/\/riberasalud.com\/ribera-lab\/wp-json\/wp\/v2\/types\/page"}],"author":[{"embeddable":true,"href":"https:\/\/riberasalud.com\/ribera-lab\/wp-json\/wp\/v2\/users\/1"}],"replies":[{"embeddable":true,"href":"https:\/\/riberasalud.com\/ribera-lab\/wp-json\/wp\/v2\/comments?post=208"}],"version-history":[{"count":26,"href":"https:\/\/riberasalud.com\/ribera-lab\/wp-json\/wp\/v2\/pages\/208\/revisions"}],"predecessor-version":[{"id":16408,"href":"https:\/\/riberasalud.com\/ribera-lab\/wp-json\/wp\/v2\/pages\/208\/revisions\/16408"}],"wp:attachment":[{"href":"https:\/\/riberasalud.com\/ribera-lab\/wp-json\/wp\/v2\/media?parent=208"}],"curies":[{"name":"wp","href":"https:\/\/api.w.org\/{rel}","templated":true}]}}