{"id":1091,"date":"2025-11-26T11:14:50","date_gmt":"2025-11-26T10:14:50","guid":{"rendered":"https:\/\/riberasalud.com\/ribera-labaux\/?page_id=1091"},"modified":"2026-03-24T15:16:28","modified_gmt":"2026-03-24T14:16:28","slug":"volantes-de-peticion","status":"publish","type":"page","link":"https:\/\/riberasalud.com\/ribera-lab\/volantes-de-peticion\/","title":{"rendered":"Volantes de petici\u00f3n"},"content":{"rendered":"\n<div class=\"wp-block-cover alignfull bannerribera\" style=\"min-height:282px;aspect-ratio:unset;\"><img loading=\"lazy\" decoding=\"async\" width=\"1024\" height=\"353\" class=\"wp-block-cover__image-background wp-image-1121 size-large\" alt=\"volantes de petici\u00f3n\" src=\"https:\/\/riberasalud.com\/ribera-lab\/wp-content\/uploads\/2025\/11\/volantes-de-peticion-1024x353.jpg\" style=\"object-position:71% 70%\" data-object-fit=\"cover\" data-object-position=\"71% 70%\" srcset=\"https:\/\/riberasalud.com\/ribera-lab\/wp-content\/uploads\/2025\/11\/volantes-de-peticion-1024x353.jpg 1024w, https:\/\/riberasalud.com\/ribera-lab\/wp-content\/uploads\/2025\/11\/volantes-de-peticion-300x103.jpg 300w, https:\/\/riberasalud.com\/ribera-lab\/wp-content\/uploads\/2025\/11\/volantes-de-peticion-768x264.jpg 768w, https:\/\/riberasalud.com\/ribera-lab\/wp-content\/uploads\/2025\/11\/volantes-de-peticion-1536x529.jpg 1536w, https:\/\/riberasalud.com\/ribera-lab\/wp-content\/uploads\/2025\/11\/volantes-de-peticion.jpg 1920w\" sizes=\"auto, (max-width: 1024px) 100vw, 1024px\" \/><span aria-hidden=\"true\" class=\"wp-block-cover__background has-contrast-background-color has-background-dim-60 has-background-dim\"><\/span><div class=\"wp-block-cover__inner-container is-layout-constrained wp-block-cover-is-layout-constrained\">\n<div class=\"wp-block-columns is-layout-flex wp-container-core-columns-is-layout-9d6595d7 wp-block-columns-is-layout-flex\">\n<div class=\"wp-block-column is-layout-flow wp-block-column-is-layout-flow\">\n<h1 class=\"wp-block-heading has-text-align-center has-large-font-size\">Volantes de petici\u00f3n<\/h1>\n\n\n\n<p class=\"has-text-align-center\" style=\"font-size:18px\">En nuestro objetivo de dar una asistencia integral en el diagn\u00f3stico y seguimiento recomendamos una correcta cumplimentaci\u00f3n de las peticiones y una rese\u00f1a cl\u00ednica del paciente<\/p>\n<\/div>\n<\/div>\n<\/div><\/div>\n\n\n\n<div class=\"wp-block-group\"><div class=\"wp-block-group__inner-container is-layout-constrained wp-block-group-is-layout-constrained\">\n<div class=\"wp-block-columns is-layout-flex wp-container-core-columns-is-layout-9d6595d7 wp-block-columns-is-layout-flex\">\n<div class=\"wp-block-column equipomedicomas is-layout-flow wp-block-column-is-layout-flow\">\n<p>Te presentamos los nuevos volantes autorrellenables  en PDF<\/p>\n\n\n\n<div style=\"height:20px\" aria-hidden=\"true\" class=\"wp-block-spacer onlydesktop\"><\/div>\n\n\n\n<div class=\"wp-block-columns is-layout-flex wp-container-core-columns-is-layout-9d6595d7 wp-block-columns-is-layout-flex\">\n<div class=\"wp-block-column is-layout-flow wp-block-column-is-layout-flow\"><div class=\"wp-block-image\">\n<figure class=\"aligncenter size-full is-resized\"><img loading=\"lazy\" decoding=\"async\" width=\"100\" height=\"100\" src=\"https:\/\/riberasalud.com\/ribera-lab\/wp-content\/uploads\/2024\/10\/iconosLab-06.png\" alt=\"laboratorio\" class=\"wp-image-676\" style=\"width:80px\"\/><\/figure>\n<\/div>\n\n\n<div style=\"height:10px\" aria-hidden=\"true\" class=\"wp-block-spacer\"><\/div>\n\n\n\n<h3 class=\"wp-block-heading has-text-align-center\">Petici\u00f3n de estudios citogen\u00e9ticos<\/h3>\n\n\n\n<div style=\"height:10px\" aria-hidden=\"true\" class=\"wp-block-spacer\"><\/div>\n\n\n\n<p class=\"has-text-align-center\"><a href=\"https:\/\/riberasalud.com\/ribera-lab\/wp-content\/uploads\/2025\/11\/Peticion-de-estudios-citogeneticos.pdf\" target=\"_blank\" rel=\"noreferrer noopener\">Descargar \u2192<\/a><\/p>\n<\/div>\n\n\n\n<div class=\"wp-block-column is-layout-flow wp-block-column-is-layout-flow\"><div class=\"wp-block-image\">\n<figure class=\"aligncenter size-full is-resized\"><img loading=\"lazy\" decoding=\"async\" width=\"100\" height=\"100\" src=\"https:\/\/riberasalud.com\/ribera-lab\/wp-content\/uploads\/2024\/10\/iconosLab-06.png\" alt=\"laboratorio\" class=\"wp-image-676\" style=\"width:80px\"\/><\/figure>\n<\/div>\n\n\n<div style=\"height:10px\" aria-hidden=\"true\" class=\"wp-block-spacer\"><\/div>\n\n\n\n<h3 class=\"wp-block-heading has-text-align-center\">Petici\u00f3n laboratorio general<\/h3>\n\n\n\n<div style=\"height:10px\" aria-hidden=\"true\" class=\"wp-block-spacer\"><\/div>\n\n\n\n<p class=\"has-text-align-center\"><a href=\"https:\/\/riberasalud.com\/ribera-lab\/wp-content\/uploads\/2025\/11\/Peticion-laboratorio-general.pdf\" target=\"_blank\" rel=\"noreferrer noopener\">Descargar<\/a><a href=\"#\"> \u2192<\/a><\/p>\n<\/div>\n\n\n\n<div class=\"wp-block-column is-layout-flow wp-block-column-is-layout-flow\"><div class=\"wp-block-image\">\n<figure class=\"aligncenter size-full is-resized\"><img loading=\"lazy\" decoding=\"async\" width=\"100\" height=\"100\" src=\"https:\/\/riberasalud.com\/ribera-lab\/wp-content\/uploads\/2024\/10\/iconosLab-06.png\" alt=\"laboratorio\" class=\"wp-image-676\" style=\"width:80px\"\/><\/figure>\n<\/div>\n\n\n<div style=\"height:10px\" aria-hidden=\"true\" class=\"wp-block-spacer\"><\/div>\n\n\n\n<h3 class=\"wp-block-heading has-text-align-center\">Petici\u00f3n citometr\u00eda<\/h3>\n\n\n\n<div style=\"height:10px\" aria-hidden=\"true\" class=\"wp-block-spacer\"><\/div>\n\n\n\n<p class=\"has-text-align-center\"><a href=\"https:\/\/riberasalud.com\/ribera-lab\/wp-content\/uploads\/2026\/03\/CIALAB-Volante-Citometria-Flujo.pdf\" target=\"_blank\" rel=\"noreferrer noopener\">Descargar<\/a><a href=\"#\">\u2192<\/a><\/p>\n<\/div>\n\n\n\n<div class=\"wp-block-column is-layout-flow wp-block-column-is-layout-flow\"><div class=\"wp-block-image\">\n<figure class=\"aligncenter size-full is-resized\"><img loading=\"lazy\" decoding=\"async\" width=\"100\" height=\"100\" src=\"https:\/\/riberasalud.com\/ribera-lab\/wp-content\/uploads\/2024\/10\/iconosLab-06.png\" alt=\"laboratorio\" class=\"wp-image-676\" style=\"width:80px\"\/><\/figure>\n<\/div>\n\n\n<div style=\"height:10px\" aria-hidden=\"true\" class=\"wp-block-spacer\"><\/div>\n\n\n\n<h3 class=\"wp-block-heading has-text-align-center\">Petici\u00f3n onco-hematolog\u00eda<\/h3>\n\n\n\n<div style=\"height:10px\" aria-hidden=\"true\" class=\"wp-block-spacer\"><\/div>\n\n\n\n<p class=\"has-text-align-center\"><a href=\"https:\/\/riberasalud.com\/ribera-lab\/wp-content\/uploads\/2025\/11\/Peticion-onco-hematologia.pdf\" target=\"_blank\" rel=\"noreferrer noopener\">Descargar \u2192<\/a><\/p>\n<\/div>\n\n\n\n<div class=\"wp-block-column is-layout-flow wp-block-column-is-layout-flow\"><div class=\"wp-block-image\">\n<figure class=\"aligncenter size-full is-resized\"><img loading=\"lazy\" decoding=\"async\" width=\"100\" height=\"100\" src=\"https:\/\/riberasalud.com\/ribera-lab\/wp-content\/uploads\/2024\/10\/iconosLab-06.png\" alt=\"laboratorio\" class=\"wp-image-676\" style=\"width:80px\"\/><\/figure>\n<\/div>\n\n\n<div style=\"height:10px\" aria-hidden=\"true\" class=\"wp-block-spacer\"><\/div>\n\n\n\n<h3 class=\"wp-block-heading has-text-align-center\">Petici\u00f3n onco-hematolog\u00eda por tipo de tubo<\/h3>\n\n\n\n<div style=\"height:10px\" aria-hidden=\"true\" class=\"wp-block-spacer\"><\/div>\n\n\n\n<p class=\"has-text-align-center\"><a href=\"https:\/\/riberasalud.com\/ribera-lab\/wp-content\/uploads\/2025\/11\/Peticion-onco-hematologia-por-tipo-de-tubo.pdf\" target=\"_blank\" rel=\"noreferrer noopener\">Descargar \u2192<\/a><\/p>\n<\/div>\n<\/div>\n\n\n\n<div class=\"wp-block-columns is-layout-flex wp-container-core-columns-is-layout-9d6595d7 wp-block-columns-is-layout-flex\">\n<div class=\"wp-block-column is-layout-flow wp-block-column-is-layout-flow\"><div class=\"wp-block-image\">\n<figure class=\"aligncenter size-full is-resized\"><img loading=\"lazy\" decoding=\"async\" width=\"100\" height=\"100\" src=\"https:\/\/riberasalud.com\/ribera-lab\/wp-content\/uploads\/2024\/10\/iconosLab-06.png\" alt=\"laboratorio\" class=\"wp-image-676\" style=\"width:80px\"\/><\/figure>\n<\/div>\n\n\n<div style=\"height:10px\" aria-hidden=\"true\" class=\"wp-block-spacer\"><\/div>\n\n\n\n<h3 class=\"wp-block-heading has-text-align-center\">Petici\u00f3n diagn\u00f3stico prenatal<\/h3>\n\n\n\n<div style=\"height:10px\" aria-hidden=\"true\" class=\"wp-block-spacer\"><\/div>\n\n\n\n<p class=\"has-text-align-center\"><a href=\"https:\/\/riberasalud.com\/ribera-lab\/wp-content\/uploads\/2025\/11\/Peticion-diagnostico-prenatal.pdf\" target=\"_blank\" rel=\"noreferrer noopener\">Descargar<\/a><a href=\"#\"> \u2192<\/a><\/p>\n<\/div>\n\n\n\n<div class=\"wp-block-column is-layout-flow wp-block-column-is-layout-flow\"><div class=\"wp-block-image\">\n<figure class=\"aligncenter size-full is-resized\"><img loading=\"lazy\" decoding=\"async\" width=\"100\" height=\"100\" src=\"https:\/\/riberasalud.com\/ribera-lab\/wp-content\/uploads\/2024\/10\/iconosLab-06.png\" alt=\"laboratorio\" class=\"wp-image-676\" style=\"width:80px\"\/><\/figure>\n<\/div>\n\n\n<div style=\"height:10px\" aria-hidden=\"true\" class=\"wp-block-spacer\"><\/div>\n\n\n\n<h3 class=\"wp-block-heading has-text-align-center\">Petici\u00f3n Array<\/h3>\n\n\n\n<div style=\"height:10px\" aria-hidden=\"true\" class=\"wp-block-spacer\"><\/div>\n\n\n\n<p class=\"has-text-align-center\"><a href=\"https:\/\/riberasalud.com\/ribera-lab\/wp-content\/uploads\/2025\/11\/Peticion-Array-.pdf\" target=\"_blank\" rel=\"noreferrer noopener\">Descargar \u2192<\/a><\/p>\n<\/div>\n\n\n\n<div class=\"wp-block-column is-layout-flow wp-block-column-is-layout-flow\"><div class=\"wp-block-image\">\n<figure class=\"aligncenter size-full is-resized\"><img loading=\"lazy\" decoding=\"async\" width=\"100\" height=\"100\" src=\"https:\/\/riberasalud.com\/ribera-lab\/wp-content\/uploads\/2024\/10\/iconosLab-06.png\" alt=\"laboratorio\" class=\"wp-image-676\" style=\"width:80px\"\/><\/figure>\n<\/div>\n\n\n<div style=\"height:10px\" aria-hidden=\"true\" class=\"wp-block-spacer\"><\/div>\n\n\n\n<h3 class=\"wp-block-heading has-text-align-center\">Petici\u00f3n citolog\u00edas \/ biopsias \/ HPV<\/h3>\n\n\n\n<div style=\"height:10px\" aria-hidden=\"true\" class=\"wp-block-spacer\"><\/div>\n\n\n\n<p class=\"has-text-align-center\"><a href=\"https:\/\/riberasalud.com\/ribera-lab\/wp-content\/uploads\/2026\/02\/FORM-RLAB-VOLANTE-HISTOPATOLOGIA.pdf\" target=\"_blank\" rel=\"noreferrer noopener\">Descargar \u2192<\/a><\/p>\n<\/div>\n\n\n\n<div class=\"wp-block-column is-layout-flow wp-block-column-is-layout-flow\"><div class=\"wp-block-image\">\n<figure class=\"aligncenter size-full is-resized\"><img loading=\"lazy\" decoding=\"async\" width=\"100\" height=\"100\" src=\"https:\/\/riberasalud.com\/ribera-lab\/wp-content\/uploads\/2024\/10\/iconosLab-06.png\" alt=\"laboratorio\" class=\"wp-image-676\" style=\"width:80px\"\/><\/figure>\n<\/div>\n\n\n<div style=\"height:10px\" aria-hidden=\"true\" class=\"wp-block-spacer\"><\/div>\n\n\n\n<h3 class=\"wp-block-heading has-text-align-center\">Petici\u00f3n cribado prenatal 1er trimestre<\/h3>\n\n\n\n<div style=\"height:10px\" aria-hidden=\"true\" class=\"wp-block-spacer\"><\/div>\n\n\n\n<p class=\"has-text-align-center\"><a href=\"https:\/\/riberasalud.com\/ribera-lab\/wp-content\/uploads\/2025\/11\/Peticion-cribado-prenatal-1er-trimestre.pdf\" target=\"_blank\" rel=\"noreferrer noopener\">Descargar \u2192<\/a><\/p>\n<\/div>\n\n\n\n<div class=\"wp-block-column is-layout-flow wp-block-column-is-layout-flow\"><div class=\"wp-block-image\">\n<figure class=\"aligncenter size-full is-resized\"><img loading=\"lazy\" decoding=\"async\" width=\"100\" height=\"100\" src=\"https:\/\/riberasalud.com\/ribera-lab\/wp-content\/uploads\/2024\/10\/iconosLab-06.png\" alt=\"laboratorio\" class=\"wp-image-676\" style=\"width:80px\"\/><\/figure>\n<\/div>\n\n\n<div style=\"height:10px\" aria-hidden=\"true\" class=\"wp-block-spacer\"><\/div>\n\n\n\n<h3 class=\"wp-block-heading has-text-align-center\">Petici\u00f3n cribado prenatal 2\u00ba trimestre<\/h3>\n\n\n\n<div style=\"height:10px\" aria-hidden=\"true\" class=\"wp-block-spacer\"><\/div>\n\n\n\n<p class=\"has-text-align-center\"><a href=\"https:\/\/riberasalud.com\/ribera-lab\/wp-content\/uploads\/2025\/11\/Peticion-cribado-prenatal-2o-trimestre.pdf\" target=\"_blank\" rel=\"noreferrer noopener\">Descargar \u2192<\/a><\/p>\n<\/div>\n<\/div>\n\n\n\n<div class=\"wp-block-columns is-layout-flex wp-container-core-columns-is-layout-9d6595d7 wp-block-columns-is-layout-flex\">\n<div class=\"wp-block-column is-layout-flow wp-block-column-is-layout-flow\"><div class=\"wp-block-image\">\n<figure class=\"aligncenter size-full is-resized\"><img loading=\"lazy\" decoding=\"async\" width=\"100\" height=\"100\" src=\"https:\/\/riberasalud.com\/ribera-lab\/wp-content\/uploads\/2024\/10\/iconosLab-06.png\" alt=\"laboratorio\" class=\"wp-image-676\" style=\"width:80px\"\/><\/figure>\n<\/div>\n\n\n<div style=\"height:10px\" aria-hidden=\"true\" class=\"wp-block-spacer\"><\/div>\n\n\n\n<h3 class=\"wp-block-heading has-text-align-center\">Peticiones en oftalmolog\u00eda<\/h3>\n\n\n\n<div style=\"height:10px\" aria-hidden=\"true\" class=\"wp-block-spacer\"><\/div>\n\n\n\n<p class=\"has-text-align-center\"><a href=\"https:\/\/riberasalud.com\/ribera-lab\/wp-content\/uploads\/2025\/11\/Peticiones-en-oftalmologia.pdf\" target=\"_blank\" rel=\"noreferrer noopener\">Descargar \u2192<\/a><\/p>\n<\/div>\n\n\n\n<div class=\"wp-block-column is-layout-flow wp-block-column-is-layout-flow\"><div class=\"wp-block-image\">\n<figure class=\"aligncenter size-full is-resized\"><img loading=\"lazy\" decoding=\"async\" width=\"100\" height=\"100\" src=\"https:\/\/riberasalud.com\/ribera-lab\/wp-content\/uploads\/2024\/10\/iconosLab-06.png\" alt=\"laboratorio\" class=\"wp-image-676\" style=\"width:80px\"\/><\/figure>\n<\/div>\n\n\n<div style=\"height:10px\" aria-hidden=\"true\" class=\"wp-block-spacer\"><\/div>\n\n\n\n<h3 class=\"wp-block-heading has-text-align-center\">Peticiones de microbiolog\u00eda<\/h3>\n\n\n\n<div style=\"height:10px\" aria-hidden=\"true\" class=\"wp-block-spacer\"><\/div>\n\n\n\n<p class=\"has-text-align-center\"><a href=\"https:\/\/riberasalud.com\/ribera-lab\/wp-content\/uploads\/2025\/11\/Peticiones-de-microbiologia.pdf\" target=\"_blank\" rel=\"noreferrer noopener\">Descargar \u2192<\/a><\/p>\n<\/div>\n\n\n\n<div class=\"wp-block-column is-layout-flow wp-block-column-is-layout-flow\"><div class=\"wp-block-image\">\n<figure class=\"aligncenter size-full is-resized\"><img loading=\"lazy\" decoding=\"async\" width=\"100\" height=\"100\" src=\"https:\/\/riberasalud.com\/ribera-lab\/wp-content\/uploads\/2024\/10\/iconosLab-06.png\" alt=\"laboratorio\" class=\"wp-image-676\" style=\"width:80px\"\/><\/figure>\n<\/div>\n\n\n<div style=\"height:10px\" aria-hidden=\"true\" class=\"wp-block-spacer\"><\/div>\n\n\n\n<h3 class=\"wp-block-heading has-text-align-center\">Petici\u00f3n de estudios gen\u00e9ticos<\/h3>\n\n\n\n<div style=\"height:10px\" aria-hidden=\"true\" class=\"wp-block-spacer\"><\/div>\n\n\n\n<p class=\"has-text-align-center\"><a href=\"https:\/\/riberasalud.com\/ribera-lab\/wp-content\/uploads\/2025\/11\/Peticion-de-estudios-geneticos.pdf\" target=\"_blank\" rel=\"noreferrer noopener\">Descargar \u2192<\/a><\/p>\n<\/div>\n\n\n\n<div class=\"wp-block-column is-layout-flow wp-block-column-is-layout-flow\"><div class=\"wp-block-image\">\n<figure class=\"aligncenter size-full is-resized\"><img loading=\"lazy\" decoding=\"async\" width=\"100\" height=\"100\" src=\"https:\/\/riberasalud.com\/ribera-lab\/wp-content\/uploads\/2024\/10\/iconosLab-06.png\" alt=\"laboratorio\" class=\"wp-image-676\" style=\"width:80px\"\/><\/figure>\n<\/div>\n\n\n<div style=\"height:10px\" aria-hidden=\"true\" class=\"wp-block-spacer\"><\/div>\n\n\n\n<h3 class=\"wp-block-heading has-text-align-center\">Petici\u00f3n de patolog\u00eda molecular<\/h3>\n\n\n\n<div style=\"height:10px\" aria-hidden=\"true\" class=\"wp-block-spacer\"><\/div>\n\n\n\n<p class=\"has-text-align-center\"><a href=\"https:\/\/riberasalud.com\/ribera-lab\/wp-content\/uploads\/2026\/02\/FORM-RLAB-VOLANTE-PATOLOGIA-MOLECULAR.pdf\" target=\"_blank\" rel=\"noreferrer noopener\">Descargar \u2192<\/a><\/p>\n<\/div>\n\n\n\n<div class=\"wp-block-column vacio onlydesktop is-layout-flow wp-block-column-is-layout-flow\"><\/div>\n<\/div>\n<\/div>\n<\/div>\n<\/div><\/div>\n\n\n\n<div style=\"height:20px\" aria-hidden=\"true\" class=\"wp-block-spacer onlydesktop\"><\/div>\n","protected":false},"excerpt":{"rendered":"<p>Te presentamos los nuevos volantes autorrellenables en PDF Petici\u00f3n de estudios citogen\u00e9ticos Descargar \u2192 Petici\u00f3n laboratorio general Descargar \u2192 Petici\u00f3n citometr\u00eda Descargar\u2192 Petici\u00f3n onco-hematolog\u00eda Descargar \u2192 Petici\u00f3n onco-hematolog\u00eda por tipo de tubo Descargar \u2192 Petici\u00f3n diagn\u00f3stico prenatal Descargar \u2192 Petici\u00f3n Array Descargar \u2192 Petici\u00f3n citolog\u00edas \/ biopsias \/ HPV Descargar \u2192 Petici\u00f3n cribado prenatal 1er &#8230; <\/p>\n<p class=\"read-more-container\"><a title=\"Volantes de petici\u00f3n\" class=\"read-more button\" href=\"https:\/\/riberasalud.com\/ribera-lab\/volantes-de-peticion\/#more-1091\" aria-label=\"Leer m\u00e1s sobre Volantes de petici\u00f3n\">Leer m\u00e1s<\/a><\/p>\n","protected":false},"author":2,"featured_media":0,"parent":0,"menu_order":0,"comment_status":"closed","ping_status":"closed","template":"","meta":{"footnotes":""},"class_list":["post-1091","page","type-page","status-publish"],"yoast_head":"<!-- This site is optimized with the Yoast SEO plugin v26.6 - https:\/\/yoast.com\/wordpress\/plugins\/seo\/ -->\n<title>Volantes de petici\u00f3n - Ribera Lab<\/title>\n<meta name=\"description\" content=\"Ribera Lab es la divisi\u00f3n de laboratorios del grupo sanitario Ribera, que cuenta con una dilatada trayectoria\" \/>\n<meta name=\"robots\" content=\"index, follow, max-snippet:-1, max-image-preview:large, max-video-preview:-1\" \/>\n<link rel=\"canonical\" href=\"https:\/\/riberasalud.com\/ribera-lab\/volantes-de-peticion\/\" \/>\n<meta property=\"og:locale\" content=\"es_ES\" \/>\n<meta property=\"og:type\" content=\"article\" \/>\n<meta property=\"og:title\" content=\"Volantes de petici\u00f3n - Ribera Lab\" \/>\n<meta property=\"og:description\" content=\"Ribera Lab es la divisi\u00f3n de laboratorios del grupo sanitario Ribera, que cuenta con una dilatada trayectoria\" \/>\n<meta property=\"og:url\" content=\"https:\/\/riberasalud.com\/ribera-lab\/volantes-de-peticion\/\" \/>\n<meta property=\"og:site_name\" content=\"Ribera Lab\" \/>\n<meta property=\"article:modified_time\" content=\"2026-03-24T14:16:28+00:00\" \/>\n<meta property=\"og:image\" content=\"https:\/\/riberasalud.com\/ribera-lab\/wp-content\/uploads\/2025\/11\/volantes-de-peticion.jpg\" \/>\n\t<meta property=\"og:image:width\" content=\"1920\" \/>\n\t<meta property=\"og:image:height\" content=\"661\" \/>\n\t<meta property=\"og:image:type\" content=\"image\/jpeg\" \/>\n<meta name=\"twitter:card\" content=\"summary_large_image\" \/>\n<meta name=\"twitter:label1\" content=\"Tiempo de lectura\" \/>\n\t<meta name=\"twitter:data1\" content=\"4 minutos\" \/>\n<script type=\"application\/ld+json\" class=\"yoast-schema-graph\">{\"@context\":\"https:\/\/schema.org\",\"@graph\":[{\"@type\":\"WebPage\",\"@id\":\"https:\/\/riberasalud.com\/ribera-lab\/volantes-de-peticion\/\",\"url\":\"https:\/\/riberasalud.com\/ribera-lab\/volantes-de-peticion\/\",\"name\":\"Volantes de petici\u00f3n - Ribera Lab\",\"isPartOf\":{\"@id\":\"https:\/\/riberasalud.com\/ribera-lab\/#website\"},\"primaryImageOfPage\":{\"@id\":\"https:\/\/riberasalud.com\/ribera-lab\/volantes-de-peticion\/#primaryimage\"},\"image\":{\"@id\":\"https:\/\/riberasalud.com\/ribera-lab\/volantes-de-peticion\/#primaryimage\"},\"thumbnailUrl\":\"https:\/\/riberasalud.com\/ribera-lab\/wp-content\/uploads\/2025\/11\/volantes-de-peticion-1024x353.jpg\",\"datePublished\":\"2025-11-26T10:14:50+00:00\",\"dateModified\":\"2026-03-24T14:16:28+00:00\",\"description\":\"Ribera Lab es la divisi\u00f3n de laboratorios del grupo sanitario Ribera, que cuenta con una dilatada trayectoria\",\"breadcrumb\":{\"@id\":\"https:\/\/riberasalud.com\/ribera-lab\/volantes-de-peticion\/#breadcrumb\"},\"inLanguage\":\"es\",\"potentialAction\":[{\"@type\":\"ReadAction\",\"target\":[\"https:\/\/riberasalud.com\/ribera-lab\/volantes-de-peticion\/\"]}]},{\"@type\":\"ImageObject\",\"inLanguage\":\"es\",\"@id\":\"https:\/\/riberasalud.com\/ribera-lab\/volantes-de-peticion\/#primaryimage\",\"url\":\"https:\/\/riberasalud.com\/ribera-lab\/wp-content\/uploads\/2025\/11\/volantes-de-peticion.jpg\",\"contentUrl\":\"https:\/\/riberasalud.com\/ribera-lab\/wp-content\/uploads\/2025\/11\/volantes-de-peticion.jpg\",\"width\":1920,\"height\":661,\"caption\":\"volantes de petici\u00f3n\"},{\"@type\":\"BreadcrumbList\",\"@id\":\"https:\/\/riberasalud.com\/ribera-lab\/volantes-de-peticion\/#breadcrumb\",\"itemListElement\":[{\"@type\":\"ListItem\",\"position\":1,\"name\":\"Portada\",\"item\":\"https:\/\/riberasalud.com\/ribera-lab\/\"},{\"@type\":\"ListItem\",\"position\":2,\"name\":\"Volantes de petici\u00f3n\"}]},{\"@type\":\"WebSite\",\"@id\":\"https:\/\/riberasalud.com\/ribera-lab\/#website\",\"url\":\"https:\/\/riberasalud.com\/ribera-lab\/\",\"name\":\"Ribera Lab\",\"description\":\"\",\"publisher\":{\"@id\":\"https:\/\/riberasalud.com\/ribera-lab\/#organization\"},\"potentialAction\":[{\"@type\":\"SearchAction\",\"target\":{\"@type\":\"EntryPoint\",\"urlTemplate\":\"https:\/\/riberasalud.com\/ribera-lab\/?s={search_term_string}\"},\"query-input\":{\"@type\":\"PropertyValueSpecification\",\"valueRequired\":true,\"valueName\":\"search_term_string\"}}],\"inLanguage\":\"es\"},{\"@type\":\"Organization\",\"@id\":\"https:\/\/riberasalud.com\/ribera-lab\/#organization\",\"name\":\"Ribera Lab\",\"url\":\"https:\/\/riberasalud.com\/ribera-lab\/\",\"logo\":{\"@type\":\"ImageObject\",\"inLanguage\":\"es\",\"@id\":\"https:\/\/riberasalud.com\/ribera-lab\/#\/schema\/logo\/image\/\",\"url\":\"https:\/\/riberasalud.com\/ribera-lab\/wp-content\/uploads\/2024\/10\/cropped-cropped-Logo-Red-Lab-1.png\",\"contentUrl\":\"https:\/\/riberasalud.com\/ribera-lab\/wp-content\/uploads\/2024\/10\/cropped-cropped-Logo-Red-Lab-1.png\",\"width\":1611,\"height\":474,\"caption\":\"Ribera Lab\"},\"image\":{\"@id\":\"https:\/\/riberasalud.com\/ribera-lab\/#\/schema\/logo\/image\/\"}}]}<\/script>\n<!-- \/ Yoast SEO plugin. -->","yoast_head_json":{"title":"Volantes de petici\u00f3n - Ribera Lab","description":"Ribera Lab es la divisi\u00f3n de laboratorios del grupo sanitario Ribera, que cuenta con una dilatada trayectoria","robots":{"index":"index","follow":"follow","max-snippet":"max-snippet:-1","max-image-preview":"max-image-preview:large","max-video-preview":"max-video-preview:-1"},"canonical":"https:\/\/riberasalud.com\/ribera-lab\/volantes-de-peticion\/","og_locale":"es_ES","og_type":"article","og_title":"Volantes de petici\u00f3n - Ribera Lab","og_description":"Ribera Lab es la divisi\u00f3n de laboratorios del grupo sanitario Ribera, que cuenta con una dilatada trayectoria","og_url":"https:\/\/riberasalud.com\/ribera-lab\/volantes-de-peticion\/","og_site_name":"Ribera Lab","article_modified_time":"2026-03-24T14:16:28+00:00","og_image":[{"width":1920,"height":661,"url":"https:\/\/riberasalud.com\/ribera-lab\/wp-content\/uploads\/2025\/11\/volantes-de-peticion.jpg","type":"image\/jpeg"}],"twitter_card":"summary_large_image","twitter_misc":{"Tiempo de lectura":"4 minutos"},"schema":{"@context":"https:\/\/schema.org","@graph":[{"@type":"WebPage","@id":"https:\/\/riberasalud.com\/ribera-lab\/volantes-de-peticion\/","url":"https:\/\/riberasalud.com\/ribera-lab\/volantes-de-peticion\/","name":"Volantes de petici\u00f3n - Ribera Lab","isPartOf":{"@id":"https:\/\/riberasalud.com\/ribera-lab\/#website"},"primaryImageOfPage":{"@id":"https:\/\/riberasalud.com\/ribera-lab\/volantes-de-peticion\/#primaryimage"},"image":{"@id":"https:\/\/riberasalud.com\/ribera-lab\/volantes-de-peticion\/#primaryimage"},"thumbnailUrl":"https:\/\/riberasalud.com\/ribera-lab\/wp-content\/uploads\/2025\/11\/volantes-de-peticion-1024x353.jpg","datePublished":"2025-11-26T10:14:50+00:00","dateModified":"2026-03-24T14:16:28+00:00","description":"Ribera Lab es la divisi\u00f3n de laboratorios del grupo sanitario Ribera, que cuenta con una dilatada trayectoria","breadcrumb":{"@id":"https:\/\/riberasalud.com\/ribera-lab\/volantes-de-peticion\/#breadcrumb"},"inLanguage":"es","potentialAction":[{"@type":"ReadAction","target":["https:\/\/riberasalud.com\/ribera-lab\/volantes-de-peticion\/"]}]},{"@type":"ImageObject","inLanguage":"es","@id":"https:\/\/riberasalud.com\/ribera-lab\/volantes-de-peticion\/#primaryimage","url":"https:\/\/riberasalud.com\/ribera-lab\/wp-content\/uploads\/2025\/11\/volantes-de-peticion.jpg","contentUrl":"https:\/\/riberasalud.com\/ribera-lab\/wp-content\/uploads\/2025\/11\/volantes-de-peticion.jpg","width":1920,"height":661,"caption":"volantes de petici\u00f3n"},{"@type":"BreadcrumbList","@id":"https:\/\/riberasalud.com\/ribera-lab\/volantes-de-peticion\/#breadcrumb","itemListElement":[{"@type":"ListItem","position":1,"name":"Portada","item":"https:\/\/riberasalud.com\/ribera-lab\/"},{"@type":"ListItem","position":2,"name":"Volantes de petici\u00f3n"}]},{"@type":"WebSite","@id":"https:\/\/riberasalud.com\/ribera-lab\/#website","url":"https:\/\/riberasalud.com\/ribera-lab\/","name":"Ribera Lab","description":"","publisher":{"@id":"https:\/\/riberasalud.com\/ribera-lab\/#organization"},"potentialAction":[{"@type":"SearchAction","target":{"@type":"EntryPoint","urlTemplate":"https:\/\/riberasalud.com\/ribera-lab\/?s={search_term_string}"},"query-input":{"@type":"PropertyValueSpecification","valueRequired":true,"valueName":"search_term_string"}}],"inLanguage":"es"},{"@type":"Organization","@id":"https:\/\/riberasalud.com\/ribera-lab\/#organization","name":"Ribera Lab","url":"https:\/\/riberasalud.com\/ribera-lab\/","logo":{"@type":"ImageObject","inLanguage":"es","@id":"https:\/\/riberasalud.com\/ribera-lab\/#\/schema\/logo\/image\/","url":"https:\/\/riberasalud.com\/ribera-lab\/wp-content\/uploads\/2024\/10\/cropped-cropped-Logo-Red-Lab-1.png","contentUrl":"https:\/\/riberasalud.com\/ribera-lab\/wp-content\/uploads\/2024\/10\/cropped-cropped-Logo-Red-Lab-1.png","width":1611,"height":474,"caption":"Ribera Lab"},"image":{"@id":"https:\/\/riberasalud.com\/ribera-lab\/#\/schema\/logo\/image\/"}}]}},"_links":{"self":[{"href":"https:\/\/riberasalud.com\/ribera-lab\/wp-json\/wp\/v2\/pages\/1091","targetHints":{"allow":["GET"]}}],"collection":[{"href":"https:\/\/riberasalud.com\/ribera-lab\/wp-json\/wp\/v2\/pages"}],"about":[{"href":"https:\/\/riberasalud.com\/ribera-lab\/wp-json\/wp\/v2\/types\/page"}],"author":[{"embeddable":true,"href":"https:\/\/riberasalud.com\/ribera-lab\/wp-json\/wp\/v2\/users\/2"}],"replies":[{"embeddable":true,"href":"https:\/\/riberasalud.com\/ribera-lab\/wp-json\/wp\/v2\/comments?post=1091"}],"version-history":[{"count":22,"href":"https:\/\/riberasalud.com\/ribera-lab\/wp-json\/wp\/v2\/pages\/1091\/revisions"}],"predecessor-version":[{"id":16411,"href":"https:\/\/riberasalud.com\/ribera-lab\/wp-json\/wp\/v2\/pages\/1091\/revisions\/16411"}],"wp:attachment":[{"href":"https:\/\/riberasalud.com\/ribera-lab\/wp-json\/wp\/v2\/media?parent=1091"}],"curies":[{"name":"wp","href":"https:\/\/api.w.org\/{rel}","templated":true}]}}