{"id":95,"date":"2022-05-19T07:51:49","date_gmt":"2022-05-19T07:51:49","guid":{"rendered":"https:\/\/riberasalud.com\/ribera-dentaux\/?page_id=95"},"modified":"2026-03-16T16:09:13","modified_gmt":"2026-03-16T16:09:13","slug":"contacto","status":"publish","type":"page","link":"https:\/\/riberasalud.com\/ribera-dent\/contacto\/","title":{"rendered":"Contacto"},"content":{"rendered":"\n<div class=\"wp-block-group hasbackgroundnaranja sliderlinea\"><div class=\"wp-block-group__inner-container is-layout-flow wp-block-group-is-layout-flow\">\n<p>SOMOS RIBERA DENT<\/p>\n\n\n\n<h1 class=\"wp-block-heading\">Contacto<\/h1>\n<\/div><\/div>\n\n\n\n<div class=\"wp-block-group contacto\"><div class=\"wp-block-group__inner-container is-layout-flow wp-block-group-is-layout-flow\">\n<div class=\"wp-block-columns is-layout-flex wp-container-core-columns-is-layout-9d6595d7 wp-block-columns-is-layout-flex\">\n<div class=\"wp-block-column is-layout-flow wp-block-column-is-layout-flow\" style=\"flex-basis:33.34%\">\n<iframe class=\"gmap\" src=\"https:\/\/www.google.com\/maps\/embed?pb=!1m14!1m8!1m3!1d186714.74648395873!2d-7.5568349999999995!3d43.01159!3m2!1i1024!2i768!4f13.1!3m3!1m2!1s0x0%3A0x95617250a420f1cb!2sCl%C3%ADnica%20Plaza%20Santo%20Domingo!5e0!3m2!1sen!2sus!4v1652945782396!5m2!1sen!2sus\" style=\"border:0;\" allowfullscreen=\"\" loading=\"lazy\" referrerpolicy=\"no-referrer-when-downgrade\" width=\"600\" height=\"200\"><\/iframe>\n\n\n\n<h3 class=\"wp-block-heading alt\"><strong><strong>Cl\u00ednica Ribera Dent Polusa<\/strong><\/strong><\/h3>\n\n\n\n<p id=\"centros\">Plaza de Santo Domingo, 20<br>27001. Lugo, Galicia<br><a href=\"mailto:riberadent.polusa@riberacare.com\">riberadent.polusa@riberacare.com<\/a> \u00b7&nbsp;<a href=\"http:\/\/polusa.es\/\">www.polusa.es<\/a><br>Tel\u00e9fono de contacto:&nbsp;<br><a href=\"callto:982872772\">982 872 772<\/a><br>Lunes a viernes de 10:00h-14:00h y de 16:00h- 20:00h<\/p>\n<\/div>\n\n\n\n<div class=\"wp-block-column is-layout-flow wp-block-column-is-layout-flow\" style=\"flex-basis:33.34%\">\n<iframe class=\"gmap\" src=\"https:\/\/www.google.com\/maps\/embed?pb=!1m18!1m12!1m3!1d2954.558362275301!2d-8.730526467818665!3d42.223882785151424!2m3!1f0!2f0!3f0!3m2!1i1024!2i768!4f13.1!3m3!1m2!1s0xd2f63aa48a04f8b%3A0xf2a74b2e5a56251d!2sCl%C3%ADnica%20dental%20Ribera%20Dent%20Povisa%20Vigo!5e0!3m2!1sen!2sus!4v1657183705814!5m2!1sen!2sus\" style=\"border:0;\" allowfullscreen=\"\" loading=\"lazy\" referrerpolicy=\"no-referrer-when-downgrade\" width=\"600\" height=\"450\"><\/iframe>\n\n\n\n<h3 class=\"wp-block-heading alt\"><strong><strong>Cl\u00ednica Ribera Dent Povisa<\/strong><\/strong><\/h3>\n\n\n\n<p id=\"centros\">Centro M\u00e9dico de la Calle Barcelona N\u00ba 57-59<br>36203 Vigo, Pontevedra<br><a href=\"mailto:riberadental.povisa@riberacare.com\" target=\"_blank\" rel=\"noreferrer noopener\">riberadental.povisa@riberacare.com<\/a> \u00b7 <a href=\"https:\/\/www.povisa.es\">www.povisa.es<\/a><br>Tel\u00e9fono de contacto: <br><a href=\"tel:654890026\">654 89 00 26<\/a> <br><a href=\"tel:986119000\">986 11 90 00<\/a><\/p>\n<\/div>\n\n\n\n<div class=\"wp-block-column is-layout-flow wp-block-column-is-layout-flow\" style=\"flex-basis:33.33%\">\n<iframe class=\"gmap\" src=\"https:\/\/www.google.com\/maps\/embed?pb=!1m18!1m12!1m3!1d12566.532199969939!2d-0.7251575117262126!3d38.055635765251445!2m3!1f0!2f0!3f0!3m2!1i1024!2i768!4f13.1!3m3!1m2!1s0xd63a919e96e7979%3A0xa07e3320512b89ed!2sCl%C3%ADnica%20Ribera%20Ciudad%20Quesada!5e0!3m2!1ses!2ses!4v1683113065248!5m2!1ses!2ses\" width=\"600\" height=\"450\" style=\"border:0;\" allowfullscreen=\"\" loading=\"lazy\" referrerpolicy=\"no-referrer-when-downgrade\"><\/iframe>\n\n\n\n<h3 class=\"wp-block-heading alt\"><strong><strong>Cl\u00ednica Ribera Ciudad Quesada<\/strong><\/strong><\/h3>\n\n\n\n<p id=\"centros\">Calle Mallorca n\u00ba 25. Urbanizaci\u00f3n Do\u00f1a Pepa. <br>Ciudad Quesada (Rojales). CP 03170.<br><a href=\"https:\/\/hospitaldemolina.es\/\"><\/a><a href=\"mailto:info.ciudadquesada@riberacare.com\">info.ciudadquesada@riberacare.com<\/a><br><a href=\"http:\/\/www.riberaciudadquesada.es\">www.riberaciudadquesada.es<\/a><br>Tel\u00e9fono de contacto: <br><a href=\"tel:965725915\">965 725 915<\/a><a href=\"tel:912345678\">&nbsp;<\/a><br>Whatsapp: <br><a href=\"tel:699963758\">699 963 758<\/a><br>Lunes a viernes de 09:00h a 20:00h<\/p>\n<\/div>\n<\/div>\n\n\n\n<div class=\"wp-block-columns is-layout-flex wp-container-core-columns-is-layout-9d6595d7 wp-block-columns-is-layout-flex\">\n<div class=\"wp-block-column is-layout-flow wp-block-column-is-layout-flow\" style=\"flex-basis:33.33%\">\n<iframe class=\"gmap\" src=\"https:\/\/www.google.com\/maps\/embed?pb=!1m18!1m12!1m3!1d3160.7295879014373!2d-0.9889269872846971!3d37.60852272160064!2m3!1f0!2f0!3f0!3m2!1i1024!2i768!4f13.1!3m3!1m2!1s0xd634221503d763b%3A0x9d4e20c227215cba!2sC.%20Manuel%20Wssell%20de%20Guimbarda%2C%2026%2C%2030204%20Cartagena%2C%20Murcia!5e0!3m2!1ses!2ses!4v1717512505108!5m2!1ses!2ses\" width=\"600\" height=\"450\" style=\"border:0;\" allowfullscreen=\"\" loading=\"lazy\" referrerpolicy=\"no-referrer-when-downgrade\"><\/iframe>\n\n\n\n<h3 class=\"wp-block-heading alt\"><strong><strong>Cl\u00ednica Ribera Dent Cartagena<\/strong><\/strong><\/h3>\n\n\n\n<p id=\"centros\">C\/ Manuel Wssel de Guimbarda, 26, <br>30204, Cartagena, (Murcia)<br><a href=\"mailto:clinicadental.cmvc@riberacare.com\" target=\"_blank\" rel=\"noreferrer noopener\">clinicadental.cmvc@riberacare.com<\/a><br><a href=\"https:\/\/cmvcaridad.com\/centro\/clinica-dental-cmvcaridad-cartagena\/\" target=\"_blank\" rel=\"noreferrer noopener\">https:\/\/cmvcaridad.com\/centro\/clinica-dental-cmvcaridad-cartagena\/<\/a><br>Tel\u00e9fono de contacto: <br><a href=\"tel:968500354\">968 50 03 54<br><\/a>Lunes a viernes de 08:30h \u2013 14:30h y de 15:30h a 21:30h<\/p>\n<\/div>\n\n\n\n<div class=\"wp-block-column is-layout-flow wp-block-column-is-layout-flow\" style=\"flex-basis:33.33%\">\n<iframe class=\"gmap\" src=\"https:\/\/www.google.com\/maps\/embed?pb=!1m18!1m12!1m3!1d2901.719354236948!2d-8.405669823976574!3d43.34106142111864!2m3!1f0!2f0!3f0!3m2!1i1024!2i768!4f13.1!3m3!1m2!1s0xd2e7d8e783c5461%3A0x193676d595b79112!2sAssistens%20Dental!5e0!3m2!1ses!2ses!4v1758109908630!5m2!1ses!2ses\" width=\"600\" height=\"450\" style=\"border:0;\" allowfullscreen=\"\" loading=\"lazy\" referrerpolicy=\"no-referrer-when-downgrade\"><\/iframe>\n\n\n\n<h3 class=\"wp-block-heading alt\"><strong><strong>Cl\u00ednica Ribera Dent A Coru\u00f1a<\/strong><\/strong><\/h3>\n\n\n\n<p id=\"centros\">C\/ Federico Garc\u00eda 4 bajo Edificio<br>Multiusos (MATOGRANDE)<br>15009 A Coru\u00f1a<br><a href=\"mailto:odontologia.assistens@riberacare.com\">odontologia.assistens@riberacare.com<br><\/a><a href=\"https:\/\/www.riberasalud.com\/centros\/assistens\/\">www.riberasalud.com\/centros\/assistens<\/a><br>Tel\u00e9fonos de contacto: <a href=\"tel:968228020\"><\/a><br><a href=\"tel:981175202\">981 175 202<\/a><br><a href=\"tel:649896303\">649 896 303<\/a><br>Lunes a viernes de 10:00-17:00 h<\/p>\n<\/div>\n\n\n\n<div class=\"wp-block-column is-layout-flow wp-block-column-is-layout-flow\" style=\"flex-basis:33.33%\"><\/div>\n<\/div>\n<\/div><\/div>\n","protected":false},"excerpt":{"rendered":"<p>SOMOS RIBERA DENT Contacto Cl\u00ednica Ribera Dent Polusa Plaza de Santo Domingo, 2027001. Lugo, Galiciariberadent.polusa@riberacare.com \u00b7&nbsp;www.polusa.esTel\u00e9fono de contacto:&nbsp;982 872 772Lunes a viernes de 10:00h-14:00h y de 16:00h- 20:00h Cl\u00ednica Ribera Dent Povisa Centro M\u00e9dico de la Calle Barcelona N\u00ba 57-5936203 Vigo, Pontevedrariberadental.povisa@riberacare.com \u00b7 www.povisa.esTel\u00e9fono de contacto: 654 89 00 26 986 11 90 00 Cl\u00ednica &#8230; <a title=\"Contacto\" class=\"read-more\" href=\"https:\/\/riberasalud.com\/ribera-dent\/contacto\/\" aria-label=\"Leer m\u00e1s sobre Contacto\">Leer m\u00e1s<\/a><\/p>\n","protected":false},"author":1,"featured_media":0,"parent":0,"menu_order":0,"comment_status":"closed","ping_status":"closed","template":"","meta":{"_uag_custom_page_level_css":"","_mi_skip_tracking":false,"_glsr_average":0,"_glsr_ranking":0,"_glsr_reviews":0,"footnotes":""},"class_list":["post-95","page","type-page","status-publish"],"yoast_head":"<!-- This site is optimized with the Yoast SEO plugin v27.4 - https:\/\/yoast.com\/product\/yoast-seo-wordpress\/ -->\n<title>Contacto - Ribera Dent<\/title>\n<meta name=\"description\" content=\"SOMOS RIBERA DENT Contacto Cl\u00ednica Ribera Dent Polusa Plaza de Santo Domingo, 2027001. Lugo, Galiciariberadent.polusa@riberacare.com\" \/>\n<meta name=\"robots\" content=\"index, follow, max-snippet:-1, max-image-preview:large, max-video-preview:-1\" \/>\n<link rel=\"canonical\" href=\"https:\/\/riberasalud.com\/ribera-dent\/contacto\/\" \/>\n<meta property=\"og:locale\" content=\"es_ES\" \/>\n<meta property=\"og:type\" content=\"article\" \/>\n<meta property=\"og:title\" content=\"Contacto - Ribera Dent\" \/>\n<meta property=\"og:description\" content=\"SOMOS RIBERA DENT Contacto Cl\u00ednica Ribera Dent Polusa Plaza de Santo Domingo, 2027001. Lugo, Galiciariberadent.polusa@riberacare.com\" \/>\n<meta property=\"og:url\" content=\"https:\/\/riberasalud.com\/ribera-dent\/contacto\/\" \/>\n<meta property=\"og:site_name\" content=\"Ribera Dent\" \/>\n<meta property=\"article:modified_time\" content=\"2026-03-16T16:09:13+00:00\" \/>\n<meta name=\"twitter:card\" content=\"summary_large_image\" \/>\n<meta name=\"twitter:label1\" content=\"Tiempo de lectura\" \/>\n\t<meta name=\"twitter:data1\" content=\"1 minuto\" \/>\n<script type=\"application\/ld+json\" class=\"yoast-schema-graph\">{\"@context\":\"https:\\\/\\\/schema.org\",\"@graph\":[{\"@type\":\"WebPage\",\"@id\":\"https:\\\/\\\/riberasalud.com\\\/ribera-dent\\\/contacto\\\/\",\"url\":\"https:\\\/\\\/riberasalud.com\\\/ribera-dent\\\/contacto\\\/\",\"name\":\"Contacto - Ribera Dent\",\"isPartOf\":{\"@id\":\"https:\\\/\\\/riberasalud.com\\\/ribera-dent\\\/#website\"},\"datePublished\":\"2022-05-19T07:51:49+00:00\",\"dateModified\":\"2026-03-16T16:09:13+00:00\",\"description\":\"SOMOS RIBERA DENT Contacto Cl\u00ednica Ribera Dent Polusa Plaza de Santo Domingo, 2027001. Lugo, Galiciariberadent.polusa@riberacare.com\",\"breadcrumb\":{\"@id\":\"https:\\\/\\\/riberasalud.com\\\/ribera-dent\\\/contacto\\\/#breadcrumb\"},\"inLanguage\":\"es\",\"potentialAction\":[{\"@type\":\"ReadAction\",\"target\":[\"https:\\\/\\\/riberasalud.com\\\/ribera-dent\\\/contacto\\\/\"]}]},{\"@type\":\"BreadcrumbList\",\"@id\":\"https:\\\/\\\/riberasalud.com\\\/ribera-dent\\\/contacto\\\/#breadcrumb\",\"itemListElement\":[{\"@type\":\"ListItem\",\"position\":1,\"name\":\"Portada\",\"item\":\"https:\\\/\\\/riberasalud.com\\\/ribera-dent\\\/\"},{\"@type\":\"ListItem\",\"position\":2,\"name\":\"Contacto\"}]},{\"@type\":\"WebSite\",\"@id\":\"https:\\\/\\\/riberasalud.com\\\/ribera-dent\\\/#website\",\"url\":\"https:\\\/\\\/riberasalud.com\\\/ribera-dent\\\/\",\"name\":\"Ribera Dent\",\"description\":\"\",\"publisher\":{\"@id\":\"https:\\\/\\\/riberasalud.com\\\/ribera-dent\\\/#organization\"},\"potentialAction\":[{\"@type\":\"SearchAction\",\"target\":{\"@type\":\"EntryPoint\",\"urlTemplate\":\"https:\\\/\\\/riberasalud.com\\\/ribera-dent\\\/?s={search_term_string}\"},\"query-input\":{\"@type\":\"PropertyValueSpecification\",\"valueRequired\":true,\"valueName\":\"search_term_string\"}}],\"inLanguage\":\"es\"},{\"@type\":\"Organization\",\"@id\":\"https:\\\/\\\/riberasalud.com\\\/ribera-dent\\\/#organization\",\"name\":\"Ribera Dent\",\"url\":\"https:\\\/\\\/riberasalud.com\\\/ribera-dent\\\/\",\"logo\":{\"@type\":\"ImageObject\",\"inLanguage\":\"es\",\"@id\":\"https:\\\/\\\/riberasalud.com\\\/ribera-dent\\\/#\\\/schema\\\/logo\\\/image\\\/\",\"url\":\"https:\\\/\\\/riberasalud.com\\\/ribera-dent\\\/wp-content\\\/uploads\\\/2022\\\/07\\\/cropped-Logo-Red-Dent-01.png\",\"contentUrl\":\"https:\\\/\\\/riberasalud.com\\\/ribera-dent\\\/wp-content\\\/uploads\\\/2022\\\/07\\\/cropped-Logo-Red-Dent-01.png\",\"width\":251,\"height\":67,\"caption\":\"Ribera Dent\"},\"image\":{\"@id\":\"https:\\\/\\\/riberasalud.com\\\/ribera-dent\\\/#\\\/schema\\\/logo\\\/image\\\/\"}}]}<\/script>\n<!-- \/ Yoast SEO plugin. -->","yoast_head_json":{"title":"Contacto - Ribera Dent","description":"SOMOS RIBERA DENT Contacto Cl\u00ednica Ribera Dent Polusa Plaza de Santo Domingo, 2027001. Lugo, Galiciariberadent.polusa@riberacare.com","robots":{"index":"index","follow":"follow","max-snippet":"max-snippet:-1","max-image-preview":"max-image-preview:large","max-video-preview":"max-video-preview:-1"},"canonical":"https:\/\/riberasalud.com\/ribera-dent\/contacto\/","og_locale":"es_ES","og_type":"article","og_title":"Contacto - Ribera Dent","og_description":"SOMOS RIBERA DENT Contacto Cl\u00ednica Ribera Dent Polusa Plaza de Santo Domingo, 2027001. Lugo, Galiciariberadent.polusa@riberacare.com","og_url":"https:\/\/riberasalud.com\/ribera-dent\/contacto\/","og_site_name":"Ribera Dent","article_modified_time":"2026-03-16T16:09:13+00:00","twitter_card":"summary_large_image","twitter_misc":{"Tiempo de lectura":"1 minuto"},"schema":{"@context":"https:\/\/schema.org","@graph":[{"@type":"WebPage","@id":"https:\/\/riberasalud.com\/ribera-dent\/contacto\/","url":"https:\/\/riberasalud.com\/ribera-dent\/contacto\/","name":"Contacto - Ribera Dent","isPartOf":{"@id":"https:\/\/riberasalud.com\/ribera-dent\/#website"},"datePublished":"2022-05-19T07:51:49+00:00","dateModified":"2026-03-16T16:09:13+00:00","description":"SOMOS RIBERA DENT Contacto Cl\u00ednica Ribera Dent Polusa Plaza de Santo Domingo, 2027001. Lugo, Galiciariberadent.polusa@riberacare.com","breadcrumb":{"@id":"https:\/\/riberasalud.com\/ribera-dent\/contacto\/#breadcrumb"},"inLanguage":"es","potentialAction":[{"@type":"ReadAction","target":["https:\/\/riberasalud.com\/ribera-dent\/contacto\/"]}]},{"@type":"BreadcrumbList","@id":"https:\/\/riberasalud.com\/ribera-dent\/contacto\/#breadcrumb","itemListElement":[{"@type":"ListItem","position":1,"name":"Portada","item":"https:\/\/riberasalud.com\/ribera-dent\/"},{"@type":"ListItem","position":2,"name":"Contacto"}]},{"@type":"WebSite","@id":"https:\/\/riberasalud.com\/ribera-dent\/#website","url":"https:\/\/riberasalud.com\/ribera-dent\/","name":"Ribera Dent","description":"","publisher":{"@id":"https:\/\/riberasalud.com\/ribera-dent\/#organization"},"potentialAction":[{"@type":"SearchAction","target":{"@type":"EntryPoint","urlTemplate":"https:\/\/riberasalud.com\/ribera-dent\/?s={search_term_string}"},"query-input":{"@type":"PropertyValueSpecification","valueRequired":true,"valueName":"search_term_string"}}],"inLanguage":"es"},{"@type":"Organization","@id":"https:\/\/riberasalud.com\/ribera-dent\/#organization","name":"Ribera Dent","url":"https:\/\/riberasalud.com\/ribera-dent\/","logo":{"@type":"ImageObject","inLanguage":"es","@id":"https:\/\/riberasalud.com\/ribera-dent\/#\/schema\/logo\/image\/","url":"https:\/\/riberasalud.com\/ribera-dent\/wp-content\/uploads\/2022\/07\/cropped-Logo-Red-Dent-01.png","contentUrl":"https:\/\/riberasalud.com\/ribera-dent\/wp-content\/uploads\/2022\/07\/cropped-Logo-Red-Dent-01.png","width":251,"height":67,"caption":"Ribera Dent"},"image":{"@id":"https:\/\/riberasalud.com\/ribera-dent\/#\/schema\/logo\/image\/"}}]}},"uagb_featured_image_src":{"full":false,"thumbnail":false,"medium":false,"medium_large":false,"large":false,"1536x1536":false,"2048x2048":false,"mailchimp":false},"uagb_author_info":{"display_name":"jorge@quois.com","author_link":"https:\/\/riberasalud.com\/ribera-dent\/blog\/author\/jorgequois-com\/"},"uagb_comment_info":0,"uagb_excerpt":"SOMOS RIBERA DENT Contacto Cl\u00ednica Ribera Dent Polusa Plaza de Santo Domingo, 2027001. Lugo, Galiciariberadent.polusa@riberacare.com \u00b7&nbsp;www.polusa.esTel\u00e9fono de contacto:&nbsp;982 872 772Lunes a viernes de 10:00h-14:00h y de 16:00h- 20:00h Cl\u00ednica Ribera Dent Povisa Centro M\u00e9dico de la Calle Barcelona N\u00ba 57-5936203 Vigo, Pontevedrariberadental.povisa@riberacare.com \u00b7 www.povisa.esTel\u00e9fono de contacto: 654 89 00 26 986 11 90 00 Cl\u00ednica&hellip;","_links":{"self":[{"href":"https:\/\/riberasalud.com\/ribera-dent\/wp-json\/wp\/v2\/pages\/95","targetHints":{"allow":["GET"]}}],"collection":[{"href":"https:\/\/riberasalud.com\/ribera-dent\/wp-json\/wp\/v2\/pages"}],"about":[{"href":"https:\/\/riberasalud.com\/ribera-dent\/wp-json\/wp\/v2\/types\/page"}],"author":[{"embeddable":true,"href":"https:\/\/riberasalud.com\/ribera-dent\/wp-json\/wp\/v2\/users\/1"}],"replies":[{"embeddable":true,"href":"https:\/\/riberasalud.com\/ribera-dent\/wp-json\/wp\/v2\/comments?post=95"}],"version-history":[{"count":29,"href":"https:\/\/riberasalud.com\/ribera-dent\/wp-json\/wp\/v2\/pages\/95\/revisions"}],"predecessor-version":[{"id":6423,"href":"https:\/\/riberasalud.com\/ribera-dent\/wp-json\/wp\/v2\/pages\/95\/revisions\/6423"}],"wp:attachment":[{"href":"https:\/\/riberasalud.com\/ribera-dent\/wp-json\/wp\/v2\/media?parent=95"}],"curies":[{"name":"wp","href":"https:\/\/api.w.org\/{rel}","templated":true}]}}