{"id":4587,"date":"2022-11-08T12:07:04","date_gmt":"2022-11-08T12:07:04","guid":{"rendered":"https:\/\/riberasalud.com\/ribera-dent\/?page_id=4587"},"modified":"2022-11-08T12:07:05","modified_gmt":"2022-11-08T12:07:05","slug":"bases-legales-sorteo-ribera-dent-aniversario","status":"publish","type":"page","link":"https:\/\/riberasalud.com\/ribera-dent\/bases-legales-sorteo-ribera-dent-aniversario\/","title":{"rendered":"Bases legales Sorteo Ribera Dent Aniversario"},"content":{"rendered":"\n<p><strong>1.- Compa\u00f1\u00eda organizadora<\/strong><\/p>\n\n\n\n<p>Cl\u00ednica Ribera Dent Polusa<\/p>\n\n\n\n<p><strong>2.- Objeto y mec\u00e1nica del sorteo<\/strong><\/p>\n\n\n\n<p>Para participar en el sorteo solo tienes que:<\/p>\n\n\n\n<ul class=\"wp-block-list\">\n<li>Depositar un tarjet\u00f3n de participaci\u00f3n de la urna ubicada en Ribera Dent<\/li>\n\n\n\n<li>Incluir tus datos personales: nombre, apellidos, tel\u00e9fono y correo electr\u00f3nico<\/li>\n\n\n\n<li>Aceptaci\u00f3n de las bases legales para la autorizaci\u00f3n de recepci\u00f3n de informaci\u00f3n comercial<\/li>\n<\/ul>\n\n\n\n<p><strong>3.- Gratuito<\/strong><\/p>\n\n\n\n<p>El sorteo es gratuito, para participar no es necesario comprar producto\/tratamiento alguno ni pagar cuotas o cantidades adicionales para conseguir el premio.<\/p>\n\n\n\n<p><strong>4.- Duraci\u00f3n<\/strong><\/p>\n\n\n\n<p>La fecha de comienzo del sorteo ser\u00e1 el 14\/11\/2022 a las 10:00h y terminar\u00e1 el 15\/12\/2022 a las 20:00h.<\/p>\n\n\n\n<p><strong>5.-Requisitos para participar en sorteo<\/strong><\/p>\n\n\n\n<p>\u2013 Todas las personas f\u00edsicas mayores de 18 a\u00f1os.<\/p>\n\n\n\n<p><strong>6.- Premios<\/strong><\/p>\n\n\n\n<p>Habr\u00e1 1 premio y 1 ganador o ganadora. El ganador ser\u00e1 la persona que participe. El premio consiste en:<\/p>\n\n\n\n<ul class=\"wp-block-list\">\n<li>Una c\u00e1mara instant\u00e1nea Polaroid Now.<\/li>\n\n\n\n<li>Un paquete de pel\u00edculas Instant\u00e1nea compatible.<\/li>\n<\/ul>\n\n\n\n<p><strong>8.- Selecci\u00f3n del ganador\/ ganadores, suplentes, comunicaci\u00f3n y entrega<\/strong><\/p>\n\n\n\n<p>El sorteo se realizar\u00e1 una vez terminado el plazo de participaci\u00f3n, seleccionando al azar una de las papeletas introducidas en la urna.<\/p>\n\n\n\n<p>Habr\u00e1 un ganador\/a. El ganador del sorteo se comunicar\u00e1 el 22 de diciembre de 2022, una vez comprobado que cumple los requisitos de participaci\u00f3n. En caso de no cumplir las condiciones, se proceder\u00e1 a seleccionar otra papeleta. En esta misma fecha tambi\u00e9n se comunicar\u00e1 el lugar de entrega del premio, siendo las instalaciones de Ribera Dent.<\/p>\n\n\n\n<p><strong>9.- Reservas y limitaciones<\/strong><\/p>\n\n\n\n<p>Se entender\u00e1, a t\u00edtulo enunciativo pero no limitativo, que se produce fraude en todos aquellos comportamientos que puedan resultar aparentemente abusivos y\/o malintencionados. La constataci\u00f3n de ello durante el sorteo supondr\u00e1 la descalificaci\u00f3n autom\u00e1tica del sorteo as\u00ed como la p\u00e9rdida del premio si se le hubiere otorgado.<\/p>\n\n\n\n<p>Ribera Dent queda eximida de cualquier responsabilidad en el supuesto de existir alg\u00fan error en los datos facilitados por los propios agraciados que impidiera su identificaci\u00f3n.<\/p>\n\n\n\n<p>Ribera Dent se reserva el derecho de emprender acciones judiciales contra aquellas personas que realicen cualquier tipo de acto susceptible de ser considerado manipulaci\u00f3n o falsificaci\u00f3n del concurso\/sorteo.<\/p>\n\n\n\n<p>Ribera Dent se reserva el derecho a efectuar cambios que redunden en el buen fin del sorteo cuando concurra causa justa o motivos de fuerza mayor que impidan llevarla a t\u00e9rmino en la forma en que recogen las presentes bases.<\/p>\n\n\n\n<p>Ribera Dent se reserva el derecho a aplazar o ampliar el per\u00edodo del concurso, as\u00ed como la facultad de interpretar las presentes bases legales.<\/p>\n\n\n\n<p>Asimismo, la empresa organizadora quedar\u00e1 exenta de toda responsabilidad si concurriere alguno de los casos se\u00f1alados, as\u00ed como de cualquier responsabilidad por los da\u00f1os y perjuicios que pudiesen ocasionarse durante el disfrute del premio.<\/p>\n\n\n\n<p><strong>10.- Protecci\u00f3n de datos<\/strong><\/p>\n\n\n\n<p>La participaci\u00f3n en el sorteo implica la aceptaci\u00f3n de los presentes t\u00e9rminos y condiciones legales. Cualquier manifestaci\u00f3n de no aceptaci\u00f3n de la totalidad o parte de las bases legales implica la exclusi\u00f3n del participante y, como consecuencia de ello, Ribera Dent quedar\u00e1 liberada del cumplimiento de la obligaci\u00f3n contra\u00edda con este participante.<\/p>\n\n\n\n<p><strong>11.- Aceptaci\u00f3n de las bases.<\/strong><\/p>\n\n\n\n<p>A los efectos previstos en la Ley Org\u00e1nica 1\/1982, de 5 de mayo, de Protecci\u00f3n Civil del Derecho al Honor, Intimidad Personal y Familiar y a la propia Imagen, se establece que la aceptaci\u00f3n del premio por parte del ganador, implica el otorgamiento expreso de la autorizaci\u00f3n prevista para utilizar su nombre y apellidos, as\u00ed como su imagen, en cualquier actividad p\u00fablica o de difusi\u00f3n relacionada con la presente sorteo, sin que por ello tenga derecho a remuneraci\u00f3n u obtenci\u00f3n de beneficio alguno diferente de la entrega del premio. La negativa implicar\u00e1 la renuncia autom\u00e1tica del premio.<\/p>\n","protected":false},"excerpt":{"rendered":"<p>1.- Compa\u00f1\u00eda organizadora Cl\u00ednica Ribera Dent Polusa 2.- Objeto y mec\u00e1nica del sorteo Para participar en el sorteo solo tienes que: 3.- Gratuito El sorteo es gratuito, para participar no es necesario comprar producto\/tratamiento alguno ni pagar cuotas o cantidades adicionales para conseguir el premio. 4.- Duraci\u00f3n La fecha de comienzo del sorteo ser\u00e1 el &#8230; <a title=\"Bases legales Sorteo Ribera Dent Aniversario\" class=\"read-more\" href=\"https:\/\/riberasalud.com\/ribera-dent\/bases-legales-sorteo-ribera-dent-aniversario\/\" aria-label=\"Leer m\u00e1s sobre Bases legales Sorteo Ribera Dent Aniversario\">Leer m\u00e1s<\/a><\/p>\n","protected":false},"author":3,"featured_media":0,"parent":0,"menu_order":0,"comment_status":"closed","ping_status":"closed","template":"","meta":{"_uag_custom_page_level_css":"","_mi_skip_tracking":false,"_glsr_average":0,"_glsr_ranking":0,"_glsr_reviews":0,"footnotes":""},"class_list":["post-4587","page","type-page","status-publish"],"yoast_head":"<!-- This site is optimized with the Yoast SEO plugin v27.4 - https:\/\/yoast.com\/product\/yoast-seo-wordpress\/ -->\n<title>Bases legales Sorteo Ribera Dent Aniversario - Ribera Dent<\/title>\n<meta name=\"description\" content=\"1.- Compa\u00f1\u00eda organizadora Cl\u00ednica Ribera Dent Polusa 2.- Objeto y mec\u00e1nica del sorteo Para participar en el sorteo solo tienes que: Depositar un tarjet\u00f3n\" \/>\n<meta name=\"robots\" content=\"index, follow, max-snippet:-1, max-image-preview:large, max-video-preview:-1\" \/>\n<link rel=\"canonical\" href=\"https:\/\/riberasalud.com\/ribera-dent\/bases-legales-sorteo-ribera-dent-aniversario\/\" \/>\n<meta property=\"og:locale\" content=\"es_ES\" \/>\n<meta property=\"og:type\" content=\"article\" \/>\n<meta property=\"og:title\" content=\"Bases legales Sorteo Ribera Dent Aniversario - Ribera Dent\" \/>\n<meta property=\"og:description\" content=\"1.- Compa\u00f1\u00eda organizadora Cl\u00ednica Ribera Dent Polusa 2.- Objeto y mec\u00e1nica del sorteo Para participar en el sorteo solo tienes que: Depositar un tarjet\u00f3n\" \/>\n<meta property=\"og:url\" content=\"https:\/\/riberasalud.com\/ribera-dent\/bases-legales-sorteo-ribera-dent-aniversario\/\" \/>\n<meta property=\"og:site_name\" content=\"Ribera Dent\" \/>\n<meta property=\"article:modified_time\" content=\"2022-11-08T12:07:05+00:00\" \/>\n<meta name=\"twitter:card\" content=\"summary_large_image\" \/>\n<meta name=\"twitter:label1\" content=\"Tiempo de lectura\" \/>\n\t<meta name=\"twitter:data1\" content=\"3 minutos\" \/>\n<script type=\"application\/ld+json\" class=\"yoast-schema-graph\">{\"@context\":\"https:\\\/\\\/schema.org\",\"@graph\":[{\"@type\":\"WebPage\",\"@id\":\"https:\\\/\\\/riberasalud.com\\\/ribera-dent\\\/bases-legales-sorteo-ribera-dent-aniversario\\\/\",\"url\":\"https:\\\/\\\/riberasalud.com\\\/ribera-dent\\\/bases-legales-sorteo-ribera-dent-aniversario\\\/\",\"name\":\"Bases legales Sorteo Ribera Dent Aniversario - Ribera Dent\",\"isPartOf\":{\"@id\":\"https:\\\/\\\/riberasalud.com\\\/ribera-dent\\\/#website\"},\"datePublished\":\"2022-11-08T12:07:04+00:00\",\"dateModified\":\"2022-11-08T12:07:05+00:00\",\"description\":\"1.- Compa\u00f1\u00eda organizadora Cl\u00ednica Ribera Dent Polusa 2.- Objeto y mec\u00e1nica del sorteo Para participar en el sorteo solo tienes que: Depositar un tarjet\u00f3n\",\"breadcrumb\":{\"@id\":\"https:\\\/\\\/riberasalud.com\\\/ribera-dent\\\/bases-legales-sorteo-ribera-dent-aniversario\\\/#breadcrumb\"},\"inLanguage\":\"es\",\"potentialAction\":[{\"@type\":\"ReadAction\",\"target\":[\"https:\\\/\\\/riberasalud.com\\\/ribera-dent\\\/bases-legales-sorteo-ribera-dent-aniversario\\\/\"]}]},{\"@type\":\"BreadcrumbList\",\"@id\":\"https:\\\/\\\/riberasalud.com\\\/ribera-dent\\\/bases-legales-sorteo-ribera-dent-aniversario\\\/#breadcrumb\",\"itemListElement\":[{\"@type\":\"ListItem\",\"position\":1,\"name\":\"Portada\",\"item\":\"https:\\\/\\\/riberasalud.com\\\/ribera-dent\\\/\"},{\"@type\":\"ListItem\",\"position\":2,\"name\":\"Bases legales Sorteo Ribera Dent Aniversario\"}]},{\"@type\":\"WebSite\",\"@id\":\"https:\\\/\\\/riberasalud.com\\\/ribera-dent\\\/#website\",\"url\":\"https:\\\/\\\/riberasalud.com\\\/ribera-dent\\\/\",\"name\":\"Ribera Dent\",\"description\":\"\",\"publisher\":{\"@id\":\"https:\\\/\\\/riberasalud.com\\\/ribera-dent\\\/#organization\"},\"potentialAction\":[{\"@type\":\"SearchAction\",\"target\":{\"@type\":\"EntryPoint\",\"urlTemplate\":\"https:\\\/\\\/riberasalud.com\\\/ribera-dent\\\/?s={search_term_string}\"},\"query-input\":{\"@type\":\"PropertyValueSpecification\",\"valueRequired\":true,\"valueName\":\"search_term_string\"}}],\"inLanguage\":\"es\"},{\"@type\":\"Organization\",\"@id\":\"https:\\\/\\\/riberasalud.com\\\/ribera-dent\\\/#organization\",\"name\":\"Ribera Dent\",\"url\":\"https:\\\/\\\/riberasalud.com\\\/ribera-dent\\\/\",\"logo\":{\"@type\":\"ImageObject\",\"inLanguage\":\"es\",\"@id\":\"https:\\\/\\\/riberasalud.com\\\/ribera-dent\\\/#\\\/schema\\\/logo\\\/image\\\/\",\"url\":\"https:\\\/\\\/riberasalud.com\\\/ribera-dent\\\/wp-content\\\/uploads\\\/2022\\\/07\\\/cropped-Logo-Red-Dent-01.png\",\"contentUrl\":\"https:\\\/\\\/riberasalud.com\\\/ribera-dent\\\/wp-content\\\/uploads\\\/2022\\\/07\\\/cropped-Logo-Red-Dent-01.png\",\"width\":251,\"height\":67,\"caption\":\"Ribera Dent\"},\"image\":{\"@id\":\"https:\\\/\\\/riberasalud.com\\\/ribera-dent\\\/#\\\/schema\\\/logo\\\/image\\\/\"}}]}<\/script>\n<!-- \/ Yoast SEO plugin. -->","yoast_head_json":{"title":"Bases legales Sorteo Ribera Dent Aniversario - Ribera Dent","description":"1.- Compa\u00f1\u00eda organizadora Cl\u00ednica Ribera Dent Polusa 2.- Objeto y mec\u00e1nica del sorteo Para participar en el sorteo solo tienes que: Depositar un tarjet\u00f3n","robots":{"index":"index","follow":"follow","max-snippet":"max-snippet:-1","max-image-preview":"max-image-preview:large","max-video-preview":"max-video-preview:-1"},"canonical":"https:\/\/riberasalud.com\/ribera-dent\/bases-legales-sorteo-ribera-dent-aniversario\/","og_locale":"es_ES","og_type":"article","og_title":"Bases legales Sorteo Ribera Dent Aniversario - Ribera Dent","og_description":"1.- Compa\u00f1\u00eda organizadora Cl\u00ednica Ribera Dent Polusa 2.- Objeto y mec\u00e1nica del sorteo Para participar en el sorteo solo tienes que: Depositar un tarjet\u00f3n","og_url":"https:\/\/riberasalud.com\/ribera-dent\/bases-legales-sorteo-ribera-dent-aniversario\/","og_site_name":"Ribera Dent","article_modified_time":"2022-11-08T12:07:05+00:00","twitter_card":"summary_large_image","twitter_misc":{"Tiempo de lectura":"3 minutos"},"schema":{"@context":"https:\/\/schema.org","@graph":[{"@type":"WebPage","@id":"https:\/\/riberasalud.com\/ribera-dent\/bases-legales-sorteo-ribera-dent-aniversario\/","url":"https:\/\/riberasalud.com\/ribera-dent\/bases-legales-sorteo-ribera-dent-aniversario\/","name":"Bases legales Sorteo Ribera Dent Aniversario - Ribera Dent","isPartOf":{"@id":"https:\/\/riberasalud.com\/ribera-dent\/#website"},"datePublished":"2022-11-08T12:07:04+00:00","dateModified":"2022-11-08T12:07:05+00:00","description":"1.- Compa\u00f1\u00eda organizadora Cl\u00ednica Ribera Dent Polusa 2.- Objeto y mec\u00e1nica del sorteo Para participar en el sorteo solo tienes que: Depositar un tarjet\u00f3n","breadcrumb":{"@id":"https:\/\/riberasalud.com\/ribera-dent\/bases-legales-sorteo-ribera-dent-aniversario\/#breadcrumb"},"inLanguage":"es","potentialAction":[{"@type":"ReadAction","target":["https:\/\/riberasalud.com\/ribera-dent\/bases-legales-sorteo-ribera-dent-aniversario\/"]}]},{"@type":"BreadcrumbList","@id":"https:\/\/riberasalud.com\/ribera-dent\/bases-legales-sorteo-ribera-dent-aniversario\/#breadcrumb","itemListElement":[{"@type":"ListItem","position":1,"name":"Portada","item":"https:\/\/riberasalud.com\/ribera-dent\/"},{"@type":"ListItem","position":2,"name":"Bases legales Sorteo Ribera Dent Aniversario"}]},{"@type":"WebSite","@id":"https:\/\/riberasalud.com\/ribera-dent\/#website","url":"https:\/\/riberasalud.com\/ribera-dent\/","name":"Ribera Dent","description":"","publisher":{"@id":"https:\/\/riberasalud.com\/ribera-dent\/#organization"},"potentialAction":[{"@type":"SearchAction","target":{"@type":"EntryPoint","urlTemplate":"https:\/\/riberasalud.com\/ribera-dent\/?s={search_term_string}"},"query-input":{"@type":"PropertyValueSpecification","valueRequired":true,"valueName":"search_term_string"}}],"inLanguage":"es"},{"@type":"Organization","@id":"https:\/\/riberasalud.com\/ribera-dent\/#organization","name":"Ribera Dent","url":"https:\/\/riberasalud.com\/ribera-dent\/","logo":{"@type":"ImageObject","inLanguage":"es","@id":"https:\/\/riberasalud.com\/ribera-dent\/#\/schema\/logo\/image\/","url":"https:\/\/riberasalud.com\/ribera-dent\/wp-content\/uploads\/2022\/07\/cropped-Logo-Red-Dent-01.png","contentUrl":"https:\/\/riberasalud.com\/ribera-dent\/wp-content\/uploads\/2022\/07\/cropped-Logo-Red-Dent-01.png","width":251,"height":67,"caption":"Ribera Dent"},"image":{"@id":"https:\/\/riberasalud.com\/ribera-dent\/#\/schema\/logo\/image\/"}}]}},"uagb_featured_image_src":{"full":false,"thumbnail":false,"medium":false,"medium_large":false,"large":false,"1536x1536":false,"2048x2048":false,"mailchimp":false},"uagb_author_info":{"display_name":"marsanchez","author_link":"https:\/\/riberasalud.com\/ribera-dent\/blog\/author\/marsanchez\/"},"uagb_comment_info":0,"uagb_excerpt":"1.- Compa\u00f1\u00eda organizadora Cl\u00ednica Ribera Dent Polusa 2.- Objeto y mec\u00e1nica del sorteo Para participar en el sorteo solo tienes que: 3.- Gratuito El sorteo es gratuito, para participar no es necesario comprar producto\/tratamiento alguno ni pagar cuotas o cantidades adicionales para conseguir el premio. 4.- Duraci\u00f3n La fecha de comienzo del sorteo ser\u00e1 el&hellip;","_links":{"self":[{"href":"https:\/\/riberasalud.com\/ribera-dent\/wp-json\/wp\/v2\/pages\/4587","targetHints":{"allow":["GET"]}}],"collection":[{"href":"https:\/\/riberasalud.com\/ribera-dent\/wp-json\/wp\/v2\/pages"}],"about":[{"href":"https:\/\/riberasalud.com\/ribera-dent\/wp-json\/wp\/v2\/types\/page"}],"author":[{"embeddable":true,"href":"https:\/\/riberasalud.com\/ribera-dent\/wp-json\/wp\/v2\/users\/3"}],"replies":[{"embeddable":true,"href":"https:\/\/riberasalud.com\/ribera-dent\/wp-json\/wp\/v2\/comments?post=4587"}],"version-history":[{"count":2,"href":"https:\/\/riberasalud.com\/ribera-dent\/wp-json\/wp\/v2\/pages\/4587\/revisions"}],"predecessor-version":[{"id":5983,"href":"https:\/\/riberasalud.com\/ribera-dent\/wp-json\/wp\/v2\/pages\/4587\/revisions\/5983"}],"wp:attachment":[{"href":"https:\/\/riberasalud.com\/ribera-dent\/wp-json\/wp\/v2\/media?parent=4587"}],"curies":[{"name":"wp","href":"https:\/\/api.w.org\/{rel}","templated":true}]}}