{"id":9779,"date":"2023-07-26T12:36:28","date_gmt":"2023-07-26T12:36:28","guid":{"rendered":"https:\/\/riberasalud.com\/povisaaux\/?page_id=9779"},"modified":"2024-11-06T15:46:29","modified_gmt":"2024-11-06T15:46:29","slug":"traumatologia-infantil-3","status":"publish","type":"page","link":"https:\/\/riberasalud.com\/povisa\/traumatologia-infantil-3\/","title":{"rendered":"Traumatolog\u00eda infantil"},"content":{"rendered":"\n<div class=\"wp-block-group hasbackgroundnaranja sliderlinea\"><div class=\"wp-block-group__inner-container is-layout-flow wp-block-group-is-layout-flow\">\n<p>HOSPITAL RIBERA POVISA<\/p>\n\n\n\n<h1 class=\"wp-block-heading\">Traumatolog\u00eda infantil<\/h1>\n<\/div><\/div>\n\n\n\n<div class=\"wp-block-group\"><div class=\"wp-block-group__inner-container is-layout-flow wp-block-group-is-layout-flow\">\n<div class=\"wp-block-columns is-layout-flex wp-container-core-columns-is-layout-9d6595d7 wp-block-columns-is-layout-flex\">\n<div class=\"wp-block-column is-layout-flow wp-block-column-is-layout-flow\" style=\"flex-basis:55%\">\n<h2 class=\"wp-block-heading\">\u00bfPor qu\u00e9 un traumat\u00f3logo infantil?<\/h2>\n\n\n\n<h3 class=\"wp-block-heading\">\u201cLos ni\u00f1os no son adultos peque\u00f1os\u201d<\/h3>\n\n\n\n<p>La Traumatolog\u00eda y Ortopedia Infantil es una especialidad de la Cirug\u00eda Ortop\u00e9dica y Traumatolog\u00eda que se ocupa espec\u00edficamente de los problemas del aparato locomotor (huesos, m\u00fasculos y articulaciones) de los ni\u00f1os en crecimiento, desde el nacimiento hasta la adolescencia.<\/p>\n\n\n\n<p>Los problemas m\u00fasculo-esquel\u00e9ticos de los ni\u00f1os presentan unas caracter\u00edsticas distintas a las de los adultos. Existen patolog\u00edas propias de la edad infantil, y el cuerpo en desarrollo responde de distinta manera ante los traumatismos, las infecciones, las deformidades\u2026Esto hace que deban ser evaluadas y tratadas por profesionales que sepan reconocer estas caracter\u00edsticas especiales, que a menudo hacen que el tratamiento y los resultados sean diferentes a los de las personas maduras. Su adecuado manejo permitir\u00e1 el correcto crecimiento del ni\u00f1o.<\/p>\n<\/div>\n\n\n\n<div class=\"wp-block-column equipoasistencial is-layout-flow wp-block-column-is-layout-flow\">\n<h2 class=\"wp-block-heading has-text-align-center\" id=\"queincluye\"><strong>Equipo m\u00e9dico<\/strong><\/h2>\n\n\n<div class=\"wp-block-image is-style-rounded\">\n<figure class=\"aligncenter size-full is-resized\"><img loading=\"lazy\" decoding=\"async\" width=\"300\" height=\"300\" src=\"https:\/\/www.riberasalud.com\/povisa\/wp-content\/uploads\/2023\/07\/llanos-300x300-1.jpg\" alt=\"\" class=\"wp-image-9782\" style=\"width:170px\" srcset=\"https:\/\/riberasalud.com\/povisa\/wp-content\/uploads\/2023\/07\/llanos-300x300-1.jpg 300w, https:\/\/riberasalud.com\/povisa\/wp-content\/uploads\/2023\/07\/llanos-300x300-1-150x150.jpg 150w\" sizes=\"auto, (max-width: 300px) 100vw, 300px\" \/><\/figure>\n<\/div>\n\n\n<div style=\"height:10px\" aria-hidden=\"true\" class=\"wp-block-spacer\"><\/div>\n\n\n\n<p class=\"has-text-align-center nombre\"><strong>Dra. Llanos<\/strong><\/p>\n\n\n\n<p class=\"has-text-align-center profesion\"><em>Responsable de Traumatolog\u00eda Infantil<\/em><\/p>\n\n\n\n<div class=\"bloqueacordeon\">\n<div class=\"cvv\" style=\"width:200px\"><span class=\"tituloaccordion\">Ver Curr\u00edculum<\/span><\/div>\n<div class=\"panel\" style=\"display:none\">\n  <p><b>Licenciatura en medicina.<\/b> Facultad de Medicina, Universidad de Navarra. (Pamplona).<br><b>Residente de Cirug\u00eda ortop\u00e9dica y Traumatolog\u00eda.<\/b>  C.H.Xeral-Calde (Lugo).<br>\n<hr style=\"padding:0px; margin: 0px;\"><i style=\"font-size: 14px;color:grey\"><b>Licenciatura en medicina.<\/b>  Facultade de Medicina , Universidades de Navarra (Pamplona)<br><b>Residente de Cirux\u00eda ortop\u00e9dica e Traumatolox\u00eda.<\/b>  C.H. Xeral-Calde (Lugo)<\/i>\n<\/p>\n<\/div>\n\n\n\n\n<\/div>\n<script>\nvar acc = document.getElementsByClassName(\"cvv\");\nvar i;\n\nfor (i = 0; i < acc.length; i++) {\n  acc[i].addEventListener(\"click\", function() {\n    var panel = this.nextElementSibling;\n\n    if (panel.style.display === \"block\") {\n      panel.style.display = \"none\";\n\n    } else {\n      panel.style.display = \"block\";\n\n    }\n  });\n}\n<\/script>\n<\/div>\n<\/div>\n\n\n\n<h2 class=\"wp-block-heading\">\u00bfQu\u00e9 tratamos?<\/h2>\n\n\n\n<p>Los traumat\u00f3logos infantiles (u ortopedas infantiles) nos formamos espec\u00edficamente para diagnosticar y tratar los problemas del aparato locomotor en la infancia y la adolescencia.<\/p>\n\n\n\n<div class=\"wp-block-group gruponomargin grupomodulosmobile\"><div class=\"wp-block-group__inner-container is-layout-flow wp-block-group-is-layout-flow\">\n<div class=\"wp-block-columns columnanomargin is-layout-flex wp-container-core-columns-is-layout-9d6595d7 wp-block-columns-is-layout-flex\">\n<div class=\"wp-block-column first is-layout-flow wp-block-column-is-layout-flow\">\n<figure class=\"wp-block-image size-full fotomodulo\"><img loading=\"lazy\" decoding=\"async\" width=\"800\" height=\"533\" src=\"https:\/\/www.riberasalud.com\/povisa\/wp-content\/uploads\/2024\/08\/Traumatologia-infantil-2.jpg\" alt=\"\" class=\"wp-image-11570\" srcset=\"https:\/\/riberasalud.com\/povisa\/wp-content\/uploads\/2024\/08\/Traumatologia-infantil-2.jpg 800w, https:\/\/riberasalud.com\/povisa\/wp-content\/uploads\/2024\/08\/Traumatologia-infantil-2-300x200.jpg 300w, https:\/\/riberasalud.com\/povisa\/wp-content\/uploads\/2024\/08\/Traumatologia-infantil-2-768x512.jpg 768w\" sizes=\"auto, (max-width: 800px) 100vw, 800px\" \/><\/figure>\n\n\n\n<div class=\"wp-block-group grupomodulo\"><div class=\"wp-block-group__inner-container is-layout-flow wp-block-group-is-layout-flow\">\n<h3 class=\"wp-block-heading\"><strong><strong><strong>Lesiones traum\u00e1ticas<\/strong><\/strong><\/strong><\/h3>\n\n\n\n<ul class=\"wp-block-list\">\n<li>Fracturas de miembros superiores o inferiores.<\/li>\n\n\n\n<li>Yesos sumergibles.<\/li>\n\n\n\n<li>Lesiones deportivas.<\/li>\n\n\n\n<li>Lesiones del cart\u00edlago de crecimiento.<\/li>\n\n\n\n<li>Lesiones condrales. Apofisitis.<\/li>\n\n\n\n<li>(enfermedad de Sever, Osgood Schlatter\u2026)<\/li>\n\n\n\n<li>Secuelas de fracturas<\/li>\n<\/ul>\n<\/div><\/div>\n<\/div>\n\n\n\n<div class=\"wp-block-column is-layout-flow wp-block-column-is-layout-flow\">\n<figure class=\"wp-block-image size-full fotomodulo\"><img loading=\"lazy\" decoding=\"async\" width=\"800\" height=\"533\" src=\"https:\/\/riberasalud.com\/povisa\/wp-content\/uploads\/2023\/06\/Proyecto-nuevo2.jpg\" alt=\"\" class=\"wp-image-9271\" srcset=\"https:\/\/riberasalud.com\/povisa\/wp-content\/uploads\/2023\/06\/Proyecto-nuevo2.jpg 800w, https:\/\/riberasalud.com\/povisa\/wp-content\/uploads\/2023\/06\/Proyecto-nuevo2-300x200.jpg 300w, https:\/\/riberasalud.com\/povisa\/wp-content\/uploads\/2023\/06\/Proyecto-nuevo2-768x512.jpg 768w\" sizes=\"auto, (max-width: 800px) 100vw, 800px\" \/><\/figure>\n\n\n\n<div class=\"wp-block-group grupomodulo\"><div class=\"wp-block-group__inner-container is-layout-flow wp-block-group-is-layout-flow\">\n<h3 class=\"wp-block-heading\"><strong><strong><strong>Tratamientos<\/strong><\/strong><\/strong><\/h3>\n\n\n\n<ul class=\"wp-block-list\">\n<li>Alteraciones de la marcha o cojera<\/li>\n\n\n\n<li>Deformidades de alineaci\u00f3n o torsi\u00f3n de los miembros inferiores (rodillas juntas o arqueadas)<\/li>\n\n\n\n<li>Alteraciones de la cadera: sinovitis transitoria, displasia del desarrollo de la cadera, enfermedad de Perthes, epifisiolisis capitis femur\u2026<\/li>\n\n\n\n<li>Deformidades secundarias a enfermedades neuromusculares<\/li>\n\n\n\n<li>Dismetr\u00edas de los miembros inferiores<\/li>\n\n\n\n<li>Deformidades de los pies<\/li>\n\n\n\n<li>Deformidad de los miembros superiores<\/li>\n\n\n\n<li>Diplasias esquel\u00e9ticas<\/li>\n\n\n\n<li>Tumores \u00f3seos y lesiones pseudotumorales<\/li>\n\n\n\n<li>Infecciones osteoarticulares<\/li>\n\n\n\n<li>Deformidades de espalda: tort\u00edcolis cong\u00e9nito, escoliosis, cifosis. Dolor de espalda<\/li>\n<\/ul>\n<\/div><\/div>\n<\/div>\n<\/div>\n<\/div><\/div>\n<\/div><\/div>\n","protected":false},"excerpt":{"rendered":"<p>HOSPITAL RIBERA POVISA Traumatolog\u00eda infantil \u00bfPor qu\u00e9 un traumat\u00f3logo infantil? \u201cLos ni\u00f1os no son adultos peque\u00f1os\u201d La Traumatolog\u00eda y Ortopedia Infantil es una especialidad de la Cirug\u00eda Ortop\u00e9dica y Traumatolog\u00eda que se ocupa espec\u00edficamente de los problemas del aparato locomotor (huesos, m\u00fasculos y articulaciones) de los ni\u00f1os en crecimiento, desde el nacimiento hasta la adolescencia. &#8230; <a title=\"Traumatolog\u00eda infantil\" class=\"read-more\" href=\"https:\/\/riberasalud.com\/povisa\/traumatologia-infantil-3\/\" aria-label=\"Leer m\u00e1s sobre Traumatolog\u00eda infantil\">Leer m\u00e1s<\/a><\/p>\n","protected":false},"author":1,"featured_media":0,"parent":0,"menu_order":0,"comment_status":"closed","ping_status":"closed","template":"","meta":{"_coblocks_attr":"","_coblocks_dimensions":"","_coblocks_responsive_height":"","_coblocks_accordion_ie_support":"","_monsterinsights_skip_tracking":false,"_monsterinsights_sitenote_active":false,"_monsterinsights_sitenote_note":"","_monsterinsights_sitenote_category":0,"footnotes":""},"class_list":["post-9779","page","type-page","status-publish"],"yoast_head":"<!-- This site is optimized with the Yoast SEO plugin v26.9 - https:\/\/yoast.com\/product\/yoast-seo-wordpress\/ -->\n<title>\u25b7 Traumatolog\u00eda infantil | Hospital Ribera Povisa<\/title>\n<meta name=\"description\" content=\"lll\u1405 HOSPITAL RIBERA POVISA Traumatolog\u00eda infantil \u00bfPor qu\u00e9 un traumat\u00f3logo infantil? \u201cLos ni\u00f1os no son adultos peque\u00f1os\u201d La Traumatolog\u00eda y Ortopedia Infantil \u2705\" \/>\n<meta name=\"robots\" content=\"index, follow, max-snippet:-1, max-image-preview:large, max-video-preview:-1\" \/>\n<link rel=\"canonical\" href=\"https:\/\/riberasalud.com\/povisa\/traumatologia-infantil-3\/\" \/>\n<meta property=\"og:locale\" content=\"es_ES\" \/>\n<meta property=\"og:type\" content=\"article\" \/>\n<meta property=\"og:title\" content=\"\u25b7 Traumatolog\u00eda infantil | Hospital Ribera Povisa\" \/>\n<meta property=\"og:description\" content=\"lll\u1405 HOSPITAL RIBERA POVISA Traumatolog\u00eda infantil \u00bfPor qu\u00e9 un traumat\u00f3logo infantil? \u201cLos ni\u00f1os no son adultos peque\u00f1os\u201d La Traumatolog\u00eda y Ortopedia Infantil \u2705\" \/>\n<meta property=\"og:url\" content=\"https:\/\/riberasalud.com\/povisa\/traumatologia-infantil-3\/\" \/>\n<meta property=\"og:site_name\" content=\"Hospital Ribera Povisa\" \/>\n<meta property=\"article:modified_time\" content=\"2024-11-06T15:46:29+00:00\" \/>\n<meta property=\"og:image\" content=\"https:\/\/www.riberasalud.com\/povisa\/wp-content\/uploads\/2023\/07\/llanos-300x300-1.jpg\" \/>\n<meta name=\"twitter:card\" content=\"summary_large_image\" \/>\n<meta name=\"twitter:label1\" content=\"Tiempo de lectura\" \/>\n\t<meta name=\"twitter:data1\" content=\"3 minutos\" \/>\n<script type=\"application\/ld+json\" class=\"yoast-schema-graph\">{\"@context\":\"https:\/\/schema.org\",\"@graph\":[{\"@type\":\"WebPage\",\"@id\":\"https:\/\/riberasalud.com\/povisa\/traumatologia-infantil-3\/\",\"url\":\"https:\/\/riberasalud.com\/povisa\/traumatologia-infantil-3\/\",\"name\":\"\u25b7 Traumatolog\u00eda infantil | Hospital Ribera Povisa\",\"isPartOf\":{\"@id\":\"https:\/\/riberasalud.com\/povisa\/#website\"},\"primaryImageOfPage\":{\"@id\":\"https:\/\/riberasalud.com\/povisa\/traumatologia-infantil-3\/#primaryimage\"},\"image\":{\"@id\":\"https:\/\/riberasalud.com\/povisa\/traumatologia-infantil-3\/#primaryimage\"},\"thumbnailUrl\":\"https:\/\/www.riberasalud.com\/povisa\/wp-content\/uploads\/2023\/07\/llanos-300x300-1.jpg\",\"datePublished\":\"2023-07-26T12:36:28+00:00\",\"dateModified\":\"2024-11-06T15:46:29+00:00\",\"description\":\"lll\u1405 HOSPITAL RIBERA POVISA Traumatolog\u00eda infantil \u00bfPor qu\u00e9 un traumat\u00f3logo infantil? \u201cLos ni\u00f1os no son adultos peque\u00f1os\u201d La Traumatolog\u00eda y Ortopedia Infantil \u2705\",\"inLanguage\":\"es\",\"potentialAction\":[{\"@type\":\"ReadAction\",\"target\":[\"https:\/\/riberasalud.com\/povisa\/traumatologia-infantil-3\/\"]}]},{\"@type\":\"ImageObject\",\"inLanguage\":\"es\",\"@id\":\"https:\/\/riberasalud.com\/povisa\/traumatologia-infantil-3\/#primaryimage\",\"url\":\"https:\/\/www.riberasalud.com\/povisa\/wp-content\/uploads\/2023\/07\/llanos-300x300-1.jpg\",\"contentUrl\":\"https:\/\/www.riberasalud.com\/povisa\/wp-content\/uploads\/2023\/07\/llanos-300x300-1.jpg\"},{\"@type\":\"WebSite\",\"@id\":\"https:\/\/riberasalud.com\/povisa\/#website\",\"url\":\"https:\/\/riberasalud.com\/povisa\/\",\"name\":\"Hospital Ribera Povisa\",\"description\":\"\",\"publisher\":{\"@id\":\"https:\/\/riberasalud.com\/povisa\/#organization\"},\"potentialAction\":[{\"@type\":\"SearchAction\",\"target\":{\"@type\":\"EntryPoint\",\"urlTemplate\":\"https:\/\/riberasalud.com\/povisa\/?s={search_term_string}\"},\"query-input\":{\"@type\":\"PropertyValueSpecification\",\"valueRequired\":true,\"valueName\":\"search_term_string\"}}],\"inLanguage\":\"es\"},{\"@type\":\"Organization\",\"@id\":\"https:\/\/riberasalud.com\/povisa\/#organization\",\"name\":\"Hospital Ribera Povisa\",\"url\":\"https:\/\/riberasalud.com\/povisa\/\",\"logo\":{\"@type\":\"ImageObject\",\"inLanguage\":\"es\",\"@id\":\"https:\/\/riberasalud.com\/povisa\/#\/schema\/logo\/image\/\",\"url\":\"https:\/\/riberasalud.com\/povisa\/wp-content\/uploads\/2024\/01\/cropped-Logo-Red-Povisa.png\",\"contentUrl\":\"https:\/\/riberasalud.com\/povisa\/wp-content\/uploads\/2024\/01\/cropped-Logo-Red-Povisa.png\",\"width\":1929,\"height\":489,\"caption\":\"Hospital Ribera Povisa\"},\"image\":{\"@id\":\"https:\/\/riberasalud.com\/povisa\/#\/schema\/logo\/image\/\"}}]}<\/script>\n<!-- \/ Yoast SEO plugin. -->","yoast_head_json":{"title":"\u25b7 Traumatolog\u00eda infantil | Hospital Ribera Povisa","description":"lll\u1405 HOSPITAL RIBERA POVISA Traumatolog\u00eda infantil \u00bfPor qu\u00e9 un traumat\u00f3logo infantil? \u201cLos ni\u00f1os no son adultos peque\u00f1os\u201d La Traumatolog\u00eda y Ortopedia Infantil \u2705","robots":{"index":"index","follow":"follow","max-snippet":"max-snippet:-1","max-image-preview":"max-image-preview:large","max-video-preview":"max-video-preview:-1"},"canonical":"https:\/\/riberasalud.com\/povisa\/traumatologia-infantil-3\/","og_locale":"es_ES","og_type":"article","og_title":"\u25b7 Traumatolog\u00eda infantil | Hospital Ribera Povisa","og_description":"lll\u1405 HOSPITAL RIBERA POVISA Traumatolog\u00eda infantil \u00bfPor qu\u00e9 un traumat\u00f3logo infantil? \u201cLos ni\u00f1os no son adultos peque\u00f1os\u201d La Traumatolog\u00eda y Ortopedia Infantil \u2705","og_url":"https:\/\/riberasalud.com\/povisa\/traumatologia-infantil-3\/","og_site_name":"Hospital Ribera Povisa","article_modified_time":"2024-11-06T15:46:29+00:00","og_image":[{"url":"https:\/\/www.riberasalud.com\/povisa\/wp-content\/uploads\/2023\/07\/llanos-300x300-1.jpg","type":"","width":"","height":""}],"twitter_card":"summary_large_image","twitter_misc":{"Tiempo de lectura":"3 minutos"},"schema":{"@context":"https:\/\/schema.org","@graph":[{"@type":"WebPage","@id":"https:\/\/riberasalud.com\/povisa\/traumatologia-infantil-3\/","url":"https:\/\/riberasalud.com\/povisa\/traumatologia-infantil-3\/","name":"\u25b7 Traumatolog\u00eda infantil | Hospital Ribera Povisa","isPartOf":{"@id":"https:\/\/riberasalud.com\/povisa\/#website"},"primaryImageOfPage":{"@id":"https:\/\/riberasalud.com\/povisa\/traumatologia-infantil-3\/#primaryimage"},"image":{"@id":"https:\/\/riberasalud.com\/povisa\/traumatologia-infantil-3\/#primaryimage"},"thumbnailUrl":"https:\/\/www.riberasalud.com\/povisa\/wp-content\/uploads\/2023\/07\/llanos-300x300-1.jpg","datePublished":"2023-07-26T12:36:28+00:00","dateModified":"2024-11-06T15:46:29+00:00","description":"lll\u1405 HOSPITAL RIBERA POVISA Traumatolog\u00eda infantil \u00bfPor qu\u00e9 un traumat\u00f3logo infantil? \u201cLos ni\u00f1os no son adultos peque\u00f1os\u201d La Traumatolog\u00eda y Ortopedia Infantil \u2705","inLanguage":"es","potentialAction":[{"@type":"ReadAction","target":["https:\/\/riberasalud.com\/povisa\/traumatologia-infantil-3\/"]}]},{"@type":"ImageObject","inLanguage":"es","@id":"https:\/\/riberasalud.com\/povisa\/traumatologia-infantil-3\/#primaryimage","url":"https:\/\/www.riberasalud.com\/povisa\/wp-content\/uploads\/2023\/07\/llanos-300x300-1.jpg","contentUrl":"https:\/\/www.riberasalud.com\/povisa\/wp-content\/uploads\/2023\/07\/llanos-300x300-1.jpg"},{"@type":"WebSite","@id":"https:\/\/riberasalud.com\/povisa\/#website","url":"https:\/\/riberasalud.com\/povisa\/","name":"Hospital Ribera Povisa","description":"","publisher":{"@id":"https:\/\/riberasalud.com\/povisa\/#organization"},"potentialAction":[{"@type":"SearchAction","target":{"@type":"EntryPoint","urlTemplate":"https:\/\/riberasalud.com\/povisa\/?s={search_term_string}"},"query-input":{"@type":"PropertyValueSpecification","valueRequired":true,"valueName":"search_term_string"}}],"inLanguage":"es"},{"@type":"Organization","@id":"https:\/\/riberasalud.com\/povisa\/#organization","name":"Hospital Ribera Povisa","url":"https:\/\/riberasalud.com\/povisa\/","logo":{"@type":"ImageObject","inLanguage":"es","@id":"https:\/\/riberasalud.com\/povisa\/#\/schema\/logo\/image\/","url":"https:\/\/riberasalud.com\/povisa\/wp-content\/uploads\/2024\/01\/cropped-Logo-Red-Povisa.png","contentUrl":"https:\/\/riberasalud.com\/povisa\/wp-content\/uploads\/2024\/01\/cropped-Logo-Red-Povisa.png","width":1929,"height":489,"caption":"Hospital Ribera Povisa"},"image":{"@id":"https:\/\/riberasalud.com\/povisa\/#\/schema\/logo\/image\/"}}]}},"_links":{"self":[{"href":"https:\/\/riberasalud.com\/povisa\/wp-json\/wp\/v2\/pages\/9779","targetHints":{"allow":["GET"]}}],"collection":[{"href":"https:\/\/riberasalud.com\/povisa\/wp-json\/wp\/v2\/pages"}],"about":[{"href":"https:\/\/riberasalud.com\/povisa\/wp-json\/wp\/v2\/types\/page"}],"author":[{"embeddable":true,"href":"https:\/\/riberasalud.com\/povisa\/wp-json\/wp\/v2\/users\/1"}],"replies":[{"embeddable":true,"href":"https:\/\/riberasalud.com\/povisa\/wp-json\/wp\/v2\/comments?post=9779"}],"version-history":[{"count":17,"href":"https:\/\/riberasalud.com\/povisa\/wp-json\/wp\/v2\/pages\/9779\/revisions"}],"predecessor-version":[{"id":11912,"href":"https:\/\/riberasalud.com\/povisa\/wp-json\/wp\/v2\/pages\/9779\/revisions\/11912"}],"wp:attachment":[{"href":"https:\/\/riberasalud.com\/povisa\/wp-json\/wp\/v2\/media?parent=9779"}],"curies":[{"name":"wp","href":"https:\/\/api.w.org\/{rel}","templated":true}]}}