{"id":9583,"date":"2023-07-19T07:22:40","date_gmt":"2023-07-19T07:22:40","guid":{"rendered":"https:\/\/riberasalud.com\/povisaaux\/?page_id=9583"},"modified":"2026-03-05T15:15:14","modified_gmt":"2026-03-05T15:15:14","slug":"nuestros-centros","status":"publish","type":"page","link":"https:\/\/riberasalud.com\/povisa\/nuestros-centros\/","title":{"rendered":"Nuestros centros"},"content":{"rendered":"\n<div class=\"wp-block-group hasbackgroundnaranja sliderlinea\"><div class=\"wp-block-group__inner-container is-layout-flow wp-block-group-is-layout-flow\">\n<p>HOSPITAL RIBERA POVISA<\/p>\n\n\n\n<h1 class=\"wp-block-heading\">Nuestros centros<\/h1>\n<\/div><\/div>\n\n\n\n<div class=\"wp-block-group contacto contactohome\"><div class=\"wp-block-group__inner-container is-layout-flow wp-block-group-is-layout-flow\">\n<div class=\"wp-block-columns is-layout-flex wp-container-core-columns-is-layout-9d6595d7 wp-block-columns-is-layout-flex\">\n<div class=\"wp-block-column is-layout-flow wp-block-column-is-layout-flow\" style=\"flex-basis:33.34%\">\n<iframe class=\"gmap\" src=\"https:\/\/www.google.com\/maps\/embed?pb=!1m14!1m8!1m3!1d738.4892923860145!2d-8.720459!3d42.236728!3m2!1i1024!2i768!4f13.1!3m3!1m2!1s0xd2f6269873247a9%3A0xcf129a3be28fc218!2zUsO6YSBDb2zDs24sIDI4LCAzNjIwMSBWaWdvLCBQb250ZXZlZHJh!5e0!3m2!1ses!2ses!4v1689751295650!5m2!1ses!2ses\" width=\"600\" height=\"450\" style=\"border:0;\" allowfullscreen=\"\" loading=\"lazy\" referrerpolicy=\"no-referrer-when-downgrade\"><\/iframe>\n\n\n\n<h3 class=\"wp-block-heading alt\" style=\"font-size:18px\"><strong><strong><strong><strong><strong>Cl\u00ednica Ribera Col\u00f3n<\/strong><\/strong><\/strong><\/strong><\/strong><\/h3>\n\n\n\n<p>Centro de la Calle Col\u00f3n, 28, 36211 Vigo, Pontevedra<br>Tel\u00e9fono: <a href=\"tel:986443372\">986443372<\/a><\/p>\n\n\n\n<p class=\"sabermas botonrojo\"><a href=\"https:\/\/riberasalud.com\/povisa\/clinica-colon\/\" data-type=\"page\" data-id=\"9811\">Descubre nuestra cl\u00ednica \u2192<\/a><\/p>\n<\/div>\n\n\n\n<div class=\"wp-block-column is-layout-flow wp-block-column-is-layout-flow\" style=\"flex-basis:33.33%\">\n<iframe class=\"gmap\" src=\"https:\/\/www.google.com\/maps\/embed?pb=!1m14!1m8!1m3!1d47272.94636433869!2d-8.724053!3d42.223866!3m2!1i1024!2i768!4f13.1!3m3!1m2!1s0xd2f62749d524ba5%3A0x12b09b9ac5ce8248!2sHospital%20Ribera%20Povisa%20-%20Policl%C3%ADnica%20Gran%20V%C3%ADa!5e0!3m2!1ses!2ses!4v1689751304381!5m2!1ses!2ses\" width=\"600\" height=\"450\" style=\"border:0;\" allowfullscreen=\"\" loading=\"lazy\" referrerpolicy=\"no-referrer-when-downgrade\"><\/iframe>\n\n\n\n<h3 class=\"wp-block-heading alt\" style=\"font-size:18px\"><strong><strong><strong>Hospital Ribera Povisa<\/strong><\/strong><\/strong><\/h3>\n\n\n\n<p>Centro de la A.v. Gran V\u00eda N\u00ba 120, 36203 Vigo, Pontevedra<\/p>\n<\/div>\n\n\n\n<div class=\"wp-block-column is-layout-flow wp-block-column-is-layout-flow\" style=\"flex-basis:33.33%\">\n<iframe class=\"gmap\" src=\"https:\/\/www.google.com\/maps\/embed?pb=!1m14!1m8!1m3!1d47272.92614800347!2d-8.725888!3d42.223893!3m2!1i1024!2i768!4f13.1!3m3!1m2!1s0xd2f627354d703f5%3A0x2c26aebf6d901d64!2sPovisa%20Centro%20M%C3%A9dico!5e0!3m2!1ses!2ses!4v1689751302934!5m2!1ses!2ses\" width=\"600\" height=\"450\" style=\"border:0;\" allowfullscreen=\"\" loading=\"lazy\" referrerpolicy=\"no-referrer-when-downgrade\"><\/iframe>\n\n\n\n<h3 class=\"wp-block-heading alt\" style=\"font-size:18px\"><strong><strong><strong>Hospital Ribera Povisa<\/strong><\/strong><\/strong><\/h3>\n\n\n\n<p>Centro de la Calle Barcelona N\u00ba 57-59, 36203 Vigo, Pontevedra<\/p>\n<\/div>\n<\/div>\n\n\n\n<div class=\"wp-block-columns is-layout-flex wp-container-core-columns-is-layout-9d6595d7 wp-block-columns-is-layout-flex\">\n<div class=\"wp-block-column is-layout-flow wp-block-column-is-layout-flow\" style=\"flex-basis:33.34%\">\n<iframe class=\"gmap\" src=\"https:\/\/www.google.com\/maps\/embed?pb=!1m14!1m8!1m3!1d2954.5558719747546!2d-8.726281!3d42.223936!3m2!1i1024!2i768!4f13.1!3m3!1m2!1s0xd2f620caa826fd3%3A0xde9b56fd7098d046!2sR%C3%BAa%20de%20Barcelona%2C%2063%2C%2036203%20Vigo%2C%20Pontevedra!5e0!3m2!1ses!2ses!4v1689751301184!5m2!1ses!2ses\" width=\"600\" height=\"450\" style=\"border:0;\" allowfullscreen=\"\" loading=\"lazy\" referrerpolicy=\"no-referrer-when-downgrade\"><\/iframe>\n\n\n\n<h3 class=\"wp-block-heading alt\" style=\"font-size:18px\"><strong>Hospital Ribera Povisa<\/strong><\/h3>\n\n\n\n<p>Centro de la Calle Barcelona N\u00ba63, 36203 Vigo, Pontevedra<\/p>\n<\/div>\n\n\n\n<div class=\"wp-block-column is-layout-flow wp-block-column-is-layout-flow\" style=\"flex-basis:33.33%\">\n<iframe class=\"gmap\" src=\"https:\/\/www.google.com\/maps\/embed?pb=!1m14!1m8!1m3!1d2954.559054177046!2d-8.727704!3d42.223868!3m2!1i1024!2i768!4f13.1!3m3!1m2!1s0xd2f620c9ed23fa1%3A0xbd26c765d473a335!2sR%C3%BAa%20Zaragoza%2C%2056%2C%2036211%20Vigo%2C%20Pontevedra!5e0!3m2!1ses!2ses!4v1689751299789!5m2!1ses!2ses\" width=\"600\" height=\"450\" style=\"border:0;\" allowfullscreen=\"\" loading=\"lazy\" referrerpolicy=\"no-referrer-when-downgrade\"><\/iframe>\n\n\n\n<h3 class=\"wp-block-heading alt\" style=\"font-size:18px\"><strong><strong><strong>Hospital Ribera Povisa<\/strong><\/strong><\/strong><\/h3>\n\n\n\n<p>Centro de la Calle Zaragoza N\u00ba56, 36211 Vigo, Pontevedra<\/p>\n<\/div>\n\n\n\n<div class=\"wp-block-column is-layout-flow wp-block-column-is-layout-flow\" style=\"flex-basis:33.33%\">\n<iframe class=\"gmap\" src=\"https:\/\/www.google.com\/maps\/embed?pb=!1m14!1m8!1m3!1d47273.118577139074!2d-8.72774!3d42.223636!3m2!1i1024!2i768!4f13.1!3m3!1m2!1s0xd2f620b604b7915%3A0x665511ce07def778!2sHospital%20Ribera%20Povisa!5e0!3m2!1ses!2ses!4v1689751306467!5m2!1ses!2ses\" width=\"600\" height=\"450\" style=\"border:0;\" allowfullscreen=\"\" loading=\"lazy\" referrerpolicy=\"no-referrer-when-downgrade\"><\/iframe>\n\n\n\n<h3 class=\"wp-block-heading alt\" style=\"font-size:18px\"><strong>Hospital Ribera Povisa<\/strong><\/h3>\n\n\n\n<p>Calle Salamanca N\u00ba5, 36211 Vigo, Pontevedra<\/p>\n<\/div>\n<\/div>\n<\/div><\/div>\n","protected":false},"excerpt":{"rendered":"<p>HOSPITAL RIBERA POVISA Nuestros centros Cl\u00ednica Ribera Col\u00f3n Centro de la Calle Col\u00f3n, 28, 36211 Vigo, PontevedraTel\u00e9fono: 986443372 Descubre nuestra cl\u00ednica \u2192 Hospital Ribera Povisa Centro de la A.v. Gran V\u00eda N\u00ba 120, 36203 Vigo, Pontevedra Hospital Ribera Povisa Centro de la Calle Barcelona N\u00ba 57-59, 36203 Vigo, Pontevedra Hospital Ribera Povisa Centro de la &#8230; <a title=\"Nuestros centros\" class=\"read-more\" href=\"https:\/\/riberasalud.com\/povisa\/nuestros-centros\/\" aria-label=\"Leer m\u00e1s sobre Nuestros centros\">Leer m\u00e1s<\/a><\/p>\n","protected":false},"author":1,"featured_media":8261,"parent":0,"menu_order":0,"comment_status":"closed","ping_status":"closed","template":"","meta":{"_coblocks_attr":"","_coblocks_dimensions":"","_coblocks_responsive_height":"","_coblocks_accordion_ie_support":"","_monsterinsights_skip_tracking":false,"_monsterinsights_sitenote_active":false,"_monsterinsights_sitenote_note":"","_monsterinsights_sitenote_category":0,"footnotes":""},"class_list":["post-9583","page","type-page","status-publish","has-post-thumbnail"],"yoast_head":"<!-- This site is optimized with the Yoast SEO plugin v26.9 - https:\/\/yoast.com\/product\/yoast-seo-wordpress\/ -->\n<title>\u25b7 Nuestros centros | Hospital Ribera Povisa<\/title>\n<meta name=\"description\" content=\"lll\u1405 Descubre nuestras modernas instalaciones distribuidas en distintas zonas, estrat\u00e9gicamente seleccionadas para estar m\u00e1s cerca de ti. \u2705\" \/>\n<meta name=\"robots\" content=\"index, follow, max-snippet:-1, max-image-preview:large, max-video-preview:-1\" \/>\n<link rel=\"canonical\" href=\"https:\/\/riberasalud.com\/povisa\/nuestros-centros\/\" \/>\n<meta property=\"og:locale\" content=\"es_ES\" \/>\n<meta property=\"og:type\" content=\"article\" \/>\n<meta property=\"og:title\" content=\"\u25b7 Nuestros centros | Hospital Ribera Povisa\" \/>\n<meta property=\"og:description\" content=\"lll\u1405 Descubre nuestras modernas instalaciones distribuidas en distintas zonas, estrat\u00e9gicamente seleccionadas para estar m\u00e1s cerca de ti. \u2705\" \/>\n<meta property=\"og:url\" content=\"https:\/\/riberasalud.com\/povisa\/nuestros-centros\/\" \/>\n<meta property=\"og:site_name\" content=\"Hospital Ribera Povisa\" \/>\n<meta property=\"article:modified_time\" content=\"2026-03-05T15:15:14+00:00\" \/>\n<meta property=\"og:image\" content=\"https:\/\/riberasalud.com\/povisa\/wp-content\/uploads\/2022\/11\/Fachada-Ribera-Povisa-1-1.png\" \/>\n\t<meta property=\"og:image:width\" content=\"1200\" \/>\n\t<meta property=\"og:image:height\" content=\"777\" \/>\n\t<meta property=\"og:image:type\" content=\"image\/png\" \/>\n<meta name=\"twitter:card\" content=\"summary_large_image\" \/>\n<meta name=\"twitter:label1\" content=\"Tiempo de lectura\" \/>\n\t<meta name=\"twitter:data1\" content=\"1 minuto\" \/>\n<script type=\"application\/ld+json\" class=\"yoast-schema-graph\">{\"@context\":\"https:\/\/schema.org\",\"@graph\":[{\"@type\":\"WebPage\",\"@id\":\"https:\/\/riberasalud.com\/povisa\/nuestros-centros\/\",\"url\":\"https:\/\/riberasalud.com\/povisa\/nuestros-centros\/\",\"name\":\"\u25b7 Nuestros centros | Hospital Ribera Povisa\",\"isPartOf\":{\"@id\":\"https:\/\/riberasalud.com\/povisa\/#website\"},\"primaryImageOfPage\":{\"@id\":\"https:\/\/riberasalud.com\/povisa\/nuestros-centros\/#primaryimage\"},\"image\":{\"@id\":\"https:\/\/riberasalud.com\/povisa\/nuestros-centros\/#primaryimage\"},\"thumbnailUrl\":\"https:\/\/riberasalud.com\/povisa\/wp-content\/uploads\/2022\/11\/Fachada-Ribera-Povisa-1-1.png\",\"datePublished\":\"2023-07-19T07:22:40+00:00\",\"dateModified\":\"2026-03-05T15:15:14+00:00\",\"description\":\"lll\u1405 Descubre nuestras modernas instalaciones distribuidas en distintas zonas, estrat\u00e9gicamente seleccionadas para estar m\u00e1s cerca de ti. \u2705\",\"inLanguage\":\"es\",\"potentialAction\":[{\"@type\":\"ReadAction\",\"target\":[\"https:\/\/riberasalud.com\/povisa\/nuestros-centros\/\"]}]},{\"@type\":\"ImageObject\",\"inLanguage\":\"es\",\"@id\":\"https:\/\/riberasalud.com\/povisa\/nuestros-centros\/#primaryimage\",\"url\":\"https:\/\/riberasalud.com\/povisa\/wp-content\/uploads\/2022\/11\/Fachada-Ribera-Povisa-1-1.png\",\"contentUrl\":\"https:\/\/riberasalud.com\/povisa\/wp-content\/uploads\/2022\/11\/Fachada-Ribera-Povisa-1-1.png\",\"width\":1200,\"height\":777},{\"@type\":\"WebSite\",\"@id\":\"https:\/\/riberasalud.com\/povisa\/#website\",\"url\":\"https:\/\/riberasalud.com\/povisa\/\",\"name\":\"Hospital Ribera Povisa\",\"description\":\"\",\"publisher\":{\"@id\":\"https:\/\/riberasalud.com\/povisa\/#organization\"},\"potentialAction\":[{\"@type\":\"SearchAction\",\"target\":{\"@type\":\"EntryPoint\",\"urlTemplate\":\"https:\/\/riberasalud.com\/povisa\/?s={search_term_string}\"},\"query-input\":{\"@type\":\"PropertyValueSpecification\",\"valueRequired\":true,\"valueName\":\"search_term_string\"}}],\"inLanguage\":\"es\"},{\"@type\":\"Organization\",\"@id\":\"https:\/\/riberasalud.com\/povisa\/#organization\",\"name\":\"Hospital Ribera Povisa\",\"url\":\"https:\/\/riberasalud.com\/povisa\/\",\"logo\":{\"@type\":\"ImageObject\",\"inLanguage\":\"es\",\"@id\":\"https:\/\/riberasalud.com\/povisa\/#\/schema\/logo\/image\/\",\"url\":\"https:\/\/riberasalud.com\/povisa\/wp-content\/uploads\/2024\/01\/cropped-Logo-Red-Povisa.png\",\"contentUrl\":\"https:\/\/riberasalud.com\/povisa\/wp-content\/uploads\/2024\/01\/cropped-Logo-Red-Povisa.png\",\"width\":1929,\"height\":489,\"caption\":\"Hospital Ribera Povisa\"},\"image\":{\"@id\":\"https:\/\/riberasalud.com\/povisa\/#\/schema\/logo\/image\/\"}}]}<\/script>\n<!-- \/ Yoast SEO plugin. -->","yoast_head_json":{"title":"\u25b7 Nuestros centros | Hospital Ribera Povisa","description":"lll\u1405 Descubre nuestras modernas instalaciones distribuidas en distintas zonas, estrat\u00e9gicamente seleccionadas para estar m\u00e1s cerca de ti. \u2705","robots":{"index":"index","follow":"follow","max-snippet":"max-snippet:-1","max-image-preview":"max-image-preview:large","max-video-preview":"max-video-preview:-1"},"canonical":"https:\/\/riberasalud.com\/povisa\/nuestros-centros\/","og_locale":"es_ES","og_type":"article","og_title":"\u25b7 Nuestros centros | Hospital Ribera Povisa","og_description":"lll\u1405 Descubre nuestras modernas instalaciones distribuidas en distintas zonas, estrat\u00e9gicamente seleccionadas para estar m\u00e1s cerca de ti. \u2705","og_url":"https:\/\/riberasalud.com\/povisa\/nuestros-centros\/","og_site_name":"Hospital Ribera Povisa","article_modified_time":"2026-03-05T15:15:14+00:00","og_image":[{"width":1200,"height":777,"url":"https:\/\/riberasalud.com\/povisa\/wp-content\/uploads\/2022\/11\/Fachada-Ribera-Povisa-1-1.png","type":"image\/png"}],"twitter_card":"summary_large_image","twitter_misc":{"Tiempo de lectura":"1 minuto"},"schema":{"@context":"https:\/\/schema.org","@graph":[{"@type":"WebPage","@id":"https:\/\/riberasalud.com\/povisa\/nuestros-centros\/","url":"https:\/\/riberasalud.com\/povisa\/nuestros-centros\/","name":"\u25b7 Nuestros centros | Hospital Ribera Povisa","isPartOf":{"@id":"https:\/\/riberasalud.com\/povisa\/#website"},"primaryImageOfPage":{"@id":"https:\/\/riberasalud.com\/povisa\/nuestros-centros\/#primaryimage"},"image":{"@id":"https:\/\/riberasalud.com\/povisa\/nuestros-centros\/#primaryimage"},"thumbnailUrl":"https:\/\/riberasalud.com\/povisa\/wp-content\/uploads\/2022\/11\/Fachada-Ribera-Povisa-1-1.png","datePublished":"2023-07-19T07:22:40+00:00","dateModified":"2026-03-05T15:15:14+00:00","description":"lll\u1405 Descubre nuestras modernas instalaciones distribuidas en distintas zonas, estrat\u00e9gicamente seleccionadas para estar m\u00e1s cerca de ti. \u2705","inLanguage":"es","potentialAction":[{"@type":"ReadAction","target":["https:\/\/riberasalud.com\/povisa\/nuestros-centros\/"]}]},{"@type":"ImageObject","inLanguage":"es","@id":"https:\/\/riberasalud.com\/povisa\/nuestros-centros\/#primaryimage","url":"https:\/\/riberasalud.com\/povisa\/wp-content\/uploads\/2022\/11\/Fachada-Ribera-Povisa-1-1.png","contentUrl":"https:\/\/riberasalud.com\/povisa\/wp-content\/uploads\/2022\/11\/Fachada-Ribera-Povisa-1-1.png","width":1200,"height":777},{"@type":"WebSite","@id":"https:\/\/riberasalud.com\/povisa\/#website","url":"https:\/\/riberasalud.com\/povisa\/","name":"Hospital Ribera Povisa","description":"","publisher":{"@id":"https:\/\/riberasalud.com\/povisa\/#organization"},"potentialAction":[{"@type":"SearchAction","target":{"@type":"EntryPoint","urlTemplate":"https:\/\/riberasalud.com\/povisa\/?s={search_term_string}"},"query-input":{"@type":"PropertyValueSpecification","valueRequired":true,"valueName":"search_term_string"}}],"inLanguage":"es"},{"@type":"Organization","@id":"https:\/\/riberasalud.com\/povisa\/#organization","name":"Hospital Ribera Povisa","url":"https:\/\/riberasalud.com\/povisa\/","logo":{"@type":"ImageObject","inLanguage":"es","@id":"https:\/\/riberasalud.com\/povisa\/#\/schema\/logo\/image\/","url":"https:\/\/riberasalud.com\/povisa\/wp-content\/uploads\/2024\/01\/cropped-Logo-Red-Povisa.png","contentUrl":"https:\/\/riberasalud.com\/povisa\/wp-content\/uploads\/2024\/01\/cropped-Logo-Red-Povisa.png","width":1929,"height":489,"caption":"Hospital Ribera Povisa"},"image":{"@id":"https:\/\/riberasalud.com\/povisa\/#\/schema\/logo\/image\/"}}]}},"_links":{"self":[{"href":"https:\/\/riberasalud.com\/povisa\/wp-json\/wp\/v2\/pages\/9583","targetHints":{"allow":["GET"]}}],"collection":[{"href":"https:\/\/riberasalud.com\/povisa\/wp-json\/wp\/v2\/pages"}],"about":[{"href":"https:\/\/riberasalud.com\/povisa\/wp-json\/wp\/v2\/types\/page"}],"author":[{"embeddable":true,"href":"https:\/\/riberasalud.com\/povisa\/wp-json\/wp\/v2\/users\/1"}],"replies":[{"embeddable":true,"href":"https:\/\/riberasalud.com\/povisa\/wp-json\/wp\/v2\/comments?post=9583"}],"version-history":[{"count":7,"href":"https:\/\/riberasalud.com\/povisa\/wp-json\/wp\/v2\/pages\/9583\/revisions"}],"predecessor-version":[{"id":16691,"href":"https:\/\/riberasalud.com\/povisa\/wp-json\/wp\/v2\/pages\/9583\/revisions\/16691"}],"wp:featuredmedia":[{"embeddable":true,"href":"https:\/\/riberasalud.com\/povisa\/wp-json\/wp\/v2\/media\/8261"}],"wp:attachment":[{"href":"https:\/\/riberasalud.com\/povisa\/wp-json\/wp\/v2\/media?parent=9583"}],"curies":[{"name":"wp","href":"https:\/\/api.w.org\/{rel}","templated":true}]}}