{"id":9575,"date":"2023-07-19T07:10:14","date_gmt":"2023-07-19T07:10:14","guid":{"rendered":"https:\/\/riberasalud.com\/povisaaux\/?page_id=9575"},"modified":"2026-01-19T15:20:25","modified_gmt":"2026-01-19T15:20:25","slug":"estetica","status":"publish","type":"page","link":"https:\/\/riberasalud.com\/povisa\/estetica\/","title":{"rendered":"Est\u00e9tica"},"content":{"rendered":"\n<div class=\"wp-block-group sliderestetica\"><div class=\"wp-block-group__inner-container is-layout-flow wp-block-group-is-layout-flow\">\n<div class=\"wp-block-columns is-layout-flex wp-container-core-columns-is-layout-9d6595d7 wp-block-columns-is-layout-flex\">\n<div class=\"wp-block-column is-vertically-aligned-center is-layout-flow wp-block-column-is-layout-flow\" style=\"flex-basis:70%\">\n<p>HOSPITAL RIBERA POVISA<\/p>\n\n\n\n<h1 class=\"wp-block-heading has-x-large-font-size\"><strong><strong><strong>Tu centro de medicina y cirug\u00eda est\u00e9tica a medida<\/strong><\/strong><\/strong><\/h1>\n<\/div>\n\n\n\n<div class=\"wp-block-column columnaformulario onlydesktop is-layout-flow wp-block-column-is-layout-flow\"><\/div>\n<\/div>\n<\/div><\/div>\n\n\n\n<div class=\"wp-block-group bannerllamada\"><div class=\"wp-block-group__inner-container is-layout-flow wp-block-group-is-layout-flow\">\n<div class=\"wp-block-columns is-layout-flex wp-container-core-columns-is-layout-9d6595d7 wp-block-columns-is-layout-flex\">\n<div class=\"wp-block-column is-layout-flow wp-block-column-is-layout-flow\">\n<p class=\"has-large-font-size\">Pide tu cita m\u00e9dica<\/p>\n\n\n\n<div style=\"text-align:center!important\"> <a href=\"tel:651619889\" style=\"font-size:20px;color:white;text-align:center!important\"><i class=\"fa-solid fa-phone\"><\/i> 651 619 889<\/a>&nbsp;&nbsp;&nbsp;&nbsp;&nbsp;&nbsp;<a href=\"mailto:dpd.povisa@riberacare.com\" style=\"font-size:20px;color:white;text-align:center!important\"><i class=\"fa-solid fa-envelope\"><\/i> dpd.povisa@riberacare.com<\/a><\/div>\n<\/div>\n\n\n\n<div class=\"wp-block-column is-vertically-aligned-center is-layout-flow wp-block-column-is-layout-flow\">\n<div class=\"abrir-pop-up2\"><p>Pide tu cita<\/p><\/div>\n<\/div>\n<\/div>\n<\/div><\/div>\n\n\n\n<div class=\"wp-block-group hasbackgroundmio\"><div class=\"wp-block-group__inner-container is-layout-flow wp-block-group-is-layout-flow\">\n<div class=\"wp-block-columns is-layout-flex wp-container-core-columns-is-layout-9d6595d7 wp-block-columns-is-layout-flex\">\n<div class=\"wp-block-column is-layout-flow wp-block-column-is-layout-flow\">\n<figure class=\"wp-block-image size-full fotoredonda\"><img loading=\"lazy\" decoding=\"async\" width=\"800\" height=\"533\" src=\"https:\/\/riberasalud.com\/povisa\/wp-content\/uploads\/2023\/07\/cosmetologist-cleaning-face-of-woman-in-beauty-salon.jpg\" alt=\"\" class=\"wp-image-9581\" srcset=\"https:\/\/riberasalud.com\/povisa\/wp-content\/uploads\/2023\/07\/cosmetologist-cleaning-face-of-woman-in-beauty-salon.jpg 800w, https:\/\/riberasalud.com\/povisa\/wp-content\/uploads\/2023\/07\/cosmetologist-cleaning-face-of-woman-in-beauty-salon-300x200.jpg 300w, https:\/\/riberasalud.com\/povisa\/wp-content\/uploads\/2023\/07\/cosmetologist-cleaning-face-of-woman-in-beauty-salon-768x512.jpg 768w\" sizes=\"auto, (max-width: 800px) 100vw, 800px\" \/><\/figure>\n<\/div>\n\n\n\n<div class=\"wp-block-column is-layout-flow wp-block-column-is-layout-flow\">\n<h3 class=\"wp-block-heading titulolistaestetica has-medium-font-size\"><strong><strong><strong><strong>Tratamientos faciales<\/strong><\/strong><\/strong><\/strong><\/h3>\n\n\n\n<ul class=\"wp-block-list listaestetica\">\n<li>Facial Aqua<\/li>\n\n\n\n<li>Facial Vitamina C<\/li>\n\n\n\n<li>Facial Gold<\/li>\n\n\n\n<li>Facial antimanchas<\/li>\n\n\n\n<li>Pieles Acneicas, sensibles o maduras<\/li>\n\n\n\n<li>Antiedad<\/li>\n\n\n\n<li>Zonas especificas<\/li>\n<\/ul>\n<\/div>\n<\/div>\n<\/div><\/div>\n\n\n\n<div class=\"wp-block-group grupoinvertido\"><div class=\"wp-block-group__inner-container is-layout-flow wp-block-group-is-layout-flow\">\n<div class=\"wp-block-columns is-layout-flex wp-container-core-columns-is-layout-9d6595d7 wp-block-columns-is-layout-flex\">\n<div class=\"wp-block-column is-layout-flow wp-block-column-is-layout-flow\">\n<h3 class=\"wp-block-heading titulolistaestetica\"><strong><strong><strong><strong>Acido Hialur\u00f3nico<\/strong><\/strong><\/strong><\/strong><\/h3>\n\n\n\n<div class=\"wp-block-columns is-layout-flex wp-container-core-columns-is-layout-9d6595d7 wp-block-columns-is-layout-flex\">\n<div class=\"wp-block-column is-layout-flow wp-block-column-is-layout-flow\" style=\"flex-basis:50%\">\n<ul class=\"wp-block-list listaestetica\">\n<li>Signos de envejecimiento<\/li>\n\n\n\n<li>Arrugas de expresi\u00f3n<\/li>\n\n\n\n<li>Arrugas finas y surcos<\/li>\n\n\n\n<li>Labios<\/li>\n\n\n\n<li>Surco nasogeniano<\/li>\n\n\n\n<li>C\u00f3digo de barras<\/li>\n\n\n\n<li>Ojeras<\/li>\n\n\n\n<li>P\u00f3mulos<\/li>\n<\/ul>\n<\/div>\n\n\n\n<div class=\"wp-block-column is-layout-flow wp-block-column-is-layout-flow\" style=\"flex-basis:50%\">\n<ul class=\"wp-block-list listaestetica\">\n<li>Ment\u00f3n<\/li>\n\n\n\n<li>Rinomodelaci\u00f3n<\/li>\n\n\n\n<li>Rejuvenecimiento \u00edntimo<\/li>\n<\/ul>\n<\/div>\n<\/div>\n<\/div>\n\n\n\n<div class=\"wp-block-column is-layout-flow wp-block-column-is-layout-flow\">\n<figure class=\"wp-block-image size-full fotoredonda\"><img loading=\"lazy\" decoding=\"async\" width=\"800\" height=\"534\" src=\"https:\/\/riberasalud.com\/povisa\/wp-content\/uploads\/2023\/07\/lip-shape-correction-procedure-in-cosmetology-salon-the-specialist-makes-an-injection-on-the-lips-of-the-patient-lip-augmentation.jpg\" alt=\"\" class=\"wp-image-9580\" srcset=\"https:\/\/riberasalud.com\/povisa\/wp-content\/uploads\/2023\/07\/lip-shape-correction-procedure-in-cosmetology-salon-the-specialist-makes-an-injection-on-the-lips-of-the-patient-lip-augmentation.jpg 800w, https:\/\/riberasalud.com\/povisa\/wp-content\/uploads\/2023\/07\/lip-shape-correction-procedure-in-cosmetology-salon-the-specialist-makes-an-injection-on-the-lips-of-the-patient-lip-augmentation-300x200.jpg 300w, https:\/\/riberasalud.com\/povisa\/wp-content\/uploads\/2023\/07\/lip-shape-correction-procedure-in-cosmetology-salon-the-specialist-makes-an-injection-on-the-lips-of-the-patient-lip-augmentation-768x513.jpg 768w\" sizes=\"auto, (max-width: 800px) 100vw, 800px\" \/><\/figure>\n<\/div>\n<\/div>\n<\/div><\/div>\n\n\n\n<div class=\"wp-block-group hasbackgroundmio\"><div class=\"wp-block-group__inner-container is-layout-flow wp-block-group-is-layout-flow\">\n<div class=\"wp-block-columns is-layout-flex wp-container-core-columns-is-layout-9d6595d7 wp-block-columns-is-layout-flex\">\n<div class=\"wp-block-column is-layout-flow wp-block-column-is-layout-flow\">\n<figure class=\"wp-block-image size-full fotoredonda\"><img loading=\"lazy\" decoding=\"async\" width=\"800\" height=\"533\" src=\"https:\/\/riberasalud.com\/povisa\/wp-content\/uploads\/2023\/07\/woman-marked-out-for-cosmetic-surgery-1.jpg\" alt=\"\" class=\"wp-image-9577\" srcset=\"https:\/\/riberasalud.com\/povisa\/wp-content\/uploads\/2023\/07\/woman-marked-out-for-cosmetic-surgery-1.jpg 800w, https:\/\/riberasalud.com\/povisa\/wp-content\/uploads\/2023\/07\/woman-marked-out-for-cosmetic-surgery-1-300x200.jpg 300w, https:\/\/riberasalud.com\/povisa\/wp-content\/uploads\/2023\/07\/woman-marked-out-for-cosmetic-surgery-1-768x512.jpg 768w\" sizes=\"auto, (max-width: 800px) 100vw, 800px\" \/><\/figure>\n<\/div>\n\n\n\n<div class=\"wp-block-column is-layout-flow wp-block-column-is-layout-flow\">\n<h3 class=\"wp-block-heading titulolistaestetica has-medium-font-size\"><strong><strong><strong><strong><strong><strong><strong><strong>Cirug\u00eda est\u00e9tica<\/strong><\/strong><\/strong><\/strong><\/strong><\/strong><\/strong><\/strong><\/h3>\n\n\n\n<ul class=\"wp-block-list listaestetica\">\n<li>Rinoplastia<\/li>\n\n\n\n<li>Abdominoplastia<\/li>\n\n\n\n<li>Liposucci\u00f3n<\/li>\n\n\n\n<li>Mamoplastia de aumento<\/li>\n\n\n\n<li>Mamoplastia de reducci\u00f3n<\/li>\n\n\n\n<li>Blefaroplastia<\/li>\n<\/ul>\n<\/div>\n<\/div>\n<\/div><\/div>\n\n\n\n<div class=\"wp-block-group\"><div class=\"wp-block-group__inner-container is-layout-flow wp-block-group-is-layout-flow\">\n<div class=\"wp-block-group gruponomargin grupomodulosmobile contenedor-altura\"><div class=\"wp-block-group__inner-container is-layout-flow wp-block-group-is-layout-flow\">\n<div class=\"wp-block-columns columnanomargin is-layout-flex wp-container-core-columns-is-layout-9d6595d7 wp-block-columns-is-layout-flex\">\n<div class=\"wp-block-column is-layout-flow wp-block-column-is-layout-flow\">\n<figure class=\"wp-block-image size-full fotomodulo\"><img loading=\"lazy\" decoding=\"async\" width=\"800\" height=\"533\" src=\"https:\/\/riberasalud.com\/povisa\/wp-content\/uploads\/2023\/07\/back-view-of-slim-dark-skinned-woman-with-perfect-buttocks-wears-cropped-top-and-panties.jpg\" alt=\"\" class=\"wp-image-9578\" srcset=\"https:\/\/riberasalud.com\/povisa\/wp-content\/uploads\/2023\/07\/back-view-of-slim-dark-skinned-woman-with-perfect-buttocks-wears-cropped-top-and-panties.jpg 800w, https:\/\/riberasalud.com\/povisa\/wp-content\/uploads\/2023\/07\/back-view-of-slim-dark-skinned-woman-with-perfect-buttocks-wears-cropped-top-and-panties-300x200.jpg 300w, https:\/\/riberasalud.com\/povisa\/wp-content\/uploads\/2023\/07\/back-view-of-slim-dark-skinned-woman-with-perfect-buttocks-wears-cropped-top-and-panties-768x512.jpg 768w\" sizes=\"auto, (max-width: 800px) 100vw, 800px\" \/><\/figure>\n\n\n\n<h3 class=\"wp-block-heading titulolistaestetica\"><strong><strong><strong><strong>Mesoterapia<\/strong><\/strong><\/strong><\/strong><\/h3>\n\n\n\n<ul class=\"wp-block-list listaestetica\">\n<li>Corporal<\/li>\n\n\n\n<li>Facial<\/li>\n\n\n\n<li>Facial con cuello y escote<\/li>\n<\/ul>\n<\/div>\n\n\n\n<div class=\"wp-block-column is-layout-flow wp-block-column-is-layout-flow\">\n<figure class=\"wp-block-image size-full fotomodulo\"><img loading=\"lazy\" decoding=\"async\" width=\"800\" height=\"533\" src=\"https:\/\/riberasalud.com\/povisa\/wp-content\/uploads\/2023\/07\/doctor-making-marks-on-clients-face-before-filler-injections-in-aesthetics-medical-clinic.jpg\" alt=\"\" class=\"wp-image-9579\" srcset=\"https:\/\/riberasalud.com\/povisa\/wp-content\/uploads\/2023\/07\/doctor-making-marks-on-clients-face-before-filler-injections-in-aesthetics-medical-clinic.jpg 800w, https:\/\/riberasalud.com\/povisa\/wp-content\/uploads\/2023\/07\/doctor-making-marks-on-clients-face-before-filler-injections-in-aesthetics-medical-clinic-300x200.jpg 300w, https:\/\/riberasalud.com\/povisa\/wp-content\/uploads\/2023\/07\/doctor-making-marks-on-clients-face-before-filler-injections-in-aesthetics-medical-clinic-768x512.jpg 768w\" sizes=\"auto, (max-width: 800px) 100vw, 800px\" \/><\/figure>\n\n\n\n<h3 class=\"wp-block-heading titulolistaestetica\"><strong>Neuromodulador<\/strong><\/h3>\n\n\n\n<ul class=\"wp-block-list listaestetica\">\n<li>Entrecejo<\/li>\n\n\n\n<li>Patas de Gallo<\/li>\n\n\n\n<li>Frente<\/li>\n\n\n\n<li>Bruxismo<\/li>\n\n\n\n<li>Hiperhidrosis<\/li>\n<\/ul>\n<\/div>\n\n\n\n<div class=\"wp-block-column is-layout-flow wp-block-column-is-layout-flow\">\n<figure class=\"wp-block-image size-full fotomodulo\"><img loading=\"lazy\" decoding=\"async\" width=\"800\" height=\"533\" src=\"https:\/\/riberasalud.com\/povisa\/wp-content\/uploads\/2023\/07\/doctor-examining-womans-face-for-cosmetic-treatment-1.jpg\" alt=\"\" class=\"wp-image-9576\" srcset=\"https:\/\/riberasalud.com\/povisa\/wp-content\/uploads\/2023\/07\/doctor-examining-womans-face-for-cosmetic-treatment-1.jpg 800w, https:\/\/riberasalud.com\/povisa\/wp-content\/uploads\/2023\/07\/doctor-examining-womans-face-for-cosmetic-treatment-1-300x200.jpg 300w, https:\/\/riberasalud.com\/povisa\/wp-content\/uploads\/2023\/07\/doctor-examining-womans-face-for-cosmetic-treatment-1-768x512.jpg 768w\" sizes=\"auto, (max-width: 800px) 100vw, 800px\" \/><\/figure>\n\n\n\n<h3 class=\"wp-block-heading titulolistaestetica\"><strong><strong><strong><strong>Otros tratamientos<\/strong><\/strong><\/strong><\/strong><\/h3>\n\n\n\n<ul class=\"wp-block-list listaestetica\">\n<li>Estimulador col\u00e1geno<\/li>\n\n\n\n<li>Hilos tensores<\/li>\n\n\n\n<li>Peeling qu\u00edmico<\/li>\n<\/ul>\n<\/div>\n<\/div>\n<\/div><\/div>\n<\/div><\/div>\n","protected":false},"excerpt":{"rendered":"<p>HOSPITAL RIBERA POVISA Tu centro de medicina y cirug\u00eda est\u00e9tica a medida Pide tu cita m\u00e9dica 651 619 889&nbsp;&nbsp;&nbsp;&nbsp;&nbsp;&nbsp; dpd.povisa@riberacare.com Pide tu cita Tratamientos faciales Acido Hialur\u00f3nico Cirug\u00eda est\u00e9tica Mesoterapia Neuromodulador Otros tratamientos<\/p>\n","protected":false},"author":1,"featured_media":0,"parent":0,"menu_order":0,"comment_status":"closed","ping_status":"closed","template":"","meta":{"_coblocks_attr":"","_coblocks_dimensions":"","_coblocks_responsive_height":"","_coblocks_accordion_ie_support":"","_monsterinsights_skip_tracking":false,"_monsterinsights_sitenote_active":false,"_monsterinsights_sitenote_note":"","_monsterinsights_sitenote_category":0,"footnotes":""},"class_list":["post-9575","page","type-page","status-publish"],"yoast_head":"<!-- This site is optimized with the Yoast SEO plugin v27.4 - https:\/\/yoast.com\/product\/yoast-seo-wordpress\/ -->\n<title>\u25b7 Est\u00e9tica | Hospital Ribera Povisa<\/title>\n<meta name=\"description\" content=\"lll\u1405 HOSPITAL RIBERA POVISA Tu centro de medicina y cirug\u00eda est\u00e9tica a medida Pide tu cita m\u00e9dica 651 619 889&nbsp;&nbsp;&nbsp;&nbsp;&nbsp;&nbsp; \u2705\" \/>\n<meta name=\"robots\" content=\"index, follow, max-snippet:-1, max-image-preview:large, max-video-preview:-1\" \/>\n<link rel=\"canonical\" href=\"https:\/\/riberasalud.com\/povisa\/estetica\/\" \/>\n<meta property=\"og:locale\" content=\"es_ES\" \/>\n<meta property=\"og:type\" content=\"article\" \/>\n<meta property=\"og:title\" content=\"\u25b7 Est\u00e9tica | Hospital Ribera Povisa\" \/>\n<meta property=\"og:description\" content=\"lll\u1405 HOSPITAL RIBERA POVISA Tu centro de medicina y cirug\u00eda est\u00e9tica a medida Pide tu cita m\u00e9dica 651 619 889&nbsp;&nbsp;&nbsp;&nbsp;&nbsp;&nbsp; \u2705\" \/>\n<meta property=\"og:url\" content=\"https:\/\/riberasalud.com\/povisa\/estetica\/\" \/>\n<meta property=\"og:site_name\" content=\"Hospital Ribera Povisa\" \/>\n<meta property=\"article:modified_time\" content=\"2026-01-19T15:20:25+00:00\" \/>\n<meta property=\"og:image\" content=\"https:\/\/riberasalud.com\/povisa\/wp-content\/uploads\/2023\/07\/cosmetologist-cleaning-face-of-woman-in-beauty-salon.jpg\" \/>\n<meta name=\"twitter:card\" content=\"summary_large_image\" \/>\n<meta name=\"twitter:label1\" content=\"Tiempo de lectura\" \/>\n\t<meta name=\"twitter:data1\" content=\"2 minutos\" \/>\n<script type=\"application\/ld+json\" class=\"yoast-schema-graph\">{\"@context\":\"https:\\\/\\\/schema.org\",\"@graph\":[{\"@type\":\"WebPage\",\"@id\":\"https:\\\/\\\/riberasalud.com\\\/povisa\\\/estetica\\\/\",\"url\":\"https:\\\/\\\/riberasalud.com\\\/povisa\\\/estetica\\\/\",\"name\":\"\u25b7 Est\u00e9tica | Hospital Ribera Povisa\",\"isPartOf\":{\"@id\":\"https:\\\/\\\/riberasalud.com\\\/povisa\\\/#website\"},\"primaryImageOfPage\":{\"@id\":\"https:\\\/\\\/riberasalud.com\\\/povisa\\\/estetica\\\/#primaryimage\"},\"image\":{\"@id\":\"https:\\\/\\\/riberasalud.com\\\/povisa\\\/estetica\\\/#primaryimage\"},\"thumbnailUrl\":\"https:\\\/\\\/riberasalud.com\\\/povisa\\\/wp-content\\\/uploads\\\/2023\\\/07\\\/cosmetologist-cleaning-face-of-woman-in-beauty-salon.jpg\",\"datePublished\":\"2023-07-19T07:10:14+00:00\",\"dateModified\":\"2026-01-19T15:20:25+00:00\",\"description\":\"lll\u1405 HOSPITAL RIBERA POVISA Tu centro de medicina y cirug\u00eda est\u00e9tica a medida Pide tu cita m\u00e9dica 651 619 889&nbsp;&nbsp;&nbsp;&nbsp;&nbsp;&nbsp; \u2705\",\"inLanguage\":\"es\",\"potentialAction\":[{\"@type\":\"ReadAction\",\"target\":[\"https:\\\/\\\/riberasalud.com\\\/povisa\\\/estetica\\\/\"]}]},{\"@type\":\"ImageObject\",\"inLanguage\":\"es\",\"@id\":\"https:\\\/\\\/riberasalud.com\\\/povisa\\\/estetica\\\/#primaryimage\",\"url\":\"https:\\\/\\\/riberasalud.com\\\/povisa\\\/wp-content\\\/uploads\\\/2023\\\/07\\\/cosmetologist-cleaning-face-of-woman-in-beauty-salon.jpg\",\"contentUrl\":\"https:\\\/\\\/riberasalud.com\\\/povisa\\\/wp-content\\\/uploads\\\/2023\\\/07\\\/cosmetologist-cleaning-face-of-woman-in-beauty-salon.jpg\"},{\"@type\":\"WebSite\",\"@id\":\"https:\\\/\\\/riberasalud.com\\\/povisa\\\/#website\",\"url\":\"https:\\\/\\\/riberasalud.com\\\/povisa\\\/\",\"name\":\"Hospital Ribera Povisa\",\"description\":\"\",\"publisher\":{\"@id\":\"https:\\\/\\\/riberasalud.com\\\/povisa\\\/#organization\"},\"potentialAction\":[{\"@type\":\"SearchAction\",\"target\":{\"@type\":\"EntryPoint\",\"urlTemplate\":\"https:\\\/\\\/riberasalud.com\\\/povisa\\\/?s={search_term_string}\"},\"query-input\":{\"@type\":\"PropertyValueSpecification\",\"valueRequired\":true,\"valueName\":\"search_term_string\"}}],\"inLanguage\":\"es\"},{\"@type\":\"Organization\",\"@id\":\"https:\\\/\\\/riberasalud.com\\\/povisa\\\/#organization\",\"name\":\"Hospital Ribera Povisa\",\"url\":\"https:\\\/\\\/riberasalud.com\\\/povisa\\\/\",\"logo\":{\"@type\":\"ImageObject\",\"inLanguage\":\"es\",\"@id\":\"https:\\\/\\\/riberasalud.com\\\/povisa\\\/#\\\/schema\\\/logo\\\/image\\\/\",\"url\":\"https:\\\/\\\/riberasalud.com\\\/povisa\\\/wp-content\\\/uploads\\\/2024\\\/01\\\/cropped-Logo-Red-Povisa.png\",\"contentUrl\":\"https:\\\/\\\/riberasalud.com\\\/povisa\\\/wp-content\\\/uploads\\\/2024\\\/01\\\/cropped-Logo-Red-Povisa.png\",\"width\":1929,\"height\":489,\"caption\":\"Hospital Ribera Povisa\"},\"image\":{\"@id\":\"https:\\\/\\\/riberasalud.com\\\/povisa\\\/#\\\/schema\\\/logo\\\/image\\\/\"}}]}<\/script>\n<!-- \/ Yoast SEO plugin. -->","yoast_head_json":{"title":"\u25b7 Est\u00e9tica | Hospital Ribera Povisa","description":"lll\u1405 HOSPITAL RIBERA POVISA Tu centro de medicina y cirug\u00eda est\u00e9tica a medida Pide tu cita m\u00e9dica 651 619 889&nbsp;&nbsp;&nbsp;&nbsp;&nbsp;&nbsp; \u2705","robots":{"index":"index","follow":"follow","max-snippet":"max-snippet:-1","max-image-preview":"max-image-preview:large","max-video-preview":"max-video-preview:-1"},"canonical":"https:\/\/riberasalud.com\/povisa\/estetica\/","og_locale":"es_ES","og_type":"article","og_title":"\u25b7 Est\u00e9tica | Hospital Ribera Povisa","og_description":"lll\u1405 HOSPITAL RIBERA POVISA Tu centro de medicina y cirug\u00eda est\u00e9tica a medida Pide tu cita m\u00e9dica 651 619 889&nbsp;&nbsp;&nbsp;&nbsp;&nbsp;&nbsp; \u2705","og_url":"https:\/\/riberasalud.com\/povisa\/estetica\/","og_site_name":"Hospital Ribera Povisa","article_modified_time":"2026-01-19T15:20:25+00:00","og_image":[{"url":"https:\/\/riberasalud.com\/povisa\/wp-content\/uploads\/2023\/07\/cosmetologist-cleaning-face-of-woman-in-beauty-salon.jpg","type":"","width":"","height":""}],"twitter_card":"summary_large_image","twitter_misc":{"Tiempo de lectura":"2 minutos"},"schema":{"@context":"https:\/\/schema.org","@graph":[{"@type":"WebPage","@id":"https:\/\/riberasalud.com\/povisa\/estetica\/","url":"https:\/\/riberasalud.com\/povisa\/estetica\/","name":"\u25b7 Est\u00e9tica | Hospital Ribera Povisa","isPartOf":{"@id":"https:\/\/riberasalud.com\/povisa\/#website"},"primaryImageOfPage":{"@id":"https:\/\/riberasalud.com\/povisa\/estetica\/#primaryimage"},"image":{"@id":"https:\/\/riberasalud.com\/povisa\/estetica\/#primaryimage"},"thumbnailUrl":"https:\/\/riberasalud.com\/povisa\/wp-content\/uploads\/2023\/07\/cosmetologist-cleaning-face-of-woman-in-beauty-salon.jpg","datePublished":"2023-07-19T07:10:14+00:00","dateModified":"2026-01-19T15:20:25+00:00","description":"lll\u1405 HOSPITAL RIBERA POVISA Tu centro de medicina y cirug\u00eda est\u00e9tica a medida Pide tu cita m\u00e9dica 651 619 889&nbsp;&nbsp;&nbsp;&nbsp;&nbsp;&nbsp; \u2705","inLanguage":"es","potentialAction":[{"@type":"ReadAction","target":["https:\/\/riberasalud.com\/povisa\/estetica\/"]}]},{"@type":"ImageObject","inLanguage":"es","@id":"https:\/\/riberasalud.com\/povisa\/estetica\/#primaryimage","url":"https:\/\/riberasalud.com\/povisa\/wp-content\/uploads\/2023\/07\/cosmetologist-cleaning-face-of-woman-in-beauty-salon.jpg","contentUrl":"https:\/\/riberasalud.com\/povisa\/wp-content\/uploads\/2023\/07\/cosmetologist-cleaning-face-of-woman-in-beauty-salon.jpg"},{"@type":"WebSite","@id":"https:\/\/riberasalud.com\/povisa\/#website","url":"https:\/\/riberasalud.com\/povisa\/","name":"Hospital Ribera Povisa","description":"","publisher":{"@id":"https:\/\/riberasalud.com\/povisa\/#organization"},"potentialAction":[{"@type":"SearchAction","target":{"@type":"EntryPoint","urlTemplate":"https:\/\/riberasalud.com\/povisa\/?s={search_term_string}"},"query-input":{"@type":"PropertyValueSpecification","valueRequired":true,"valueName":"search_term_string"}}],"inLanguage":"es"},{"@type":"Organization","@id":"https:\/\/riberasalud.com\/povisa\/#organization","name":"Hospital Ribera Povisa","url":"https:\/\/riberasalud.com\/povisa\/","logo":{"@type":"ImageObject","inLanguage":"es","@id":"https:\/\/riberasalud.com\/povisa\/#\/schema\/logo\/image\/","url":"https:\/\/riberasalud.com\/povisa\/wp-content\/uploads\/2024\/01\/cropped-Logo-Red-Povisa.png","contentUrl":"https:\/\/riberasalud.com\/povisa\/wp-content\/uploads\/2024\/01\/cropped-Logo-Red-Povisa.png","width":1929,"height":489,"caption":"Hospital Ribera Povisa"},"image":{"@id":"https:\/\/riberasalud.com\/povisa\/#\/schema\/logo\/image\/"}}]}},"_links":{"self":[{"href":"https:\/\/riberasalud.com\/povisa\/wp-json\/wp\/v2\/pages\/9575","targetHints":{"allow":["GET"]}}],"collection":[{"href":"https:\/\/riberasalud.com\/povisa\/wp-json\/wp\/v2\/pages"}],"about":[{"href":"https:\/\/riberasalud.com\/povisa\/wp-json\/wp\/v2\/types\/page"}],"author":[{"embeddable":true,"href":"https:\/\/riberasalud.com\/povisa\/wp-json\/wp\/v2\/users\/1"}],"replies":[{"embeddable":true,"href":"https:\/\/riberasalud.com\/povisa\/wp-json\/wp\/v2\/comments?post=9575"}],"version-history":[{"count":36,"href":"https:\/\/riberasalud.com\/povisa\/wp-json\/wp\/v2\/pages\/9575\/revisions"}],"predecessor-version":[{"id":15561,"href":"https:\/\/riberasalud.com\/povisa\/wp-json\/wp\/v2\/pages\/9575\/revisions\/15561"}],"wp:attachment":[{"href":"https:\/\/riberasalud.com\/povisa\/wp-json\/wp\/v2\/media?parent=9575"}],"curies":[{"name":"wp","href":"https:\/\/api.w.org\/{rel}","templated":true}]}}