{"id":9563,"date":"2023-07-19T06:55:33","date_gmt":"2023-07-19T06:55:33","guid":{"rendered":"https:\/\/riberasalud.com\/povisaaux\/?page_id=9563"},"modified":"2023-07-19T06:55:34","modified_gmt":"2023-07-19T06:55:34","slug":"farmacos-antiandrogenos-en-mujeres","status":"publish","type":"page","link":"https:\/\/riberasalud.com\/povisa\/farmacos-antiandrogenos-en-mujeres\/","title":{"rendered":"F\u00e1rmacos antiandr\u00f3genos en mujeres"},"content":{"rendered":"\n<div class=\"wp-block-group hasbackgroundnaranja sliderlinea\"><div class=\"wp-block-group__inner-container is-layout-flow wp-block-group-is-layout-flow\">\n<p>HOSPITAL RIBERA POVISA<\/p>\n\n\n\n<h1 class=\"wp-block-heading\">F\u00e1rmacos antiandr\u00f3genos en mujeres<\/h1>\n<\/div><\/div>\n\n\n\n<div class=\"wp-block-group\"><div class=\"wp-block-group__inner-container is-layout-flow wp-block-group-is-layout-flow\">\n<p>Los andr\u00f3genos son hormonas que a pesar de encontrarse en ambos sexos predominan claramente en los varones. Existen receptores de este tipo de hormona a nivel del fol\u00edculo piloso de determinadas zonas del cuero cabelludo, con lo que en personas predispuestas puede producir que este pelo se vuelva m\u00e1s fino y fr\u00e1gil (\u201cminiaturizaci\u00f3n\u201d).<br>En mujeres los f\u00e1rmacos antiandr\u00f3genos est\u00e1n contraindicados en el embarazo. Existen distintos tipos, que son prescrito en funci\u00f3n de las caracter\u00edsticas de la alopecia de cada paciente.<\/p>\n\n\n\n<p><strong><em>Los f\u00e1rmacos inhibidores de la 5 alfa reductasa, Finasteride y Dutasteride<\/em><\/strong>, van a actuar a este nivel, frenando el proceso de miniaturizaci\u00f3n e incluso revirti\u00e9ndolo para que el pelo crezca fuerte y m\u00e1s engrosado.<br>Se trata de f\u00e1rmacos seguros, con abundantes estudios cl\u00ednicos a lo largo de los a\u00f1os. Son f\u00e1rmacos bien tolerados en general por el paciente, ya que se puede hacer vida normal mientras se toma el tratamiento (deporte, exposici\u00f3n solar\u2026)<br>El Dutasteride ha demostrado mayor efectividad que el Finasteride en alopecias difusas y de predominio a nivel frontal.<br>Estos f\u00e1rmacos fundamentalmente se toman v\u00eda oral pero existe la opci\u00f3n de aplicarlos de forma t\u00f3pica e incluso en mesoterapia (peque\u00f1as inyecciones de producto en cuero cabelludo).<br>Durante el tratamiento con estos f\u00e1rmacos y hasta 1 mes despu\u00e9s con Finasteride y 6 meses despu\u00e9s con Dutasteride, la mujer debe evitar el embarazo.<br>Ambos f\u00e1rmacos en la mujer se usan fuera de indicaci\u00f3n, puesto que a pesar de la abundante evidencia cient\u00edfica, hasta el momento no han sido aprobados como tratamiento para la alopecia en mujeres.<\/p>\n\n\n\n<p><strong><em>Los anticonceptivos con actividad antiandrog\u00e9nica <\/em><\/strong>pueden ser utilizados en mujeres j\u00f3venes con alopecia androg\u00e9nica incipiente. Podr\u00edan usarse por s\u00ed solos o en combinaci\u00f3n con otros f\u00e1rmacos antiandr\u00f3genos.<br>No todos los anticonceptivos orales mejoran la alopecia, algunos incluso pueden empeorarlas por lo que es necesario escoger el f\u00e1rmaco adecuado en funci\u00f3n del paciente.<\/p>\n\n\n\n<p>Existen otros f\u00e1rmacos con efecto antiandrog\u00e9nico como el <em><strong>acetato de ciproterona, la espironolactona o la bicalutamida <\/strong><\/em>que podr\u00edamos usar en determinadas pacintes, siempre evitanto el embarazo durante su uso.<\/p>\n<\/div><\/div>\n","protected":false},"excerpt":{"rendered":"<p>HOSPITAL RIBERA POVISA F\u00e1rmacos antiandr\u00f3genos en mujeres Los andr\u00f3genos son hormonas que a pesar de encontrarse en ambos sexos predominan claramente en los varones. Existen receptores de este tipo de hormona a nivel del fol\u00edculo piloso de determinadas zonas del cuero cabelludo, con lo que en personas predispuestas puede producir que este pelo se vuelva &#8230; <a title=\"F\u00e1rmacos antiandr\u00f3genos en mujeres\" class=\"read-more\" href=\"https:\/\/riberasalud.com\/povisa\/farmacos-antiandrogenos-en-mujeres\/\" aria-label=\"Leer m\u00e1s sobre F\u00e1rmacos antiandr\u00f3genos en mujeres\">Leer m\u00e1s<\/a><\/p>\n","protected":false},"author":1,"featured_media":0,"parent":0,"menu_order":0,"comment_status":"closed","ping_status":"closed","template":"","meta":{"_coblocks_attr":"","_coblocks_dimensions":"","_coblocks_responsive_height":"","_coblocks_accordion_ie_support":"","_monsterinsights_skip_tracking":false,"_monsterinsights_sitenote_active":false,"_monsterinsights_sitenote_note":"","_monsterinsights_sitenote_category":0,"footnotes":""},"class_list":["post-9563","page","type-page","status-publish"],"yoast_head":"<!-- This site is optimized with the Yoast SEO plugin v26.9 - https:\/\/yoast.com\/product\/yoast-seo-wordpress\/ -->\n<title>\u25b7 F\u00e1rmacos antiandr\u00f3genos en mujeres | Hospital Ribera Povisa<\/title>\n<meta name=\"description\" content=\"lll\u1405 HOSPITAL RIBERA POVISA F\u00e1rmacos antiandr\u00f3genos en mujeres Los andr\u00f3genos son hormonas que a pesar de encontrarse en ambos sexos predominan claramente en \u2705\" \/>\n<meta name=\"robots\" content=\"index, follow, max-snippet:-1, max-image-preview:large, max-video-preview:-1\" \/>\n<link rel=\"canonical\" href=\"https:\/\/riberasalud.com\/povisa\/farmacos-antiandrogenos-en-mujeres\/\" \/>\n<meta property=\"og:locale\" content=\"es_ES\" \/>\n<meta property=\"og:type\" content=\"article\" \/>\n<meta property=\"og:title\" content=\"\u25b7 F\u00e1rmacos antiandr\u00f3genos en mujeres | Hospital Ribera Povisa\" \/>\n<meta property=\"og:description\" content=\"lll\u1405 HOSPITAL RIBERA POVISA F\u00e1rmacos antiandr\u00f3genos en mujeres Los andr\u00f3genos son hormonas que a pesar de encontrarse en ambos sexos predominan claramente en \u2705\" \/>\n<meta property=\"og:url\" content=\"https:\/\/riberasalud.com\/povisa\/farmacos-antiandrogenos-en-mujeres\/\" \/>\n<meta property=\"og:site_name\" content=\"Hospital Ribera Povisa\" \/>\n<meta property=\"article:modified_time\" content=\"2023-07-19T06:55:34+00:00\" \/>\n<meta name=\"twitter:card\" content=\"summary_large_image\" \/>\n<meta name=\"twitter:label1\" content=\"Tiempo de lectura\" \/>\n\t<meta name=\"twitter:data1\" content=\"2 minutos\" \/>\n<script type=\"application\/ld+json\" class=\"yoast-schema-graph\">{\"@context\":\"https:\/\/schema.org\",\"@graph\":[{\"@type\":\"WebPage\",\"@id\":\"https:\/\/riberasalud.com\/povisa\/farmacos-antiandrogenos-en-mujeres\/\",\"url\":\"https:\/\/riberasalud.com\/povisa\/farmacos-antiandrogenos-en-mujeres\/\",\"name\":\"\u25b7 F\u00e1rmacos antiandr\u00f3genos en mujeres | Hospital Ribera Povisa\",\"isPartOf\":{\"@id\":\"https:\/\/riberasalud.com\/povisa\/#website\"},\"datePublished\":\"2023-07-19T06:55:33+00:00\",\"dateModified\":\"2023-07-19T06:55:34+00:00\",\"description\":\"lll\u1405 HOSPITAL RIBERA POVISA F\u00e1rmacos antiandr\u00f3genos en mujeres Los andr\u00f3genos son hormonas que a pesar de encontrarse en ambos sexos predominan claramente en \u2705\",\"inLanguage\":\"es\",\"potentialAction\":[{\"@type\":\"ReadAction\",\"target\":[\"https:\/\/riberasalud.com\/povisa\/farmacos-antiandrogenos-en-mujeres\/\"]}]},{\"@type\":\"WebSite\",\"@id\":\"https:\/\/riberasalud.com\/povisa\/#website\",\"url\":\"https:\/\/riberasalud.com\/povisa\/\",\"name\":\"Hospital Ribera Povisa\",\"description\":\"\",\"publisher\":{\"@id\":\"https:\/\/riberasalud.com\/povisa\/#organization\"},\"potentialAction\":[{\"@type\":\"SearchAction\",\"target\":{\"@type\":\"EntryPoint\",\"urlTemplate\":\"https:\/\/riberasalud.com\/povisa\/?s={search_term_string}\"},\"query-input\":{\"@type\":\"PropertyValueSpecification\",\"valueRequired\":true,\"valueName\":\"search_term_string\"}}],\"inLanguage\":\"es\"},{\"@type\":\"Organization\",\"@id\":\"https:\/\/riberasalud.com\/povisa\/#organization\",\"name\":\"Hospital Ribera Povisa\",\"url\":\"https:\/\/riberasalud.com\/povisa\/\",\"logo\":{\"@type\":\"ImageObject\",\"inLanguage\":\"es\",\"@id\":\"https:\/\/riberasalud.com\/povisa\/#\/schema\/logo\/image\/\",\"url\":\"https:\/\/riberasalud.com\/povisa\/wp-content\/uploads\/2024\/01\/cropped-Logo-Red-Povisa.png\",\"contentUrl\":\"https:\/\/riberasalud.com\/povisa\/wp-content\/uploads\/2024\/01\/cropped-Logo-Red-Povisa.png\",\"width\":1929,\"height\":489,\"caption\":\"Hospital Ribera Povisa\"},\"image\":{\"@id\":\"https:\/\/riberasalud.com\/povisa\/#\/schema\/logo\/image\/\"}}]}<\/script>\n<!-- \/ Yoast SEO plugin. -->","yoast_head_json":{"title":"\u25b7 F\u00e1rmacos antiandr\u00f3genos en mujeres | Hospital Ribera Povisa","description":"lll\u1405 HOSPITAL RIBERA POVISA F\u00e1rmacos antiandr\u00f3genos en mujeres Los andr\u00f3genos son hormonas que a pesar de encontrarse en ambos sexos predominan claramente en \u2705","robots":{"index":"index","follow":"follow","max-snippet":"max-snippet:-1","max-image-preview":"max-image-preview:large","max-video-preview":"max-video-preview:-1"},"canonical":"https:\/\/riberasalud.com\/povisa\/farmacos-antiandrogenos-en-mujeres\/","og_locale":"es_ES","og_type":"article","og_title":"\u25b7 F\u00e1rmacos antiandr\u00f3genos en mujeres | Hospital Ribera Povisa","og_description":"lll\u1405 HOSPITAL RIBERA POVISA F\u00e1rmacos antiandr\u00f3genos en mujeres Los andr\u00f3genos son hormonas que a pesar de encontrarse en ambos sexos predominan claramente en \u2705","og_url":"https:\/\/riberasalud.com\/povisa\/farmacos-antiandrogenos-en-mujeres\/","og_site_name":"Hospital Ribera Povisa","article_modified_time":"2023-07-19T06:55:34+00:00","twitter_card":"summary_large_image","twitter_misc":{"Tiempo de lectura":"2 minutos"},"schema":{"@context":"https:\/\/schema.org","@graph":[{"@type":"WebPage","@id":"https:\/\/riberasalud.com\/povisa\/farmacos-antiandrogenos-en-mujeres\/","url":"https:\/\/riberasalud.com\/povisa\/farmacos-antiandrogenos-en-mujeres\/","name":"\u25b7 F\u00e1rmacos antiandr\u00f3genos en mujeres | Hospital Ribera Povisa","isPartOf":{"@id":"https:\/\/riberasalud.com\/povisa\/#website"},"datePublished":"2023-07-19T06:55:33+00:00","dateModified":"2023-07-19T06:55:34+00:00","description":"lll\u1405 HOSPITAL RIBERA POVISA F\u00e1rmacos antiandr\u00f3genos en mujeres Los andr\u00f3genos son hormonas que a pesar de encontrarse en ambos sexos predominan claramente en \u2705","inLanguage":"es","potentialAction":[{"@type":"ReadAction","target":["https:\/\/riberasalud.com\/povisa\/farmacos-antiandrogenos-en-mujeres\/"]}]},{"@type":"WebSite","@id":"https:\/\/riberasalud.com\/povisa\/#website","url":"https:\/\/riberasalud.com\/povisa\/","name":"Hospital Ribera Povisa","description":"","publisher":{"@id":"https:\/\/riberasalud.com\/povisa\/#organization"},"potentialAction":[{"@type":"SearchAction","target":{"@type":"EntryPoint","urlTemplate":"https:\/\/riberasalud.com\/povisa\/?s={search_term_string}"},"query-input":{"@type":"PropertyValueSpecification","valueRequired":true,"valueName":"search_term_string"}}],"inLanguage":"es"},{"@type":"Organization","@id":"https:\/\/riberasalud.com\/povisa\/#organization","name":"Hospital Ribera Povisa","url":"https:\/\/riberasalud.com\/povisa\/","logo":{"@type":"ImageObject","inLanguage":"es","@id":"https:\/\/riberasalud.com\/povisa\/#\/schema\/logo\/image\/","url":"https:\/\/riberasalud.com\/povisa\/wp-content\/uploads\/2024\/01\/cropped-Logo-Red-Povisa.png","contentUrl":"https:\/\/riberasalud.com\/povisa\/wp-content\/uploads\/2024\/01\/cropped-Logo-Red-Povisa.png","width":1929,"height":489,"caption":"Hospital Ribera Povisa"},"image":{"@id":"https:\/\/riberasalud.com\/povisa\/#\/schema\/logo\/image\/"}}]}},"_links":{"self":[{"href":"https:\/\/riberasalud.com\/povisa\/wp-json\/wp\/v2\/pages\/9563","targetHints":{"allow":["GET"]}}],"collection":[{"href":"https:\/\/riberasalud.com\/povisa\/wp-json\/wp\/v2\/pages"}],"about":[{"href":"https:\/\/riberasalud.com\/povisa\/wp-json\/wp\/v2\/types\/page"}],"author":[{"embeddable":true,"href":"https:\/\/riberasalud.com\/povisa\/wp-json\/wp\/v2\/users\/1"}],"replies":[{"embeddable":true,"href":"https:\/\/riberasalud.com\/povisa\/wp-json\/wp\/v2\/comments?post=9563"}],"version-history":[{"count":1,"href":"https:\/\/riberasalud.com\/povisa\/wp-json\/wp\/v2\/pages\/9563\/revisions"}],"predecessor-version":[{"id":9568,"href":"https:\/\/riberasalud.com\/povisa\/wp-json\/wp\/v2\/pages\/9563\/revisions\/9568"}],"wp:attachment":[{"href":"https:\/\/riberasalud.com\/povisa\/wp-json\/wp\/v2\/media?parent=9563"}],"curies":[{"name":"wp","href":"https:\/\/api.w.org\/{rel}","templated":true}]}}