{"id":9538,"date":"2023-07-19T06:42:44","date_gmt":"2023-07-19T06:42:44","guid":{"rendered":"https:\/\/riberasalud.com\/povisaaux\/?page_id=9538"},"modified":"2023-07-19T10:14:10","modified_gmt":"2023-07-19T10:14:10","slug":"efluvio-telogeno","status":"publish","type":"page","link":"https:\/\/riberasalud.com\/povisa\/efluvio-telogeno\/","title":{"rendered":"Efluvio tel\u00f3geno"},"content":{"rendered":"\n<div class=\"wp-block-group hasbackgroundnaranja sliderlinea\"><div class=\"wp-block-group__inner-container is-layout-flow wp-block-group-is-layout-flow\">\n<p>HOSPITAL RIBERA POVISA<\/p>\n\n\n\n<h1 class=\"wp-block-heading\">Efluvio tel\u00f3geno<\/h1>\n<\/div><\/div>\n\n\n\n<div class=\"wp-block-group\"><div class=\"wp-block-group__inner-container is-layout-flow wp-block-group-is-layout-flow\">\n<p>Se trata de una alteraci\u00f3n del ciclo de crecimiento del pelo, por la cual de manera brusca, muchos fol\u00edculos entran en fase de ca\u00edda, provocando una p\u00e9rdida llamativa y excesiva del cabello (se describe que m\u00e1s de 100 pelos al d\u00eda). Esta ca\u00edda es limitada y reversible tras un periodo de tiempo.<br>Esta patolog\u00eda es m\u00e1s frecuente en mujeres j\u00f3venes, pero podr\u00edamos encontrarla en cualquier sexo y edad.<\/p>\n<\/div><\/div>\n\n\n\n<div class=\"wp-block-group hasbackgroundmio\"><div class=\"wp-block-group__inner-container is-layout-flow wp-block-group-is-layout-flow\">\n<h2 class=\"wp-block-heading\"><strong>Causas<\/strong><\/h2>\n\n\n\n<p>Esta ca\u00edda de pelo intensa suele comenzar entre los 2 a 4 meses posteriores a la presencia de un desencadenante, aunque en algunos casos no se puede identificar claramente. Puede ser muy variado, como una situaci\u00f3n de estr\u00e9s importante, infecci\u00f3n grave, parto, cirug\u00edas, suspensi\u00f3n de tratamientos, o d\u00e9ficits vitam\u00ednicos, entre otros. Actualmente entre las causas m\u00e1s frecuentes de efluvio encontramos la infecci\u00f3n por Covid-19 o el estr\u00e9s generado por la situaci\u00f3n de confinamiento.<\/p>\n<\/div><\/div>\n\n\n\n<div class=\"wp-block-group\"><div class=\"wp-block-group__inner-container is-layout-flow wp-block-group-is-layout-flow\">\n<div class=\"wp-block-columns is-layout-flex wp-container-core-columns-is-layout-9d6595d7 wp-block-columns-is-layout-flex\">\n<div class=\"wp-block-column is-layout-flow wp-block-column-is-layout-flow\">\n<figure class=\"wp-block-image size-full is-resized\"><img loading=\"lazy\" decoding=\"async\" src=\"https:\/\/riberasalud.com\/povisa\/wp-content\/uploads\/2023\/07\/iconos-02-10.png\" alt=\"\" class=\"wp-image-9663\" width=\"50\" height=\"50\"\/><\/figure>\n\n\n\n<h2 class=\"wp-block-heading\"><strong>S\u00edntomas<\/strong><\/h2>\n\n\n\n<p>El s\u00edntoma fundamental es la ca\u00edda muy intensa de cabello, encontrando mechones de pelo en la ducha, almohada o al cepillarnos el pelo. Esto puede producir cierta p\u00e9rdida de densidad visible sobre todo a nivel de las entradas o al recoger el pelo en una coleta.<\/p>\n<\/div>\n\n\n\n<div class=\"wp-block-column is-layout-flow wp-block-column-is-layout-flow\">\n<figure class=\"wp-block-image size-full is-resized\"><img loading=\"lazy\" decoding=\"async\" src=\"https:\/\/riberasalud.com\/povisa\/wp-content\/uploads\/2023\/07\/iconos_Mesa-de-trabajo-1-11.png\" alt=\"\" class=\"wp-image-9662\" width=\"50\" height=\"50\"\/><\/figure>\n\n\n\n<h2 class=\"wp-block-heading\"><strong>Diagn\u00f3stico<\/strong><\/h2>\n\n\n\n<p>El diagn\u00f3stico se realiza mediante la exploraci\u00f3n visual del paciente y una historia cl\u00ednica detallada en busca de desencadenantes. Es importante el uso de tricoscopia, sobre todo para descartar otros procesos subyacentes (como alopecia androg\u00e9nica) que nos dificultar\u00edan la recuperaci\u00f3n de pelo espont\u00e1nea tras este proceso.<br>Durante la consulta se podr\u00eda realizar tambi\u00e9n un \u201cpull test\u201d con el que podr\u00edamos determinar la intensidad de ca\u00edda en ese momento.<br>Seg\u00fan la historia cl\u00ednica detallada por el paciente podr\u00eda ser necesario alg\u00fan estudio anal\u00edtico en busca de alteraciones hormonales o d\u00e9ficits vitam\u00ednicos.<\/p>\n<\/div>\n<\/div>\n<\/div><\/div>\n\n\n\n<div class=\"wp-block-cover is-light\"><span aria-hidden=\"true\" class=\"wp-block-cover__background has-background-dim-0 has-background-dim\"><\/span><img loading=\"lazy\" decoding=\"async\" width=\"800\" height=\"533\" class=\"wp-block-cover__image-background wp-image-9534\" alt=\"\" src=\"https:\/\/riberasalud.com\/povisa\/wp-content\/uploads\/2023\/07\/doctor-with-stethoscope-in-the-hands-and-hospital-background-2-1-1.jpg\" data-object-fit=\"cover\" srcset=\"https:\/\/riberasalud.com\/povisa\/wp-content\/uploads\/2023\/07\/doctor-with-stethoscope-in-the-hands-and-hospital-background-2-1-1.jpg 800w, https:\/\/riberasalud.com\/povisa\/wp-content\/uploads\/2023\/07\/doctor-with-stethoscope-in-the-hands-and-hospital-background-2-1-1-300x200.jpg 300w, https:\/\/riberasalud.com\/povisa\/wp-content\/uploads\/2023\/07\/doctor-with-stethoscope-in-the-hands-and-hospital-background-2-1-1-768x512.jpg 768w\" sizes=\"auto, (max-width: 800px) 100vw, 800px\" \/><div class=\"wp-block-cover__inner-container is-layout-flow wp-block-cover-is-layout-flow\">\n<p class=\"has-text-align-center has-large-font-size\"><\/p>\n<\/div><\/div>\n\n\n\n<div class=\"wp-block-group hasbackgroundmio\"><div class=\"wp-block-group__inner-container is-layout-flow wp-block-group-is-layout-flow\">\n<h2 class=\"wp-block-heading\"><strong><strong>Tratamiento<\/strong><\/strong><\/h2>\n\n\n\n<p>La ca\u00edda brusca de pelo desaparece por si sola tras eliminar el desencadenante y poco a poco los fol\u00edculos comienzan su nueva fase de crecimiento, proceso que puede durar hasta 12 meses.<br>En algunos casos este efluvio puede volverse cr\u00f3nico y prolongarse en el tiempo, por lo que si existe una causa clara (como d\u00e9ficits de hierro o vitaminas, hipotiroidismo) es importante tratarla para detener el proceso.<br>En su mayor parte los efluvios se recuperan por si solos aunque en ocasiones podemos hacer alg\u00fan tratamiento para acelerar este proceso de recrecimiento.<\/p>\n<\/div><\/div>\n","protected":false},"excerpt":{"rendered":"<p>HOSPITAL RIBERA POVISA Efluvio tel\u00f3geno Se trata de una alteraci\u00f3n del ciclo de crecimiento del pelo, por la cual de manera brusca, muchos fol\u00edculos entran en fase de ca\u00edda, provocando una p\u00e9rdida llamativa y excesiva del cabello (se describe que m\u00e1s de 100 pelos al d\u00eda). Esta ca\u00edda es limitada y reversible tras un periodo &#8230; <a title=\"Efluvio tel\u00f3geno\" class=\"read-more\" href=\"https:\/\/riberasalud.com\/povisa\/efluvio-telogeno\/\" aria-label=\"Leer m\u00e1s sobre Efluvio tel\u00f3geno\">Leer m\u00e1s<\/a><\/p>\n","protected":false},"author":1,"featured_media":0,"parent":0,"menu_order":0,"comment_status":"closed","ping_status":"closed","template":"","meta":{"_coblocks_attr":"","_coblocks_dimensions":"","_coblocks_responsive_height":"","_coblocks_accordion_ie_support":"","_monsterinsights_skip_tracking":false,"_monsterinsights_sitenote_active":false,"_monsterinsights_sitenote_note":"","_monsterinsights_sitenote_category":0,"footnotes":""},"class_list":["post-9538","page","type-page","status-publish"],"yoast_head":"<!-- This site is optimized with the Yoast SEO plugin v27.4 - https:\/\/yoast.com\/product\/yoast-seo-wordpress\/ -->\n<title>\u25b7 Efluvio tel\u00f3geno | Hospital Ribera Povisa<\/title>\n<meta name=\"description\" content=\"lll\u1405 HOSPITAL RIBERA POVISA Efluvio tel\u00f3geno Se trata de una alteraci\u00f3n del ciclo de crecimiento del pelo, por la cual de manera brusca, muchos fol\u00edculos \u2705\" \/>\n<meta name=\"robots\" content=\"index, follow, max-snippet:-1, max-image-preview:large, max-video-preview:-1\" \/>\n<link rel=\"canonical\" href=\"https:\/\/riberasalud.com\/povisa\/efluvio-telogeno\/\" \/>\n<meta property=\"og:locale\" content=\"es_ES\" \/>\n<meta property=\"og:type\" content=\"article\" \/>\n<meta property=\"og:title\" content=\"\u25b7 Efluvio tel\u00f3geno | Hospital Ribera Povisa\" \/>\n<meta property=\"og:description\" content=\"lll\u1405 HOSPITAL RIBERA POVISA Efluvio tel\u00f3geno Se trata de una alteraci\u00f3n del ciclo de crecimiento del pelo, por la cual de manera brusca, muchos fol\u00edculos \u2705\" \/>\n<meta property=\"og:url\" content=\"https:\/\/riberasalud.com\/povisa\/efluvio-telogeno\/\" \/>\n<meta property=\"og:site_name\" content=\"Hospital Ribera Povisa\" \/>\n<meta property=\"article:modified_time\" content=\"2023-07-19T10:14:10+00:00\" \/>\n<meta property=\"og:image\" content=\"https:\/\/riberasalud.com\/povisa\/wp-content\/uploads\/2023\/07\/iconos-02-10.png\" \/>\n<meta name=\"twitter:card\" content=\"summary_large_image\" \/>\n<meta name=\"twitter:label1\" content=\"Tiempo de lectura\" \/>\n\t<meta name=\"twitter:data1\" content=\"2 minutos\" \/>\n<script type=\"application\/ld+json\" class=\"yoast-schema-graph\">{\"@context\":\"https:\\\/\\\/schema.org\",\"@graph\":[{\"@type\":\"WebPage\",\"@id\":\"https:\\\/\\\/riberasalud.com\\\/povisa\\\/efluvio-telogeno\\\/\",\"url\":\"https:\\\/\\\/riberasalud.com\\\/povisa\\\/efluvio-telogeno\\\/\",\"name\":\"\u25b7 Efluvio tel\u00f3geno | Hospital Ribera Povisa\",\"isPartOf\":{\"@id\":\"https:\\\/\\\/riberasalud.com\\\/povisa\\\/#website\"},\"primaryImageOfPage\":{\"@id\":\"https:\\\/\\\/riberasalud.com\\\/povisa\\\/efluvio-telogeno\\\/#primaryimage\"},\"image\":{\"@id\":\"https:\\\/\\\/riberasalud.com\\\/povisa\\\/efluvio-telogeno\\\/#primaryimage\"},\"thumbnailUrl\":\"https:\\\/\\\/riberasalud.com\\\/povisa\\\/wp-content\\\/uploads\\\/2023\\\/07\\\/iconos-02-10.png\",\"datePublished\":\"2023-07-19T06:42:44+00:00\",\"dateModified\":\"2023-07-19T10:14:10+00:00\",\"description\":\"lll\u1405 HOSPITAL RIBERA POVISA Efluvio tel\u00f3geno Se trata de una alteraci\u00f3n del ciclo de crecimiento del pelo, por la cual de manera brusca, muchos fol\u00edculos \u2705\",\"inLanguage\":\"es\",\"potentialAction\":[{\"@type\":\"ReadAction\",\"target\":[\"https:\\\/\\\/riberasalud.com\\\/povisa\\\/efluvio-telogeno\\\/\"]}]},{\"@type\":\"ImageObject\",\"inLanguage\":\"es\",\"@id\":\"https:\\\/\\\/riberasalud.com\\\/povisa\\\/efluvio-telogeno\\\/#primaryimage\",\"url\":\"https:\\\/\\\/riberasalud.com\\\/povisa\\\/wp-content\\\/uploads\\\/2023\\\/07\\\/iconos-02-10.png\",\"contentUrl\":\"https:\\\/\\\/riberasalud.com\\\/povisa\\\/wp-content\\\/uploads\\\/2023\\\/07\\\/iconos-02-10.png\"},{\"@type\":\"WebSite\",\"@id\":\"https:\\\/\\\/riberasalud.com\\\/povisa\\\/#website\",\"url\":\"https:\\\/\\\/riberasalud.com\\\/povisa\\\/\",\"name\":\"Hospital Ribera Povisa\",\"description\":\"\",\"publisher\":{\"@id\":\"https:\\\/\\\/riberasalud.com\\\/povisa\\\/#organization\"},\"potentialAction\":[{\"@type\":\"SearchAction\",\"target\":{\"@type\":\"EntryPoint\",\"urlTemplate\":\"https:\\\/\\\/riberasalud.com\\\/povisa\\\/?s={search_term_string}\"},\"query-input\":{\"@type\":\"PropertyValueSpecification\",\"valueRequired\":true,\"valueName\":\"search_term_string\"}}],\"inLanguage\":\"es\"},{\"@type\":\"Organization\",\"@id\":\"https:\\\/\\\/riberasalud.com\\\/povisa\\\/#organization\",\"name\":\"Hospital Ribera Povisa\",\"url\":\"https:\\\/\\\/riberasalud.com\\\/povisa\\\/\",\"logo\":{\"@type\":\"ImageObject\",\"inLanguage\":\"es\",\"@id\":\"https:\\\/\\\/riberasalud.com\\\/povisa\\\/#\\\/schema\\\/logo\\\/image\\\/\",\"url\":\"https:\\\/\\\/riberasalud.com\\\/povisa\\\/wp-content\\\/uploads\\\/2024\\\/01\\\/cropped-Logo-Red-Povisa.png\",\"contentUrl\":\"https:\\\/\\\/riberasalud.com\\\/povisa\\\/wp-content\\\/uploads\\\/2024\\\/01\\\/cropped-Logo-Red-Povisa.png\",\"width\":1929,\"height\":489,\"caption\":\"Hospital Ribera Povisa\"},\"image\":{\"@id\":\"https:\\\/\\\/riberasalud.com\\\/povisa\\\/#\\\/schema\\\/logo\\\/image\\\/\"}}]}<\/script>\n<!-- \/ Yoast SEO plugin. -->","yoast_head_json":{"title":"\u25b7 Efluvio tel\u00f3geno | Hospital Ribera Povisa","description":"lll\u1405 HOSPITAL RIBERA POVISA Efluvio tel\u00f3geno Se trata de una alteraci\u00f3n del ciclo de crecimiento del pelo, por la cual de manera brusca, muchos fol\u00edculos \u2705","robots":{"index":"index","follow":"follow","max-snippet":"max-snippet:-1","max-image-preview":"max-image-preview:large","max-video-preview":"max-video-preview:-1"},"canonical":"https:\/\/riberasalud.com\/povisa\/efluvio-telogeno\/","og_locale":"es_ES","og_type":"article","og_title":"\u25b7 Efluvio tel\u00f3geno | Hospital Ribera Povisa","og_description":"lll\u1405 HOSPITAL RIBERA POVISA Efluvio tel\u00f3geno Se trata de una alteraci\u00f3n del ciclo de crecimiento del pelo, por la cual de manera brusca, muchos fol\u00edculos \u2705","og_url":"https:\/\/riberasalud.com\/povisa\/efluvio-telogeno\/","og_site_name":"Hospital Ribera Povisa","article_modified_time":"2023-07-19T10:14:10+00:00","og_image":[{"url":"https:\/\/riberasalud.com\/povisa\/wp-content\/uploads\/2023\/07\/iconos-02-10.png","type":"","width":"","height":""}],"twitter_card":"summary_large_image","twitter_misc":{"Tiempo de lectura":"2 minutos"},"schema":{"@context":"https:\/\/schema.org","@graph":[{"@type":"WebPage","@id":"https:\/\/riberasalud.com\/povisa\/efluvio-telogeno\/","url":"https:\/\/riberasalud.com\/povisa\/efluvio-telogeno\/","name":"\u25b7 Efluvio tel\u00f3geno | Hospital Ribera Povisa","isPartOf":{"@id":"https:\/\/riberasalud.com\/povisa\/#website"},"primaryImageOfPage":{"@id":"https:\/\/riberasalud.com\/povisa\/efluvio-telogeno\/#primaryimage"},"image":{"@id":"https:\/\/riberasalud.com\/povisa\/efluvio-telogeno\/#primaryimage"},"thumbnailUrl":"https:\/\/riberasalud.com\/povisa\/wp-content\/uploads\/2023\/07\/iconos-02-10.png","datePublished":"2023-07-19T06:42:44+00:00","dateModified":"2023-07-19T10:14:10+00:00","description":"lll\u1405 HOSPITAL RIBERA POVISA Efluvio tel\u00f3geno Se trata de una alteraci\u00f3n del ciclo de crecimiento del pelo, por la cual de manera brusca, muchos fol\u00edculos \u2705","inLanguage":"es","potentialAction":[{"@type":"ReadAction","target":["https:\/\/riberasalud.com\/povisa\/efluvio-telogeno\/"]}]},{"@type":"ImageObject","inLanguage":"es","@id":"https:\/\/riberasalud.com\/povisa\/efluvio-telogeno\/#primaryimage","url":"https:\/\/riberasalud.com\/povisa\/wp-content\/uploads\/2023\/07\/iconos-02-10.png","contentUrl":"https:\/\/riberasalud.com\/povisa\/wp-content\/uploads\/2023\/07\/iconos-02-10.png"},{"@type":"WebSite","@id":"https:\/\/riberasalud.com\/povisa\/#website","url":"https:\/\/riberasalud.com\/povisa\/","name":"Hospital Ribera Povisa","description":"","publisher":{"@id":"https:\/\/riberasalud.com\/povisa\/#organization"},"potentialAction":[{"@type":"SearchAction","target":{"@type":"EntryPoint","urlTemplate":"https:\/\/riberasalud.com\/povisa\/?s={search_term_string}"},"query-input":{"@type":"PropertyValueSpecification","valueRequired":true,"valueName":"search_term_string"}}],"inLanguage":"es"},{"@type":"Organization","@id":"https:\/\/riberasalud.com\/povisa\/#organization","name":"Hospital Ribera Povisa","url":"https:\/\/riberasalud.com\/povisa\/","logo":{"@type":"ImageObject","inLanguage":"es","@id":"https:\/\/riberasalud.com\/povisa\/#\/schema\/logo\/image\/","url":"https:\/\/riberasalud.com\/povisa\/wp-content\/uploads\/2024\/01\/cropped-Logo-Red-Povisa.png","contentUrl":"https:\/\/riberasalud.com\/povisa\/wp-content\/uploads\/2024\/01\/cropped-Logo-Red-Povisa.png","width":1929,"height":489,"caption":"Hospital Ribera Povisa"},"image":{"@id":"https:\/\/riberasalud.com\/povisa\/#\/schema\/logo\/image\/"}}]}},"_links":{"self":[{"href":"https:\/\/riberasalud.com\/povisa\/wp-json\/wp\/v2\/pages\/9538","targetHints":{"allow":["GET"]}}],"collection":[{"href":"https:\/\/riberasalud.com\/povisa\/wp-json\/wp\/v2\/pages"}],"about":[{"href":"https:\/\/riberasalud.com\/povisa\/wp-json\/wp\/v2\/types\/page"}],"author":[{"embeddable":true,"href":"https:\/\/riberasalud.com\/povisa\/wp-json\/wp\/v2\/users\/1"}],"replies":[{"embeddable":true,"href":"https:\/\/riberasalud.com\/povisa\/wp-json\/wp\/v2\/comments?post=9538"}],"version-history":[{"count":2,"href":"https:\/\/riberasalud.com\/povisa\/wp-json\/wp\/v2\/pages\/9538\/revisions"}],"predecessor-version":[{"id":9667,"href":"https:\/\/riberasalud.com\/povisa\/wp-json\/wp\/v2\/pages\/9538\/revisions\/9667"}],"wp:attachment":[{"href":"https:\/\/riberasalud.com\/povisa\/wp-json\/wp\/v2\/media?parent=9538"}],"curies":[{"name":"wp","href":"https:\/\/api.w.org\/{rel}","templated":true}]}}