{"id":9511,"date":"2023-07-18T09:05:25","date_gmt":"2023-07-18T09:05:25","guid":{"rendered":"https:\/\/riberasalud.com\/povisaaux\/?page_id=9511"},"modified":"2026-01-08T12:43:57","modified_gmt":"2026-01-08T12:43:57","slug":"medicina-familiar-y-comunitaria","status":"publish","type":"page","link":"https:\/\/riberasalud.com\/povisa\/medicina-familiar-y-comunitaria\/","title":{"rendered":"Medicina Familiar y Comunitaria"},"content":{"rendered":"\n<div class=\"wp-block-group hasbackgroundnaranja sliderlinea\"><div class=\"wp-block-group__inner-container is-layout-flow wp-block-group-is-layout-flow\">\n<p>HOSPITAL RIBERA POVISA<\/p>\n\n\n\n<h1 class=\"wp-block-heading\">Medicina Familiar y Comunitaria<\/h1>\n<\/div><\/div>\n\n\n\n<div class=\"wp-block-group hasbackgroundnaranja zeromargingroup zerozeromargingroup\"><div class=\"wp-block-group__inner-container is-layout-flow wp-block-group-is-layout-flow\">\n<div class=\"wp-block-columns columnanomargin is-layout-flex wp-container-core-columns-is-layout-9d6595d7 wp-block-columns-is-layout-flex\">\n<div class=\"wp-block-column is-vertically-aligned-center is-layout-flow wp-block-column-is-layout-flow\" style=\"flex-basis:25%\">\n<h2 class=\"wp-block-heading has-text-align-left zeromargin\">\u00a1El\u00edgenos!<\/h2>\n<\/div>\n\n\n\n<div class=\"wp-block-column is-layout-flow wp-block-column-is-layout-flow\" style=\"flex-basis:37%\">\n<h3 class=\"wp-block-heading\">Plan formativo<\/h3>\n\n\n\n<p class=\"zeromargin\">Descargar plan formativo \u2192<br>Descargar plan gesti\u00f3n y calidad docente \u2192<\/p>\n<\/div>\n\n\n\n<div class=\"wp-block-column is-layout-flow wp-block-column-is-layout-flow\" style=\"flex-basis:37%\">\n<h3 class=\"wp-block-heading\">Contacto<\/h3>\n\n\n\n<p class=\"zeromargin\"><strong><a href=\"mailto:secretaria.comision.docencia@povisa.es\" target=\"_blank\" rel=\"noreferrer noopener\"><\/a><strong><a href=\"mailto:secretaria.comision.docencia.povisa@riberacare.com\" target=\"_blank\" rel=\"noreferrer noopener\"><\/a><a href=\"mailto:secretaria.comision.docencia.povisa@riberacare.com\" target=\"_blank\" rel=\"noreferrer noopener\">secretaria.comision.docencia.povisa@riberacare.com<\/a><\/strong><\/strong><\/p>\n<\/div>\n<\/div>\n<\/div><\/div>\n\n\n\n<div class=\"wp-block-group\"><div class=\"wp-block-group__inner-container is-layout-flow wp-block-group-is-layout-flow\">\n<figure class=\"wp-block-image size-full fotoredonda\"><img loading=\"lazy\" decoding=\"async\" width=\"1920\" height=\"420\" src=\"https:\/\/riberasalud.com\/povisa\/wp-content\/uploads\/2023\/07\/familiar.jpg\" alt=\"\" class=\"wp-image-9680\" srcset=\"https:\/\/riberasalud.com\/povisa\/wp-content\/uploads\/2023\/07\/familiar.jpg 1920w, https:\/\/riberasalud.com\/povisa\/wp-content\/uploads\/2023\/07\/familiar-300x66.jpg 300w, https:\/\/riberasalud.com\/povisa\/wp-content\/uploads\/2023\/07\/familiar-1024x224.jpg 1024w, https:\/\/riberasalud.com\/povisa\/wp-content\/uploads\/2023\/07\/familiar-768x168.jpg 768w, https:\/\/riberasalud.com\/povisa\/wp-content\/uploads\/2023\/07\/familiar-1536x336.jpg 1536w\" sizes=\"auto, (max-width: 1920px) 100vw, 1920px\" \/><\/figure>\n\n\n\n<div style=\"height:20px\" aria-hidden=\"true\" class=\"wp-block-spacer\"><\/div>\n\n\n\n<p>El Hospital Ribera POVISA&nbsp;ofrece desde hace a\u00f1os la posibilidad de realizar la Residencia en Medicina Familiar y Comunitaria. En colaboraci\u00f3n y coordinaci\u00f3n con la Unidad Docente de Vigo, al tratarse de un centro de tercer nivel, los residentes tienen la facilidad de rotar por las especialidades m\u00e9dicas y quir\u00fargicas inclu\u00eddas dentro del programa formativo.&nbsp;Los pacientes provienen de las \u00e1reas sanitarias y Centros de Salud adscritos del Servicio Galego de Sa\u00fade (SERGAS). De cara a la formaci\u00f3n del residente esto supone una ventaja formativa al cerrar el c\u00edrculo asistencial pudiendo realizar la rotaci\u00f3n por centro de salud, Punto de Atenci\u00f3n Continuada, rotaciones&nbsp; hospitalarias m\u00e9dicas y quir\u00fargicas y Urgencias Hospitalarias dentro del mismo sector de salud, benefici\u00e1ndose del conocimiento de los circu\u00edtos y las relaciones que se establecen entre Atenci\u00f3n Primaria y Atenci\u00f3n Hospitalaria, favoreciendo la continuidad de cuidados del paciente.<\/p>\n\n\n\n<p>Desde el Hospital Ribera-Povisa se entiende que la formaci\u00f3n de los especialistas en Medicina Familiar y Comunitaria no termina en su labor&nbsp;asistencial. Como parte importante del grupo de residentes del Hospital, se promueve y facilita a trav\u00e9s de la Comici\u00f3n de Docencia la participaci\u00f3n en sesiones cl\u00ednicas y cursos en igualdad de condiciones con los residentes de otras especialidades. En esa l\u00ednea este a\u00f1o se ha puesto en marcha con gran implicaci\u00f3n por parte de los residentes actuales del plan de \u201cUrgencias 15\/15\u201d, sesiones peri\u00f3dicas preparadas por los residentes de Medicina Familiar y Comunitaria, abiertas a todas las especialidades, para abordar el manejo de la patolog\u00eda m\u00e1s prevalente en Urgencias y presentaci\u00f3n de casos cl\u00ednicos reales que hayan atendido en el servicio. &nbsp;<\/p>\n\n\n\n<p>El Servicio de Urgencias del Hospital Ribera POVISA atiende aproximadamente 250-300 urgencias generales en 24 horas.&nbsp; Cuenta con unas 80 personas entre m\u00e9dicos adjuntos, enfermer\u00eda, auxiliares de enfermer\u00eda y celadores.&nbsp; Adem\u00e1s, es el centro de referencia para el sur de Galicia en Unidad de Quemados, Cirug\u00eda de la Mano y Cirug\u00eda Maxilofacial, suponiendo la atenci\u00f3n a estos pacientes un valor a\u00f1adido que complementa la formaci\u00f3n en Urgencias de los M\u00e9dicos de Familia, sobre todo de cara al manejo de esas patolog\u00edas una vez que terminen su periodo formativo y comiencen a realizar asistencia bien en Atenci\u00f3n Primaria, Urgencias extrahospitalarias o Urgencias hospitalarias.&nbsp;<\/p>\n\n\n\n<p>En general, el buen ambiente de trabajo y la excelente colaboraci\u00f3n entre los distintos servicios hace que a\u00f1o tras a\u00f1o se valore favorablemente al Hospital Ribera POVISA&nbsp; como centro de formaci\u00f3n en Medicina Familiar y Comunitaria.<\/p>\n\n\n\n<p><\/p>\n<\/div><\/div>\n","protected":false},"excerpt":{"rendered":"<p>HOSPITAL RIBERA POVISA Medicina Familiar y Comunitaria \u00a1El\u00edgenos! Plan formativo Descargar plan formativo \u2192Descargar plan gesti\u00f3n y calidad docente \u2192 Contacto secretaria.comision.docencia.povisa@riberacare.com El Hospital Ribera POVISA&nbsp;ofrece desde hace a\u00f1os la posibilidad de realizar la Residencia en Medicina Familiar y Comunitaria. En colaboraci\u00f3n y coordinaci\u00f3n con la Unidad Docente de Vigo, al tratarse de un centro &#8230; <a title=\"Medicina Familiar y Comunitaria\" class=\"read-more\" href=\"https:\/\/riberasalud.com\/povisa\/medicina-familiar-y-comunitaria\/\" aria-label=\"Leer m\u00e1s sobre Medicina Familiar y Comunitaria\">Leer m\u00e1s<\/a><\/p>\n","protected":false},"author":1,"featured_media":0,"parent":0,"menu_order":0,"comment_status":"closed","ping_status":"closed","template":"","meta":{"_coblocks_attr":"","_coblocks_dimensions":"","_coblocks_responsive_height":"","_coblocks_accordion_ie_support":"","_monsterinsights_skip_tracking":false,"_monsterinsights_sitenote_active":false,"_monsterinsights_sitenote_note":"","_monsterinsights_sitenote_category":0,"footnotes":""},"class_list":["post-9511","page","type-page","status-publish"],"yoast_head":"<!-- This site is optimized with the Yoast SEO plugin v26.9 - https:\/\/yoast.com\/product\/yoast-seo-wordpress\/ -->\n<title>\u25b7 Medicina Familiar y Comunitaria | Hospital Ribera Povisa<\/title>\n<meta name=\"description\" content=\"lll\u1405 HOSPITAL RIBERA POVISA Medicina Familiar y Comunitaria \u00a1El\u00edgenos! Plan formativo Descargar plan formativo \u2192Descargar plan gesti\u00f3n y calidad docente \u2192 \u2705\" \/>\n<meta name=\"robots\" content=\"index, follow, max-snippet:-1, max-image-preview:large, max-video-preview:-1\" \/>\n<link rel=\"canonical\" href=\"https:\/\/riberasalud.com\/povisa\/medicina-familiar-y-comunitaria\/\" \/>\n<meta property=\"og:locale\" content=\"es_ES\" \/>\n<meta property=\"og:type\" content=\"article\" \/>\n<meta property=\"og:title\" content=\"\u25b7 Medicina Familiar y Comunitaria | Hospital Ribera Povisa\" \/>\n<meta property=\"og:description\" content=\"lll\u1405 HOSPITAL RIBERA POVISA Medicina Familiar y Comunitaria \u00a1El\u00edgenos! Plan formativo Descargar plan formativo \u2192Descargar plan gesti\u00f3n y calidad docente \u2192 \u2705\" \/>\n<meta property=\"og:url\" content=\"https:\/\/riberasalud.com\/povisa\/medicina-familiar-y-comunitaria\/\" \/>\n<meta property=\"og:site_name\" content=\"Hospital Ribera Povisa\" \/>\n<meta property=\"article:modified_time\" content=\"2026-01-08T12:43:57+00:00\" \/>\n<meta property=\"og:image\" content=\"https:\/\/riberasalud.com\/povisa\/wp-content\/uploads\/2023\/07\/familiar.jpg\" \/>\n<meta name=\"twitter:card\" content=\"summary_large_image\" \/>\n<meta name=\"twitter:label1\" content=\"Tiempo de lectura\" \/>\n\t<meta name=\"twitter:data1\" content=\"3 minutos\" \/>\n<script type=\"application\/ld+json\" class=\"yoast-schema-graph\">{\"@context\":\"https:\/\/schema.org\",\"@graph\":[{\"@type\":\"WebPage\",\"@id\":\"https:\/\/riberasalud.com\/povisa\/medicina-familiar-y-comunitaria\/\",\"url\":\"https:\/\/riberasalud.com\/povisa\/medicina-familiar-y-comunitaria\/\",\"name\":\"\u25b7 Medicina Familiar y Comunitaria | Hospital Ribera Povisa\",\"isPartOf\":{\"@id\":\"https:\/\/riberasalud.com\/povisa\/#website\"},\"primaryImageOfPage\":{\"@id\":\"https:\/\/riberasalud.com\/povisa\/medicina-familiar-y-comunitaria\/#primaryimage\"},\"image\":{\"@id\":\"https:\/\/riberasalud.com\/povisa\/medicina-familiar-y-comunitaria\/#primaryimage\"},\"thumbnailUrl\":\"https:\/\/riberasalud.com\/povisa\/wp-content\/uploads\/2023\/07\/familiar.jpg\",\"datePublished\":\"2023-07-18T09:05:25+00:00\",\"dateModified\":\"2026-01-08T12:43:57+00:00\",\"description\":\"lll\u1405 HOSPITAL RIBERA POVISA Medicina Familiar y Comunitaria \u00a1El\u00edgenos! Plan formativo Descargar plan formativo \u2192Descargar plan gesti\u00f3n y calidad docente \u2192 \u2705\",\"inLanguage\":\"es\",\"potentialAction\":[{\"@type\":\"ReadAction\",\"target\":[\"https:\/\/riberasalud.com\/povisa\/medicina-familiar-y-comunitaria\/\"]}]},{\"@type\":\"ImageObject\",\"inLanguage\":\"es\",\"@id\":\"https:\/\/riberasalud.com\/povisa\/medicina-familiar-y-comunitaria\/#primaryimage\",\"url\":\"https:\/\/riberasalud.com\/povisa\/wp-content\/uploads\/2023\/07\/familiar.jpg\",\"contentUrl\":\"https:\/\/riberasalud.com\/povisa\/wp-content\/uploads\/2023\/07\/familiar.jpg\"},{\"@type\":\"WebSite\",\"@id\":\"https:\/\/riberasalud.com\/povisa\/#website\",\"url\":\"https:\/\/riberasalud.com\/povisa\/\",\"name\":\"Hospital Ribera Povisa\",\"description\":\"\",\"publisher\":{\"@id\":\"https:\/\/riberasalud.com\/povisa\/#organization\"},\"potentialAction\":[{\"@type\":\"SearchAction\",\"target\":{\"@type\":\"EntryPoint\",\"urlTemplate\":\"https:\/\/riberasalud.com\/povisa\/?s={search_term_string}\"},\"query-input\":{\"@type\":\"PropertyValueSpecification\",\"valueRequired\":true,\"valueName\":\"search_term_string\"}}],\"inLanguage\":\"es\"},{\"@type\":\"Organization\",\"@id\":\"https:\/\/riberasalud.com\/povisa\/#organization\",\"name\":\"Hospital Ribera Povisa\",\"url\":\"https:\/\/riberasalud.com\/povisa\/\",\"logo\":{\"@type\":\"ImageObject\",\"inLanguage\":\"es\",\"@id\":\"https:\/\/riberasalud.com\/povisa\/#\/schema\/logo\/image\/\",\"url\":\"https:\/\/riberasalud.com\/povisa\/wp-content\/uploads\/2024\/01\/cropped-Logo-Red-Povisa.png\",\"contentUrl\":\"https:\/\/riberasalud.com\/povisa\/wp-content\/uploads\/2024\/01\/cropped-Logo-Red-Povisa.png\",\"width\":1929,\"height\":489,\"caption\":\"Hospital Ribera Povisa\"},\"image\":{\"@id\":\"https:\/\/riberasalud.com\/povisa\/#\/schema\/logo\/image\/\"}}]}<\/script>\n<!-- \/ Yoast SEO plugin. -->","yoast_head_json":{"title":"\u25b7 Medicina Familiar y Comunitaria | Hospital Ribera Povisa","description":"lll\u1405 HOSPITAL RIBERA POVISA Medicina Familiar y Comunitaria \u00a1El\u00edgenos! Plan formativo Descargar plan formativo \u2192Descargar plan gesti\u00f3n y calidad docente \u2192 \u2705","robots":{"index":"index","follow":"follow","max-snippet":"max-snippet:-1","max-image-preview":"max-image-preview:large","max-video-preview":"max-video-preview:-1"},"canonical":"https:\/\/riberasalud.com\/povisa\/medicina-familiar-y-comunitaria\/","og_locale":"es_ES","og_type":"article","og_title":"\u25b7 Medicina Familiar y Comunitaria | Hospital Ribera Povisa","og_description":"lll\u1405 HOSPITAL RIBERA POVISA Medicina Familiar y Comunitaria \u00a1El\u00edgenos! Plan formativo Descargar plan formativo \u2192Descargar plan gesti\u00f3n y calidad docente \u2192 \u2705","og_url":"https:\/\/riberasalud.com\/povisa\/medicina-familiar-y-comunitaria\/","og_site_name":"Hospital Ribera Povisa","article_modified_time":"2026-01-08T12:43:57+00:00","og_image":[{"url":"https:\/\/riberasalud.com\/povisa\/wp-content\/uploads\/2023\/07\/familiar.jpg","type":"","width":"","height":""}],"twitter_card":"summary_large_image","twitter_misc":{"Tiempo de lectura":"3 minutos"},"schema":{"@context":"https:\/\/schema.org","@graph":[{"@type":"WebPage","@id":"https:\/\/riberasalud.com\/povisa\/medicina-familiar-y-comunitaria\/","url":"https:\/\/riberasalud.com\/povisa\/medicina-familiar-y-comunitaria\/","name":"\u25b7 Medicina Familiar y Comunitaria | Hospital Ribera Povisa","isPartOf":{"@id":"https:\/\/riberasalud.com\/povisa\/#website"},"primaryImageOfPage":{"@id":"https:\/\/riberasalud.com\/povisa\/medicina-familiar-y-comunitaria\/#primaryimage"},"image":{"@id":"https:\/\/riberasalud.com\/povisa\/medicina-familiar-y-comunitaria\/#primaryimage"},"thumbnailUrl":"https:\/\/riberasalud.com\/povisa\/wp-content\/uploads\/2023\/07\/familiar.jpg","datePublished":"2023-07-18T09:05:25+00:00","dateModified":"2026-01-08T12:43:57+00:00","description":"lll\u1405 HOSPITAL RIBERA POVISA Medicina Familiar y Comunitaria \u00a1El\u00edgenos! Plan formativo Descargar plan formativo \u2192Descargar plan gesti\u00f3n y calidad docente \u2192 \u2705","inLanguage":"es","potentialAction":[{"@type":"ReadAction","target":["https:\/\/riberasalud.com\/povisa\/medicina-familiar-y-comunitaria\/"]}]},{"@type":"ImageObject","inLanguage":"es","@id":"https:\/\/riberasalud.com\/povisa\/medicina-familiar-y-comunitaria\/#primaryimage","url":"https:\/\/riberasalud.com\/povisa\/wp-content\/uploads\/2023\/07\/familiar.jpg","contentUrl":"https:\/\/riberasalud.com\/povisa\/wp-content\/uploads\/2023\/07\/familiar.jpg"},{"@type":"WebSite","@id":"https:\/\/riberasalud.com\/povisa\/#website","url":"https:\/\/riberasalud.com\/povisa\/","name":"Hospital Ribera Povisa","description":"","publisher":{"@id":"https:\/\/riberasalud.com\/povisa\/#organization"},"potentialAction":[{"@type":"SearchAction","target":{"@type":"EntryPoint","urlTemplate":"https:\/\/riberasalud.com\/povisa\/?s={search_term_string}"},"query-input":{"@type":"PropertyValueSpecification","valueRequired":true,"valueName":"search_term_string"}}],"inLanguage":"es"},{"@type":"Organization","@id":"https:\/\/riberasalud.com\/povisa\/#organization","name":"Hospital Ribera Povisa","url":"https:\/\/riberasalud.com\/povisa\/","logo":{"@type":"ImageObject","inLanguage":"es","@id":"https:\/\/riberasalud.com\/povisa\/#\/schema\/logo\/image\/","url":"https:\/\/riberasalud.com\/povisa\/wp-content\/uploads\/2024\/01\/cropped-Logo-Red-Povisa.png","contentUrl":"https:\/\/riberasalud.com\/povisa\/wp-content\/uploads\/2024\/01\/cropped-Logo-Red-Povisa.png","width":1929,"height":489,"caption":"Hospital Ribera Povisa"},"image":{"@id":"https:\/\/riberasalud.com\/povisa\/#\/schema\/logo\/image\/"}}]}},"_links":{"self":[{"href":"https:\/\/riberasalud.com\/povisa\/wp-json\/wp\/v2\/pages\/9511","targetHints":{"allow":["GET"]}}],"collection":[{"href":"https:\/\/riberasalud.com\/povisa\/wp-json\/wp\/v2\/pages"}],"about":[{"href":"https:\/\/riberasalud.com\/povisa\/wp-json\/wp\/v2\/types\/page"}],"author":[{"embeddable":true,"href":"https:\/\/riberasalud.com\/povisa\/wp-json\/wp\/v2\/users\/1"}],"replies":[{"embeddable":true,"href":"https:\/\/riberasalud.com\/povisa\/wp-json\/wp\/v2\/comments?post=9511"}],"version-history":[{"count":5,"href":"https:\/\/riberasalud.com\/povisa\/wp-json\/wp\/v2\/pages\/9511\/revisions"}],"predecessor-version":[{"id":15528,"href":"https:\/\/riberasalud.com\/povisa\/wp-json\/wp\/v2\/pages\/9511\/revisions\/15528"}],"wp:attachment":[{"href":"https:\/\/riberasalud.com\/povisa\/wp-json\/wp\/v2\/media?parent=9511"}],"curies":[{"name":"wp","href":"https:\/\/api.w.org\/{rel}","templated":true}]}}