{"id":9510,"date":"2023-07-18T09:04:36","date_gmt":"2023-07-18T09:04:36","guid":{"rendered":"https:\/\/riberasalud.com\/povisaaux\/?page_id=9510"},"modified":"2026-01-08T12:42:21","modified_gmt":"2026-01-08T12:42:21","slug":"radiodiagnostico","status":"publish","type":"page","link":"https:\/\/riberasalud.com\/povisa\/radiodiagnostico\/","title":{"rendered":"Radiodiagn\u00f3stico"},"content":{"rendered":"\n<div class=\"wp-block-group hasbackgroundnaranja sliderlinea\"><div class=\"wp-block-group__inner-container is-layout-flow wp-block-group-is-layout-flow\">\n<p>HOSPITAL RIBERA POVISA<\/p>\n\n\n\n<h1 class=\"wp-block-heading\">Radiodiagn\u00f3stico<\/h1>\n<\/div><\/div>\n\n\n\n<div class=\"wp-block-group hasbackgroundnaranja zeromargingroup zerozeromargingroup\"><div class=\"wp-block-group__inner-container is-layout-flow wp-block-group-is-layout-flow\">\n<div class=\"wp-block-columns columnanomargin is-layout-flex wp-container-core-columns-is-layout-9d6595d7 wp-block-columns-is-layout-flex\">\n<div class=\"wp-block-column is-vertically-aligned-center is-layout-flow wp-block-column-is-layout-flow\" style=\"flex-basis:25%\">\n<h2 class=\"wp-block-heading has-text-align-left zeromargin\">\u00a1El\u00edgenos!<\/h2>\n<\/div>\n\n\n\n<div class=\"wp-block-column is-layout-flow wp-block-column-is-layout-flow\" style=\"flex-basis:37%\">\n<h3 class=\"wp-block-heading\">Plan formativo<\/h3>\n\n\n\n<p class=\"zeromargin\"><a href=\"https:\/\/riberasalud.com\/povisa\/wp-content\/uploads\/2023\/07\/Guia-Formativa-Radiodiagnostico.pdf\">Descargar plan formativo \u2192<br><\/a>Descargar plan gesti\u00f3n y calidad docente \u2192<\/p>\n<\/div>\n\n\n\n<div class=\"wp-block-column is-layout-flow wp-block-column-is-layout-flow\" style=\"flex-basis:37%\">\n<h3 class=\"wp-block-heading\">Contacto<\/h3>\n\n\n\n<p class=\"zeromargin\"><strong><a href=\"mailto:secretaria.comision.docencia@povisa.es\" target=\"_blank\" rel=\"noreferrer noopener\"><\/a><strong><a href=\"mailto:secretaria.comision.docencia.povisa@riberacare.com\" target=\"_blank\" rel=\"noreferrer noopener\"><\/a><a href=\"mailto:secretaria.comision.docencia.povisa@riberacare.com\" target=\"_blank\" rel=\"noreferrer noopener\">secretaria.comision.docencia.povisa@riberacare.com<\/a><\/strong><\/strong><\/p>\n<\/div>\n<\/div>\n<\/div><\/div>\n\n\n\n<div class=\"wp-block-group\"><div class=\"wp-block-group__inner-container is-layout-flow wp-block-group-is-layout-flow\">\n<figure class=\"wp-block-image size-full fotoredonda\"><img loading=\"lazy\" decoding=\"async\" width=\"1920\" height=\"420\" src=\"https:\/\/riberasalud.com\/povisa\/wp-content\/uploads\/2023\/07\/radiodiagnostico.jpg\" alt=\"\" class=\"wp-image-9679\" srcset=\"https:\/\/riberasalud.com\/povisa\/wp-content\/uploads\/2023\/07\/radiodiagnostico.jpg 1920w, https:\/\/riberasalud.com\/povisa\/wp-content\/uploads\/2023\/07\/radiodiagnostico-300x66.jpg 300w, https:\/\/riberasalud.com\/povisa\/wp-content\/uploads\/2023\/07\/radiodiagnostico-1024x224.jpg 1024w, https:\/\/riberasalud.com\/povisa\/wp-content\/uploads\/2023\/07\/radiodiagnostico-768x168.jpg 768w, https:\/\/riberasalud.com\/povisa\/wp-content\/uploads\/2023\/07\/radiodiagnostico-1536x336.jpg 1536w\" sizes=\"auto, (max-width: 1920px) 100vw, 1920px\" \/><\/figure>\n\n\n\n<div style=\"height:20px\" aria-hidden=\"true\" class=\"wp-block-spacer\"><\/div>\n\n\n\n<p>El Servicio de Radiolog\u00eda del Hospital Ribera Povisa est\u00e1 formado por 17 adjuntos y 4 residentes. Somos un servicio con una edad media de 40 a\u00f1os donde se combina la juventud de adjuntos recientemente incorporados con la experiencia de los m\u00e1s veteranos y lo m\u00e1s importante con un ambiente de trabajo excepcional.<\/p>\n\n\n\n<p>Somos un servicio central equipado con una alta tecnolog\u00eda:<\/p>\n\n\n\n<p><strong>\u2013 3 equipos de Resonancia Magn\u00e9tica de 1,5 Teslas.<\/strong><\/p>\n\n\n\n<p><strong>\u2013 1 TC multicorte doble fuente de 128 detectores,&nbsp; 1 TC multicorte de 32 detectores.<\/strong><\/p>\n\n\n\n<p><strong>\u2013 1 mam\u00f3grafo con tomos\u00edtesis.<\/strong><\/p>\n\n\n\n<p><strong>\u2013 5 ec\u00f3grafos de \u00faltima generaci\u00f3n.<\/strong><\/p>\n\n\n\n<p><strong>\u2013 Diversas salas con equipos digitales de radiolog\u00eda convencional.<\/strong><\/p>\n\n\n\n<p><strong>\u2013 1 sala de radiolog\u00eda intervencionista.<\/strong><\/p>\n\n\n\n<p>Tenemos una amplia trayectoria en docencia con 28 a\u00f1os de experiencia en la formaci\u00f3n de MIR en Radiolog\u00eda, ofertando una o dos plazas MIR por a\u00f1o. Adem\u00e1s, siempre tenemos en el servicio a m\u00e9dicos radi\u00f3logos en formaci\u00f3n y a especialistas de otros hospitales nacionales e internacionales (sobre todo portugueses y latinoamericanos) haciendo rotatorios y completando su formaci\u00f3n. Tambi\u00e9n a m\u00e9dicos de otras especialidades; medicina interna, anestesia, medicina de familia, traumatolog\u00eda, cirug\u00eda, cardiolog\u00eda, etc) que completan con nosotros su formaci\u00f3n en determinadas \u00e1reas de conocimiento.<\/p>\n\n\n\n<p>&nbsp;El servicio est\u00e1 estructurado siguiendo un patr\u00f3n por \u00f3rganos y sistemas cl\u00ednicos (Abdomen, T\u00f3rax-Cardio, Cuello, Musculo-Esquel\u00e9tico, Neurorradiolog\u00eda, Mama y Vascular e Intervencionista) y la formaci\u00f3n se establece por rotatorios siguiendo estos sistemas, sin olvidar la docencia de las diferentes t\u00e9cnicas radiol\u00f3gicas.<\/p>\n\n\n\n<p>El programa de formaci\u00f3n sigue las directrices del <strong><em>Programa de Formaci\u00f3n de Residentes de la Comisi\u00f3n Nacional de Radiodiagn\u00f3stico<\/em> <\/strong>y conseguimos un programa con unas rotaciones generales y otras opcionales m\u00e1s personalizadas que sirven para afianzar aquellas rotaciones que no se hubieran completado adecuadamente, para profundizar en una parcela del conocimiento (peque\u00f1a subespecializaci\u00f3n) o para conocer otro servicio de radiolog\u00eda de calidad (rotaciones externas en hospitales universitarios, AFIP, programas de investigaci\u00f3n).<\/p>\n\n\n\n<p>Todos los adjuntos est\u00e1n muy implicados en la formaci\u00f3n del MIR y hay dos tutores que se encargan de planificar y gestionar todas las rotaciones as\u00ed como ayudar al residente en cualquier situaci\u00f3n que lo requiera.<\/p>\n\n\n\n<p><strong>Sesiones y seminarios<\/strong><\/p>\n\n\n\n<p>Todas las ma\u00f1anas hay sesiones cl\u00ednicas donde el residente presenta un caso del \u00e1rea en la que est\u00e1 rotando seleccionado de acuerdo con el radi\u00f3logo que le supervisa. Los martes la sesi\u00f3n es diferente, este d\u00eda es una Sesi\u00f3n de Lectura de casos, en el que un miembro de la plantilla pondr\u00e1 un caso seleccionado para el nivel te\u00f3rico de conocimientos de cada residente, quien tendr\u00e1 que leerlo y tratar de obtener todo el m\u00e1ximo partido posible a las im\u00e1genes que se aportan.<\/p>\n\n\n\n<p>De manera alternada, cada jueves hay una sesi\u00f3n cl\u00ednico-radiol\u00f3gica o una sesi\u00f3n general del hospital. Son sesiones abiertas a todo el hospital y de gran inter\u00e9s formativo. En la sesi\u00f3n cl\u00ednico-radiol\u00f3gica se presentan casos por parte de los residentes de diferentes especialidades, siempre uno de radiolog\u00eda, para posteriormente establecer una discusi\u00f3n sobre el mismo. En las sesiones generales diferentes especialistas de todos los servicios exponen un tema de actualidad que tenga car\u00e1cter general para el hospital.&nbsp;<\/p>\n\n\n\n<p>Con periodicidad mensual hay sesiones bibliogr\u00e1ficas a primera hora de la ma\u00f1ana, con fechas variables.&nbsp;<\/p>\n\n\n\n<p>Peri\u00f3dicamente hay sesiones interdisciplinares de los diferentes Comit\u00e9s de Tumores donde el residente tambi\u00e9n forma parte activa en la exposici\u00f3n y discusi\u00f3n de los casos.<\/p>\n\n\n\n<p><strong>Responsabilidades del residente<\/strong><\/p>\n\n\n\n<p>Desde tus comienzos, ten presente que tu formaci\u00f3n se encamina a hacer de ti un radi\u00f3logo. Los conocimientos de la especialidad (semiolog\u00eda, adecuaci\u00f3n t\u00e9cnica, integraci\u00f3n de informaci\u00f3n) son muy importantes, pero hay otras parcelas que no debes descuidar.&nbsp;<\/p>\n\n\n\n<p><em>RESPECTO A LAS EXPLORACIONES:<\/em><\/p>\n\n\n\n<ul class=\"wp-block-list\">\n<li>Revisar la justificaci\u00f3n de las exploraciones.<\/li>\n\n\n\n<li>Adecuar las exploraciones a la justificaci\u00f3n cl\u00ednica.&nbsp;<\/li>\n\n\n\n<li>Consensuar pautas de trabajo.&nbsp;<\/li>\n\n\n\n<li>Protocolizar las t\u00e9cnicas de imagen id\u00f3neas a cada justificaci\u00f3n.<\/li>\n\n\n\n<li>Decidir sobre el uso de contrastes y cu\u00e1ndo, cu\u00e1l, dosis y velocidad a la que ha de administrase.&nbsp;<\/li>\n<\/ul>\n\n\n\n<p><em>RESPECTO A LA CALIDAD Y CONTROL DE CALIDAD:&nbsp;<\/em><\/p>\n\n\n\n<ul class=\"wp-block-list\">\n<li>Cuidar y exigir una calidad \u00f3ptima en las im\u00e1genes generadas.<\/li>\n\n\n\n<li>Interpretar e informar las im\u00e1genes obtenidas y los estudios realizados con el mayor grado de confianza posible.&nbsp;<\/li>\n\n\n\n<li>Mantener constante la calidad de los informes y los diagn\u00f3sticos emitidos.&nbsp;<\/li>\n\n\n\n<li>Integrar la informaci\u00f3n de las diversas modalidades y t\u00e9cnicas.&nbsp;<\/li>\n\n\n\n<li>Establecer y supervisar un programa continuo de control de calidad.&nbsp;<\/li>\n<\/ul>\n\n\n\n<p><em>RESPECTO A LA DOCENCIA E INVESTIGACI\u00d3N:&nbsp;<\/em><\/p>\n\n\n\n<ul class=\"wp-block-list\">\n<li>Participar en tareas Docentes e Investigadoras.&nbsp;<\/li>\n\n\n\n<li>Estar al d\u00eda de los \u00faltimos avances en su campo de actuaci\u00f3n profesional.&nbsp;<\/li>\n<\/ul>\n\n\n\n<p><em>EN EL SERVICIO Y EN EL ENTORNO HOSPITALARIO Y SOCIAL:&nbsp;<\/em><\/p>\n\n\n\n<ul class=\"wp-block-list\">\n<li>Informar correctamente a pacientes (o familiares) cuando soliciten su opini\u00f3n.<\/li>\n\n\n\n<li>Contribuir a la motivaci\u00f3n del personal de su equipo y del Servicio.<\/li>\n\n\n\n<li>Contribuir al rendimiento cuantitativo \u00f3ptimo de los medios diagn\u00f3sticos que utilice.&nbsp;<\/li>\n\n\n\n<li>Participar en la cobertura de exploraciones del servicio no programables.&nbsp;<\/li>\n\n\n\n<li>Trabajar en la coordinaci\u00f3n de su \u00e1rea con otras de su Servicio y su Hospital o, en su caso, con otros Hospitales.&nbsp;<\/li>\n\n\n\n<li>Reconocer y aceptar la responsabilidad en que incurre si su trabajo no tiene la calidad exigible.<\/li>\n<\/ul>\n\n\n\n<p><strong>Guardias<\/strong><\/p>\n\n\n\n<p>Inicialmente las guardias se realizan en el Servicio de Medicina Interna mientras dura esta rotaci\u00f3n (2 meses). Despu\u00e9s y hasta el final de la residencia se realizan en el Servicio de Radiolog\u00eda. Durante la guardia se informan los estudios realizados tanto durante la ma\u00f1ana como en el resto del d\u00eda. Siempre hay un radi\u00f3logo de plantilla de guardia contigo a partir de las 15 horas los d\u00edas laborables y durante toda la jornada los festivos.<\/p>\n\n\n\n<p><strong>Cursos, congresos y publicaciones.<\/strong><\/p>\n\n\n\n<p>Desde el servicio se promueve y facilita la participaci\u00f3n de los residentes en el Congreso Nacional de La Sociedad Espa\u00f1ola de Radiolog\u00eda M\u00e9dica, con gran \u00e9xito ya que somos un servicio que generalmente recibe premios por los trabajos expuestos.<\/p>\n\n\n\n<p>Tambi\u00e9n de manera individualizada se recomienda asistir a otros cursos y congresos de inter\u00e9s para el residente en formaci\u00f3n.<\/p>\n\n\n\n<p>Otro de los objetivos del residente es terminar su formaci\u00f3n con al menos una publicaci\u00f3n en una revista indexada en pubmed.<\/p>\n\n\n\n<p><\/p>\n\n\n\n<p><a href=\"https:\/\/riberasalud.com\/povisa\/wp-content\/uploads\/2023\/07\/Guia-Formativa-Radiodiagnostico.pdf\">Descargar gu\u00eda formativa \u2192<\/a><\/p>\n<\/div><\/div>\n","protected":false},"excerpt":{"rendered":"<p>HOSPITAL RIBERA POVISA Radiodiagn\u00f3stico \u00a1El\u00edgenos! Plan formativo Descargar plan formativo \u2192Descargar plan gesti\u00f3n y calidad docente \u2192 Contacto secretaria.comision.docencia.povisa@riberacare.com El Servicio de Radiolog\u00eda del Hospital Ribera Povisa est\u00e1 formado por 17 adjuntos y 4 residentes. Somos un servicio con una edad media de 40 a\u00f1os donde se combina la juventud de adjuntos recientemente incorporados con &#8230; <a title=\"Radiodiagn\u00f3stico\" class=\"read-more\" href=\"https:\/\/riberasalud.com\/povisa\/radiodiagnostico\/\" aria-label=\"Leer m\u00e1s sobre Radiodiagn\u00f3stico\">Leer m\u00e1s<\/a><\/p>\n","protected":false},"author":1,"featured_media":0,"parent":0,"menu_order":0,"comment_status":"closed","ping_status":"closed","template":"","meta":{"_coblocks_attr":"","_coblocks_dimensions":"","_coblocks_responsive_height":"","_coblocks_accordion_ie_support":"","_monsterinsights_skip_tracking":false,"_monsterinsights_sitenote_active":false,"_monsterinsights_sitenote_note":"","_monsterinsights_sitenote_category":0,"footnotes":""},"class_list":["post-9510","page","type-page","status-publish"],"yoast_head":"<!-- This site is optimized with the Yoast SEO plugin v26.9 - https:\/\/yoast.com\/product\/yoast-seo-wordpress\/ -->\n<title>\u25b7 Radiodiagn\u00f3stico | Hospital Ribera Povisa<\/title>\n<meta name=\"description\" content=\"lll\u1405 HOSPITAL RIBERA POVISA Radiodiagn\u00f3stico \u00a1El\u00edgenos! Plan formativo Descargar plan formativo \u2192Descargar plan gesti\u00f3n y calidad docente \u2192 Contacto \u2705\" \/>\n<meta name=\"robots\" content=\"index, follow, max-snippet:-1, max-image-preview:large, max-video-preview:-1\" \/>\n<link rel=\"canonical\" href=\"https:\/\/riberasalud.com\/povisa\/radiodiagnostico\/\" \/>\n<meta property=\"og:locale\" content=\"es_ES\" \/>\n<meta property=\"og:type\" content=\"article\" \/>\n<meta property=\"og:title\" content=\"\u25b7 Radiodiagn\u00f3stico | Hospital Ribera Povisa\" \/>\n<meta property=\"og:description\" content=\"lll\u1405 HOSPITAL RIBERA POVISA Radiodiagn\u00f3stico \u00a1El\u00edgenos! Plan formativo Descargar plan formativo \u2192Descargar plan gesti\u00f3n y calidad docente \u2192 Contacto \u2705\" \/>\n<meta property=\"og:url\" content=\"https:\/\/riberasalud.com\/povisa\/radiodiagnostico\/\" \/>\n<meta property=\"og:site_name\" content=\"Hospital Ribera Povisa\" \/>\n<meta property=\"article:modified_time\" content=\"2026-01-08T12:42:21+00:00\" \/>\n<meta property=\"og:image\" content=\"https:\/\/riberasalud.com\/povisa\/wp-content\/uploads\/2023\/07\/radiodiagnostico.jpg\" \/>\n<meta name=\"twitter:card\" content=\"summary_large_image\" \/>\n<meta name=\"twitter:label1\" content=\"Tiempo de lectura\" \/>\n\t<meta name=\"twitter:data1\" content=\"5 minutos\" \/>\n<script type=\"application\/ld+json\" class=\"yoast-schema-graph\">{\"@context\":\"https:\/\/schema.org\",\"@graph\":[{\"@type\":\"WebPage\",\"@id\":\"https:\/\/riberasalud.com\/povisa\/radiodiagnostico\/\",\"url\":\"https:\/\/riberasalud.com\/povisa\/radiodiagnostico\/\",\"name\":\"\u25b7 Radiodiagn\u00f3stico | Hospital Ribera Povisa\",\"isPartOf\":{\"@id\":\"https:\/\/riberasalud.com\/povisa\/#website\"},\"primaryImageOfPage\":{\"@id\":\"https:\/\/riberasalud.com\/povisa\/radiodiagnostico\/#primaryimage\"},\"image\":{\"@id\":\"https:\/\/riberasalud.com\/povisa\/radiodiagnostico\/#primaryimage\"},\"thumbnailUrl\":\"https:\/\/riberasalud.com\/povisa\/wp-content\/uploads\/2023\/07\/radiodiagnostico.jpg\",\"datePublished\":\"2023-07-18T09:04:36+00:00\",\"dateModified\":\"2026-01-08T12:42:21+00:00\",\"description\":\"lll\u1405 HOSPITAL RIBERA POVISA Radiodiagn\u00f3stico \u00a1El\u00edgenos! Plan formativo Descargar plan formativo \u2192Descargar plan gesti\u00f3n y calidad docente \u2192 Contacto \u2705\",\"inLanguage\":\"es\",\"potentialAction\":[{\"@type\":\"ReadAction\",\"target\":[\"https:\/\/riberasalud.com\/povisa\/radiodiagnostico\/\"]}]},{\"@type\":\"ImageObject\",\"inLanguage\":\"es\",\"@id\":\"https:\/\/riberasalud.com\/povisa\/radiodiagnostico\/#primaryimage\",\"url\":\"https:\/\/riberasalud.com\/povisa\/wp-content\/uploads\/2023\/07\/radiodiagnostico.jpg\",\"contentUrl\":\"https:\/\/riberasalud.com\/povisa\/wp-content\/uploads\/2023\/07\/radiodiagnostico.jpg\"},{\"@type\":\"WebSite\",\"@id\":\"https:\/\/riberasalud.com\/povisa\/#website\",\"url\":\"https:\/\/riberasalud.com\/povisa\/\",\"name\":\"Hospital Ribera Povisa\",\"description\":\"\",\"publisher\":{\"@id\":\"https:\/\/riberasalud.com\/povisa\/#organization\"},\"potentialAction\":[{\"@type\":\"SearchAction\",\"target\":{\"@type\":\"EntryPoint\",\"urlTemplate\":\"https:\/\/riberasalud.com\/povisa\/?s={search_term_string}\"},\"query-input\":{\"@type\":\"PropertyValueSpecification\",\"valueRequired\":true,\"valueName\":\"search_term_string\"}}],\"inLanguage\":\"es\"},{\"@type\":\"Organization\",\"@id\":\"https:\/\/riberasalud.com\/povisa\/#organization\",\"name\":\"Hospital Ribera Povisa\",\"url\":\"https:\/\/riberasalud.com\/povisa\/\",\"logo\":{\"@type\":\"ImageObject\",\"inLanguage\":\"es\",\"@id\":\"https:\/\/riberasalud.com\/povisa\/#\/schema\/logo\/image\/\",\"url\":\"https:\/\/riberasalud.com\/povisa\/wp-content\/uploads\/2024\/01\/cropped-Logo-Red-Povisa.png\",\"contentUrl\":\"https:\/\/riberasalud.com\/povisa\/wp-content\/uploads\/2024\/01\/cropped-Logo-Red-Povisa.png\",\"width\":1929,\"height\":489,\"caption\":\"Hospital Ribera Povisa\"},\"image\":{\"@id\":\"https:\/\/riberasalud.com\/povisa\/#\/schema\/logo\/image\/\"}}]}<\/script>\n<!-- \/ Yoast SEO plugin. -->","yoast_head_json":{"title":"\u25b7 Radiodiagn\u00f3stico | Hospital Ribera Povisa","description":"lll\u1405 HOSPITAL RIBERA POVISA Radiodiagn\u00f3stico \u00a1El\u00edgenos! Plan formativo Descargar plan formativo \u2192Descargar plan gesti\u00f3n y calidad docente \u2192 Contacto \u2705","robots":{"index":"index","follow":"follow","max-snippet":"max-snippet:-1","max-image-preview":"max-image-preview:large","max-video-preview":"max-video-preview:-1"},"canonical":"https:\/\/riberasalud.com\/povisa\/radiodiagnostico\/","og_locale":"es_ES","og_type":"article","og_title":"\u25b7 Radiodiagn\u00f3stico | Hospital Ribera Povisa","og_description":"lll\u1405 HOSPITAL RIBERA POVISA Radiodiagn\u00f3stico \u00a1El\u00edgenos! Plan formativo Descargar plan formativo \u2192Descargar plan gesti\u00f3n y calidad docente \u2192 Contacto \u2705","og_url":"https:\/\/riberasalud.com\/povisa\/radiodiagnostico\/","og_site_name":"Hospital Ribera Povisa","article_modified_time":"2026-01-08T12:42:21+00:00","og_image":[{"url":"https:\/\/riberasalud.com\/povisa\/wp-content\/uploads\/2023\/07\/radiodiagnostico.jpg","type":"","width":"","height":""}],"twitter_card":"summary_large_image","twitter_misc":{"Tiempo de lectura":"5 minutos"},"schema":{"@context":"https:\/\/schema.org","@graph":[{"@type":"WebPage","@id":"https:\/\/riberasalud.com\/povisa\/radiodiagnostico\/","url":"https:\/\/riberasalud.com\/povisa\/radiodiagnostico\/","name":"\u25b7 Radiodiagn\u00f3stico | Hospital Ribera Povisa","isPartOf":{"@id":"https:\/\/riberasalud.com\/povisa\/#website"},"primaryImageOfPage":{"@id":"https:\/\/riberasalud.com\/povisa\/radiodiagnostico\/#primaryimage"},"image":{"@id":"https:\/\/riberasalud.com\/povisa\/radiodiagnostico\/#primaryimage"},"thumbnailUrl":"https:\/\/riberasalud.com\/povisa\/wp-content\/uploads\/2023\/07\/radiodiagnostico.jpg","datePublished":"2023-07-18T09:04:36+00:00","dateModified":"2026-01-08T12:42:21+00:00","description":"lll\u1405 HOSPITAL RIBERA POVISA Radiodiagn\u00f3stico \u00a1El\u00edgenos! Plan formativo Descargar plan formativo \u2192Descargar plan gesti\u00f3n y calidad docente \u2192 Contacto \u2705","inLanguage":"es","potentialAction":[{"@type":"ReadAction","target":["https:\/\/riberasalud.com\/povisa\/radiodiagnostico\/"]}]},{"@type":"ImageObject","inLanguage":"es","@id":"https:\/\/riberasalud.com\/povisa\/radiodiagnostico\/#primaryimage","url":"https:\/\/riberasalud.com\/povisa\/wp-content\/uploads\/2023\/07\/radiodiagnostico.jpg","contentUrl":"https:\/\/riberasalud.com\/povisa\/wp-content\/uploads\/2023\/07\/radiodiagnostico.jpg"},{"@type":"WebSite","@id":"https:\/\/riberasalud.com\/povisa\/#website","url":"https:\/\/riberasalud.com\/povisa\/","name":"Hospital Ribera Povisa","description":"","publisher":{"@id":"https:\/\/riberasalud.com\/povisa\/#organization"},"potentialAction":[{"@type":"SearchAction","target":{"@type":"EntryPoint","urlTemplate":"https:\/\/riberasalud.com\/povisa\/?s={search_term_string}"},"query-input":{"@type":"PropertyValueSpecification","valueRequired":true,"valueName":"search_term_string"}}],"inLanguage":"es"},{"@type":"Organization","@id":"https:\/\/riberasalud.com\/povisa\/#organization","name":"Hospital Ribera Povisa","url":"https:\/\/riberasalud.com\/povisa\/","logo":{"@type":"ImageObject","inLanguage":"es","@id":"https:\/\/riberasalud.com\/povisa\/#\/schema\/logo\/image\/","url":"https:\/\/riberasalud.com\/povisa\/wp-content\/uploads\/2024\/01\/cropped-Logo-Red-Povisa.png","contentUrl":"https:\/\/riberasalud.com\/povisa\/wp-content\/uploads\/2024\/01\/cropped-Logo-Red-Povisa.png","width":1929,"height":489,"caption":"Hospital Ribera Povisa"},"image":{"@id":"https:\/\/riberasalud.com\/povisa\/#\/schema\/logo\/image\/"}}]}},"_links":{"self":[{"href":"https:\/\/riberasalud.com\/povisa\/wp-json\/wp\/v2\/pages\/9510","targetHints":{"allow":["GET"]}}],"collection":[{"href":"https:\/\/riberasalud.com\/povisa\/wp-json\/wp\/v2\/pages"}],"about":[{"href":"https:\/\/riberasalud.com\/povisa\/wp-json\/wp\/v2\/types\/page"}],"author":[{"embeddable":true,"href":"https:\/\/riberasalud.com\/povisa\/wp-json\/wp\/v2\/users\/1"}],"replies":[{"embeddable":true,"href":"https:\/\/riberasalud.com\/povisa\/wp-json\/wp\/v2\/comments?post=9510"}],"version-history":[{"count":5,"href":"https:\/\/riberasalud.com\/povisa\/wp-json\/wp\/v2\/pages\/9510\/revisions"}],"predecessor-version":[{"id":15527,"href":"https:\/\/riberasalud.com\/povisa\/wp-json\/wp\/v2\/pages\/9510\/revisions\/15527"}],"wp:attachment":[{"href":"https:\/\/riberasalud.com\/povisa\/wp-json\/wp\/v2\/media?parent=9510"}],"curies":[{"name":"wp","href":"https:\/\/api.w.org\/{rel}","templated":true}]}}