{"id":9509,"date":"2023-07-18T09:03:58","date_gmt":"2023-07-18T09:03:58","guid":{"rendered":"https:\/\/riberasalud.com\/povisaaux\/?page_id=9509"},"modified":"2026-01-08T12:42:10","modified_gmt":"2026-01-08T12:42:10","slug":"cirugia-ortopedica-y-traumatologia","status":"publish","type":"page","link":"https:\/\/riberasalud.com\/povisa\/cirugia-ortopedica-y-traumatologia\/","title":{"rendered":"Cirug\u00eda Ortop\u00e9dica y Traumatolog\u00eda"},"content":{"rendered":"\n<div class=\"wp-block-group hasbackgroundnaranja sliderlinea\"><div class=\"wp-block-group__inner-container is-layout-flow wp-block-group-is-layout-flow\">\n<p>HOSPITAL RIBERA POVISA<\/p>\n\n\n\n<h1 class=\"wp-block-heading\">Cirug\u00eda Ortop\u00e9dica y Traumatolog\u00eda<\/h1>\n<\/div><\/div>\n\n\n\n<div class=\"wp-block-group hasbackgroundnaranja zeromargingroup zerozeromargingroup\"><div class=\"wp-block-group__inner-container is-layout-flow wp-block-group-is-layout-flow\">\n<div class=\"wp-block-columns columnanomargin is-layout-flex wp-container-core-columns-is-layout-9d6595d7 wp-block-columns-is-layout-flex\">\n<div class=\"wp-block-column is-vertically-aligned-center is-layout-flow wp-block-column-is-layout-flow\" style=\"flex-basis:25%\">\n<h2 class=\"wp-block-heading has-text-align-left zeromargin\">\u00a1El\u00edgenos!<\/h2>\n<\/div>\n\n\n\n<div class=\"wp-block-column is-layout-flow wp-block-column-is-layout-flow\" style=\"flex-basis:37%\">\n<h3 class=\"wp-block-heading\">Plan formativo<\/h3>\n\n\n\n<p class=\"zeromargin\"><a href=\"https:\/\/riberasalud.com\/povisa\/wp-content\/uploads\/2023\/07\/Guia-Formativa-Cirugia-Ortopedica-y-Traumatologia.pdf\">Descargar plan formativo \u2192<br><\/a>Descargar plan gesti\u00f3n y calidad docente \u2192<\/p>\n<\/div>\n\n\n\n<div class=\"wp-block-column is-layout-flow wp-block-column-is-layout-flow\" style=\"flex-basis:37%\">\n<h3 class=\"wp-block-heading\">Contacto<\/h3>\n\n\n\n<p class=\"zeromargin\"><strong><a href=\"mailto:secretaria.comision.docencia@povisa.es\" target=\"_blank\" rel=\"noreferrer noopener\"><\/a><strong><a href=\"mailto:secretaria.comision.docencia.povisa@riberacare.com\" target=\"_blank\" rel=\"noreferrer noopener\"><\/a><a href=\"mailto:secretaria.comision.docencia.povisa@riberacare.com\" target=\"_blank\" rel=\"noreferrer noopener\">secretaria.comision.docencia.povisa@riberacare.com<\/a><\/strong><\/strong><\/p>\n<\/div>\n<\/div>\n<\/div><\/div>\n\n\n\n<div class=\"wp-block-group\"><div class=\"wp-block-group__inner-container is-layout-flow wp-block-group-is-layout-flow\">\n<figure class=\"wp-block-image size-full fotoredonda\"><img loading=\"lazy\" decoding=\"async\" width=\"1920\" height=\"420\" src=\"https:\/\/riberasalud.com\/povisa\/wp-content\/uploads\/2023\/07\/traumatologia-4.jpg\" alt=\"\" class=\"wp-image-9678\" srcset=\"https:\/\/riberasalud.com\/povisa\/wp-content\/uploads\/2023\/07\/traumatologia-4.jpg 1920w, https:\/\/riberasalud.com\/povisa\/wp-content\/uploads\/2023\/07\/traumatologia-4-300x66.jpg 300w, https:\/\/riberasalud.com\/povisa\/wp-content\/uploads\/2023\/07\/traumatologia-4-1024x224.jpg 1024w, https:\/\/riberasalud.com\/povisa\/wp-content\/uploads\/2023\/07\/traumatologia-4-768x168.jpg 768w, https:\/\/riberasalud.com\/povisa\/wp-content\/uploads\/2023\/07\/traumatologia-4-1536x336.jpg 1536w\" sizes=\"auto, (max-width: 1920px) 100vw, 1920px\" \/><\/figure>\n\n\n\n<div style=\"height:20px\" aria-hidden=\"true\" class=\"wp-block-spacer\"><\/div>\n\n\n\n<p>Desde hace casi 25 a\u00f1os, el Servicio de Traumatolog\u00eda y Cirug\u00eda Ortop\u00e9dica del Hospital Ribera Povisa est\u00e1 acreditado para la docencia a M\u00e9dicos Internos Residentes de esta especialidad. Este hecho ha supuesto un reto organizativo que ha estimulado a los integrantes del servicio y a todo el personal del hospital en general, estando plenamente satisfechos de nuestra experiencia hasta el momento.<\/p>\n\n\n\n<p>El Hospital Ribera Povisa cuenta con m\u00e1s de 350 camas funcionantes y buena parte de su actividad se centra en la atenci\u00f3n de m\u00e1s de 135.000 pacientes de la sanidad p\u00fablica que tiene asignados en virtud de un concierto con el Servicio Galego de Sa\u00fade.&nbsp;<\/p>\n\n\n\n<p>El servicio de Cirug\u00eda Ortop\u00e9dica y Traumatolog\u00eda del Hospital Ribera Povisa est\u00e1 formado por 18 adjuntos y 10 residentes. Atiende todo el espectro de patolog\u00edas de la especialidad a trav\u00e9s de sus seis secciones: miembro superior (hombro y codo), unidad de mano, unidad de cadera, unidad de rodilla, unidad de raquis y unidad de pie y tobillo. Cada secci\u00f3n atiende todas las patolog\u00edas relacionadas con su \u00e1rea de inter\u00e9s. Tenemos un alto volumen de actividad quir\u00fargica (27 quir\u00f3fanos semanales) y unas 25 consultas semanales, lo que garantiza una formaci\u00f3n completa como especialista durante su residencia.&nbsp;<\/p>\n\n\n\n<p>Seguimos el programa oficial de la Especialidad desarrollado por la Comisi\u00f3n Nacional de la Especialidad de Cirug\u00eda Ortop\u00e9dica y Traumatolog\u00eda y verificado por el Consejo Nacional de Especialidades M\u00e9dicas se public\u00f3 en el BOE con fecha del 7 de febrero de 2007 (ORDEN SCO\/226\/2007).<\/p>\n\n\n\n<p>Durante la residencia se intercambian estancias en el servicio con rotaciones externas. As\u00ed durante el primer a\u00f1o se realizan 5 rotaciones obligatorias de un mes de duraci\u00f3n y durante el segundo a\u00f1o 3 meses. A partir del tercer a\u00f1o se realizan las rotaciones de Ortopedia Infantil y Tumores en centros de referencia.&nbsp; En el cuarto y quinto a\u00f1o, se facilita la rotaci\u00f3n en un hospital nacional o extranjero durante tres meses.&nbsp;<\/p>\n\n\n\n<p>El residente realizar\u00e1 5 guardias al mes y siempre acompa\u00f1ado por un adjunto de presencia f\u00edsica y otro adjunto de localizada. Se realizan cuatro sesiones por semana con los residentes: dos d\u00edas de temas de inter\u00e9s general para la especialidad y otros dos d\u00edas de temas espec\u00edficos realizados por la unidad de mano y la unidad de pie y tobillo. Adem\u00e1s, se realiza un programa formativo para los residentes que facilita el estudio de todos los aspectos de la especialidad. Todos estos aspectos permiten que el residente pueda afrontar con garant\u00edas el examen europeo (Fellow of the European Board of Orthopaedics and Tramatology, EBOT Exam) al finalizar el periodo de residencia.<\/p>\n\n\n\n<p><\/p>\n\n\n\n<p><a href=\"https:\/\/riberasalud.com\/povisa\/wp-content\/uploads\/2023\/07\/Guia-Formativa-Cirugia-Ortopedica-y-Traumatologia.pdf\">Descargar gu\u00eda formativa \u2192<\/a><\/p>\n<\/div><\/div>\n","protected":false},"excerpt":{"rendered":"<p>HOSPITAL RIBERA POVISA Cirug\u00eda Ortop\u00e9dica y Traumatolog\u00eda \u00a1El\u00edgenos! Plan formativo Descargar plan formativo \u2192Descargar plan gesti\u00f3n y calidad docente \u2192 Contacto secretaria.comision.docencia.povisa@riberacare.com Desde hace casi 25 a\u00f1os, el Servicio de Traumatolog\u00eda y Cirug\u00eda Ortop\u00e9dica del Hospital Ribera Povisa est\u00e1 acreditado para la docencia a M\u00e9dicos Internos Residentes de esta especialidad. Este hecho ha supuesto un &#8230; <a title=\"Cirug\u00eda Ortop\u00e9dica y Traumatolog\u00eda\" class=\"read-more\" href=\"https:\/\/riberasalud.com\/povisa\/cirugia-ortopedica-y-traumatologia\/\" aria-label=\"Leer m\u00e1s sobre Cirug\u00eda Ortop\u00e9dica y Traumatolog\u00eda\">Leer m\u00e1s<\/a><\/p>\n","protected":false},"author":1,"featured_media":0,"parent":0,"menu_order":0,"comment_status":"closed","ping_status":"closed","template":"","meta":{"_coblocks_attr":"","_coblocks_dimensions":"","_coblocks_responsive_height":"","_coblocks_accordion_ie_support":"","_monsterinsights_skip_tracking":false,"_monsterinsights_sitenote_active":false,"_monsterinsights_sitenote_note":"","_monsterinsights_sitenote_category":0,"footnotes":""},"class_list":["post-9509","page","type-page","status-publish"],"yoast_head":"<!-- This site is optimized with the Yoast SEO plugin v27.4 - https:\/\/yoast.com\/product\/yoast-seo-wordpress\/ -->\n<title>\u25b7 Cirug\u00eda Ortop\u00e9dica y Traumatolog\u00eda | Hospital Ribera Povisa<\/title>\n<meta name=\"description\" content=\"lll\u1405 HOSPITAL RIBERA POVISA Cirug\u00eda Ortop\u00e9dica y Traumatolog\u00eda \u00a1El\u00edgenos! Plan formativo Descargar plan formativo \u2192Descargar plan gesti\u00f3n y calidad docente \u2192 \u2705\" \/>\n<meta name=\"robots\" content=\"index, follow, max-snippet:-1, max-image-preview:large, max-video-preview:-1\" \/>\n<link rel=\"canonical\" href=\"https:\/\/riberasalud.com\/povisa\/cirugia-ortopedica-y-traumatologia\/\" \/>\n<meta property=\"og:locale\" content=\"es_ES\" \/>\n<meta property=\"og:type\" content=\"article\" \/>\n<meta property=\"og:title\" content=\"\u25b7 Cirug\u00eda Ortop\u00e9dica y Traumatolog\u00eda | Hospital Ribera Povisa\" \/>\n<meta property=\"og:description\" content=\"lll\u1405 HOSPITAL RIBERA POVISA Cirug\u00eda Ortop\u00e9dica y Traumatolog\u00eda \u00a1El\u00edgenos! Plan formativo Descargar plan formativo \u2192Descargar plan gesti\u00f3n y calidad docente \u2192 \u2705\" \/>\n<meta property=\"og:url\" content=\"https:\/\/riberasalud.com\/povisa\/cirugia-ortopedica-y-traumatologia\/\" \/>\n<meta property=\"og:site_name\" content=\"Hospital Ribera Povisa\" \/>\n<meta property=\"article:modified_time\" content=\"2026-01-08T12:42:10+00:00\" \/>\n<meta property=\"og:image\" content=\"https:\/\/riberasalud.com\/povisa\/wp-content\/uploads\/2023\/07\/traumatologia-4.jpg\" \/>\n<meta name=\"twitter:card\" content=\"summary_large_image\" \/>\n<meta name=\"twitter:label1\" content=\"Tiempo de lectura\" \/>\n\t<meta name=\"twitter:data1\" content=\"3 minutos\" \/>\n<script type=\"application\/ld+json\" class=\"yoast-schema-graph\">{\"@context\":\"https:\\\/\\\/schema.org\",\"@graph\":[{\"@type\":\"WebPage\",\"@id\":\"https:\\\/\\\/riberasalud.com\\\/povisa\\\/cirugia-ortopedica-y-traumatologia\\\/\",\"url\":\"https:\\\/\\\/riberasalud.com\\\/povisa\\\/cirugia-ortopedica-y-traumatologia\\\/\",\"name\":\"\u25b7 Cirug\u00eda Ortop\u00e9dica y Traumatolog\u00eda | Hospital Ribera Povisa\",\"isPartOf\":{\"@id\":\"https:\\\/\\\/riberasalud.com\\\/povisa\\\/#website\"},\"primaryImageOfPage\":{\"@id\":\"https:\\\/\\\/riberasalud.com\\\/povisa\\\/cirugia-ortopedica-y-traumatologia\\\/#primaryimage\"},\"image\":{\"@id\":\"https:\\\/\\\/riberasalud.com\\\/povisa\\\/cirugia-ortopedica-y-traumatologia\\\/#primaryimage\"},\"thumbnailUrl\":\"https:\\\/\\\/riberasalud.com\\\/povisa\\\/wp-content\\\/uploads\\\/2023\\\/07\\\/traumatologia-4.jpg\",\"datePublished\":\"2023-07-18T09:03:58+00:00\",\"dateModified\":\"2026-01-08T12:42:10+00:00\",\"description\":\"lll\u1405 HOSPITAL RIBERA POVISA Cirug\u00eda Ortop\u00e9dica y Traumatolog\u00eda \u00a1El\u00edgenos! Plan formativo Descargar plan formativo \u2192Descargar plan gesti\u00f3n y calidad docente \u2192 \u2705\",\"inLanguage\":\"es\",\"potentialAction\":[{\"@type\":\"ReadAction\",\"target\":[\"https:\\\/\\\/riberasalud.com\\\/povisa\\\/cirugia-ortopedica-y-traumatologia\\\/\"]}]},{\"@type\":\"ImageObject\",\"inLanguage\":\"es\",\"@id\":\"https:\\\/\\\/riberasalud.com\\\/povisa\\\/cirugia-ortopedica-y-traumatologia\\\/#primaryimage\",\"url\":\"https:\\\/\\\/riberasalud.com\\\/povisa\\\/wp-content\\\/uploads\\\/2023\\\/07\\\/traumatologia-4.jpg\",\"contentUrl\":\"https:\\\/\\\/riberasalud.com\\\/povisa\\\/wp-content\\\/uploads\\\/2023\\\/07\\\/traumatologia-4.jpg\"},{\"@type\":\"WebSite\",\"@id\":\"https:\\\/\\\/riberasalud.com\\\/povisa\\\/#website\",\"url\":\"https:\\\/\\\/riberasalud.com\\\/povisa\\\/\",\"name\":\"Hospital Ribera Povisa\",\"description\":\"\",\"publisher\":{\"@id\":\"https:\\\/\\\/riberasalud.com\\\/povisa\\\/#organization\"},\"potentialAction\":[{\"@type\":\"SearchAction\",\"target\":{\"@type\":\"EntryPoint\",\"urlTemplate\":\"https:\\\/\\\/riberasalud.com\\\/povisa\\\/?s={search_term_string}\"},\"query-input\":{\"@type\":\"PropertyValueSpecification\",\"valueRequired\":true,\"valueName\":\"search_term_string\"}}],\"inLanguage\":\"es\"},{\"@type\":\"Organization\",\"@id\":\"https:\\\/\\\/riberasalud.com\\\/povisa\\\/#organization\",\"name\":\"Hospital Ribera Povisa\",\"url\":\"https:\\\/\\\/riberasalud.com\\\/povisa\\\/\",\"logo\":{\"@type\":\"ImageObject\",\"inLanguage\":\"es\",\"@id\":\"https:\\\/\\\/riberasalud.com\\\/povisa\\\/#\\\/schema\\\/logo\\\/image\\\/\",\"url\":\"https:\\\/\\\/riberasalud.com\\\/povisa\\\/wp-content\\\/uploads\\\/2024\\\/01\\\/cropped-Logo-Red-Povisa.png\",\"contentUrl\":\"https:\\\/\\\/riberasalud.com\\\/povisa\\\/wp-content\\\/uploads\\\/2024\\\/01\\\/cropped-Logo-Red-Povisa.png\",\"width\":1929,\"height\":489,\"caption\":\"Hospital Ribera Povisa\"},\"image\":{\"@id\":\"https:\\\/\\\/riberasalud.com\\\/povisa\\\/#\\\/schema\\\/logo\\\/image\\\/\"}}]}<\/script>\n<!-- \/ Yoast SEO plugin. -->","yoast_head_json":{"title":"\u25b7 Cirug\u00eda Ortop\u00e9dica y Traumatolog\u00eda | Hospital Ribera Povisa","description":"lll\u1405 HOSPITAL RIBERA POVISA Cirug\u00eda Ortop\u00e9dica y Traumatolog\u00eda \u00a1El\u00edgenos! Plan formativo Descargar plan formativo \u2192Descargar plan gesti\u00f3n y calidad docente \u2192 \u2705","robots":{"index":"index","follow":"follow","max-snippet":"max-snippet:-1","max-image-preview":"max-image-preview:large","max-video-preview":"max-video-preview:-1"},"canonical":"https:\/\/riberasalud.com\/povisa\/cirugia-ortopedica-y-traumatologia\/","og_locale":"es_ES","og_type":"article","og_title":"\u25b7 Cirug\u00eda Ortop\u00e9dica y Traumatolog\u00eda | Hospital Ribera Povisa","og_description":"lll\u1405 HOSPITAL RIBERA POVISA Cirug\u00eda Ortop\u00e9dica y Traumatolog\u00eda \u00a1El\u00edgenos! Plan formativo Descargar plan formativo \u2192Descargar plan gesti\u00f3n y calidad docente \u2192 \u2705","og_url":"https:\/\/riberasalud.com\/povisa\/cirugia-ortopedica-y-traumatologia\/","og_site_name":"Hospital Ribera Povisa","article_modified_time":"2026-01-08T12:42:10+00:00","og_image":[{"url":"https:\/\/riberasalud.com\/povisa\/wp-content\/uploads\/2023\/07\/traumatologia-4.jpg","type":"","width":"","height":""}],"twitter_card":"summary_large_image","twitter_misc":{"Tiempo de lectura":"3 minutos"},"schema":{"@context":"https:\/\/schema.org","@graph":[{"@type":"WebPage","@id":"https:\/\/riberasalud.com\/povisa\/cirugia-ortopedica-y-traumatologia\/","url":"https:\/\/riberasalud.com\/povisa\/cirugia-ortopedica-y-traumatologia\/","name":"\u25b7 Cirug\u00eda Ortop\u00e9dica y Traumatolog\u00eda | Hospital Ribera Povisa","isPartOf":{"@id":"https:\/\/riberasalud.com\/povisa\/#website"},"primaryImageOfPage":{"@id":"https:\/\/riberasalud.com\/povisa\/cirugia-ortopedica-y-traumatologia\/#primaryimage"},"image":{"@id":"https:\/\/riberasalud.com\/povisa\/cirugia-ortopedica-y-traumatologia\/#primaryimage"},"thumbnailUrl":"https:\/\/riberasalud.com\/povisa\/wp-content\/uploads\/2023\/07\/traumatologia-4.jpg","datePublished":"2023-07-18T09:03:58+00:00","dateModified":"2026-01-08T12:42:10+00:00","description":"lll\u1405 HOSPITAL RIBERA POVISA Cirug\u00eda Ortop\u00e9dica y Traumatolog\u00eda \u00a1El\u00edgenos! Plan formativo Descargar plan formativo \u2192Descargar plan gesti\u00f3n y calidad docente \u2192 \u2705","inLanguage":"es","potentialAction":[{"@type":"ReadAction","target":["https:\/\/riberasalud.com\/povisa\/cirugia-ortopedica-y-traumatologia\/"]}]},{"@type":"ImageObject","inLanguage":"es","@id":"https:\/\/riberasalud.com\/povisa\/cirugia-ortopedica-y-traumatologia\/#primaryimage","url":"https:\/\/riberasalud.com\/povisa\/wp-content\/uploads\/2023\/07\/traumatologia-4.jpg","contentUrl":"https:\/\/riberasalud.com\/povisa\/wp-content\/uploads\/2023\/07\/traumatologia-4.jpg"},{"@type":"WebSite","@id":"https:\/\/riberasalud.com\/povisa\/#website","url":"https:\/\/riberasalud.com\/povisa\/","name":"Hospital Ribera Povisa","description":"","publisher":{"@id":"https:\/\/riberasalud.com\/povisa\/#organization"},"potentialAction":[{"@type":"SearchAction","target":{"@type":"EntryPoint","urlTemplate":"https:\/\/riberasalud.com\/povisa\/?s={search_term_string}"},"query-input":{"@type":"PropertyValueSpecification","valueRequired":true,"valueName":"search_term_string"}}],"inLanguage":"es"},{"@type":"Organization","@id":"https:\/\/riberasalud.com\/povisa\/#organization","name":"Hospital Ribera Povisa","url":"https:\/\/riberasalud.com\/povisa\/","logo":{"@type":"ImageObject","inLanguage":"es","@id":"https:\/\/riberasalud.com\/povisa\/#\/schema\/logo\/image\/","url":"https:\/\/riberasalud.com\/povisa\/wp-content\/uploads\/2024\/01\/cropped-Logo-Red-Povisa.png","contentUrl":"https:\/\/riberasalud.com\/povisa\/wp-content\/uploads\/2024\/01\/cropped-Logo-Red-Povisa.png","width":1929,"height":489,"caption":"Hospital Ribera Povisa"},"image":{"@id":"https:\/\/riberasalud.com\/povisa\/#\/schema\/logo\/image\/"}}]}},"_links":{"self":[{"href":"https:\/\/riberasalud.com\/povisa\/wp-json\/wp\/v2\/pages\/9509","targetHints":{"allow":["GET"]}}],"collection":[{"href":"https:\/\/riberasalud.com\/povisa\/wp-json\/wp\/v2\/pages"}],"about":[{"href":"https:\/\/riberasalud.com\/povisa\/wp-json\/wp\/v2\/types\/page"}],"author":[{"embeddable":true,"href":"https:\/\/riberasalud.com\/povisa\/wp-json\/wp\/v2\/users\/1"}],"replies":[{"embeddable":true,"href":"https:\/\/riberasalud.com\/povisa\/wp-json\/wp\/v2\/comments?post=9509"}],"version-history":[{"count":5,"href":"https:\/\/riberasalud.com\/povisa\/wp-json\/wp\/v2\/pages\/9509\/revisions"}],"predecessor-version":[{"id":15526,"href":"https:\/\/riberasalud.com\/povisa\/wp-json\/wp\/v2\/pages\/9509\/revisions\/15526"}],"wp:attachment":[{"href":"https:\/\/riberasalud.com\/povisa\/wp-json\/wp\/v2\/media?parent=9509"}],"curies":[{"name":"wp","href":"https:\/\/api.w.org\/{rel}","templated":true}]}}