{"id":9499,"date":"2023-07-18T09:01:48","date_gmt":"2023-07-18T09:01:48","guid":{"rendered":"https:\/\/riberasalud.com\/povisaaux\/?page_id=9499"},"modified":"2026-01-08T12:41:15","modified_gmt":"2026-01-08T12:41:15","slug":"cirugia-general-y-aparato-digestivo","status":"publish","type":"page","link":"https:\/\/riberasalud.com\/povisa\/cirugia-general-y-aparato-digestivo\/","title":{"rendered":"Cirug\u00eda General y Aparato Digestivo"},"content":{"rendered":"\n<div class=\"wp-block-group hasbackgroundnaranja sliderlinea\"><div class=\"wp-block-group__inner-container is-layout-flow wp-block-group-is-layout-flow\">\n<p>HOSPITAL RIBERA POVISA<\/p>\n\n\n\n<h1 class=\"wp-block-heading\">Cirug\u00eda General y Aparato Digestivo<\/h1>\n<\/div><\/div>\n\n\n\n<div class=\"wp-block-group hasbackgroundnaranja zeromargingroup zerozeromargingroup\"><div class=\"wp-block-group__inner-container is-layout-flow wp-block-group-is-layout-flow\">\n<div class=\"wp-block-columns columnanomargin is-layout-flex wp-container-core-columns-is-layout-9d6595d7 wp-block-columns-is-layout-flex\">\n<div class=\"wp-block-column is-vertically-aligned-center is-layout-flow wp-block-column-is-layout-flow\" style=\"flex-basis:25%\">\n<h2 class=\"wp-block-heading has-text-align-left zeromargin\">\u00a1El\u00edgenos!<\/h2>\n<\/div>\n\n\n\n<div class=\"wp-block-column is-layout-flow wp-block-column-is-layout-flow\" style=\"flex-basis:37%\">\n<h3 class=\"wp-block-heading\">Plan formativo<\/h3>\n\n\n\n<p class=\"zeromargin\"><a href=\"https:\/\/riberasalud.com\/povisa\/wp-content\/uploads\/2023\/07\/Guia-formativa-Cirugia-General.pdf\">Descargar plan formativo \u2192<br><\/a>Descargar plan gesti\u00f3n y calidad docente \u2192<\/p>\n<\/div>\n\n\n\n<div class=\"wp-block-column is-layout-flow wp-block-column-is-layout-flow\" style=\"flex-basis:37%\">\n<h3 class=\"wp-block-heading\">Contacto<\/h3>\n\n\n\n<p class=\"zeromargin\"><strong><a href=\"mailto:secretaria.comision.docencia@povisa.es\" target=\"_blank\" rel=\"noreferrer noopener\"><\/a><strong><a href=\"mailto:secretaria.comision.docencia.povisa@riberacare.com\" target=\"_blank\" rel=\"noreferrer noopener\"><a href=\"mailto:secretaria.comision.docencia.povisa@riberacare.com\" target=\"_blank\" rel=\"noreferrer noopener\">secretaria.comision.docencia.povisa@riberacare.com<\/a><\/a><\/strong><\/strong><\/p>\n<\/div>\n<\/div>\n<\/div><\/div>\n\n\n\n<div class=\"wp-block-group\"><div class=\"wp-block-group__inner-container is-layout-flow wp-block-group-is-layout-flow\">\n<figure class=\"wp-block-image size-full fotoredonda\"><img loading=\"lazy\" decoding=\"async\" width=\"1920\" height=\"420\" src=\"https:\/\/riberasalud.com\/povisa\/wp-content\/uploads\/2023\/07\/cirugia.jpg\" alt=\"\" class=\"wp-image-9681\" srcset=\"https:\/\/riberasalud.com\/povisa\/wp-content\/uploads\/2023\/07\/cirugia.jpg 1920w, https:\/\/riberasalud.com\/povisa\/wp-content\/uploads\/2023\/07\/cirugia-300x66.jpg 300w, https:\/\/riberasalud.com\/povisa\/wp-content\/uploads\/2023\/07\/cirugia-1024x224.jpg 1024w, https:\/\/riberasalud.com\/povisa\/wp-content\/uploads\/2023\/07\/cirugia-768x168.jpg 768w, https:\/\/riberasalud.com\/povisa\/wp-content\/uploads\/2023\/07\/cirugia-1536x336.jpg 1536w\" sizes=\"auto, (max-width: 1920px) 100vw, 1920px\" \/><\/figure>\n\n\n\n<div style=\"height:20px\" aria-hidden=\"true\" class=\"wp-block-spacer\"><\/div>\n\n\n\n<p>El Servicio de Cirug\u00eda General del Hospital Ribera Povisa de Vigo est\u00e1 formado por 14 adjuntos y 4 residentes. Parece un t\u00f3pico, pero nuestro ambiente de trabajo es realmente excepcional y os invitamos a conocerlo de primera mano.&nbsp;<\/p>\n\n\n\n<p>El Hospital donde trabajamos cuenta con m\u00e1s de 350 camas funcionantes, 17 de ellas de UCI y est\u00e1 dotado con todas las especialidades quir\u00fargicas, salvo cirug\u00eda cardiaca, lo que facilita el conocimiento multidisciplinar que nuestra especialidad requiere.<\/p>\n\n\n\n<p>Acogemos residentes desde hace 11 a\u00f1os, uno cada a\u00f1o, lo que hace que la competencia entre ellos sea m\u00ednima, por haber volumen suficiente tanto de patolog\u00eda como de quir\u00f3fanos.&nbsp;<\/p>\n\n\n\n<p>El servicio est\u00e1 estructurado en las siguientes secciones:<\/p>\n\n\n\n<ul class=\"wp-block-list\">\n<li><strong>Cirug\u00eda Colorrectal,<\/strong> donde se realizan todo tipo de cirug\u00edas colorrectales, oncol\u00f3gicas y no oncol\u00f3gicas, laparosc\u00f3pica y transanal, proctolog\u00eda avanzada, etc.&nbsp;<\/li>\n\n\n\n<li><strong>Cirug\u00eda Hepatobiliopancre\u00e1tica, <\/strong>con resecciones pancre\u00e1ticas y hep\u00e1ticas laparosc\u00f3picas, v\u00eda biliar e implementaci\u00f3n de colecistectom\u00edas laparosc\u00f3picas en CMA.<\/li>\n\n\n\n<li><strong>Unidad de Mama<\/strong> (conjunta con Ginecolog\u00eda y Cirug\u00eda Pl\u00e1stica), que realiza cirug\u00eda oncopl\u00e1stica avanzada o cirug\u00eda reconstructiva con grasa aut\u00f3loga.<\/li>\n\n\n\n<li><strong>Cirug\u00eda Esofagog\u00e1strica y Metab\u00f3lica, <\/strong>que realiza cirug\u00eda laparosc\u00f3pica de la obesidad, cirug\u00eda oncol\u00f3gica g\u00e1strica y esof\u00e1gica laparosc\u00f3pica y todo tipo de cirug\u00eda de patolog\u00eda benigna.&nbsp;<\/li>\n\n\n\n<li><strong>Unidad de Pared Abdominal,<\/strong> donde destaca la cirug\u00eda laparosc\u00f3pica de la hernia inguinal (TAPP) y t\u00e9cnicas avanzadas como la separaci\u00f3n de componentes (botox, neumoperitoneo\u2026).<\/li>\n\n\n\n<li><strong>Cirug\u00eda Endocrina, <\/strong>destacando la cirug\u00eda paratiroidea y tiroidea.&nbsp;<\/li>\n<\/ul>\n\n\n\n<p>&nbsp;Semanalmente tenemos programados 20 quir\u00f3fanos de las secciones anteriormente descritas. Dichos quir\u00f3fanos no son solo de ma\u00f1ana, sino que existen varios turnos de tarde diarios fijos, salvo los viernes. Nuestros quir\u00f3fanos se encuentran dotados de tecnolog\u00eda y material a la vanguardia de la innovaci\u00f3n. A d\u00eda de hoy, no disponemos de robot.<\/p>\n\n\n\n<p>La formaci\u00f3n de un residente de Cirug\u00eda General no se ci\u00f1e solamente al quir\u00f3fano. Semanalmente se realizan 13 consultas, divididas en Coloproctolog\u00eda, Cirug\u00eda General y Unidad de mama. Adem\u00e1s, dos d\u00edas a la semana se realiza una consulta espec\u00edfica de Enfermer\u00eda de Ostom\u00edas y gu\u00eda RICA, para el seguimiento de todos los pacientes portadores de un estoma por un lado y entrega de instrucciones y seguimiento de todos los pacientes a los que se les ha aplicado el programa de Rehabilitaci\u00f3n multimodal por otro. As\u00ed mismo, los viernes por la ma\u00f1ana existe una consulta de t\u00e9cnicas de Coloproctolog\u00eda, donde se realizan procedimientos como ecograf\u00edas y manometr\u00edas endoanales, colocaci\u00f3n de bandas para hemorroides o dispositivos de neuroestimulaci\u00f3n para pacientes con incontinencia.&nbsp;<\/p>\n\n\n\n<p>Con respecto a las guardias, realizamos guardias presenciales de 24h, estando otro cirujano del servicio de llamada telef\u00f3nica (guardia localizada). El residente realizar\u00e1 5-6 guardias al mes y siempre acompa\u00f1ados por el cirujano presente en el hospital.<\/p>\n\n\n\n<p><\/p>\n\n\n\n<p><a href=\"https:\/\/riberasalud.com\/povisa\/wp-content\/uploads\/2023\/07\/Guia-formativa-Cirugia-General.pdf\">Descargar gu\u00eda formativa \u2192<\/a><\/p>\n<\/div><\/div>\n","protected":false},"excerpt":{"rendered":"<p>HOSPITAL RIBERA POVISA Cirug\u00eda General y Aparato Digestivo \u00a1El\u00edgenos! Plan formativo Descargar plan formativo \u2192Descargar plan gesti\u00f3n y calidad docente \u2192 Contacto secretaria.comision.docencia.povisa@riberacare.com El Servicio de Cirug\u00eda General del Hospital Ribera Povisa de Vigo est\u00e1 formado por 14 adjuntos y 4 residentes. Parece un t\u00f3pico, pero nuestro ambiente de trabajo es realmente excepcional y os &#8230; <a title=\"Cirug\u00eda General y Aparato Digestivo\" class=\"read-more\" href=\"https:\/\/riberasalud.com\/povisa\/cirugia-general-y-aparato-digestivo\/\" aria-label=\"Leer m\u00e1s sobre Cirug\u00eda General y Aparato Digestivo\">Leer m\u00e1s<\/a><\/p>\n","protected":false},"author":1,"featured_media":0,"parent":0,"menu_order":0,"comment_status":"closed","ping_status":"closed","template":"","meta":{"_coblocks_attr":"","_coblocks_dimensions":"","_coblocks_responsive_height":"","_coblocks_accordion_ie_support":"","_monsterinsights_skip_tracking":false,"_monsterinsights_sitenote_active":false,"_monsterinsights_sitenote_note":"","_monsterinsights_sitenote_category":0,"footnotes":""},"class_list":["post-9499","page","type-page","status-publish"],"yoast_head":"<!-- This site is optimized with the Yoast SEO plugin v26.9 - https:\/\/yoast.com\/product\/yoast-seo-wordpress\/ -->\n<title>\u25b7 Cirug\u00eda General y Aparato Digestivo | Hospital Ribera Povisa<\/title>\n<meta name=\"description\" content=\"lll\u1405 HOSPITAL RIBERA POVISA Cirug\u00eda General y Aparato Digestivo \u00a1El\u00edgenos! Plan formativo Descargar plan formativo \u2192Descargar plan gesti\u00f3n y calidad docente \u2192 \u2705\" \/>\n<meta name=\"robots\" content=\"index, follow, max-snippet:-1, max-image-preview:large, max-video-preview:-1\" \/>\n<link rel=\"canonical\" href=\"https:\/\/riberasalud.com\/povisa\/cirugia-general-y-aparato-digestivo\/\" \/>\n<meta property=\"og:locale\" content=\"es_ES\" \/>\n<meta property=\"og:type\" content=\"article\" \/>\n<meta property=\"og:title\" content=\"\u25b7 Cirug\u00eda General y Aparato Digestivo | Hospital Ribera Povisa\" \/>\n<meta property=\"og:description\" content=\"lll\u1405 HOSPITAL RIBERA POVISA Cirug\u00eda General y Aparato Digestivo \u00a1El\u00edgenos! Plan formativo Descargar plan formativo \u2192Descargar plan gesti\u00f3n y calidad docente \u2192 \u2705\" \/>\n<meta property=\"og:url\" content=\"https:\/\/riberasalud.com\/povisa\/cirugia-general-y-aparato-digestivo\/\" \/>\n<meta property=\"og:site_name\" content=\"Hospital Ribera Povisa\" \/>\n<meta property=\"article:modified_time\" content=\"2026-01-08T12:41:15+00:00\" \/>\n<meta property=\"og:image\" content=\"https:\/\/riberasalud.com\/povisa\/wp-content\/uploads\/2023\/07\/cirugia.jpg\" \/>\n<meta name=\"twitter:card\" content=\"summary_large_image\" \/>\n<meta name=\"twitter:label1\" content=\"Tiempo de lectura\" \/>\n\t<meta name=\"twitter:data1\" content=\"3 minutos\" \/>\n<script type=\"application\/ld+json\" class=\"yoast-schema-graph\">{\"@context\":\"https:\/\/schema.org\",\"@graph\":[{\"@type\":\"WebPage\",\"@id\":\"https:\/\/riberasalud.com\/povisa\/cirugia-general-y-aparato-digestivo\/\",\"url\":\"https:\/\/riberasalud.com\/povisa\/cirugia-general-y-aparato-digestivo\/\",\"name\":\"\u25b7 Cirug\u00eda General y Aparato Digestivo | Hospital Ribera Povisa\",\"isPartOf\":{\"@id\":\"https:\/\/riberasalud.com\/povisa\/#website\"},\"primaryImageOfPage\":{\"@id\":\"https:\/\/riberasalud.com\/povisa\/cirugia-general-y-aparato-digestivo\/#primaryimage\"},\"image\":{\"@id\":\"https:\/\/riberasalud.com\/povisa\/cirugia-general-y-aparato-digestivo\/#primaryimage\"},\"thumbnailUrl\":\"https:\/\/riberasalud.com\/povisa\/wp-content\/uploads\/2023\/07\/cirugia.jpg\",\"datePublished\":\"2023-07-18T09:01:48+00:00\",\"dateModified\":\"2026-01-08T12:41:15+00:00\",\"description\":\"lll\u1405 HOSPITAL RIBERA POVISA Cirug\u00eda General y Aparato Digestivo \u00a1El\u00edgenos! Plan formativo Descargar plan formativo \u2192Descargar plan gesti\u00f3n y calidad docente \u2192 \u2705\",\"inLanguage\":\"es\",\"potentialAction\":[{\"@type\":\"ReadAction\",\"target\":[\"https:\/\/riberasalud.com\/povisa\/cirugia-general-y-aparato-digestivo\/\"]}]},{\"@type\":\"ImageObject\",\"inLanguage\":\"es\",\"@id\":\"https:\/\/riberasalud.com\/povisa\/cirugia-general-y-aparato-digestivo\/#primaryimage\",\"url\":\"https:\/\/riberasalud.com\/povisa\/wp-content\/uploads\/2023\/07\/cirugia.jpg\",\"contentUrl\":\"https:\/\/riberasalud.com\/povisa\/wp-content\/uploads\/2023\/07\/cirugia.jpg\"},{\"@type\":\"WebSite\",\"@id\":\"https:\/\/riberasalud.com\/povisa\/#website\",\"url\":\"https:\/\/riberasalud.com\/povisa\/\",\"name\":\"Hospital Ribera Povisa\",\"description\":\"\",\"publisher\":{\"@id\":\"https:\/\/riberasalud.com\/povisa\/#organization\"},\"potentialAction\":[{\"@type\":\"SearchAction\",\"target\":{\"@type\":\"EntryPoint\",\"urlTemplate\":\"https:\/\/riberasalud.com\/povisa\/?s={search_term_string}\"},\"query-input\":{\"@type\":\"PropertyValueSpecification\",\"valueRequired\":true,\"valueName\":\"search_term_string\"}}],\"inLanguage\":\"es\"},{\"@type\":\"Organization\",\"@id\":\"https:\/\/riberasalud.com\/povisa\/#organization\",\"name\":\"Hospital Ribera Povisa\",\"url\":\"https:\/\/riberasalud.com\/povisa\/\",\"logo\":{\"@type\":\"ImageObject\",\"inLanguage\":\"es\",\"@id\":\"https:\/\/riberasalud.com\/povisa\/#\/schema\/logo\/image\/\",\"url\":\"https:\/\/riberasalud.com\/povisa\/wp-content\/uploads\/2024\/01\/cropped-Logo-Red-Povisa.png\",\"contentUrl\":\"https:\/\/riberasalud.com\/povisa\/wp-content\/uploads\/2024\/01\/cropped-Logo-Red-Povisa.png\",\"width\":1929,\"height\":489,\"caption\":\"Hospital Ribera Povisa\"},\"image\":{\"@id\":\"https:\/\/riberasalud.com\/povisa\/#\/schema\/logo\/image\/\"}}]}<\/script>\n<!-- \/ Yoast SEO plugin. -->","yoast_head_json":{"title":"\u25b7 Cirug\u00eda General y Aparato Digestivo | Hospital Ribera Povisa","description":"lll\u1405 HOSPITAL RIBERA POVISA Cirug\u00eda General y Aparato Digestivo \u00a1El\u00edgenos! Plan formativo Descargar plan formativo \u2192Descargar plan gesti\u00f3n y calidad docente \u2192 \u2705","robots":{"index":"index","follow":"follow","max-snippet":"max-snippet:-1","max-image-preview":"max-image-preview:large","max-video-preview":"max-video-preview:-1"},"canonical":"https:\/\/riberasalud.com\/povisa\/cirugia-general-y-aparato-digestivo\/","og_locale":"es_ES","og_type":"article","og_title":"\u25b7 Cirug\u00eda General y Aparato Digestivo | Hospital Ribera Povisa","og_description":"lll\u1405 HOSPITAL RIBERA POVISA Cirug\u00eda General y Aparato Digestivo \u00a1El\u00edgenos! Plan formativo Descargar plan formativo \u2192Descargar plan gesti\u00f3n y calidad docente \u2192 \u2705","og_url":"https:\/\/riberasalud.com\/povisa\/cirugia-general-y-aparato-digestivo\/","og_site_name":"Hospital Ribera Povisa","article_modified_time":"2026-01-08T12:41:15+00:00","og_image":[{"url":"https:\/\/riberasalud.com\/povisa\/wp-content\/uploads\/2023\/07\/cirugia.jpg","type":"","width":"","height":""}],"twitter_card":"summary_large_image","twitter_misc":{"Tiempo de lectura":"3 minutos"},"schema":{"@context":"https:\/\/schema.org","@graph":[{"@type":"WebPage","@id":"https:\/\/riberasalud.com\/povisa\/cirugia-general-y-aparato-digestivo\/","url":"https:\/\/riberasalud.com\/povisa\/cirugia-general-y-aparato-digestivo\/","name":"\u25b7 Cirug\u00eda General y Aparato Digestivo | Hospital Ribera Povisa","isPartOf":{"@id":"https:\/\/riberasalud.com\/povisa\/#website"},"primaryImageOfPage":{"@id":"https:\/\/riberasalud.com\/povisa\/cirugia-general-y-aparato-digestivo\/#primaryimage"},"image":{"@id":"https:\/\/riberasalud.com\/povisa\/cirugia-general-y-aparato-digestivo\/#primaryimage"},"thumbnailUrl":"https:\/\/riberasalud.com\/povisa\/wp-content\/uploads\/2023\/07\/cirugia.jpg","datePublished":"2023-07-18T09:01:48+00:00","dateModified":"2026-01-08T12:41:15+00:00","description":"lll\u1405 HOSPITAL RIBERA POVISA Cirug\u00eda General y Aparato Digestivo \u00a1El\u00edgenos! Plan formativo Descargar plan formativo \u2192Descargar plan gesti\u00f3n y calidad docente \u2192 \u2705","inLanguage":"es","potentialAction":[{"@type":"ReadAction","target":["https:\/\/riberasalud.com\/povisa\/cirugia-general-y-aparato-digestivo\/"]}]},{"@type":"ImageObject","inLanguage":"es","@id":"https:\/\/riberasalud.com\/povisa\/cirugia-general-y-aparato-digestivo\/#primaryimage","url":"https:\/\/riberasalud.com\/povisa\/wp-content\/uploads\/2023\/07\/cirugia.jpg","contentUrl":"https:\/\/riberasalud.com\/povisa\/wp-content\/uploads\/2023\/07\/cirugia.jpg"},{"@type":"WebSite","@id":"https:\/\/riberasalud.com\/povisa\/#website","url":"https:\/\/riberasalud.com\/povisa\/","name":"Hospital Ribera Povisa","description":"","publisher":{"@id":"https:\/\/riberasalud.com\/povisa\/#organization"},"potentialAction":[{"@type":"SearchAction","target":{"@type":"EntryPoint","urlTemplate":"https:\/\/riberasalud.com\/povisa\/?s={search_term_string}"},"query-input":{"@type":"PropertyValueSpecification","valueRequired":true,"valueName":"search_term_string"}}],"inLanguage":"es"},{"@type":"Organization","@id":"https:\/\/riberasalud.com\/povisa\/#organization","name":"Hospital Ribera Povisa","url":"https:\/\/riberasalud.com\/povisa\/","logo":{"@type":"ImageObject","inLanguage":"es","@id":"https:\/\/riberasalud.com\/povisa\/#\/schema\/logo\/image\/","url":"https:\/\/riberasalud.com\/povisa\/wp-content\/uploads\/2024\/01\/cropped-Logo-Red-Povisa.png","contentUrl":"https:\/\/riberasalud.com\/povisa\/wp-content\/uploads\/2024\/01\/cropped-Logo-Red-Povisa.png","width":1929,"height":489,"caption":"Hospital Ribera Povisa"},"image":{"@id":"https:\/\/riberasalud.com\/povisa\/#\/schema\/logo\/image\/"}}]}},"_links":{"self":[{"href":"https:\/\/riberasalud.com\/povisa\/wp-json\/wp\/v2\/pages\/9499","targetHints":{"allow":["GET"]}}],"collection":[{"href":"https:\/\/riberasalud.com\/povisa\/wp-json\/wp\/v2\/pages"}],"about":[{"href":"https:\/\/riberasalud.com\/povisa\/wp-json\/wp\/v2\/types\/page"}],"author":[{"embeddable":true,"href":"https:\/\/riberasalud.com\/povisa\/wp-json\/wp\/v2\/users\/1"}],"replies":[{"embeddable":true,"href":"https:\/\/riberasalud.com\/povisa\/wp-json\/wp\/v2\/comments?post=9499"}],"version-history":[{"count":6,"href":"https:\/\/riberasalud.com\/povisa\/wp-json\/wp\/v2\/pages\/9499\/revisions"}],"predecessor-version":[{"id":15523,"href":"https:\/\/riberasalud.com\/povisa\/wp-json\/wp\/v2\/pages\/9499\/revisions\/15523"}],"wp:attachment":[{"href":"https:\/\/riberasalud.com\/povisa\/wp-json\/wp\/v2\/media?parent=9499"}],"curies":[{"name":"wp","href":"https:\/\/api.w.org\/{rel}","templated":true}]}}