{"id":9235,"date":"2023-05-24T06:59:48","date_gmt":"2023-05-24T06:59:48","guid":{"rendered":"https:\/\/riberasalud.com\/povisaaux\/?page_id=9235"},"modified":"2024-07-18T11:04:19","modified_gmt":"2024-07-18T11:04:19","slug":"aseguradoras","status":"publish","type":"page","link":"https:\/\/riberasalud.com\/povisa\/aseguradoras\/","title":{"rendered":"Aseguradoras"},"content":{"rendered":"\n<div class=\"wp-block-group hasbackgroundnaranja sliderlinea\"><div class=\"wp-block-group__inner-container is-layout-flow wp-block-group-is-layout-flow\">\n<p>HOSPITAL RIBERA POVISA<\/p>\n\n\n\n<h1 class=\"wp-block-heading\">Aseguradoras<\/h1>\n<\/div><\/div>\n\n\n\n<div class=\"wp-block-group alignwide\"><div class=\"wp-block-group__inner-container is-layout-flow wp-block-group-is-layout-flow\">\n<p>Trabajamos con las mejores aseguradoras y mutuas de salud.<\/p>\n\n\n\n<p>Nuestro compromiso con el paciente, la calidad de la atenci\u00f3n sanitaria y la amplia oferta de especialidades que ponemos a su disposici\u00f3n son la base de la confianza que depositan en nosotros todos los agentes del sector.<\/p>\n\n\n\n<p>Ribera Povisa cubre la pr\u00e1ctica totalidad de los asegurados en compa\u00f1\u00edas privadas de salud, adem\u00e1s de ofrecer cobertura a los trabajadores a trav\u00e9s de las mutuas laborales y a las personas que sufren un accidente de tr\u00e1fico.<\/p>\n\n\n\n<h2 class=\"wp-block-heading\">Compa\u00f1\u00edas de asistencia sanitaria<\/h2>\n\n\n\n<div class=\"wp-block-columns is-layout-flex wp-container-core-columns-is-layout-9d6595d7 wp-block-columns-is-layout-flex\">\n<div class=\"wp-block-column is-layout-flow wp-block-column-is-layout-flow\">\n<figure class=\"wp-block-image size-full\"><img loading=\"lazy\" decoding=\"async\" width=\"250\" height=\"201\" src=\"https:\/\/riberasalud.com\/povisa\/wp-content\/uploads\/2023\/05\/logos_aseguradoras-60.jpg\" alt=\"\" class=\"wp-image-9261\"\/><\/figure>\n<\/div>\n\n\n\n<div class=\"wp-block-column is-layout-flow wp-block-column-is-layout-flow\">\n<figure class=\"wp-block-image size-full\"><img loading=\"lazy\" decoding=\"async\" width=\"250\" height=\"201\" src=\"https:\/\/riberasalud.com\/povisa\/wp-content\/uploads\/2023\/05\/logos_aseguradoras-51.jpg\" alt=\"\" class=\"wp-image-9255\"\/><\/figure>\n<\/div>\n\n\n\n<div class=\"wp-block-column is-layout-flow wp-block-column-is-layout-flow\">\n<figure class=\"wp-block-image size-full\"><img loading=\"lazy\" decoding=\"async\" width=\"250\" height=\"201\" src=\"https:\/\/riberasalud.com\/povisa\/wp-content\/uploads\/2023\/05\/logos_aseguradoras-35.jpg\" alt=\"\" class=\"wp-image-9241\"\/><\/figure>\n<\/div>\n\n\n\n<div class=\"wp-block-column is-layout-flow wp-block-column-is-layout-flow\">\n<figure class=\"wp-block-image size-full\"><img loading=\"lazy\" decoding=\"async\" width=\"250\" height=\"201\" src=\"https:\/\/riberasalud.com\/povisa\/wp-content\/uploads\/2023\/05\/logos_aseguradoras-42.jpg\" alt=\"\" class=\"wp-image-9247\"\/><\/figure>\n<\/div>\n\n\n\n<div class=\"wp-block-column is-layout-flow wp-block-column-is-layout-flow\">\n<figure class=\"wp-block-image size-full\"><img loading=\"lazy\" decoding=\"async\" width=\"250\" height=\"201\" src=\"https:\/\/riberasalud.com\/povisa\/wp-content\/uploads\/2023\/05\/logos_aseguradoras_color-48.jpg\" alt=\"\" class=\"wp-image-9238\"\/><\/figure>\n<\/div>\n\n\n\n<div class=\"wp-block-column is-layout-flow wp-block-column-is-layout-flow\">\n<figure class=\"wp-block-image size-full\"><img loading=\"lazy\" decoding=\"async\" width=\"250\" height=\"201\" src=\"https:\/\/riberasalud.com\/povisa\/wp-content\/uploads\/2023\/05\/logos_aseguradoras-45.jpg\" alt=\"\" class=\"wp-image-9250\"\/><\/figure>\n<\/div>\n<\/div>\n\n\n\n<div class=\"wp-block-columns is-layout-flex wp-container-core-columns-is-layout-9d6595d7 wp-block-columns-is-layout-flex\">\n<div class=\"wp-block-column is-layout-flow wp-block-column-is-layout-flow\">\n<figure class=\"wp-block-image size-full\"><img loading=\"lazy\" decoding=\"async\" width=\"251\" height=\"201\" src=\"https:\/\/riberasalud.com\/povisa\/wp-content\/uploads\/2023\/05\/logos_aseguradoras_color-34.jpg\" alt=\"\" class=\"wp-image-9236\"\/><\/figure>\n<\/div>\n\n\n\n<div class=\"wp-block-column is-layout-flow wp-block-column-is-layout-flow\">\n<figure class=\"wp-block-image size-full\"><img loading=\"lazy\" decoding=\"async\" width=\"250\" height=\"201\" src=\"https:\/\/riberasalud.com\/povisa\/wp-content\/uploads\/2023\/05\/logos_aseguradoras-50.jpg\" alt=\"\" class=\"wp-image-9254\"\/><\/figure>\n<\/div>\n\n\n\n<div class=\"wp-block-column is-layout-flow wp-block-column-is-layout-flow\">\n<figure class=\"wp-block-image size-full\"><img loading=\"lazy\" decoding=\"async\" width=\"250\" height=\"201\" src=\"https:\/\/riberasalud.com\/povisa\/wp-content\/uploads\/2023\/05\/logos_aseguradoras-63.jpg\" alt=\"\" class=\"wp-image-9263\"\/><\/figure>\n<\/div>\n\n\n\n<div class=\"wp-block-column is-layout-flow wp-block-column-is-layout-flow\">\n<figure class=\"wp-block-image size-full\"><img loading=\"lazy\" decoding=\"async\" width=\"250\" height=\"201\" src=\"https:\/\/riberasalud.com\/povisa\/wp-content\/uploads\/2023\/05\/logos_aseguradoras-48.jpg\" alt=\"\" class=\"wp-image-9252\"\/><\/figure>\n<\/div>\n\n\n\n<div class=\"wp-block-column is-layout-flow wp-block-column-is-layout-flow\">\n<figure class=\"wp-block-image size-full\"><img loading=\"lazy\" decoding=\"async\" width=\"250\" height=\"201\" src=\"https:\/\/riberasalud.com\/povisa\/wp-content\/uploads\/2023\/05\/logos_aseguradoras-40.jpg\" alt=\"\" class=\"wp-image-9245\"\/><\/figure>\n<\/div>\n\n\n\n<div class=\"wp-block-column is-layout-flow wp-block-column-is-layout-flow\">\n<figure class=\"wp-block-image size-full\"><img loading=\"lazy\" decoding=\"async\" width=\"250\" height=\"201\" src=\"https:\/\/riberasalud.com\/povisa\/wp-content\/uploads\/2023\/05\/logos_aseguradoras-49.jpg\" alt=\"\" class=\"wp-image-9253\"\/><\/figure>\n<\/div>\n<\/div>\n\n\n\n<div class=\"wp-block-columns is-layout-flex wp-container-core-columns-is-layout-9d6595d7 wp-block-columns-is-layout-flex\">\n<div class=\"wp-block-column is-layout-flow wp-block-column-is-layout-flow\">\n<figure class=\"wp-block-image size-full\"><img loading=\"lazy\" decoding=\"async\" width=\"250\" height=\"201\" src=\"https:\/\/riberasalud.com\/povisa\/wp-content\/uploads\/2023\/05\/logos_aseguradoras-44.jpg\" alt=\"\" class=\"wp-image-9249\"\/><\/figure>\n<\/div>\n\n\n\n<div class=\"wp-block-column is-layout-flow wp-block-column-is-layout-flow\">\n<figure class=\"wp-block-image size-full\"><img loading=\"lazy\" decoding=\"async\" width=\"250\" height=\"201\" src=\"https:\/\/riberasalud.com\/povisa\/wp-content\/uploads\/2023\/05\/logos_aseguradoras_color-40.jpg\" alt=\"\" class=\"wp-image-9237\"\/><\/figure>\n<\/div>\n\n\n\n<div class=\"wp-block-column is-layout-flow wp-block-column-is-layout-flow\">\n<figure class=\"wp-block-image size-full\"><img loading=\"lazy\" decoding=\"async\" width=\"250\" height=\"201\" src=\"https:\/\/riberasalud.com\/povisa\/wp-content\/uploads\/2023\/05\/logos_aseguradoras-46.jpg\" alt=\"\" class=\"wp-image-9251\"\/><\/figure>\n<\/div>\n\n\n\n<div class=\"wp-block-column is-layout-flow wp-block-column-is-layout-flow\">\n<figure class=\"wp-block-image size-full\"><img loading=\"lazy\" decoding=\"async\" width=\"250\" height=\"201\" src=\"https:\/\/riberasalud.com\/povisa\/wp-content\/uploads\/2023\/05\/logos_aseguradoras-43.jpg\" alt=\"\" class=\"wp-image-9248\"\/><\/figure>\n<\/div>\n\n\n\n<div class=\"wp-block-column is-layout-flow wp-block-column-is-layout-flow\">\n<figure class=\"wp-block-image size-full\"><img loading=\"lazy\" decoding=\"async\" width=\"250\" height=\"201\" src=\"https:\/\/riberasalud.com\/povisa\/wp-content\/uploads\/2023\/05\/logos_aseguradoras-41.jpg\" alt=\"\" class=\"wp-image-9246\"\/><\/figure>\n<\/div>\n\n\n\n<div class=\"wp-block-column is-layout-flow wp-block-column-is-layout-flow\">\n<figure class=\"wp-block-image size-full\"><img loading=\"lazy\" decoding=\"async\" width=\"250\" height=\"201\" src=\"https:\/\/riberasalud.com\/povisa\/wp-content\/uploads\/2023\/05\/logos_aseguradoras-38.jpg\" alt=\"\" class=\"wp-image-9244\"\/><\/figure>\n<\/div>\n<\/div>\n\n\n\n<div class=\"wp-block-columns is-layout-flex wp-container-core-columns-is-layout-9d6595d7 wp-block-columns-is-layout-flex\">\n<div class=\"wp-block-column is-layout-flow wp-block-column-is-layout-flow\">\n<figure class=\"wp-block-image size-full\"><img loading=\"lazy\" decoding=\"async\" width=\"250\" height=\"201\" src=\"https:\/\/riberasalud.com\/povisa\/wp-content\/uploads\/2023\/05\/logos_aseguradoras-37.jpg\" alt=\"\" class=\"wp-image-9243\"\/><\/figure>\n<\/div>\n\n\n\n<div class=\"wp-block-column is-layout-flow wp-block-column-is-layout-flow\">\n<figure class=\"wp-block-image size-full\"><img loading=\"lazy\" decoding=\"async\" width=\"250\" height=\"201\" src=\"https:\/\/riberasalud.com\/povisa\/wp-content\/uploads\/2023\/05\/logos_aseguradoras-53.jpg\" alt=\"\" class=\"wp-image-9256\"\/><\/figure>\n<\/div>\n\n\n\n<div class=\"wp-block-column is-layout-flow wp-block-column-is-layout-flow\">\n<figure class=\"wp-block-image size-full\"><img loading=\"lazy\" decoding=\"async\" width=\"250\" height=\"201\" src=\"https:\/\/riberasalud.com\/povisa\/wp-content\/uploads\/2023\/05\/logos_aseguradoras-54.jpg\" alt=\"\" class=\"wp-image-9257\"\/><\/figure>\n<\/div>\n\n\n\n<div class=\"wp-block-column is-layout-flow wp-block-column-is-layout-flow\">\n<figure class=\"wp-block-image size-full\"><img loading=\"lazy\" decoding=\"async\" width=\"250\" height=\"201\" src=\"https:\/\/riberasalud.com\/povisa\/wp-content\/uploads\/2023\/05\/logos_aseguradoras-55.jpg\" alt=\"\" class=\"wp-image-9258\"\/><\/figure>\n<\/div>\n\n\n\n<div class=\"wp-block-column is-layout-flow wp-block-column-is-layout-flow\">\n<figure class=\"wp-block-image size-full\"><img loading=\"lazy\" decoding=\"async\" width=\"250\" height=\"201\" src=\"https:\/\/riberasalud.com\/povisa\/wp-content\/uploads\/2023\/05\/logos_aseguradoras-56.jpg\" alt=\"\" class=\"wp-image-9259\"\/><\/figure>\n<\/div>\n\n\n\n<div class=\"wp-block-column is-layout-flow wp-block-column-is-layout-flow\">\n<figure class=\"wp-block-image size-full\"><img loading=\"lazy\" decoding=\"async\" width=\"250\" height=\"201\" src=\"https:\/\/riberasalud.com\/povisa\/wp-content\/uploads\/2023\/05\/logos_aseguradoras-57.jpg\" alt=\"\" class=\"wp-image-9260\"\/><\/figure>\n<\/div>\n<\/div>\n\n\n\n<div class=\"wp-block-columns is-layout-flex wp-container-core-columns-is-layout-9d6595d7 wp-block-columns-is-layout-flex\">\n<div class=\"wp-block-column is-layout-flow wp-block-column-is-layout-flow\">\n<figure class=\"wp-block-image size-full\"><img loading=\"lazy\" decoding=\"async\" width=\"250\" height=\"201\" src=\"https:\/\/riberasalud.com\/povisa\/wp-content\/uploads\/2023\/05\/logos_aseguradoras-34.jpg\" alt=\"\" class=\"wp-image-9240\"\/><\/figure>\n<\/div>\n\n\n\n<div class=\"wp-block-column is-layout-flow wp-block-column-is-layout-flow\">\n<figure class=\"wp-block-image size-full\"><img loading=\"lazy\" decoding=\"async\" width=\"250\" height=\"201\" src=\"https:\/\/riberasalud.com\/povisa\/wp-content\/uploads\/2023\/05\/logos_aseguradoras-61.jpg\" alt=\"\" class=\"wp-image-9262\"\/><\/figure>\n<\/div>\n\n\n\n<div class=\"wp-block-column is-layout-flow wp-block-column-is-layout-flow\">\n<figure class=\"wp-block-image size-full\"><img loading=\"lazy\" decoding=\"async\" width=\"250\" height=\"201\" src=\"https:\/\/riberasalud.com\/povisa\/wp-content\/uploads\/2023\/05\/logos_aseguradoras-36.jpg\" alt=\"\" class=\"wp-image-9242\"\/><\/figure>\n<\/div>\n\n\n\n<div class=\"wp-block-column is-layout-flow wp-block-column-is-layout-flow\">\n<figure class=\"wp-block-image size-full\"><img loading=\"lazy\" decoding=\"async\" width=\"250\" height=\"201\" src=\"https:\/\/riberasalud.com\/povisa\/wp-content\/uploads\/2023\/05\/logos_aseguradoras-64.jpg\" alt=\"\" class=\"wp-image-9264\"\/><\/figure>\n<\/div>\n\n\n\n<div class=\"wp-block-column is-layout-flow wp-block-column-is-layout-flow\">\n<figure class=\"wp-block-image size-full\"><img loading=\"lazy\" decoding=\"async\" width=\"250\" height=\"200\" src=\"https:\/\/riberasalud.com\/povisa\/wp-content\/uploads\/2023\/05\/logos_aseguradoras1_Mesa-de-trabajo-1.jpg\" alt=\"\" class=\"wp-image-9239\"\/><\/figure>\n<\/div>\n\n\n\n<div class=\"wp-block-column is-layout-flow wp-block-column-is-layout-flow\">\n<figure class=\"wp-block-image size-full\"><img loading=\"lazy\" decoding=\"async\" width=\"250\" height=\"201\" src=\"https:\/\/www.riberasalud.com\/povisa\/wp-content\/uploads\/2024\/02\/nuevamutuasanitaria.jpg\" alt=\"\" class=\"wp-image-10963\"\/><\/figure>\n<\/div>\n<\/div>\n\n\n\n<div class=\"wp-block-columns is-layout-flex wp-container-core-columns-is-layout-9d6595d7 wp-block-columns-is-layout-flex\">\n<div class=\"wp-block-column is-layout-flow wp-block-column-is-layout-flow\">\n<figure class=\"wp-block-image size-full\"><img loading=\"lazy\" decoding=\"async\" width=\"251\" height=\"201\" src=\"https:\/\/www.riberasalud.com\/povisa\/wp-content\/uploads\/2024\/04\/logos_aseguradoras_1-01.jpg\" alt=\"Digglo\" class=\"wp-image-11185\"\/><\/figure>\n<\/div>\n\n\n\n<div class=\"wp-block-column is-layout-flow wp-block-column-is-layout-flow\"><\/div>\n\n\n\n<div class=\"wp-block-column is-layout-flow wp-block-column-is-layout-flow\"><\/div>\n\n\n\n<div class=\"wp-block-column is-layout-flow wp-block-column-is-layout-flow\"><\/div>\n\n\n\n<div class=\"wp-block-column is-layout-flow wp-block-column-is-layout-flow\"><\/div>\n\n\n\n<div class=\"wp-block-column is-layout-flow wp-block-column-is-layout-flow\"><\/div>\n<\/div>\n<\/div><\/div>\n","protected":false},"excerpt":{"rendered":"<p>HOSPITAL RIBERA POVISA Aseguradoras Trabajamos con las mejores aseguradoras y mutuas de salud. Nuestro compromiso con el paciente, la calidad de la atenci\u00f3n sanitaria y la amplia oferta de especialidades que ponemos a su disposici\u00f3n son la base de la confianza que depositan en nosotros todos los agentes del sector. Ribera Povisa cubre la pr\u00e1ctica &#8230; <a title=\"Aseguradoras\" class=\"read-more\" href=\"https:\/\/riberasalud.com\/povisa\/aseguradoras\/\" aria-label=\"Leer m\u00e1s sobre Aseguradoras\">Leer m\u00e1s<\/a><\/p>\n","protected":false},"author":1,"featured_media":9927,"parent":0,"menu_order":0,"comment_status":"closed","ping_status":"closed","template":"","meta":{"_coblocks_attr":"","_coblocks_dimensions":"","_coblocks_responsive_height":"","_coblocks_accordion_ie_support":"","_monsterinsights_skip_tracking":false,"_monsterinsights_sitenote_active":false,"_monsterinsights_sitenote_note":"","_monsterinsights_sitenote_category":0,"footnotes":""},"class_list":["post-9235","page","type-page","status-publish","has-post-thumbnail"],"yoast_head":"<!-- This site is optimized with the Yoast SEO plugin v26.9 - https:\/\/yoast.com\/product\/yoast-seo-wordpress\/ -->\n<title>\u25b7 Aseguradoras | Hospital Ribera Povisa<\/title>\n<meta name=\"description\" content=\"lll\u1405 Ribera Povisa cubre asegurados de compa\u00f1\u00edas privadas, mutuas laborales y personas que han sufrido accidentes de tr\u00e1fico. \u2705\" \/>\n<meta name=\"robots\" content=\"index, follow, max-snippet:-1, max-image-preview:large, max-video-preview:-1\" \/>\n<link rel=\"canonical\" href=\"https:\/\/riberasalud.com\/povisa\/aseguradoras\/\" \/>\n<meta property=\"og:locale\" content=\"es_ES\" \/>\n<meta property=\"og:type\" content=\"article\" \/>\n<meta property=\"og:title\" content=\"\u25b7 Aseguradoras | Hospital Ribera Povisa\" \/>\n<meta property=\"og:description\" content=\"lll\u1405 Ribera Povisa cubre asegurados de compa\u00f1\u00edas privadas, mutuas laborales y personas que han sufrido accidentes de tr\u00e1fico. \u2705\" \/>\n<meta property=\"og:url\" content=\"https:\/\/riberasalud.com\/povisa\/aseguradoras\/\" \/>\n<meta property=\"og:site_name\" content=\"Hospital Ribera Povisa\" \/>\n<meta property=\"article:modified_time\" content=\"2024-07-18T11:04:19+00:00\" \/>\n<meta property=\"og:image\" content=\"https:\/\/riberasalud.com\/povisa\/wp-content\/uploads\/2023\/10\/HospitalRiberaPovisa.jpg\" \/>\n\t<meta property=\"og:image:width\" content=\"800\" \/>\n\t<meta property=\"og:image:height\" content=\"533\" \/>\n\t<meta property=\"og:image:type\" content=\"image\/jpeg\" \/>\n<meta name=\"twitter:card\" content=\"summary_large_image\" \/>\n<meta name=\"twitter:label1\" content=\"Tiempo de lectura\" \/>\n\t<meta name=\"twitter:data1\" content=\"1 minuto\" \/>\n<script type=\"application\/ld+json\" class=\"yoast-schema-graph\">{\"@context\":\"https:\/\/schema.org\",\"@graph\":[{\"@type\":\"WebPage\",\"@id\":\"https:\/\/riberasalud.com\/povisa\/aseguradoras\/\",\"url\":\"https:\/\/riberasalud.com\/povisa\/aseguradoras\/\",\"name\":\"\u25b7 Aseguradoras | Hospital Ribera Povisa\",\"isPartOf\":{\"@id\":\"https:\/\/riberasalud.com\/povisa\/#website\"},\"primaryImageOfPage\":{\"@id\":\"https:\/\/riberasalud.com\/povisa\/aseguradoras\/#primaryimage\"},\"image\":{\"@id\":\"https:\/\/riberasalud.com\/povisa\/aseguradoras\/#primaryimage\"},\"thumbnailUrl\":\"https:\/\/riberasalud.com\/povisa\/wp-content\/uploads\/2023\/10\/HospitalRiberaPovisa.jpg\",\"datePublished\":\"2023-05-24T06:59:48+00:00\",\"dateModified\":\"2024-07-18T11:04:19+00:00\",\"description\":\"lll\u1405 Ribera Povisa cubre asegurados de compa\u00f1\u00edas privadas, mutuas laborales y personas que han sufrido accidentes de tr\u00e1fico. \u2705\",\"inLanguage\":\"es\",\"potentialAction\":[{\"@type\":\"ReadAction\",\"target\":[\"https:\/\/riberasalud.com\/povisa\/aseguradoras\/\"]}]},{\"@type\":\"ImageObject\",\"inLanguage\":\"es\",\"@id\":\"https:\/\/riberasalud.com\/povisa\/aseguradoras\/#primaryimage\",\"url\":\"https:\/\/riberasalud.com\/povisa\/wp-content\/uploads\/2023\/10\/HospitalRiberaPovisa.jpg\",\"contentUrl\":\"https:\/\/riberasalud.com\/povisa\/wp-content\/uploads\/2023\/10\/HospitalRiberaPovisa.jpg\",\"width\":800,\"height\":533,\"caption\":\"fachada Ribera Povisa\"},{\"@type\":\"WebSite\",\"@id\":\"https:\/\/riberasalud.com\/povisa\/#website\",\"url\":\"https:\/\/riberasalud.com\/povisa\/\",\"name\":\"Hospital Ribera Povisa\",\"description\":\"\",\"publisher\":{\"@id\":\"https:\/\/riberasalud.com\/povisa\/#organization\"},\"potentialAction\":[{\"@type\":\"SearchAction\",\"target\":{\"@type\":\"EntryPoint\",\"urlTemplate\":\"https:\/\/riberasalud.com\/povisa\/?s={search_term_string}\"},\"query-input\":{\"@type\":\"PropertyValueSpecification\",\"valueRequired\":true,\"valueName\":\"search_term_string\"}}],\"inLanguage\":\"es\"},{\"@type\":\"Organization\",\"@id\":\"https:\/\/riberasalud.com\/povisa\/#organization\",\"name\":\"Hospital Ribera Povisa\",\"url\":\"https:\/\/riberasalud.com\/povisa\/\",\"logo\":{\"@type\":\"ImageObject\",\"inLanguage\":\"es\",\"@id\":\"https:\/\/riberasalud.com\/povisa\/#\/schema\/logo\/image\/\",\"url\":\"https:\/\/riberasalud.com\/povisa\/wp-content\/uploads\/2024\/01\/cropped-Logo-Red-Povisa.png\",\"contentUrl\":\"https:\/\/riberasalud.com\/povisa\/wp-content\/uploads\/2024\/01\/cropped-Logo-Red-Povisa.png\",\"width\":1929,\"height\":489,\"caption\":\"Hospital Ribera Povisa\"},\"image\":{\"@id\":\"https:\/\/riberasalud.com\/povisa\/#\/schema\/logo\/image\/\"}}]}<\/script>\n<!-- \/ Yoast SEO plugin. -->","yoast_head_json":{"title":"\u25b7 Aseguradoras | Hospital Ribera Povisa","description":"lll\u1405 Ribera Povisa cubre asegurados de compa\u00f1\u00edas privadas, mutuas laborales y personas que han sufrido accidentes de tr\u00e1fico. \u2705","robots":{"index":"index","follow":"follow","max-snippet":"max-snippet:-1","max-image-preview":"max-image-preview:large","max-video-preview":"max-video-preview:-1"},"canonical":"https:\/\/riberasalud.com\/povisa\/aseguradoras\/","og_locale":"es_ES","og_type":"article","og_title":"\u25b7 Aseguradoras | Hospital Ribera Povisa","og_description":"lll\u1405 Ribera Povisa cubre asegurados de compa\u00f1\u00edas privadas, mutuas laborales y personas que han sufrido accidentes de tr\u00e1fico. \u2705","og_url":"https:\/\/riberasalud.com\/povisa\/aseguradoras\/","og_site_name":"Hospital Ribera Povisa","article_modified_time":"2024-07-18T11:04:19+00:00","og_image":[{"width":800,"height":533,"url":"https:\/\/riberasalud.com\/povisa\/wp-content\/uploads\/2023\/10\/HospitalRiberaPovisa.jpg","type":"image\/jpeg"}],"twitter_card":"summary_large_image","twitter_misc":{"Tiempo de lectura":"1 minuto"},"schema":{"@context":"https:\/\/schema.org","@graph":[{"@type":"WebPage","@id":"https:\/\/riberasalud.com\/povisa\/aseguradoras\/","url":"https:\/\/riberasalud.com\/povisa\/aseguradoras\/","name":"\u25b7 Aseguradoras | Hospital Ribera Povisa","isPartOf":{"@id":"https:\/\/riberasalud.com\/povisa\/#website"},"primaryImageOfPage":{"@id":"https:\/\/riberasalud.com\/povisa\/aseguradoras\/#primaryimage"},"image":{"@id":"https:\/\/riberasalud.com\/povisa\/aseguradoras\/#primaryimage"},"thumbnailUrl":"https:\/\/riberasalud.com\/povisa\/wp-content\/uploads\/2023\/10\/HospitalRiberaPovisa.jpg","datePublished":"2023-05-24T06:59:48+00:00","dateModified":"2024-07-18T11:04:19+00:00","description":"lll\u1405 Ribera Povisa cubre asegurados de compa\u00f1\u00edas privadas, mutuas laborales y personas que han sufrido accidentes de tr\u00e1fico. \u2705","inLanguage":"es","potentialAction":[{"@type":"ReadAction","target":["https:\/\/riberasalud.com\/povisa\/aseguradoras\/"]}]},{"@type":"ImageObject","inLanguage":"es","@id":"https:\/\/riberasalud.com\/povisa\/aseguradoras\/#primaryimage","url":"https:\/\/riberasalud.com\/povisa\/wp-content\/uploads\/2023\/10\/HospitalRiberaPovisa.jpg","contentUrl":"https:\/\/riberasalud.com\/povisa\/wp-content\/uploads\/2023\/10\/HospitalRiberaPovisa.jpg","width":800,"height":533,"caption":"fachada Ribera Povisa"},{"@type":"WebSite","@id":"https:\/\/riberasalud.com\/povisa\/#website","url":"https:\/\/riberasalud.com\/povisa\/","name":"Hospital Ribera Povisa","description":"","publisher":{"@id":"https:\/\/riberasalud.com\/povisa\/#organization"},"potentialAction":[{"@type":"SearchAction","target":{"@type":"EntryPoint","urlTemplate":"https:\/\/riberasalud.com\/povisa\/?s={search_term_string}"},"query-input":{"@type":"PropertyValueSpecification","valueRequired":true,"valueName":"search_term_string"}}],"inLanguage":"es"},{"@type":"Organization","@id":"https:\/\/riberasalud.com\/povisa\/#organization","name":"Hospital Ribera Povisa","url":"https:\/\/riberasalud.com\/povisa\/","logo":{"@type":"ImageObject","inLanguage":"es","@id":"https:\/\/riberasalud.com\/povisa\/#\/schema\/logo\/image\/","url":"https:\/\/riberasalud.com\/povisa\/wp-content\/uploads\/2024\/01\/cropped-Logo-Red-Povisa.png","contentUrl":"https:\/\/riberasalud.com\/povisa\/wp-content\/uploads\/2024\/01\/cropped-Logo-Red-Povisa.png","width":1929,"height":489,"caption":"Hospital Ribera Povisa"},"image":{"@id":"https:\/\/riberasalud.com\/povisa\/#\/schema\/logo\/image\/"}}]}},"_links":{"self":[{"href":"https:\/\/riberasalud.com\/povisa\/wp-json\/wp\/v2\/pages\/9235","targetHints":{"allow":["GET"]}}],"collection":[{"href":"https:\/\/riberasalud.com\/povisa\/wp-json\/wp\/v2\/pages"}],"about":[{"href":"https:\/\/riberasalud.com\/povisa\/wp-json\/wp\/v2\/types\/page"}],"author":[{"embeddable":true,"href":"https:\/\/riberasalud.com\/povisa\/wp-json\/wp\/v2\/users\/1"}],"replies":[{"embeddable":true,"href":"https:\/\/riberasalud.com\/povisa\/wp-json\/wp\/v2\/comments?post=9235"}],"version-history":[{"count":5,"href":"https:\/\/riberasalud.com\/povisa\/wp-json\/wp\/v2\/pages\/9235\/revisions"}],"predecessor-version":[{"id":11188,"href":"https:\/\/riberasalud.com\/povisa\/wp-json\/wp\/v2\/pages\/9235\/revisions\/11188"}],"wp:featuredmedia":[{"embeddable":true,"href":"https:\/\/riberasalud.com\/povisa\/wp-json\/wp\/v2\/media\/9927"}],"wp:attachment":[{"href":"https:\/\/riberasalud.com\/povisa\/wp-json\/wp\/v2\/media?parent=9235"}],"curies":[{"name":"wp","href":"https:\/\/api.w.org\/{rel}","templated":true}]}}