{"id":37,"date":"2023-05-10T06:48:15","date_gmt":"2023-05-10T06:48:15","guid":{"rendered":"https:\/\/riberasalud.com\/povisaaux\/?page_id=37"},"modified":"2024-07-18T11:15:42","modified_gmt":"2024-07-18T11:15:42","slug":"visitas-y-acompanantes","status":"publish","type":"page","link":"https:\/\/riberasalud.com\/povisa\/visitas-y-acompanantes\/","title":{"rendered":"Visitas y acompa\u00f1antes"},"content":{"rendered":"\n<div class=\"wp-block-group hasbackgroundnaranja sliderlinea\"><div class=\"wp-block-group__inner-container is-layout-flow wp-block-group-is-layout-flow\">\n<p>HOSPITAL RIBERA POVISA<\/p>\n\n\n\n<h1 class=\"wp-block-heading\">Visitas y acompa\u00f1antes<\/h1>\n<\/div><\/div>\n\n\n\n<div class=\"wp-block-group cajasdescarga\"><div class=\"wp-block-group__inner-container is-layout-flow wp-block-group-is-layout-flow\">\n<div class=\"wp-block-columns is-layout-flex wp-container-core-columns-is-layout-9d6595d7 wp-block-columns-is-layout-flex\">\n<div class=\"wp-block-column is-vertically-aligned-center has-base-background-color has-background is-layout-flow wp-block-column-is-layout-flow\">\n<div style=\"height:50px\" aria-hidden=\"true\" class=\"wp-block-spacer\"><\/div>\n\n\n<div class=\"wp-block-image nomargin\">\n<figure class=\"aligncenter size-full\"><img loading=\"lazy\" decoding=\"async\" width=\"150\" height=\"150\" src=\"https:\/\/riberasalud.com\/povisa\/wp-content\/uploads\/2023\/06\/transparencia_Mesa-de-trabajo-1-150x150-1.png\" alt=\"\" class=\"wp-image-9389\"\/><\/figure>\n<\/div>\n\n\n<p class=\"has-text-align-center nomargin\"><span class=\"stk-highlight\" style=\"color: #575756;\"><strong>Visitas y acompa\u00f1antes en Castellano<\/strong><\/span><\/p>\n\n\n\n<p class=\"has-text-align-center nomargin\"><span class=\"stk-highlight\" style=\"color: #00a3e0;\"><a href=\"https:\/\/riberasalud.com\/povisa\/wp-content\/uploads\/2023\/05\/Visitas_CAST.pdf\" data-type=\"URL\" data-id=\"https:\/\/riberasalud.com\/povisa\/wp-content\/uploads\/2023\/05\/Visitas_CAST.pdf\" target=\"_blank\" rel=\"noreferrer noopener\">Descargar \u2192<\/a><\/span><\/p>\n\n\n\n<div style=\"height:40px\" aria-hidden=\"true\" class=\"wp-block-spacer\"><\/div>\n<\/div>\n\n\n\n<div class=\"wp-block-column has-base-background-color has-background is-layout-flow wp-block-column-is-layout-flow\">\n<div style=\"height:50px\" aria-hidden=\"true\" class=\"wp-block-spacer\"><\/div>\n\n\n<div class=\"wp-block-image nomargin\">\n<figure class=\"aligncenter size-full\"><img loading=\"lazy\" decoding=\"async\" width=\"150\" height=\"150\" src=\"https:\/\/riberasalud.com\/povisa\/wp-content\/uploads\/2023\/06\/transparencia_Mesa-de-trabajo-1-150x150-1.png\" alt=\"\" class=\"wp-image-9389\"\/><\/figure>\n<\/div>\n\n\n<p class=\"has-text-align-center nomargin\"><strong><span class=\"stk-highlight\" style=\"color: #575756;\">Visitas e acompa\u00f1antes en Galego<\/span><\/strong><\/p>\n\n\n\n<p class=\"has-text-align-center nomargin\"><span class=\"stk-highlight\" style=\"color: #00a3e0;\"><a href=\"https:\/\/riberasalud.com\/povisa\/wp-content\/uploads\/2023\/05\/Visitas_CAST.pdf\" data-type=\"URL\" data-id=\"https:\/\/riberasalud.com\/povisa\/wp-content\/uploads\/2023\/05\/Visitas_CAST.pdf\" target=\"_blank\" rel=\"noreferrer noopener\">Descargar \u2192<\/a><\/span><\/p>\n\n\n\n<div style=\"height:40px\" aria-hidden=\"true\" class=\"wp-block-spacer\"><\/div>\n<\/div>\n<\/div>\n<\/div><\/div>\n\n\n\n<div class=\"wp-block-group\"><div class=\"wp-block-group__inner-container is-layout-flow wp-block-group-is-layout-flow\">\n<p><strong>El Hospital dispone de medidas espec\u00edficas que garantizan la continuidad de la actividad del Centro con seguridad ante la pandemia, de manera que disponemos de circuitos de atenci\u00f3n diferenciados para pacientes con sospecha y otras causas.<\/strong><br><strong>En el Servicio de Urgencias y \u00e1reas de atenci\u00f3n ambulatoria, se ha limitado el acompa\u00f1amiento del paciente, en situaciones especiales como alta vulnerabilidad (demencia, condici\u00f3n AA, diversidad funcional, menores) o limitaci\u00f3n de la capacidad de comunicaci\u00f3n del paciente.<\/strong><br><strong>En hospitalizaci\u00f3n las visitas se han limitado a 1 acompa\u00f1ante por paciente, con las condiciones de seguridad anteriormente descritas. Le rogamos eviten los intercambios, procurando que acuda siempre la misma persona.<\/strong><br><strong>Los pacientes hospitalizados en \u00e1rea de riesgo por COVID-19 tienen las visitas restringidas, y en caso necesario, bajo su consentimiento, se designar\u00e1 a un familiar para ser informado diariamente y ante cualquier cambio de su situaci\u00f3n cl\u00ednica.<\/strong><\/p>\n\n\n\n<p>Desde el momento de su ingreso est\u00e1 expuesto a riesgos vinculados a la asistencia sanitaria, por ello para garantizar su seguridad, tanto Ud.como su acompa\u00f1ante, deber\u00e1n seguir las siguientes instrucciones recogidas por la Ley:<br>-Mantengan puesta la mascarilla quir\u00fargica en todas las estancias. No utilicen las no recomendadas (de tela o con filtro). Ventile su habitaci\u00f3n con frecuencia, salvo que est\u00e9 contraindicado.<br>-Deben guardar distancia de al menos 1,5 metros con otros pacientes y acompa\u00f1antes.<br>-L\u00e1vense las manos con frecuencia y utilicen los dispensadores de soluci\u00f3n hidroalcoh\u00f3lica existentes.<\/p>\n\n\n\n<h2 class=\"wp-block-heading\" id=\"informacion\"><strong>Visitas<\/strong><\/h2>\n\n\n\n<p><strong>1) Se restringen las visitas bajo excepciones de alta complejidad (como por ejemplo acompa\u00f1antes en estado de mayor vulnerabilidad que la del propio paciente); donde el supervisor de enfermer\u00eda o m\u00e9dico de guardia responsable del paciente deber\u00e1 valorar la conveniencia.<\/strong><\/p>\n\n\n\n<p><strong>2) El acompa\u00f1amiento permanente solo se permitir\u00e1 en los siguientes casos:<\/strong><\/p>\n\n\n\n<ul class=\"wp-block-list\">\n<li>Menores (-18 a\u00f1os)<\/li>\n\n\n\n<li>Procedimientos que requieran acompa\u00f1amiento para su realizaci\u00f3n (sedaci\u00f3n, dilataci\u00f3n pupilas, etc)<\/li>\n\n\n\n<li>Pacientes vulnerables<\/li>\n\n\n\n<li>Portadores de tarjeta AA<\/li>\n\n\n\n<li>Diversidad funcional<\/li>\n\n\n\n<li>Ancianos fr\u00e1giles<\/li>\n\n\n\n<li>Embarazoy\/o parto<\/li>\n\n\n\n<li>Situaci\u00f3n de final de vida<\/li>\n\n\n\n<li>Situaciones excepcionales de alta complejidad<\/li>\n<\/ul>\n\n\n\n<p><strong>3) Condiciones del acompa\u00f1amiento:<\/strong><\/p>\n\n\n\n<ul class=\"wp-block-list\">\n<li>Uso de equipo de protecci\u00f3n personal (mascarilla quir\u00fargica y\/o FPP2). En caso de llevar mascarilla de tela se le proporcionar\u00e1 el cambio a la entrada<\/li>\n\n\n\n<li>Solo un acompa\u00f1ante por paciente bajo las circunstancias anteriormentedescritas<\/li>\n\n\n\n<li>El acompa\u00f1ante no debe presentar sintomatolog\u00eda<\/li>\n\n\n\n<li>Si el acompa\u00f1amiento se corresponde a hospitalizaci\u00f3n, el acompa\u00f1ante tendr\u00e1 limitadas las salidas del espacio que comparte con el paciente teniendo que permanecer en la habitaci\u00f3n y evitando las zonas comunes<\/li>\n<\/ul>\n<\/div><\/div>\n","protected":false},"excerpt":{"rendered":"<p>HOSPITAL RIBERA POVISA Visitas y acompa\u00f1antes Visitas y acompa\u00f1antes en Castellano Descargar \u2192 Visitas e acompa\u00f1antes en Galego Descargar \u2192 El Hospital dispone de medidas espec\u00edficas que garantizan la continuidad de la actividad del Centro con seguridad ante la pandemia, de manera que disponemos de circuitos de atenci\u00f3n diferenciados para pacientes con sospecha y otras &#8230; <a title=\"Visitas y acompa\u00f1antes\" class=\"read-more\" href=\"https:\/\/riberasalud.com\/povisa\/visitas-y-acompanantes\/\" aria-label=\"Leer m\u00e1s sobre Visitas y acompa\u00f1antes\">Leer m\u00e1s<\/a><\/p>\n","protected":false},"author":1,"featured_media":11032,"parent":0,"menu_order":0,"comment_status":"closed","ping_status":"closed","template":"","meta":{"_coblocks_attr":"","_coblocks_dimensions":"","_coblocks_responsive_height":"","_coblocks_accordion_ie_support":"","_monsterinsights_skip_tracking":false,"_monsterinsights_sitenote_active":false,"_monsterinsights_sitenote_note":"","_monsterinsights_sitenote_category":0,"footnotes":""},"class_list":["post-37","page","type-page","status-publish","has-post-thumbnail"],"yoast_head":"<!-- This site is optimized with the Yoast SEO plugin v26.9 - https:\/\/yoast.com\/product\/yoast-seo-wordpress\/ -->\n<title>\u25b7 Visitas y acompa\u00f1antes | Hospital Ribera Povisa<\/title>\n<meta name=\"description\" content=\"lll\u1405 El Hospital dispone de medidas espec\u00edficas que garantizan la continuidad de la actividad del Centro con seguridad ante la pandemia. \u2705\" \/>\n<meta name=\"robots\" content=\"index, follow, max-snippet:-1, max-image-preview:large, max-video-preview:-1\" \/>\n<link rel=\"canonical\" href=\"https:\/\/riberasalud.com\/povisa\/visitas-y-acompanantes\/\" \/>\n<meta property=\"og:locale\" content=\"es_ES\" \/>\n<meta property=\"og:type\" content=\"article\" \/>\n<meta property=\"og:title\" content=\"\u25b7 Visitas y acompa\u00f1antes | Hospital Ribera Povisa\" \/>\n<meta property=\"og:description\" content=\"lll\u1405 El Hospital dispone de medidas espec\u00edficas que garantizan la continuidad de la actividad del Centro con seguridad ante la pandemia. \u2705\" \/>\n<meta property=\"og:url\" content=\"https:\/\/riberasalud.com\/povisa\/visitas-y-acompanantes\/\" \/>\n<meta property=\"og:site_name\" content=\"Hospital Ribera Povisa\" \/>\n<meta property=\"article:modified_time\" content=\"2024-07-18T11:15:42+00:00\" \/>\n<meta property=\"og:image\" content=\"https:\/\/riberasalud.com\/povisa\/wp-content\/uploads\/2024\/02\/PacienteRiberaPovisa.jpg\" \/>\n\t<meta property=\"og:image:width\" content=\"800\" \/>\n\t<meta property=\"og:image:height\" content=\"533\" \/>\n\t<meta property=\"og:image:type\" content=\"image\/jpeg\" \/>\n<meta name=\"twitter:card\" content=\"summary_large_image\" \/>\n<meta name=\"twitter:label1\" content=\"Tiempo de lectura\" \/>\n\t<meta name=\"twitter:data1\" content=\"1 minuto\" \/>\n<script type=\"application\/ld+json\" class=\"yoast-schema-graph\">{\"@context\":\"https:\/\/schema.org\",\"@graph\":[{\"@type\":\"WebPage\",\"@id\":\"https:\/\/riberasalud.com\/povisa\/visitas-y-acompanantes\/\",\"url\":\"https:\/\/riberasalud.com\/povisa\/visitas-y-acompanantes\/\",\"name\":\"\u25b7 Visitas y acompa\u00f1antes | Hospital Ribera Povisa\",\"isPartOf\":{\"@id\":\"https:\/\/riberasalud.com\/povisa\/#website\"},\"primaryImageOfPage\":{\"@id\":\"https:\/\/riberasalud.com\/povisa\/visitas-y-acompanantes\/#primaryimage\"},\"image\":{\"@id\":\"https:\/\/riberasalud.com\/povisa\/visitas-y-acompanantes\/#primaryimage\"},\"thumbnailUrl\":\"https:\/\/riberasalud.com\/povisa\/wp-content\/uploads\/2024\/02\/PacienteRiberaPovisa.jpg\",\"datePublished\":\"2023-05-10T06:48:15+00:00\",\"dateModified\":\"2024-07-18T11:15:42+00:00\",\"description\":\"lll\u1405 El Hospital dispone de medidas espec\u00edficas que garantizan la continuidad de la actividad del Centro con seguridad ante la pandemia. \u2705\",\"inLanguage\":\"es\",\"potentialAction\":[{\"@type\":\"ReadAction\",\"target\":[\"https:\/\/riberasalud.com\/povisa\/visitas-y-acompanantes\/\"]}]},{\"@type\":\"ImageObject\",\"inLanguage\":\"es\",\"@id\":\"https:\/\/riberasalud.com\/povisa\/visitas-y-acompanantes\/#primaryimage\",\"url\":\"https:\/\/riberasalud.com\/povisa\/wp-content\/uploads\/2024\/02\/PacienteRiberaPovisa.jpg\",\"contentUrl\":\"https:\/\/riberasalud.com\/povisa\/wp-content\/uploads\/2024\/02\/PacienteRiberaPovisa.jpg\",\"width\":800,\"height\":533,\"caption\":\"Paciente recibe carta de \u00e1nimo y apoyo de una alumna\"},{\"@type\":\"WebSite\",\"@id\":\"https:\/\/riberasalud.com\/povisa\/#website\",\"url\":\"https:\/\/riberasalud.com\/povisa\/\",\"name\":\"Hospital Ribera Povisa\",\"description\":\"\",\"publisher\":{\"@id\":\"https:\/\/riberasalud.com\/povisa\/#organization\"},\"potentialAction\":[{\"@type\":\"SearchAction\",\"target\":{\"@type\":\"EntryPoint\",\"urlTemplate\":\"https:\/\/riberasalud.com\/povisa\/?s={search_term_string}\"},\"query-input\":{\"@type\":\"PropertyValueSpecification\",\"valueRequired\":true,\"valueName\":\"search_term_string\"}}],\"inLanguage\":\"es\"},{\"@type\":\"Organization\",\"@id\":\"https:\/\/riberasalud.com\/povisa\/#organization\",\"name\":\"Hospital Ribera Povisa\",\"url\":\"https:\/\/riberasalud.com\/povisa\/\",\"logo\":{\"@type\":\"ImageObject\",\"inLanguage\":\"es\",\"@id\":\"https:\/\/riberasalud.com\/povisa\/#\/schema\/logo\/image\/\",\"url\":\"https:\/\/riberasalud.com\/povisa\/wp-content\/uploads\/2024\/01\/cropped-Logo-Red-Povisa.png\",\"contentUrl\":\"https:\/\/riberasalud.com\/povisa\/wp-content\/uploads\/2024\/01\/cropped-Logo-Red-Povisa.png\",\"width\":1929,\"height\":489,\"caption\":\"Hospital Ribera Povisa\"},\"image\":{\"@id\":\"https:\/\/riberasalud.com\/povisa\/#\/schema\/logo\/image\/\"}}]}<\/script>\n<!-- \/ Yoast SEO plugin. -->","yoast_head_json":{"title":"\u25b7 Visitas y acompa\u00f1antes | Hospital Ribera Povisa","description":"lll\u1405 El Hospital dispone de medidas espec\u00edficas que garantizan la continuidad de la actividad del Centro con seguridad ante la pandemia. \u2705","robots":{"index":"index","follow":"follow","max-snippet":"max-snippet:-1","max-image-preview":"max-image-preview:large","max-video-preview":"max-video-preview:-1"},"canonical":"https:\/\/riberasalud.com\/povisa\/visitas-y-acompanantes\/","og_locale":"es_ES","og_type":"article","og_title":"\u25b7 Visitas y acompa\u00f1antes | Hospital Ribera Povisa","og_description":"lll\u1405 El Hospital dispone de medidas espec\u00edficas que garantizan la continuidad de la actividad del Centro con seguridad ante la pandemia. \u2705","og_url":"https:\/\/riberasalud.com\/povisa\/visitas-y-acompanantes\/","og_site_name":"Hospital Ribera Povisa","article_modified_time":"2024-07-18T11:15:42+00:00","og_image":[{"width":800,"height":533,"url":"https:\/\/riberasalud.com\/povisa\/wp-content\/uploads\/2024\/02\/PacienteRiberaPovisa.jpg","type":"image\/jpeg"}],"twitter_card":"summary_large_image","twitter_misc":{"Tiempo de lectura":"1 minuto"},"schema":{"@context":"https:\/\/schema.org","@graph":[{"@type":"WebPage","@id":"https:\/\/riberasalud.com\/povisa\/visitas-y-acompanantes\/","url":"https:\/\/riberasalud.com\/povisa\/visitas-y-acompanantes\/","name":"\u25b7 Visitas y acompa\u00f1antes | Hospital Ribera Povisa","isPartOf":{"@id":"https:\/\/riberasalud.com\/povisa\/#website"},"primaryImageOfPage":{"@id":"https:\/\/riberasalud.com\/povisa\/visitas-y-acompanantes\/#primaryimage"},"image":{"@id":"https:\/\/riberasalud.com\/povisa\/visitas-y-acompanantes\/#primaryimage"},"thumbnailUrl":"https:\/\/riberasalud.com\/povisa\/wp-content\/uploads\/2024\/02\/PacienteRiberaPovisa.jpg","datePublished":"2023-05-10T06:48:15+00:00","dateModified":"2024-07-18T11:15:42+00:00","description":"lll\u1405 El Hospital dispone de medidas espec\u00edficas que garantizan la continuidad de la actividad del Centro con seguridad ante la pandemia. \u2705","inLanguage":"es","potentialAction":[{"@type":"ReadAction","target":["https:\/\/riberasalud.com\/povisa\/visitas-y-acompanantes\/"]}]},{"@type":"ImageObject","inLanguage":"es","@id":"https:\/\/riberasalud.com\/povisa\/visitas-y-acompanantes\/#primaryimage","url":"https:\/\/riberasalud.com\/povisa\/wp-content\/uploads\/2024\/02\/PacienteRiberaPovisa.jpg","contentUrl":"https:\/\/riberasalud.com\/povisa\/wp-content\/uploads\/2024\/02\/PacienteRiberaPovisa.jpg","width":800,"height":533,"caption":"Paciente recibe carta de \u00e1nimo y apoyo de una alumna"},{"@type":"WebSite","@id":"https:\/\/riberasalud.com\/povisa\/#website","url":"https:\/\/riberasalud.com\/povisa\/","name":"Hospital Ribera Povisa","description":"","publisher":{"@id":"https:\/\/riberasalud.com\/povisa\/#organization"},"potentialAction":[{"@type":"SearchAction","target":{"@type":"EntryPoint","urlTemplate":"https:\/\/riberasalud.com\/povisa\/?s={search_term_string}"},"query-input":{"@type":"PropertyValueSpecification","valueRequired":true,"valueName":"search_term_string"}}],"inLanguage":"es"},{"@type":"Organization","@id":"https:\/\/riberasalud.com\/povisa\/#organization","name":"Hospital Ribera Povisa","url":"https:\/\/riberasalud.com\/povisa\/","logo":{"@type":"ImageObject","inLanguage":"es","@id":"https:\/\/riberasalud.com\/povisa\/#\/schema\/logo\/image\/","url":"https:\/\/riberasalud.com\/povisa\/wp-content\/uploads\/2024\/01\/cropped-Logo-Red-Povisa.png","contentUrl":"https:\/\/riberasalud.com\/povisa\/wp-content\/uploads\/2024\/01\/cropped-Logo-Red-Povisa.png","width":1929,"height":489,"caption":"Hospital Ribera Povisa"},"image":{"@id":"https:\/\/riberasalud.com\/povisa\/#\/schema\/logo\/image\/"}}]}},"_links":{"self":[{"href":"https:\/\/riberasalud.com\/povisa\/wp-json\/wp\/v2\/pages\/37","targetHints":{"allow":["GET"]}}],"collection":[{"href":"https:\/\/riberasalud.com\/povisa\/wp-json\/wp\/v2\/pages"}],"about":[{"href":"https:\/\/riberasalud.com\/povisa\/wp-json\/wp\/v2\/types\/page"}],"author":[{"embeddable":true,"href":"https:\/\/riberasalud.com\/povisa\/wp-json\/wp\/v2\/users\/1"}],"replies":[{"embeddable":true,"href":"https:\/\/riberasalud.com\/povisa\/wp-json\/wp\/v2\/comments?post=37"}],"version-history":[{"count":6,"href":"https:\/\/riberasalud.com\/povisa\/wp-json\/wp\/v2\/pages\/37\/revisions"}],"predecessor-version":[{"id":10582,"href":"https:\/\/riberasalud.com\/povisa\/wp-json\/wp\/v2\/pages\/37\/revisions\/10582"}],"wp:featuredmedia":[{"embeddable":true,"href":"https:\/\/riberasalud.com\/povisa\/wp-json\/wp\/v2\/media\/11032"}],"wp:attachment":[{"href":"https:\/\/riberasalud.com\/povisa\/wp-json\/wp\/v2\/media?parent=37"}],"curies":[{"name":"wp","href":"https:\/\/api.w.org\/{rel}","templated":true}]}}