{"version":"1.0","provider_name":"Hospital Ribera Povisa","provider_url":"https:\/\/riberasalud.com\/povisa","author_name":"comunicacion","author_url":"https:\/\/riberasalud.com\/povisa\/author\/comunicacion\/","title":"\u25b7 Sandra Rom\u00e1n modera las jornadas divulgativas de Adicam sobre el c\u00e1ncer de mama | Hospital Ribera Povisa","type":"rich","width":600,"height":338,"html":"<blockquote class=\"wp-embedded-content\" data-secret=\"EJvMG96zE0\"><a href=\"https:\/\/riberasalud.com\/povisa\/sandra-roman-adicam-cancer-de-mama\/\">Sandra Rom\u00e1n modera las jornadas divulgativas de Adicam sobre el c\u00e1ncer de mama<\/a><\/blockquote><iframe sandbox=\"allow-scripts\" security=\"restricted\" src=\"https:\/\/riberasalud.com\/povisa\/sandra-roman-adicam-cancer-de-mama\/embed\/#?secret=EJvMG96zE0\" width=\"600\" height=\"338\" title=\"\u00abSandra Rom\u00e1n modera las jornadas divulgativas de Adicam sobre el c\u00e1ncer de mama\u00bb \u2014 Hospital Ribera Povisa\" data-secret=\"EJvMG96zE0\" frameborder=\"0\" marginwidth=\"0\" marginheight=\"0\" scrolling=\"no\" class=\"wp-embedded-content\"><\/iframe><script>\n\/*! This file is auto-generated *\/\n!function(d,l){\"use strict\";l.querySelector&&d.addEventListener&&\"undefined\"!=typeof URL&&(d.wp=d.wp||{},d.wp.receiveEmbedMessage||(d.wp.receiveEmbedMessage=function(e){var t=e.data;if((t||t.secret||t.message||t.value)&&!\/[^a-zA-Z0-9]\/.test(t.secret)){for(var s,r,n,a=l.querySelectorAll('iframe[data-secret=\"'+t.secret+'\"]'),o=l.querySelectorAll('blockquote[data-secret=\"'+t.secret+'\"]'),c=new RegExp(\"^https?:$\",\"i\"),i=0;i<o.length;i++)o[i].style.display=\"none\";for(i=0;i<a.length;i++)s=a[i],e.source===s.contentWindow&&(s.removeAttribute(\"style\"),\"height\"===t.message?(1e3<(r=parseInt(t.value,10))?r=1e3:~~r<200&&(r=200),s.height=r):\"link\"===t.message&&(r=new URL(s.getAttribute(\"src\")),n=new URL(t.value),c.test(n.protocol))&&n.host===r.host&&l.activeElement===s&&(d.top.location.href=t.value))}},d.addEventListener(\"message\",d.wp.receiveEmbedMessage,!1),l.addEventListener(\"DOMContentLoaded\",function(){for(var e,t,s=l.querySelectorAll(\"iframe.wp-embedded-content\"),r=0;r<s.length;r++)(t=(e=s[r]).getAttribute(\"data-secret\"))||(t=Math.random().toString(36).substring(2,12),e.src+=\"#?secret=\"+t,e.setAttribute(\"data-secret\",t)),e.contentWindow.postMessage({message:\"ready\",secret:t},\"*\")},!1)))}(window,document);\n\/\/# sourceURL=https:\/\/riberasalud.com\/povisa\/wp-includes\/js\/wp-embed.min.js\n<\/script>\n","description":"lll\u1405 Sandra Rom\u00e1n, gestora de casos de oncolog\u00eda de Ribera Povisa, moder\u00f3 la primera primera mesa de las XXI Xornadas Cient\u00edficas de Cancro de Mama, en el \u2705Sandra Rom\u00e1n, gestora de casos de oncolog\u00eda de Ribera Povisa, moder\u00f3 la primera primera mesa de las XXI Xornadas Cient\u00edficas de Cancro de Mama, en el marco del mes dedicado a esta patolog\u00eda.","thumbnail_url":"https:\/\/riberasalud.com\/povisa\/wp-content\/uploads\/2022\/10\/Captura-de-pantalla-2022-10-10-a-las-9.23.02.png"}

▷ Sandra Román modera las jornadas divulgativas de Adicam sobre el cáncer de mama | Hospital Ribera Povisa

<blockquote class="wp-embedded-content" data-secret="EJvMG96zE0"><a href="https://riberasalud.com/povisa/sandra-roman-adicam-cancer-de-mama/">Sandra Román modera las jornadas divulgativas de Adicam sobre el cáncer de mama</a></blockquote><iframe sandbox="allow-scripts" security="restricted" src="https://riberasalud.com/povisa/sandra-roman-adicam-cancer-de-mama/embed/#?secret=EJvMG96zE0" width="600" height="338" title="«Sandra Román modera las jornadas divulgativas de Adicam sobre el cáncer de mama» — Hospital Ribera Povisa" data-secret="EJvMG96zE0" frameborder="0" marginwidth="0" marginheight="0" scrolling="no" class="wp-embedded-content"></iframe><script>
/*! This file is auto-generated */
!function(d,l){"use strict";l.querySelector&&d.addEventListener&&"undefined"!=typeof URL&&(d.wp=d.wp||{},d.wp.receiveEmbedMessage||(d.wp.receiveEmbedMessage=function(e){var t=e.data;if((t||t.secret||t.message||t.value)&&!/[^a-zA-Z0-9]/.test(t.secret)){for(var s,r,n,a=l.querySelectorAll('iframe[data-secret="'+t.secret+'"]'),o=l.querySelectorAll('blockquote[data-secret="'+t.secret+'"]'),c=new RegExp("^https?:$","i"),i=0;i<o.length;i++)o[i].style.display="none";for(i=0;i<a.length;i++)s=a[i],e.source===s.contentWindow&&(s.removeAttribute("style"),"height"===t.message?(1e3<(r=parseInt(t.value,10))?r=1e3:~~r<200&&(r=200),s.height=r):"link"===t.message&&(r=new URL(s.getAttribute("src")),n=new URL(t.value),c.test(n.protocol))&&n.host===r.host&&l.activeElement===s&&(d.top.location.href=t.value))}},d.addEventListener("message",d.wp.receiveEmbedMessage,!1),l.addEventListener("DOMContentLoaded",function(){for(var e,t,s=l.querySelectorAll("iframe.wp-embedded-content"),r=0;r<s.length;r++)(t=(e=s[r]).getAttribute("data-secret"))||(t=Math.random().toString(36).substring(2,12),e.src+="#?secret="+t,e.setAttribute("data-secret",t)),e.contentWindow.postMessage({message:"ready",secret:t},"*")},!1)))}(window,document);
//# sourceURL=https://riberasalud.com/povisa/wp-includes/js/wp-embed.min.js
</script>

lllᐅ Sandra Román, gestora de casos de oncología de Ribera Povisa, moderó la primera primera mesa de las XXI Xornadas Científicas de Cancro de Mama, en el ✅Sandra Román, gestora de casos de oncología de Ribera Povisa, moderó la primera primera mesa de las XXI Xornadas Científicas de Cancro de Mama, en el marco del mes dedicado a esta patología.
