{"version":"1.0","provider_name":"Hospital Ribera Povisa","provider_url":"https:\/\/riberasalud.com\/povisa","author_name":"comunicacion","author_url":"https:\/\/riberasalud.com\/povisa\/author\/comunicacion\/","title":"\u25b7 Ribera Povisa presentar\u00e1 en Washington un estudio sobre el impacto del covid en el consumo de antibi\u00f3ticos | Hospital Ribera Povisa","type":"rich","width":600,"height":338,"html":"<blockquote class=\"wp-embedded-content\" data-secret=\"dJkbiuuqT5\"><a href=\"https:\/\/riberasalud.com\/povisa\/presentara-en-washingotn-estudio-impacto-covid-antibioticos\/\">Ribera Povisa presentar\u00e1 en Washington un estudio sobre el impacto del covid en el consumo de antibi\u00f3ticos<\/a><\/blockquote><iframe sandbox=\"allow-scripts\" security=\"restricted\" src=\"https:\/\/riberasalud.com\/povisa\/presentara-en-washingotn-estudio-impacto-covid-antibioticos\/embed\/#?secret=dJkbiuuqT5\" width=\"600\" height=\"338\" title=\"\u00abRibera Povisa presentar\u00e1 en Washington un estudio sobre el impacto del covid en el consumo de antibi\u00f3ticos\u00bb \u2014 Hospital Ribera Povisa\" data-secret=\"dJkbiuuqT5\" frameborder=\"0\" marginwidth=\"0\" marginheight=\"0\" scrolling=\"no\" class=\"wp-embedded-content\"><\/iframe><script>\n\/*! This file is auto-generated *\/\n!function(d,l){\"use strict\";l.querySelector&&d.addEventListener&&\"undefined\"!=typeof URL&&(d.wp=d.wp||{},d.wp.receiveEmbedMessage||(d.wp.receiveEmbedMessage=function(e){var t=e.data;if((t||t.secret||t.message||t.value)&&!\/[^a-zA-Z0-9]\/.test(t.secret)){for(var s,r,n,a=l.querySelectorAll('iframe[data-secret=\"'+t.secret+'\"]'),o=l.querySelectorAll('blockquote[data-secret=\"'+t.secret+'\"]'),c=new RegExp(\"^https?:$\",\"i\"),i=0;i<o.length;i++)o[i].style.display=\"none\";for(i=0;i<a.length;i++)s=a[i],e.source===s.contentWindow&&(s.removeAttribute(\"style\"),\"height\"===t.message?(1e3<(r=parseInt(t.value,10))?r=1e3:~~r<200&&(r=200),s.height=r):\"link\"===t.message&&(r=new URL(s.getAttribute(\"src\")),n=new URL(t.value),c.test(n.protocol))&&n.host===r.host&&l.activeElement===s&&(d.top.location.href=t.value))}},d.addEventListener(\"message\",d.wp.receiveEmbedMessage,!1),l.addEventListener(\"DOMContentLoaded\",function(){for(var e,t,s=l.querySelectorAll(\"iframe.wp-embedded-content\"),r=0;r<s.length;r++)(t=(e=s[r]).getAttribute(\"data-secret\"))||(t=Math.random().toString(36).substring(2,12),e.src+=\"#?secret=\"+t,e.setAttribute(\"data-secret\",t)),e.contentWindow.postMessage({message:\"ready\",secret:t},\"*\")},!1)))}(window,document);\n\/\/# sourceURL=https:\/\/riberasalud.com\/povisa\/wp-includes\/js\/wp-embed.min.js\n<\/script>\n","description":"lll\u1405 El doctor Jos\u00e9 Luis Lamas expondr\u00e1 la comunicaci\u00f3n en el congreso IDWeek 2022 Los mayores expertos del mundo en enfermedades infecciosas se dan cita en \u2705El doctor Jos\u00e9 Luis Lamas, del servicio de Medicina Interna de Ribera Povisa, presentar\u00e1 los resultados de un estudio sobre el impacto del Covid en el consumo de antibi\u00f3ticos en la IDWeek 2022, uno de los congresos sobre patolog\u00eda infecciosa m\u00e1s prestigiosos del panorama internacional, que se celebra en Washington en octubre, y en el que se dan cita los mayores expertos del mundo en este campo."}

▷ Ribera Povisa presentará en Washington un estudio sobre el impacto del covid en el consumo de antibióticos | Hospital Ribera Povisa

<blockquote class="wp-embedded-content" data-secret="dJkbiuuqT5"><a href="https://riberasalud.com/povisa/presentara-en-washingotn-estudio-impacto-covid-antibioticos/">Ribera Povisa presentará en Washington un estudio sobre el impacto del covid en el consumo de antibióticos</a></blockquote><iframe sandbox="allow-scripts" security="restricted" src="https://riberasalud.com/povisa/presentara-en-washingotn-estudio-impacto-covid-antibioticos/embed/#?secret=dJkbiuuqT5" width="600" height="338" title="«Ribera Povisa presentará en Washington un estudio sobre el impacto del covid en el consumo de antibióticos» — Hospital Ribera Povisa" data-secret="dJkbiuuqT5" frameborder="0" marginwidth="0" marginheight="0" scrolling="no" class="wp-embedded-content"></iframe><script>
/*! This file is auto-generated */
!function(d,l){"use strict";l.querySelector&&d.addEventListener&&"undefined"!=typeof URL&&(d.wp=d.wp||{},d.wp.receiveEmbedMessage||(d.wp.receiveEmbedMessage=function(e){var t=e.data;if((t||t.secret||t.message||t.value)&&!/[^a-zA-Z0-9]/.test(t.secret)){for(var s,r,n,a=l.querySelectorAll('iframe[data-secret="'+t.secret+'"]'),o=l.querySelectorAll('blockquote[data-secret="'+t.secret+'"]'),c=new RegExp("^https?:$","i"),i=0;i<o.length;i++)o[i].style.display="none";for(i=0;i<a.length;i++)s=a[i],e.source===s.contentWindow&&(s.removeAttribute("style"),"height"===t.message?(1e3<(r=parseInt(t.value,10))?r=1e3:~~r<200&&(r=200),s.height=r):"link"===t.message&&(r=new URL(s.getAttribute("src")),n=new URL(t.value),c.test(n.protocol))&&n.host===r.host&&l.activeElement===s&&(d.top.location.href=t.value))}},d.addEventListener("message",d.wp.receiveEmbedMessage,!1),l.addEventListener("DOMContentLoaded",function(){for(var e,t,s=l.querySelectorAll("iframe.wp-embedded-content"),r=0;r<s.length;r++)(t=(e=s[r]).getAttribute("data-secret"))||(t=Math.random().toString(36).substring(2,12),e.src+="#?secret="+t,e.setAttribute("data-secret",t)),e.contentWindow.postMessage({message:"ready",secret:t},"*")},!1)))}(window,document);
//# sourceURL=https://riberasalud.com/povisa/wp-includes/js/wp-embed.min.js
</script>

lllᐅ El doctor José Luis Lamas expondrá la comunicación en el congreso IDWeek 2022 Los mayores expertos del mundo en enfermedades infecciosas se dan cita en ✅El doctor José Luis Lamas, del servicio de Medicina Interna de Ribera Povisa, presentará los resultados de un estudio sobre el impacto del Covid en el consumo de antibióticos en la IDWeek 2022, uno de los congresos sobre patología infecciosa más prestigiosos del panorama internacional, que se celebra en Washington en octubre, y en el que se dan cita los mayores expertos del mundo en este campo.
