{"version":"1.0","provider_name":"Hospital Ribera Povisa","provider_url":"https:\/\/riberasalud.com\/povisa","author_name":"comunicacion","author_url":"https:\/\/riberasalud.com\/povisa\/author\/comunicacion\/","title":"\u25b7 Ribera Povisa presenta en EEUU un estudio sobre el impacto del COVID en el consumo de antibi\u00f3ticos | Hospital Ribera Povisa","type":"rich","width":600,"height":338,"html":"<blockquote class=\"wp-embedded-content\" data-secret=\"zgnSBIh14B\"><a href=\"https:\/\/riberasalud.com\/povisa\/presenta-eeuu-estudio-covid-antibioticos\/\">Ribera Povisa presenta en EEUU un estudio sobre el impacto del COVID en el consumo de antibi\u00f3ticos<\/a><\/blockquote><iframe sandbox=\"allow-scripts\" security=\"restricted\" src=\"https:\/\/riberasalud.com\/povisa\/presenta-eeuu-estudio-covid-antibioticos\/embed\/#?secret=zgnSBIh14B\" width=\"600\" height=\"338\" title=\"\u00abRibera Povisa presenta en EEUU un estudio sobre el impacto del COVID en el consumo de antibi\u00f3ticos\u00bb \u2014 Hospital Ribera Povisa\" data-secret=\"zgnSBIh14B\" frameborder=\"0\" marginwidth=\"0\" marginheight=\"0\" scrolling=\"no\" class=\"wp-embedded-content\"><\/iframe><script>\n\/*! This file is auto-generated *\/\n!function(d,l){\"use strict\";l.querySelector&&d.addEventListener&&\"undefined\"!=typeof URL&&(d.wp=d.wp||{},d.wp.receiveEmbedMessage||(d.wp.receiveEmbedMessage=function(e){var t=e.data;if((t||t.secret||t.message||t.value)&&!\/[^a-zA-Z0-9]\/.test(t.secret)){for(var s,r,n,a=l.querySelectorAll('iframe[data-secret=\"'+t.secret+'\"]'),o=l.querySelectorAll('blockquote[data-secret=\"'+t.secret+'\"]'),c=new RegExp(\"^https?:$\",\"i\"),i=0;i<o.length;i++)o[i].style.display=\"none\";for(i=0;i<a.length;i++)s=a[i],e.source===s.contentWindow&&(s.removeAttribute(\"style\"),\"height\"===t.message?(1e3<(r=parseInt(t.value,10))?r=1e3:~~r<200&&(r=200),s.height=r):\"link\"===t.message&&(r=new URL(s.getAttribute(\"src\")),n=new URL(t.value),c.test(n.protocol))&&n.host===r.host&&l.activeElement===s&&(d.top.location.href=t.value))}},d.addEventListener(\"message\",d.wp.receiveEmbedMessage,!1),l.addEventListener(\"DOMContentLoaded\",function(){for(var e,t,s=l.querySelectorAll(\"iframe.wp-embedded-content\"),r=0;r<s.length;r++)(t=(e=s[r]).getAttribute(\"data-secret\"))||(t=Math.random().toString(36).substring(2,12),e.src+=\"#?secret=\"+t,e.setAttribute(\"data-secret\",t)),e.contentWindow.postMessage({message:\"ready\",secret:t},\"*\")},!1)))}(window,document);\n\/\/# sourceURL=https:\/\/riberasalud.com\/povisa\/wp-includes\/js\/wp-embed.min.js\n<\/script>\n","description":"lll\u1405 El doctor Jos\u00e9 Luis Lamas, del servicio de Medicina Interna, presentar\u00e1 en la IDWeek 2022, uno de los congresos en patolog\u00eda infecciosa m\u00e1s relevantes del \u2705El doctor Jos\u00e9 Luis Lamas, del servicio de Medicina Interna, presentar\u00e1 en la IDWeek 2022, uno de los congresos en patolog\u00eda infecciosa m\u00e1s relevantes del panorama internacional, que se celebra en Washington en octubre, un estudio sobre el impacto del COVID en el consumo de antibi\u00f3ticos.","thumbnail_url":"https:\/\/riberasalud.com\/povisa\/wp-content\/uploads\/2022\/07\/Captura-de-pantalla-2022-07-08-a-las-8.24.18.png"}

▷ Ribera Povisa presenta en EEUU un estudio sobre el impacto del COVID en el consumo de antibióticos | Hospital Ribera Povisa

<blockquote class="wp-embedded-content" data-secret="zgnSBIh14B"><a href="https://riberasalud.com/povisa/presenta-eeuu-estudio-covid-antibioticos/">Ribera Povisa presenta en EEUU un estudio sobre el impacto del COVID en el consumo de antibióticos</a></blockquote><iframe sandbox="allow-scripts" security="restricted" src="https://riberasalud.com/povisa/presenta-eeuu-estudio-covid-antibioticos/embed/#?secret=zgnSBIh14B" width="600" height="338" title="«Ribera Povisa presenta en EEUU un estudio sobre el impacto del COVID en el consumo de antibióticos» — Hospital Ribera Povisa" data-secret="zgnSBIh14B" frameborder="0" marginwidth="0" marginheight="0" scrolling="no" class="wp-embedded-content"></iframe><script>
/*! This file is auto-generated */
!function(d,l){"use strict";l.querySelector&&d.addEventListener&&"undefined"!=typeof URL&&(d.wp=d.wp||{},d.wp.receiveEmbedMessage||(d.wp.receiveEmbedMessage=function(e){var t=e.data;if((t||t.secret||t.message||t.value)&&!/[^a-zA-Z0-9]/.test(t.secret)){for(var s,r,n,a=l.querySelectorAll('iframe[data-secret="'+t.secret+'"]'),o=l.querySelectorAll('blockquote[data-secret="'+t.secret+'"]'),c=new RegExp("^https?:$","i"),i=0;i<o.length;i++)o[i].style.display="none";for(i=0;i<a.length;i++)s=a[i],e.source===s.contentWindow&&(s.removeAttribute("style"),"height"===t.message?(1e3<(r=parseInt(t.value,10))?r=1e3:~~r<200&&(r=200),s.height=r):"link"===t.message&&(r=new URL(s.getAttribute("src")),n=new URL(t.value),c.test(n.protocol))&&n.host===r.host&&l.activeElement===s&&(d.top.location.href=t.value))}},d.addEventListener("message",d.wp.receiveEmbedMessage,!1),l.addEventListener("DOMContentLoaded",function(){for(var e,t,s=l.querySelectorAll("iframe.wp-embedded-content"),r=0;r<s.length;r++)(t=(e=s[r]).getAttribute("data-secret"))||(t=Math.random().toString(36).substring(2,12),e.src+="#?secret="+t,e.setAttribute("data-secret",t)),e.contentWindow.postMessage({message:"ready",secret:t},"*")},!1)))}(window,document);
//# sourceURL=https://riberasalud.com/povisa/wp-includes/js/wp-embed.min.js
</script>

lllᐅ El doctor José Luis Lamas, del servicio de Medicina Interna, presentará en la IDWeek 2022, uno de los congresos en patología infecciosa más relevantes del ✅El doctor José Luis Lamas, del servicio de Medicina Interna, presentará en la IDWeek 2022, uno de los congresos en patología infecciosa más relevantes del panorama internacional, que se celebra en Washington en octubre, un estudio sobre el impacto del COVID en el consumo de antibióticos.
