{"version":"1.0","provider_name":"Hospital Ribera Povisa","provider_url":"https:\/\/riberasalud.com\/povisa","author_name":"comunicacion","author_url":"https:\/\/riberasalud.com\/povisa\/author\/comunicacion\/","title":"\u25b7 El Dr. Lorenzo participa en 'Quen anda a\u00ed?' de la TVG | Hospital Ribera Povisa","type":"rich","width":600,"height":338,"html":"<blockquote class=\"wp-embedded-content\" data-secret=\"4JmlrgViCz\"><a href=\"https:\/\/riberasalud.com\/povisa\/lorenzo-programa-tvg\/\">El Dr. Lorenzo participa en &#8216;Quen anda a\u00ed?&#8217; de la TVG<\/a><\/blockquote><iframe sandbox=\"allow-scripts\" security=\"restricted\" src=\"https:\/\/riberasalud.com\/povisa\/lorenzo-programa-tvg\/embed\/#?secret=4JmlrgViCz\" width=\"600\" height=\"338\" title=\"\u00abEl Dr. Lorenzo participa en &#8216;Quen anda a\u00ed?&#8217; de la TVG\u00bb \u2014 Hospital Ribera Povisa\" data-secret=\"4JmlrgViCz\" frameborder=\"0\" marginwidth=\"0\" marginheight=\"0\" scrolling=\"no\" class=\"wp-embedded-content\"><\/iframe><script>\n\/*! This file is auto-generated *\/\n!function(d,l){\"use strict\";l.querySelector&&d.addEventListener&&\"undefined\"!=typeof URL&&(d.wp=d.wp||{},d.wp.receiveEmbedMessage||(d.wp.receiveEmbedMessage=function(e){var t=e.data;if((t||t.secret||t.message||t.value)&&!\/[^a-zA-Z0-9]\/.test(t.secret)){for(var s,r,n,a=l.querySelectorAll('iframe[data-secret=\"'+t.secret+'\"]'),o=l.querySelectorAll('blockquote[data-secret=\"'+t.secret+'\"]'),c=new RegExp(\"^https?:$\",\"i\"),i=0;i<o.length;i++)o[i].style.display=\"none\";for(i=0;i<a.length;i++)s=a[i],e.source===s.contentWindow&&(s.removeAttribute(\"style\"),\"height\"===t.message?(1e3<(r=parseInt(t.value,10))?r=1e3:~~r<200&&(r=200),s.height=r):\"link\"===t.message&&(r=new URL(s.getAttribute(\"src\")),n=new URL(t.value),c.test(n.protocol))&&n.host===r.host&&l.activeElement===s&&(d.top.location.href=t.value))}},d.addEventListener(\"message\",d.wp.receiveEmbedMessage,!1),l.addEventListener(\"DOMContentLoaded\",function(){for(var e,t,s=l.querySelectorAll(\"iframe.wp-embedded-content\"),r=0;r<s.length;r++)(t=(e=s[r]).getAttribute(\"data-secret\"))||(t=Math.random().toString(36).substring(2,12),e.src+=\"#?secret=\"+t,e.setAttribute(\"data-secret\",t)),e.contentWindow.postMessage({message:\"ready\",secret:t},\"*\")},!1)))}(window,document);\n\/\/# sourceURL=https:\/\/riberasalud.com\/povisa\/wp-includes\/js\/wp-embed.min.js\n<\/script>\n","description":"lll\u1405 El jefe de Neurolog\u00eda de Ribera Povisa, Jos\u00e9 Ram\u00f3n Lorenzo, particip\u00f3 el viernes 30 de septiembre en el programa de la RTVG \"Quen anda a\u00ed?\" en el que \u2705 El jefe de Neurolog\u00eda de Ribera Povisa, Jos\u00e9 Ram\u00f3n Lorenzo, acudi\u00f3 como invitado al programa Quen anda ai? de la CRTVG,","thumbnail_url":"https:\/\/riberasalud.com\/povisa\/wp-content\/uploads\/2022\/10\/Captura-de-pantalla-2022-10-03-a-las-12.37.19-1024x574.png"}

▷ El Dr. Lorenzo participa en 'Quen anda aí?' de la TVG | Hospital Ribera Povisa

<blockquote class="wp-embedded-content" data-secret="4JmlrgViCz"><a href="https://riberasalud.com/povisa/lorenzo-programa-tvg/">El Dr. Lorenzo participa en &#8216;Quen anda aí?&#8217; de la TVG</a></blockquote><iframe sandbox="allow-scripts" security="restricted" src="https://riberasalud.com/povisa/lorenzo-programa-tvg/embed/#?secret=4JmlrgViCz" width="600" height="338" title="«El Dr. Lorenzo participa en &#8216;Quen anda aí?&#8217; de la TVG» — Hospital Ribera Povisa" data-secret="4JmlrgViCz" frameborder="0" marginwidth="0" marginheight="0" scrolling="no" class="wp-embedded-content"></iframe><script>
/*! This file is auto-generated */
!function(d,l){"use strict";l.querySelector&&d.addEventListener&&"undefined"!=typeof URL&&(d.wp=d.wp||{},d.wp.receiveEmbedMessage||(d.wp.receiveEmbedMessage=function(e){var t=e.data;if((t||t.secret||t.message||t.value)&&!/[^a-zA-Z0-9]/.test(t.secret)){for(var s,r,n,a=l.querySelectorAll('iframe[data-secret="'+t.secret+'"]'),o=l.querySelectorAll('blockquote[data-secret="'+t.secret+'"]'),c=new RegExp("^https?:$","i"),i=0;i<o.length;i++)o[i].style.display="none";for(i=0;i<a.length;i++)s=a[i],e.source===s.contentWindow&&(s.removeAttribute("style"),"height"===t.message?(1e3<(r=parseInt(t.value,10))?r=1e3:~~r<200&&(r=200),s.height=r):"link"===t.message&&(r=new URL(s.getAttribute("src")),n=new URL(t.value),c.test(n.protocol))&&n.host===r.host&&l.activeElement===s&&(d.top.location.href=t.value))}},d.addEventListener("message",d.wp.receiveEmbedMessage,!1),l.addEventListener("DOMContentLoaded",function(){for(var e,t,s=l.querySelectorAll("iframe.wp-embedded-content"),r=0;r<s.length;r++)(t=(e=s[r]).getAttribute("data-secret"))||(t=Math.random().toString(36).substring(2,12),e.src+="#?secret="+t,e.setAttribute("data-secret",t)),e.contentWindow.postMessage({message:"ready",secret:t},"*")},!1)))}(window,document);
//# sourceURL=https://riberasalud.com/povisa/wp-includes/js/wp-embed.min.js
</script>

lllᐅ El jefe de Neurología de Ribera Povisa, José Ramón Lorenzo, participó el viernes 30 de septiembre en el programa de la RTVG "Quen anda aí?" en el que ✅ El jefe de Neurología de Ribera Povisa, José Ramón Lorenzo, acudió como invitado al programa Quen anda ai? de la CRTVG,
