{"version":"1.0","provider_name":"Hospital Ribera Povisa","provider_url":"https:\/\/riberasalud.com\/povisa","author_name":"comunicacion","author_url":"https:\/\/riberasalud.com\/povisa\/author\/comunicacion\/","title":"\u25b7 Sonsoles Leal, en Atl\u00e1ntico: \"La atenci\u00f3n centrada en el paciente se potenci\u00f3 mucho\" | Hospital Ribera Povisa","type":"rich","width":600,"height":338,"html":"<blockquote class=\"wp-embedded-content\" data-secret=\"uuaMiSqJRN\"><a href=\"https:\/\/riberasalud.com\/povisa\/leal-atlantico-covid\/\">Sonsoles Leal, en Atl\u00e1ntico: \u00abLa atenci\u00f3n centrada en el paciente se potenci\u00f3 mucho\u00bb<\/a><\/blockquote><iframe sandbox=\"allow-scripts\" security=\"restricted\" src=\"https:\/\/riberasalud.com\/povisa\/leal-atlantico-covid\/embed\/#?secret=uuaMiSqJRN\" width=\"600\" height=\"338\" title=\"\u00abSonsoles Leal, en Atl\u00e1ntico: \u00abLa atenci\u00f3n centrada en el paciente se potenci\u00f3 mucho\u00bb\u00bb \u2014 Hospital Ribera Povisa\" data-secret=\"uuaMiSqJRN\" frameborder=\"0\" marginwidth=\"0\" marginheight=\"0\" scrolling=\"no\" class=\"wp-embedded-content\"><\/iframe><script>\n\/*! This file is auto-generated *\/\n!function(d,l){\"use strict\";l.querySelector&&d.addEventListener&&\"undefined\"!=typeof URL&&(d.wp=d.wp||{},d.wp.receiveEmbedMessage||(d.wp.receiveEmbedMessage=function(e){var t=e.data;if((t||t.secret||t.message||t.value)&&!\/[^a-zA-Z0-9]\/.test(t.secret)){for(var s,r,n,a=l.querySelectorAll('iframe[data-secret=\"'+t.secret+'\"]'),o=l.querySelectorAll('blockquote[data-secret=\"'+t.secret+'\"]'),c=new RegExp(\"^https?:$\",\"i\"),i=0;i<o.length;i++)o[i].style.display=\"none\";for(i=0;i<a.length;i++)s=a[i],e.source===s.contentWindow&&(s.removeAttribute(\"style\"),\"height\"===t.message?(1e3<(r=parseInt(t.value,10))?r=1e3:~~r<200&&(r=200),s.height=r):\"link\"===t.message&&(r=new URL(s.getAttribute(\"src\")),n=new URL(t.value),c.test(n.protocol))&&n.host===r.host&&l.activeElement===s&&(d.top.location.href=t.value))}},d.addEventListener(\"message\",d.wp.receiveEmbedMessage,!1),l.addEventListener(\"DOMContentLoaded\",function(){for(var e,t,s=l.querySelectorAll(\"iframe.wp-embedded-content\"),r=0;r<s.length;r++)(t=(e=s[r]).getAttribute(\"data-secret\"))||(t=Math.random().toString(36).substring(2,12),e.src+=\"#?secret=\"+t,e.setAttribute(\"data-secret\",t)),e.contentWindow.postMessage({message:\"ready\",secret:t},\"*\")},!1)))}(window,document);\n\/\/# sourceURL=https:\/\/riberasalud.com\/povisa\/wp-includes\/js\/wp-embed.min.js\n<\/script>\n","description":"lll\u1405 La reci\u00e9n nombrada directora asistencial de Ribera Povisa habla en Atl\u00e1ntico sobre su labor como coordinadora de la UCI Covid durante estos dos a\u00f1os de \u2705 Sonsoles Leal, en Atl\u00e1ntico: \"La atenci\u00f3n centrada en el paciente se potenci\u00f3 mucho\"","thumbnail_url":"https:\/\/riberasalud.com\/povisa\/wp-content\/uploads\/2022\/03\/Captura-de-pantalla-2022-03-07-a-las-13.59.07-819x1024.png"}

▷ Sonsoles Leal, en Atlántico: "La atención centrada en el paciente se potenció mucho" | Hospital Ribera Povisa

<blockquote class="wp-embedded-content" data-secret="uuaMiSqJRN"><a href="https://riberasalud.com/povisa/leal-atlantico-covid/">Sonsoles Leal, en Atlántico: «La atención centrada en el paciente se potenció mucho»</a></blockquote><iframe sandbox="allow-scripts" security="restricted" src="https://riberasalud.com/povisa/leal-atlantico-covid/embed/#?secret=uuaMiSqJRN" width="600" height="338" title="«Sonsoles Leal, en Atlántico: «La atención centrada en el paciente se potenció mucho»» — Hospital Ribera Povisa" data-secret="uuaMiSqJRN" frameborder="0" marginwidth="0" marginheight="0" scrolling="no" class="wp-embedded-content"></iframe><script>
/*! This file is auto-generated */
!function(d,l){"use strict";l.querySelector&&d.addEventListener&&"undefined"!=typeof URL&&(d.wp=d.wp||{},d.wp.receiveEmbedMessage||(d.wp.receiveEmbedMessage=function(e){var t=e.data;if((t||t.secret||t.message||t.value)&&!/[^a-zA-Z0-9]/.test(t.secret)){for(var s,r,n,a=l.querySelectorAll('iframe[data-secret="'+t.secret+'"]'),o=l.querySelectorAll('blockquote[data-secret="'+t.secret+'"]'),c=new RegExp("^https?:$","i"),i=0;i<o.length;i++)o[i].style.display="none";for(i=0;i<a.length;i++)s=a[i],e.source===s.contentWindow&&(s.removeAttribute("style"),"height"===t.message?(1e3<(r=parseInt(t.value,10))?r=1e3:~~r<200&&(r=200),s.height=r):"link"===t.message&&(r=new URL(s.getAttribute("src")),n=new URL(t.value),c.test(n.protocol))&&n.host===r.host&&l.activeElement===s&&(d.top.location.href=t.value))}},d.addEventListener("message",d.wp.receiveEmbedMessage,!1),l.addEventListener("DOMContentLoaded",function(){for(var e,t,s=l.querySelectorAll("iframe.wp-embedded-content"),r=0;r<s.length;r++)(t=(e=s[r]).getAttribute("data-secret"))||(t=Math.random().toString(36).substring(2,12),e.src+="#?secret="+t,e.setAttribute("data-secret",t)),e.contentWindow.postMessage({message:"ready",secret:t},"*")},!1)))}(window,document);
//# sourceURL=https://riberasalud.com/povisa/wp-includes/js/wp-embed.min.js
</script>

lllᐅ La recién nombrada directora asistencial de Ribera Povisa habla en Atlántico sobre su labor como coordinadora de la UCI Covid durante estos dos años de ✅ Sonsoles Leal, en Atlántico: "La atención centrada en el paciente se potenció mucho"
