{"version":"1.0","provider_name":"Hospital Ribera Povisa","provider_url":"https:\/\/riberasalud.com\/povisa","author_name":"comunicacion","author_url":"https:\/\/riberasalud.com\/povisa\/author\/comunicacion\/","title":"\u25b7 El grupo de apoyo a la lactancia, en Faro de Vigo | Hospital Ribera Povisa","type":"rich","width":600,"height":338,"html":"<blockquote class=\"wp-embedded-content\" data-secret=\"vLMJkAiREq\"><a href=\"https:\/\/riberasalud.com\/povisa\/grupo-de-apoyo-a-la-lactancia\/\">El grupo de apoyo a la lactancia, en Faro de Vigo<\/a><\/blockquote><iframe sandbox=\"allow-scripts\" security=\"restricted\" src=\"https:\/\/riberasalud.com\/povisa\/grupo-de-apoyo-a-la-lactancia\/embed\/#?secret=vLMJkAiREq\" width=\"600\" height=\"338\" title=\"\u00abEl grupo de apoyo a la lactancia, en Faro de Vigo\u00bb \u2014 Hospital Ribera Povisa\" data-secret=\"vLMJkAiREq\" frameborder=\"0\" marginwidth=\"0\" marginheight=\"0\" scrolling=\"no\" class=\"wp-embedded-content\"><\/iframe><script>\n\/*! This file is auto-generated *\/\n!function(d,l){\"use strict\";l.querySelector&&d.addEventListener&&\"undefined\"!=typeof URL&&(d.wp=d.wp||{},d.wp.receiveEmbedMessage||(d.wp.receiveEmbedMessage=function(e){var t=e.data;if((t||t.secret||t.message||t.value)&&!\/[^a-zA-Z0-9]\/.test(t.secret)){for(var s,r,n,a=l.querySelectorAll('iframe[data-secret=\"'+t.secret+'\"]'),o=l.querySelectorAll('blockquote[data-secret=\"'+t.secret+'\"]'),c=new RegExp(\"^https?:$\",\"i\"),i=0;i<o.length;i++)o[i].style.display=\"none\";for(i=0;i<a.length;i++)s=a[i],e.source===s.contentWindow&&(s.removeAttribute(\"style\"),\"height\"===t.message?(1e3<(r=parseInt(t.value,10))?r=1e3:~~r<200&&(r=200),s.height=r):\"link\"===t.message&&(r=new URL(s.getAttribute(\"src\")),n=new URL(t.value),c.test(n.protocol))&&n.host===r.host&&l.activeElement===s&&(d.top.location.href=t.value))}},d.addEventListener(\"message\",d.wp.receiveEmbedMessage,!1),l.addEventListener(\"DOMContentLoaded\",function(){for(var e,t,s=l.querySelectorAll(\"iframe.wp-embedded-content\"),r=0;r<s.length;r++)(t=(e=s[r]).getAttribute(\"data-secret\"))||(t=Math.random().toString(36).substring(2,12),e.src+=\"#?secret=\"+t,e.setAttribute(\"data-secret\",t)),e.contentWindow.postMessage({message:\"ready\",secret:t},\"*\")},!1)))}(window,document);\n\/\/# sourceURL=https:\/\/riberasalud.com\/povisa\/wp-includes\/js\/wp-embed.min.js\n<\/script>\n","description":"lll\u1405 El \u00c1rea de Maternidad de Ribera Povisa ha puesto en marcha un grupo de apoyo a la lactancia que se cita mensualmente para abordar aspectos de la crianza \u2705 El \u00c1rea de Maternidad de Ribera Povisa ha puesto en marcha un grupo de apoyo a la lactancia que se cita mensualmente para abordar aspectos de la crianza con el soporte de los especialistas del hospital. Faro de Vigo se ha hecho eco de la iniciativa que, en este \u00faltimo encuentro, abord\u00f3 la incorporaci\u00f3n de alimentos complementarios a la dieta de los peque\u00f1os.","thumbnail_url":"https:\/\/riberasalud.com\/povisa\/wp-content\/uploads\/2022\/05\/grupoapoyolactanciaa-las-11.47.42-1024x794.jpg"}

lllᐅ El Área de Maternidad de Ribera Povisa ha puesto en marcha un grupo de apoyo a la lactancia que se cita mensualmente para abordar aspectos de la crianza ✅ El Área de Maternidad de Ribera Povisa ha puesto en marcha un grupo de apoyo a la lactancia que se cita mensualmente para abordar aspectos de la crianza con el soporte de los especialistas del hospital. Faro de Vigo se ha hecho eco de la iniciativa que, en este último encuentro, abordó la incorporación de alimentos complementarios a la dieta de los pequeños.
