{"version":"1.0","provider_name":"Hospital Ribera Povisa","provider_url":"https:\/\/riberasalud.com\/povisa","author_name":"comunicacion","author_url":"https:\/\/riberasalud.com\/povisa\/author\/comunicacion\/","title":"\u25b7 Faro de Vigo entrevista a Gonzalo Tard\u00e1guila sobre los avances en radiolog\u00eda | Hospital Ribera Povisa","type":"rich","width":600,"height":338,"html":"<blockquote class=\"wp-embedded-content\" data-secret=\"4rkwo9psUZ\"><a href=\"https:\/\/riberasalud.com\/povisa\/faro-de-vigo-entrevista-a-gonzalo-tardaguila\/\">Faro de Vigo entrevista a Gonzalo Tard\u00e1guila sobre los avances en radiolog\u00eda<\/a><\/blockquote><iframe sandbox=\"allow-scripts\" security=\"restricted\" src=\"https:\/\/riberasalud.com\/povisa\/faro-de-vigo-entrevista-a-gonzalo-tardaguila\/embed\/#?secret=4rkwo9psUZ\" width=\"600\" height=\"338\" title=\"\u00abFaro de Vigo entrevista a Gonzalo Tard\u00e1guila sobre los avances en radiolog\u00eda\u00bb \u2014 Hospital Ribera Povisa\" data-secret=\"4rkwo9psUZ\" frameborder=\"0\" marginwidth=\"0\" marginheight=\"0\" scrolling=\"no\" class=\"wp-embedded-content\"><\/iframe><script>\n\/*! This file is auto-generated *\/\n!function(d,l){\"use strict\";l.querySelector&&d.addEventListener&&\"undefined\"!=typeof URL&&(d.wp=d.wp||{},d.wp.receiveEmbedMessage||(d.wp.receiveEmbedMessage=function(e){var t=e.data;if((t||t.secret||t.message||t.value)&&!\/[^a-zA-Z0-9]\/.test(t.secret)){for(var s,r,n,a=l.querySelectorAll('iframe[data-secret=\"'+t.secret+'\"]'),o=l.querySelectorAll('blockquote[data-secret=\"'+t.secret+'\"]'),c=new RegExp(\"^https?:$\",\"i\"),i=0;i<o.length;i++)o[i].style.display=\"none\";for(i=0;i<a.length;i++)s=a[i],e.source===s.contentWindow&&(s.removeAttribute(\"style\"),\"height\"===t.message?(1e3<(r=parseInt(t.value,10))?r=1e3:~~r<200&&(r=200),s.height=r):\"link\"===t.message&&(r=new URL(s.getAttribute(\"src\")),n=new URL(t.value),c.test(n.protocol))&&n.host===r.host&&l.activeElement===s&&(d.top.location.href=t.value))}},d.addEventListener(\"message\",d.wp.receiveEmbedMessage,!1),l.addEventListener(\"DOMContentLoaded\",function(){for(var e,t,s=l.querySelectorAll(\"iframe.wp-embedded-content\"),r=0;r<s.length;r++)(t=(e=s[r]).getAttribute(\"data-secret\"))||(t=Math.random().toString(36).substring(2,12),e.src+=\"#?secret=\"+t,e.setAttribute(\"data-secret\",t)),e.contentWindow.postMessage({message:\"ready\",secret:t},\"*\")},!1)))}(window,document);\n\/\/# sourceURL=https:\/\/riberasalud.com\/povisa\/wp-includes\/js\/wp-embed.min.js\n<\/script>\n","description":"lll\u1405 El radi\u00f3logo de Ribera Povisa Gonzalo Tard\u00e1guila organiza este a\u00f1o el Congreso de Diagn\u00f3stico por Imagen del Abdomen que se celebra esta semana en \u2705El radi\u00f3logo de Ribera Povisa Gonzalo Tard\u00e1guila organiza este a\u00f1o el Congreso de Diagn\u00f3stico por Imagen del Abdomen que se celebra esta semana en Afundaci\u00f3n. Con motivo de este simposio, Faro de Vigo le ha hecho una entrevista en la que destaca que \"los nuevos TAC reducen la radiaci\u00f3n y nos permiten lograr un diagn\u00f3stico precoz\".","thumbnail_url":"https:\/\/riberasalud.com\/povisa\/wp-content\/uploads\/2022\/10\/Captura-de-pantalla-2022-10-19-a-las-9.40.13.png"}

▷ Faro de Vigo entrevista a Gonzalo Tardáguila sobre los avances en radiología | Hospital Ribera Povisa

<blockquote class="wp-embedded-content" data-secret="4rkwo9psUZ"><a href="https://riberasalud.com/povisa/faro-de-vigo-entrevista-a-gonzalo-tardaguila/">Faro de Vigo entrevista a Gonzalo Tardáguila sobre los avances en radiología</a></blockquote><iframe sandbox="allow-scripts" security="restricted" src="https://riberasalud.com/povisa/faro-de-vigo-entrevista-a-gonzalo-tardaguila/embed/#?secret=4rkwo9psUZ" width="600" height="338" title="«Faro de Vigo entrevista a Gonzalo Tardáguila sobre los avances en radiología» — Hospital Ribera Povisa" data-secret="4rkwo9psUZ" frameborder="0" marginwidth="0" marginheight="0" scrolling="no" class="wp-embedded-content"></iframe><script>
/*! This file is auto-generated */
!function(d,l){"use strict";l.querySelector&&d.addEventListener&&"undefined"!=typeof URL&&(d.wp=d.wp||{},d.wp.receiveEmbedMessage||(d.wp.receiveEmbedMessage=function(e){var t=e.data;if((t||t.secret||t.message||t.value)&&!/[^a-zA-Z0-9]/.test(t.secret)){for(var s,r,n,a=l.querySelectorAll('iframe[data-secret="'+t.secret+'"]'),o=l.querySelectorAll('blockquote[data-secret="'+t.secret+'"]'),c=new RegExp("^https?:$","i"),i=0;i<o.length;i++)o[i].style.display="none";for(i=0;i<a.length;i++)s=a[i],e.source===s.contentWindow&&(s.removeAttribute("style"),"height"===t.message?(1e3<(r=parseInt(t.value,10))?r=1e3:~~r<200&&(r=200),s.height=r):"link"===t.message&&(r=new URL(s.getAttribute("src")),n=new URL(t.value),c.test(n.protocol))&&n.host===r.host&&l.activeElement===s&&(d.top.location.href=t.value))}},d.addEventListener("message",d.wp.receiveEmbedMessage,!1),l.addEventListener("DOMContentLoaded",function(){for(var e,t,s=l.querySelectorAll("iframe.wp-embedded-content"),r=0;r<s.length;r++)(t=(e=s[r]).getAttribute("data-secret"))||(t=Math.random().toString(36).substring(2,12),e.src+="#?secret="+t,e.setAttribute("data-secret",t)),e.contentWindow.postMessage({message:"ready",secret:t},"*")},!1)))}(window,document);
//# sourceURL=https://riberasalud.com/povisa/wp-includes/js/wp-embed.min.js
</script>

lllᐅ El radiólogo de Ribera Povisa Gonzalo Tardáguila organiza este año el Congreso de Diagnóstico por Imagen del Abdomen que se celebra esta semana en ✅El radiólogo de Ribera Povisa Gonzalo Tardáguila organiza este año el Congreso de Diagnóstico por Imagen del Abdomen que se celebra esta semana en Afundación. Con motivo de este simposio, Faro de Vigo le ha hecho una entrevista en la que destaca que "los nuevos TAC reducen la radiación y nos permiten lograr un diagnóstico precoz".
