{"version":"1.0","provider_name":"Hospital Ribera Povisa","provider_url":"https:\/\/riberasalud.com\/povisa","author_name":"comunicacion","author_url":"https:\/\/riberasalud.com\/povisa\/author\/comunicacion\/","title":"\u25b7 La Escuela de Enfermer\u00eda acoge la exposici\u00f3n \"Elvira L\u00f3pez Mour\u00edn, una enfermera de altura\" | Hospital Ribera Povisa","type":"rich","width":600,"height":338,"html":"<blockquote class=\"wp-embedded-content\" data-secret=\"K13Dj8hcQy\"><a href=\"https:\/\/riberasalud.com\/povisa\/escuela-de-enfermeria-acoge-exposicion-elvira-lope-mourin\/\">La Escuela de Enfermer\u00eda acoge la exposici\u00f3n \u00abElvira L\u00f3pez Mour\u00edn, una enfermera de altura\u00bb<\/a><\/blockquote><iframe sandbox=\"allow-scripts\" security=\"restricted\" src=\"https:\/\/riberasalud.com\/povisa\/escuela-de-enfermeria-acoge-exposicion-elvira-lope-mourin\/embed\/#?secret=K13Dj8hcQy\" width=\"600\" height=\"338\" title=\"\u00abLa Escuela de Enfermer\u00eda acoge la exposici\u00f3n \u00abElvira L\u00f3pez Mour\u00edn, una enfermera de altura\u00bb\u00bb \u2014 Hospital Ribera Povisa\" data-secret=\"K13Dj8hcQy\" frameborder=\"0\" marginwidth=\"0\" marginheight=\"0\" scrolling=\"no\" class=\"wp-embedded-content\"><\/iframe><script>\n\/*! This file is auto-generated *\/\n!function(d,l){\"use strict\";l.querySelector&&d.addEventListener&&\"undefined\"!=typeof URL&&(d.wp=d.wp||{},d.wp.receiveEmbedMessage||(d.wp.receiveEmbedMessage=function(e){var t=e.data;if((t||t.secret||t.message||t.value)&&!\/[^a-zA-Z0-9]\/.test(t.secret)){for(var s,r,n,a=l.querySelectorAll('iframe[data-secret=\"'+t.secret+'\"]'),o=l.querySelectorAll('blockquote[data-secret=\"'+t.secret+'\"]'),c=new RegExp(\"^https?:$\",\"i\"),i=0;i<o.length;i++)o[i].style.display=\"none\";for(i=0;i<a.length;i++)s=a[i],e.source===s.contentWindow&&(s.removeAttribute(\"style\"),\"height\"===t.message?(1e3<(r=parseInt(t.value,10))?r=1e3:~~r<200&&(r=200),s.height=r):\"link\"===t.message&&(r=new URL(s.getAttribute(\"src\")),n=new URL(t.value),c.test(n.protocol))&&n.host===r.host&&l.activeElement===s&&(d.top.location.href=t.value))}},d.addEventListener(\"message\",d.wp.receiveEmbedMessage,!1),l.addEventListener(\"DOMContentLoaded\",function(){for(var e,t,s=l.querySelectorAll(\"iframe.wp-embedded-content\"),r=0;r<s.length;r++)(t=(e=s[r]).getAttribute(\"data-secret\"))||(t=Math.random().toString(36).substring(2,12),e.src+=\"#?secret=\"+t,e.setAttribute(\"data-secret\",t)),e.contentWindow.postMessage({message:\"ready\",secret:t},\"*\")},!1)))}(window,document);\n\/\/# sourceURL=https:\/\/riberasalud.com\/povisa\/wp-includes\/js\/wp-embed.min.js\n<\/script>\n","description":"lll\u1405 La Escuela de Enfermer\u00eda de Povisa acoge hasta el 7 de octubre la exposici\u00f3n \"Elvira L\u00f3pez Mour\u00edn, una enfermera de altura\". La muestra, organizada por la \u2705 La Escuela de Enfermer\u00eda de Povisa acoge hasta el 7 de octubre la exposici\u00f3n \"Elvira L\u00f3pez Mour\u00edn, una enfermera de altura\". La muestra, organizada por la Academia de Enfermer\u00eda de Galicia y el Colegio Oficial de Enfermer\u00eda de Lugo, rinde homenaje a la gesta heroica de esta sanitaria gallega, natural de L\u00e1ncara, que fue la primera en participar en un vuelo militar sanitario en plena guerra del Rif del que se cumplen ahora 100 a\u00f1os.","thumbnail_url":"https:\/\/riberasalud.com\/povisa\/wp-content\/uploads\/2022\/10\/Captura-de-pantalla-2022-10-04-a-las-11.45.52.png"}

▷ La Escuela de Enfermería acoge la exposición "Elvira López Mourín, una enfermera de altura" | Hospital Ribera Povisa

<blockquote class="wp-embedded-content" data-secret="K13Dj8hcQy"><a href="https://riberasalud.com/povisa/escuela-de-enfermeria-acoge-exposicion-elvira-lope-mourin/">La Escuela de Enfermería acoge la exposición «Elvira López Mourín, una enfermera de altura»</a></blockquote><iframe sandbox="allow-scripts" security="restricted" src="https://riberasalud.com/povisa/escuela-de-enfermeria-acoge-exposicion-elvira-lope-mourin/embed/#?secret=K13Dj8hcQy" width="600" height="338" title="«La Escuela de Enfermería acoge la exposición «Elvira López Mourín, una enfermera de altura»» — Hospital Ribera Povisa" data-secret="K13Dj8hcQy" frameborder="0" marginwidth="0" marginheight="0" scrolling="no" class="wp-embedded-content"></iframe><script>
/*! This file is auto-generated */
!function(d,l){"use strict";l.querySelector&&d.addEventListener&&"undefined"!=typeof URL&&(d.wp=d.wp||{},d.wp.receiveEmbedMessage||(d.wp.receiveEmbedMessage=function(e){var t=e.data;if((t||t.secret||t.message||t.value)&&!/[^a-zA-Z0-9]/.test(t.secret)){for(var s,r,n,a=l.querySelectorAll('iframe[data-secret="'+t.secret+'"]'),o=l.querySelectorAll('blockquote[data-secret="'+t.secret+'"]'),c=new RegExp("^https?:$","i"),i=0;i<o.length;i++)o[i].style.display="none";for(i=0;i<a.length;i++)s=a[i],e.source===s.contentWindow&&(s.removeAttribute("style"),"height"===t.message?(1e3<(r=parseInt(t.value,10))?r=1e3:~~r<200&&(r=200),s.height=r):"link"===t.message&&(r=new URL(s.getAttribute("src")),n=new URL(t.value),c.test(n.protocol))&&n.host===r.host&&l.activeElement===s&&(d.top.location.href=t.value))}},d.addEventListener("message",d.wp.receiveEmbedMessage,!1),l.addEventListener("DOMContentLoaded",function(){for(var e,t,s=l.querySelectorAll("iframe.wp-embedded-content"),r=0;r<s.length;r++)(t=(e=s[r]).getAttribute("data-secret"))||(t=Math.random().toString(36).substring(2,12),e.src+="#?secret="+t,e.setAttribute("data-secret",t)),e.contentWindow.postMessage({message:"ready",secret:t},"*")},!1)))}(window,document);
//# sourceURL=https://riberasalud.com/povisa/wp-includes/js/wp-embed.min.js
</script>

lllᐅ La Escuela de Enfermería de Povisa acoge hasta el 7 de octubre la exposición "Elvira López Mourín, una enfermera de altura". La muestra, organizada por la ✅ La Escuela de Enfermería de Povisa acoge hasta el 7 de octubre la exposición "Elvira López Mourín, una enfermera de altura". La muestra, organizada por la Academia de Enfermería de Galicia y el Colegio Oficial de Enfermería de Lugo, rinde homenaje a la gesta heroica de esta sanitaria gallega, natural de Láncara, que fue la primera en participar en un vuelo militar sanitario en plena guerra del Rif del que se cumplen ahora 100 años.
