{"version":"1.0","provider_name":"Hospital Ribera Povisa","provider_url":"https:\/\/riberasalud.com\/povisa","author_name":"comunicacion","author_url":"https:\/\/riberasalud.com\/povisa\/author\/comunicacion\/","title":"\u25b7 Julia Camps: \u00abHaremos una mamograf\u00eda con contraste cada a\u00f1o a todas las mujeres que han tenido un c\u00e1ncer de mama\u00bb | Hospital Ribera Povisa","type":"rich","width":600,"height":338,"html":"<blockquote class=\"wp-embedded-content\" data-secret=\"DUbUEraExU\"><a href=\"https:\/\/riberasalud.com\/povisa\/entrevista-julia-camps\/\">Julia Camps: \u00abHaremos una mamograf\u00eda con contraste cada a\u00f1o a todas las mujeres que han tenido un c\u00e1ncer de mama\u00bb<\/a><\/blockquote><iframe sandbox=\"allow-scripts\" security=\"restricted\" src=\"https:\/\/riberasalud.com\/povisa\/entrevista-julia-camps\/embed\/#?secret=DUbUEraExU\" width=\"600\" height=\"338\" title=\"\u00abJulia Camps: \u00abHaremos una mamograf\u00eda con contraste cada a\u00f1o a todas las mujeres que han tenido un c\u00e1ncer de mama\u00bb\u00bb \u2014 Hospital Ribera Povisa\" data-secret=\"DUbUEraExU\" frameborder=\"0\" marginwidth=\"0\" marginheight=\"0\" scrolling=\"no\" class=\"wp-embedded-content\"><\/iframe><script>\n\/*! This file is auto-generated *\/\n!function(d,l){\"use strict\";l.querySelector&&d.addEventListener&&\"undefined\"!=typeof URL&&(d.wp=d.wp||{},d.wp.receiveEmbedMessage||(d.wp.receiveEmbedMessage=function(e){var t=e.data;if((t||t.secret||t.message||t.value)&&!\/[^a-zA-Z0-9]\/.test(t.secret)){for(var s,r,n,a=l.querySelectorAll('iframe[data-secret=\"'+t.secret+'\"]'),o=l.querySelectorAll('blockquote[data-secret=\"'+t.secret+'\"]'),c=new RegExp(\"^https?:$\",\"i\"),i=0;i<o.length;i++)o[i].style.display=\"none\";for(i=0;i<a.length;i++)s=a[i],e.source===s.contentWindow&&(s.removeAttribute(\"style\"),\"height\"===t.message?(1e3<(r=parseInt(t.value,10))?r=1e3:~~r<200&&(r=200),s.height=r):\"link\"===t.message&&(r=new URL(s.getAttribute(\"src\")),n=new URL(t.value),c.test(n.protocol))&&n.host===r.host&&l.activeElement===s&&(d.top.location.href=t.value))}},d.addEventListener(\"message\",d.wp.receiveEmbedMessage,!1),l.addEventListener(\"DOMContentLoaded\",function(){for(var e,t,s=l.querySelectorAll(\"iframe.wp-embedded-content\"),r=0;r<s.length;r++)(t=(e=s[r]).getAttribute(\"data-secret\"))||(t=Math.random().toString(36).substring(2,12),e.src+=\"#?secret=\"+t,e.setAttribute(\"data-secret\",t)),e.contentWindow.postMessage({message:\"ready\",secret:t},\"*\")},!1)))}(window,document);\n\/\/# sourceURL=https:\/\/riberasalud.com\/povisa\/wp-includes\/js\/wp-embed.min.js\n<\/script>\n","description":"lll\u1405 El peri\u00f3dico La Voz de Galicia ha entrevistado a la jefa corporativa del \u00c1rea de la Mama del grupo Ribera, Julia Camps. La jefa del \u00e1rea de mama del grupo \u2705 Julia Camps explica en La Voz de Galicia que se har\u00e1 una mamograf\u00eda a las mujeres que hayan padecido c\u00e1ncer de mama para detectar reca\u00eddas","thumbnail_url":"https:\/\/riberasalud.com\/povisa\/wp-content\/uploads\/2023\/02\/Captura-de-pantalla-2023-02-01-a-las-9.46.01-1-820x1024.png"}

▷ Julia Camps: «Haremos una mamografía con contraste cada año a todas las mujeres que han tenido un cáncer de mama» | Hospital Ribera Povisa

<blockquote class="wp-embedded-content" data-secret="DUbUEraExU"><a href="https://riberasalud.com/povisa/entrevista-julia-camps/">Julia Camps: «Haremos una mamografía con contraste cada año a todas las mujeres que han tenido un cáncer de mama»</a></blockquote><iframe sandbox="allow-scripts" security="restricted" src="https://riberasalud.com/povisa/entrevista-julia-camps/embed/#?secret=DUbUEraExU" width="600" height="338" title="«Julia Camps: «Haremos una mamografía con contraste cada año a todas las mujeres que han tenido un cáncer de mama»» — Hospital Ribera Povisa" data-secret="DUbUEraExU" frameborder="0" marginwidth="0" marginheight="0" scrolling="no" class="wp-embedded-content"></iframe><script>
/*! This file is auto-generated */
!function(d,l){"use strict";l.querySelector&&d.addEventListener&&"undefined"!=typeof URL&&(d.wp=d.wp||{},d.wp.receiveEmbedMessage||(d.wp.receiveEmbedMessage=function(e){var t=e.data;if((t||t.secret||t.message||t.value)&&!/[^a-zA-Z0-9]/.test(t.secret)){for(var s,r,n,a=l.querySelectorAll('iframe[data-secret="'+t.secret+'"]'),o=l.querySelectorAll('blockquote[data-secret="'+t.secret+'"]'),c=new RegExp("^https?:$","i"),i=0;i<o.length;i++)o[i].style.display="none";for(i=0;i<a.length;i++)s=a[i],e.source===s.contentWindow&&(s.removeAttribute("style"),"height"===t.message?(1e3<(r=parseInt(t.value,10))?r=1e3:~~r<200&&(r=200),s.height=r):"link"===t.message&&(r=new URL(s.getAttribute("src")),n=new URL(t.value),c.test(n.protocol))&&n.host===r.host&&l.activeElement===s&&(d.top.location.href=t.value))}},d.addEventListener("message",d.wp.receiveEmbedMessage,!1),l.addEventListener("DOMContentLoaded",function(){for(var e,t,s=l.querySelectorAll("iframe.wp-embedded-content"),r=0;r<s.length;r++)(t=(e=s[r]).getAttribute("data-secret"))||(t=Math.random().toString(36).substring(2,12),e.src+="#?secret="+t,e.setAttribute("data-secret",t)),e.contentWindow.postMessage({message:"ready",secret:t},"*")},!1)))}(window,document);
//# sourceURL=https://riberasalud.com/povisa/wp-includes/js/wp-embed.min.js
</script>

lllᐅ El periódico La Voz de Galicia ha entrevistado a la jefa corporativa del Área de la Mama del grupo Ribera, Julia Camps. La jefa del área de mama del grupo ✅ Julia Camps explica en La Voz de Galicia que se hará una mamografía a las mujeres que hayan padecido cáncer de mama para detectar recaídas
