{"version":"1.0","provider_name":"Hospital Ribera Povisa","provider_url":"https:\/\/riberasalud.com\/povisa","author_name":"comunicacion","author_url":"https:\/\/riberasalud.com\/povisa\/author\/comunicacion\/","title":"\u25b7 Ribera Povisa acoge un ciclo de conferencias sobre la artritis en colaboraci\u00f3n con Asearpo | Hospital Ribera Povisa","type":"rich","width":600,"height":338,"html":"<blockquote class=\"wp-embedded-content\" data-secret=\"60lIohI7Pl\"><a href=\"https:\/\/riberasalud.com\/povisa\/ciclo-de-conferencias-sobre-la-artritis-asearpo\/\">Ribera Povisa acoge un ciclo de conferencias sobre la artritis en colaboraci\u00f3n con Asearpo<\/a><\/blockquote><iframe sandbox=\"allow-scripts\" security=\"restricted\" src=\"https:\/\/riberasalud.com\/povisa\/ciclo-de-conferencias-sobre-la-artritis-asearpo\/embed\/#?secret=60lIohI7Pl\" width=\"600\" height=\"338\" title=\"\u00abRibera Povisa acoge un ciclo de conferencias sobre la artritis en colaboraci\u00f3n con Asearpo\u00bb \u2014 Hospital Ribera Povisa\" data-secret=\"60lIohI7Pl\" frameborder=\"0\" marginwidth=\"0\" marginheight=\"0\" scrolling=\"no\" class=\"wp-embedded-content\"><\/iframe><script>\n\/*! This file is auto-generated *\/\n!function(d,l){\"use strict\";l.querySelector&&d.addEventListener&&\"undefined\"!=typeof URL&&(d.wp=d.wp||{},d.wp.receiveEmbedMessage||(d.wp.receiveEmbedMessage=function(e){var t=e.data;if((t||t.secret||t.message||t.value)&&!\/[^a-zA-Z0-9]\/.test(t.secret)){for(var s,r,n,a=l.querySelectorAll('iframe[data-secret=\"'+t.secret+'\"]'),o=l.querySelectorAll('blockquote[data-secret=\"'+t.secret+'\"]'),c=new RegExp(\"^https?:$\",\"i\"),i=0;i<o.length;i++)o[i].style.display=\"none\";for(i=0;i<a.length;i++)s=a[i],e.source===s.contentWindow&&(s.removeAttribute(\"style\"),\"height\"===t.message?(1e3<(r=parseInt(t.value,10))?r=1e3:~~r<200&&(r=200),s.height=r):\"link\"===t.message&&(r=new URL(s.getAttribute(\"src\")),n=new URL(t.value),c.test(n.protocol))&&n.host===r.host&&l.activeElement===s&&(d.top.location.href=t.value))}},d.addEventListener(\"message\",d.wp.receiveEmbedMessage,!1),l.addEventListener(\"DOMContentLoaded\",function(){for(var e,t,s=l.querySelectorAll(\"iframe.wp-embedded-content\"),r=0;r<s.length;r++)(t=(e=s[r]).getAttribute(\"data-secret\"))||(t=Math.random().toString(36).substring(2,12),e.src+=\"#?secret=\"+t,e.setAttribute(\"data-secret\",t)),e.contentWindow.postMessage({message:\"ready\",secret:t},\"*\")},!1)))}(window,document);\n\/\/# sourceURL=https:\/\/riberasalud.com\/povisa\/wp-includes\/js\/wp-embed.min.js\n<\/script>\n","description":"lll\u1405 El hospital Ribera Povisa en colaboraci\u00f3n con la Asociaci\u00f3n de Enfermos de Artritis de Pontevedra (Asearpo) acoge unas jornadas el pr\u00f3ximo 19 de octubre \u2705El hospital Ribera Povisa en colaboraci\u00f3n con la Asociaci\u00f3n de Enfermos de Artritis de Pontevedra (Asearpo) celebran unas jornadas el pr\u00f3ximo 19 de octubre con motivo del mes de la artritis y la espondiloartritis. La doctora Marisol Gonz\u00e1lez hablar\u00e1 sobre \"Maternidad y medicaciones biol\u00f3gicas\" y el doctor Jes\u00fas Juan Ib\u00e1\u00f1ez -ambos del servicio de Reumatolog\u00eda de Ribera Povisa- sobre \"Salud mental en ni\u00f1os y j\u00f3venes\"","thumbnail_url":"https:\/\/riberasalud.com\/povisa\/wp-content\/uploads\/2022\/09\/Captura-de-Pantalla-2022-09-30-a-las-8.49.16-1024x378.png"}

▷ Ribera Povisa acoge un ciclo de conferencias sobre la artritis en colaboración con Asearpo | Hospital Ribera Povisa

<blockquote class="wp-embedded-content" data-secret="60lIohI7Pl"><a href="https://riberasalud.com/povisa/ciclo-de-conferencias-sobre-la-artritis-asearpo/">Ribera Povisa acoge un ciclo de conferencias sobre la artritis en colaboración con Asearpo</a></blockquote><iframe sandbox="allow-scripts" security="restricted" src="https://riberasalud.com/povisa/ciclo-de-conferencias-sobre-la-artritis-asearpo/embed/#?secret=60lIohI7Pl" width="600" height="338" title="«Ribera Povisa acoge un ciclo de conferencias sobre la artritis en colaboración con Asearpo» — Hospital Ribera Povisa" data-secret="60lIohI7Pl" frameborder="0" marginwidth="0" marginheight="0" scrolling="no" class="wp-embedded-content"></iframe><script>
/*! This file is auto-generated */
!function(d,l){"use strict";l.querySelector&&d.addEventListener&&"undefined"!=typeof URL&&(d.wp=d.wp||{},d.wp.receiveEmbedMessage||(d.wp.receiveEmbedMessage=function(e){var t=e.data;if((t||t.secret||t.message||t.value)&&!/[^a-zA-Z0-9]/.test(t.secret)){for(var s,r,n,a=l.querySelectorAll('iframe[data-secret="'+t.secret+'"]'),o=l.querySelectorAll('blockquote[data-secret="'+t.secret+'"]'),c=new RegExp("^https?:$","i"),i=0;i<o.length;i++)o[i].style.display="none";for(i=0;i<a.length;i++)s=a[i],e.source===s.contentWindow&&(s.removeAttribute("style"),"height"===t.message?(1e3<(r=parseInt(t.value,10))?r=1e3:~~r<200&&(r=200),s.height=r):"link"===t.message&&(r=new URL(s.getAttribute("src")),n=new URL(t.value),c.test(n.protocol))&&n.host===r.host&&l.activeElement===s&&(d.top.location.href=t.value))}},d.addEventListener("message",d.wp.receiveEmbedMessage,!1),l.addEventListener("DOMContentLoaded",function(){for(var e,t,s=l.querySelectorAll("iframe.wp-embedded-content"),r=0;r<s.length;r++)(t=(e=s[r]).getAttribute("data-secret"))||(t=Math.random().toString(36).substring(2,12),e.src+="#?secret="+t,e.setAttribute("data-secret",t)),e.contentWindow.postMessage({message:"ready",secret:t},"*")},!1)))}(window,document);
//# sourceURL=https://riberasalud.com/povisa/wp-includes/js/wp-embed.min.js
</script>

lllᐅ El hospital Ribera Povisa en colaboración con la Asociación de Enfermos de Artritis de Pontevedra (Asearpo) acoge unas jornadas el próximo 19 de octubre ✅El hospital Ribera Povisa en colaboración con la Asociación de Enfermos de Artritis de Pontevedra (Asearpo) celebran unas jornadas el próximo 19 de octubre con motivo del mes de la artritis y la espondiloartritis. La doctora Marisol González hablará sobre "Maternidad y medicaciones biológicas" y el doctor Jesús Juan Ibáñez -ambos del servicio de Reumatología de Ribera Povisa- sobre "Salud mental en niños y jóvenes"
