{"id":98,"date":"2021-05-26T07:55:44","date_gmt":"2021-05-26T07:55:44","guid":{"rendered":"https:\/\/riberasalud.com\/polusa\/?page_id=98"},"modified":"2025-01-24T12:21:34","modified_gmt":"2025-01-24T12:21:34","slug":"instrucciones-para-el-paciente","status":"publish","type":"page","link":"https:\/\/riberasalud.com\/polusa\/instrucciones-para-el-paciente\/","title":{"rendered":"Instrucciones para el paciente"},"content":{"rendered":"\n<div class=\"wp-block-group backgroundbanner\"><div class=\"wp-block-group__inner-container is-layout-flow wp-block-group-is-layout-flow\">\n<p class=\"has-text-align-center\" style=\"font-size:40px\"><span style=\"color: #4b4a4a;\" class=\"ugb-highlight\">Instrucciones para el paciente<\/span><\/p>\n<\/div><\/div>\n\n\n\n<div class=\"wp-block-group\"><div class=\"wp-block-group__inner-container is-layout-flow wp-block-group-is-layout-flow\">\n<p><strong>SI SU INGRESO ES PROGRAMADO<\/strong><\/p>\n\n\n\n<p>Deber\u00e1 presentarse en el Servicio de Admisi\u00f3n, aportando los siguientes documentos: \u00b7 D.N.I \u00b7 Tarjeta sanitaria individual (S.Social), o bien la tarjeta de su compa\u00f1\u00eda.<\/p>\n\n\n\n<p><strong>SI VD. INGRESA PROCEDENTE DE UNA ATENCI\u00d3N EN EL SERVICIO DE URGENCIAS<\/strong><\/p>\n\n\n\n<p>El Servicio de Admisi\u00f3n tramitar\u00e1 directamente su ingreso. Es aconsejable que aporte cualquier informe m\u00e9dico anterior en relaci\u00f3n con su enfermedad.<\/p>\n\n\n\n<p>Si necesita justificar el ingreso y las estancias ante un organismo, mutua, compa\u00f1\u00eda o empresa, p\u00f3ngalo en conocimiento del Servicio de Admisi\u00f3n, donde se encargar\u00e1n de tramitarle lo que proceda.<\/p>\n\n\n\n<p>Una vez tramitado el ingreso, ser\u00e1 acompa\u00f1ado por el personal del Servicio de Admisi\u00f3n hasta su habitaci\u00f3n. All\u00ed se har\u00e1 cargo de Vd. el personal de Enfermer\u00eda, quien le explicar\u00e1 el funcionamiento de la Planta de Hospitalizaci\u00f3n.<\/p>\n\n\n\n<p>En la habitaci\u00f3n encontrar\u00e1 camis\u00f3n o pijama y toalla, que se cambiar\u00e1n diariamente. En la cabecera de la cama dispone de un timbre para conectar con la Enfermer\u00eda, quien atender\u00e1 su llamada a la mayor brevedad posible.<\/p>\n\n\n\n<p>En el momento de su ingreso, le entregar\u00e1n una Gu\u00eda del Paciente, as\u00ed como la Encuesta de Satisfacci\u00f3n, que agradecemos cumplimente, pues su valiosa opini\u00f3n nos ser\u00e1 \u00fatil para mejorar nuestra atenci\u00f3n a los pacientes.<\/p>\n\n\n\n<p>Informaci\u00f3n completa en\u00a0<strong><a href=\"https:\/\/riberasalud.com\/polusa\/wp-content\/uploads\/2025\/01\/A5-BR-GUIA-ACOGIDA-PACIENTE-ADULTO-1.pdf\">Gu\u00eda del Paciente<\/a><\/strong><\/p>\n<\/div><\/div>\n\n\n\n<p><\/p>\n","protected":false},"excerpt":{"rendered":"<p>Instrucciones para el paciente SI SU INGRESO ES PROGRAMADO Deber\u00e1 presentarse en el Servicio de Admisi\u00f3n, aportando los siguientes documentos: \u00b7 D.N.I \u00b7 Tarjeta sanitaria individual (S.Social), o bien la tarjeta de su compa\u00f1\u00eda. SI VD. INGRESA PROCEDENTE DE UNA ATENCI\u00d3N EN EL SERVICIO DE URGENCIAS El Servicio de Admisi\u00f3n tramitar\u00e1 directamente su ingreso. Es &#8230; <a title=\"Instrucciones para el paciente\" class=\"read-more\" href=\"https:\/\/riberasalud.com\/polusa\/instrucciones-para-el-paciente\/\" aria-label=\"Leer m\u00e1s sobre Instrucciones para el paciente\">Leer m\u00e1s<\/a><\/p>\n","protected":false},"author":1,"featured_media":0,"parent":0,"menu_order":0,"comment_status":"closed","ping_status":"closed","template":"","meta":{"_coblocks_attr":"","_coblocks_dimensions":"","_coblocks_responsive_height":"","_coblocks_accordion_ie_support":"","_uag_custom_page_level_css":"","footnotes":""},"class_list":["post-98","page","type-page","status-publish"],"featured_image_urls_v2":{"full":"","thumbnail":"","medium":"","medium_large":"","large":"","xl":"","xxl":"","xxxl":"","xxxxl":"","xxxxxl":"","1536x1536":"","2048x2048":""},"post_excerpt_stackable_v2":"<p>Instrucciones para el paciente SI SU INGRESO ES PROGRAMADO Deber\u00e1 presentarse en el Servicio de Admisi\u00f3n, aportando los siguientes documentos: \u00b7 D.N.I \u00b7 Tarjeta sanitaria individual (S.Social), o bien la tarjeta de su compa\u00f1\u00eda. SI VD. INGRESA PROCEDENTE DE UNA ATENCI\u00d3N EN EL SERVICIO DE URGENCIAS El Servicio de Admisi\u00f3n tramitar\u00e1 directamente su ingreso. Es aconsejable que aporte cualquier informe m\u00e9dico anterior en relaci\u00f3n con su enfermedad. Si necesita justificar el ingreso y las estancias ante un organismo, mutua, compa\u00f1\u00eda o empresa, p\u00f3ngalo en conocimiento del Servicio de Admisi\u00f3n, donde se encargar\u00e1n de tramitarle lo que proceda. Una vez tramitado&hellip;<\/p>\n","category_list_v2":"","author_info_v2":{"name":"jorge@quois.com","url":"https:\/\/riberasalud.com\/polusa\/author\/jorgequois-com\/"},"comments_num_v2":"0 comentarios","yoast_head":"<!-- This site is optimized with the Yoast SEO plugin v26.6 - https:\/\/yoast.com\/wordpress\/plugins\/seo\/ -->\n<title>\u25b7 Instrucciones para el paciente | Hospital Ribera Polusa<\/title>\n<meta name=\"description\" content=\"lll\u1405 Instrucciones para el paciente SI SU INGRESO ES PROGRAMADO Deber\u00e1 presentarse en el Servicio de Admisi\u00f3n, aportando los siguientes documentos: \u00b7 D.N.I \u00b7 \u2705\" \/>\n<meta name=\"robots\" content=\"index, follow, max-snippet:-1, max-image-preview:large, max-video-preview:-1\" \/>\n<link rel=\"canonical\" href=\"https:\/\/riberasalud.com\/polusa\/instrucciones-para-el-paciente\/\" \/>\n<meta property=\"og:locale\" content=\"es_ES\" \/>\n<meta property=\"og:type\" content=\"article\" \/>\n<meta property=\"og:title\" content=\"\u25b7 Instrucciones para el paciente | Hospital Ribera Polusa\" \/>\n<meta property=\"og:description\" content=\"lll\u1405 Instrucciones para el paciente SI SU INGRESO ES PROGRAMADO Deber\u00e1 presentarse en el Servicio de Admisi\u00f3n, aportando los siguientes documentos: \u00b7 D.N.I \u00b7 \u2705\" \/>\n<meta property=\"og:url\" content=\"https:\/\/riberasalud.com\/polusa\/instrucciones-para-el-paciente\/\" \/>\n<meta property=\"og:site_name\" content=\"Hospital Ribera Polusa\" \/>\n<meta property=\"article:modified_time\" content=\"2025-01-24T12:21:34+00:00\" \/>\n<meta name=\"twitter:card\" content=\"summary_large_image\" \/>\n<meta name=\"twitter:label1\" content=\"Tiempo de lectura\" \/>\n\t<meta name=\"twitter:data1\" content=\"1 minuto\" \/>\n<script type=\"application\/ld+json\" class=\"yoast-schema-graph\">{\"@context\":\"https:\/\/schema.org\",\"@graph\":[{\"@type\":\"WebPage\",\"@id\":\"https:\/\/riberasalud.com\/polusa\/instrucciones-para-el-paciente\/\",\"url\":\"https:\/\/riberasalud.com\/polusa\/instrucciones-para-el-paciente\/\",\"name\":\"\u25b7 Instrucciones para el paciente | Hospital Ribera Polusa\",\"isPartOf\":{\"@id\":\"https:\/\/riberasalud.com\/polusa\/#website\"},\"datePublished\":\"2021-05-26T07:55:44+00:00\",\"dateModified\":\"2025-01-24T12:21:34+00:00\",\"description\":\"lll\u1405 Instrucciones para el paciente SI SU INGRESO ES PROGRAMADO Deber\u00e1 presentarse en el Servicio de Admisi\u00f3n, aportando los siguientes documentos: \u00b7 D.N.I \u00b7 \u2705\",\"breadcrumb\":{\"@id\":\"https:\/\/riberasalud.com\/polusa\/instrucciones-para-el-paciente\/#breadcrumb\"},\"inLanguage\":\"es\",\"potentialAction\":[{\"@type\":\"ReadAction\",\"target\":[\"https:\/\/riberasalud.com\/polusa\/instrucciones-para-el-paciente\/\"]}]},{\"@type\":\"BreadcrumbList\",\"@id\":\"https:\/\/riberasalud.com\/polusa\/instrucciones-para-el-paciente\/#breadcrumb\",\"itemListElement\":[{\"@type\":\"ListItem\",\"position\":1,\"name\":\"Portada\",\"item\":\"https:\/\/riberasalud.com\/polusa\/\"},{\"@type\":\"ListItem\",\"position\":2,\"name\":\"Instrucciones para el paciente\"}]},{\"@type\":\"WebSite\",\"@id\":\"https:\/\/riberasalud.com\/polusa\/#website\",\"url\":\"https:\/\/riberasalud.com\/polusa\/\",\"name\":\"Hospital Ribera Polusa\",\"description\":\"\",\"publisher\":{\"@id\":\"https:\/\/riberasalud.com\/polusa\/#organization\"},\"potentialAction\":[{\"@type\":\"SearchAction\",\"target\":{\"@type\":\"EntryPoint\",\"urlTemplate\":\"https:\/\/riberasalud.com\/polusa\/?s={search_term_string}\"},\"query-input\":{\"@type\":\"PropertyValueSpecification\",\"valueRequired\":true,\"valueName\":\"search_term_string\"}}],\"inLanguage\":\"es\"},{\"@type\":\"Organization\",\"@id\":\"https:\/\/riberasalud.com\/polusa\/#organization\",\"name\":\"Hospital Ribera Polusa\",\"url\":\"https:\/\/riberasalud.com\/polusa\/\",\"logo\":{\"@type\":\"ImageObject\",\"inLanguage\":\"es\",\"@id\":\"https:\/\/riberasalud.com\/polusa\/#\/schema\/logo\/image\/\",\"url\":\"https:\/\/riberasalud.com\/polusa\/wp-content\/uploads\/2025\/12\/cropped-cropped-Logo-Red-Polusa-300x76-1.png\",\"contentUrl\":\"https:\/\/riberasalud.com\/polusa\/wp-content\/uploads\/2025\/12\/cropped-cropped-Logo-Red-Polusa-300x76-1.png\",\"width\":300,\"height\":76,\"caption\":\"Hospital Ribera Polusa\"},\"image\":{\"@id\":\"https:\/\/riberasalud.com\/polusa\/#\/schema\/logo\/image\/\"}}]}<\/script>\n<!-- \/ Yoast SEO plugin. -->","yoast_head_json":{"title":"\u25b7 Instrucciones para el paciente | Hospital Ribera Polusa","description":"lll\u1405 Instrucciones para el paciente SI SU INGRESO ES PROGRAMADO Deber\u00e1 presentarse en el Servicio de Admisi\u00f3n, aportando los siguientes documentos: \u00b7 D.N.I \u00b7 \u2705","robots":{"index":"index","follow":"follow","max-snippet":"max-snippet:-1","max-image-preview":"max-image-preview:large","max-video-preview":"max-video-preview:-1"},"canonical":"https:\/\/riberasalud.com\/polusa\/instrucciones-para-el-paciente\/","og_locale":"es_ES","og_type":"article","og_title":"\u25b7 Instrucciones para el paciente | Hospital Ribera Polusa","og_description":"lll\u1405 Instrucciones para el paciente SI SU INGRESO ES PROGRAMADO Deber\u00e1 presentarse en el Servicio de Admisi\u00f3n, aportando los siguientes documentos: \u00b7 D.N.I \u00b7 \u2705","og_url":"https:\/\/riberasalud.com\/polusa\/instrucciones-para-el-paciente\/","og_site_name":"Hospital Ribera Polusa","article_modified_time":"2025-01-24T12:21:34+00:00","twitter_card":"summary_large_image","twitter_misc":{"Tiempo de lectura":"1 minuto"},"schema":{"@context":"https:\/\/schema.org","@graph":[{"@type":"WebPage","@id":"https:\/\/riberasalud.com\/polusa\/instrucciones-para-el-paciente\/","url":"https:\/\/riberasalud.com\/polusa\/instrucciones-para-el-paciente\/","name":"\u25b7 Instrucciones para el paciente | Hospital Ribera Polusa","isPartOf":{"@id":"https:\/\/riberasalud.com\/polusa\/#website"},"datePublished":"2021-05-26T07:55:44+00:00","dateModified":"2025-01-24T12:21:34+00:00","description":"lll\u1405 Instrucciones para el paciente SI SU INGRESO ES PROGRAMADO Deber\u00e1 presentarse en el Servicio de Admisi\u00f3n, aportando los siguientes documentos: \u00b7 D.N.I \u00b7 \u2705","breadcrumb":{"@id":"https:\/\/riberasalud.com\/polusa\/instrucciones-para-el-paciente\/#breadcrumb"},"inLanguage":"es","potentialAction":[{"@type":"ReadAction","target":["https:\/\/riberasalud.com\/polusa\/instrucciones-para-el-paciente\/"]}]},{"@type":"BreadcrumbList","@id":"https:\/\/riberasalud.com\/polusa\/instrucciones-para-el-paciente\/#breadcrumb","itemListElement":[{"@type":"ListItem","position":1,"name":"Portada","item":"https:\/\/riberasalud.com\/polusa\/"},{"@type":"ListItem","position":2,"name":"Instrucciones para el paciente"}]},{"@type":"WebSite","@id":"https:\/\/riberasalud.com\/polusa\/#website","url":"https:\/\/riberasalud.com\/polusa\/","name":"Hospital Ribera Polusa","description":"","publisher":{"@id":"https:\/\/riberasalud.com\/polusa\/#organization"},"potentialAction":[{"@type":"SearchAction","target":{"@type":"EntryPoint","urlTemplate":"https:\/\/riberasalud.com\/polusa\/?s={search_term_string}"},"query-input":{"@type":"PropertyValueSpecification","valueRequired":true,"valueName":"search_term_string"}}],"inLanguage":"es"},{"@type":"Organization","@id":"https:\/\/riberasalud.com\/polusa\/#organization","name":"Hospital Ribera Polusa","url":"https:\/\/riberasalud.com\/polusa\/","logo":{"@type":"ImageObject","inLanguage":"es","@id":"https:\/\/riberasalud.com\/polusa\/#\/schema\/logo\/image\/","url":"https:\/\/riberasalud.com\/polusa\/wp-content\/uploads\/2025\/12\/cropped-cropped-Logo-Red-Polusa-300x76-1.png","contentUrl":"https:\/\/riberasalud.com\/polusa\/wp-content\/uploads\/2025\/12\/cropped-cropped-Logo-Red-Polusa-300x76-1.png","width":300,"height":76,"caption":"Hospital Ribera Polusa"},"image":{"@id":"https:\/\/riberasalud.com\/polusa\/#\/schema\/logo\/image\/"}}]}},"pbg_featured_image_src":{"full":false,"thumbnail":false,"medium":false,"medium_large":false,"large":false,"xl":false,"xxl":false,"xxxl":false,"xxxxl":false,"xxxxxl":false,"1536x1536":false,"2048x2048":false},"pbg_author_info":{"display_name":"jorge@quois.com","author_link":"https:\/\/riberasalud.com\/polusa\/author\/jorgequois-com\/","author_img":"<img alt='jorge@quois.com' src='https:\/\/secure.gravatar.com\/avatar\/bca8cccf11ce6757dcdec6ce293d120c16d33c83aeb423357cce3f49f3abae94?s=128&#038;d=mm&#038;r=g' srcset='https:\/\/secure.gravatar.com\/avatar\/bca8cccf11ce6757dcdec6ce293d120c16d33c83aeb423357cce3f49f3abae94?s=256&#038;d=mm&#038;r=g 2x' class='avatar avatar-128 photo' height='128' width='128' loading='lazy' decoding='async'\/>"},"pbg_comment_info":" No Comments","pbg_excerpt":"Instrucciones para el paciente SI SU INGRESO ES PROGRAMADO Deber\u00e1 presentarse en el Servicio de Admisi\u00f3n, aportando los siguientes documentos: \u00b7 D.N.I \u00b7 Tarjeta sanitaria individual (S.Social), o bien la tarjeta de su compa\u00f1\u00eda. SI VD. INGRESA PROCEDENTE DE UNA ATENCI\u00d3N EN EL SERVICIO DE URGENCIAS El Servicio de Admisi\u00f3n tramitar\u00e1 directamente su ingreso. Es&hellip;","uagb_featured_image_src":{"full":false,"thumbnail":false,"medium":false,"medium_large":false,"large":false,"xl":false,"xxl":false,"xxxl":false,"xxxxl":false,"xxxxxl":false,"1536x1536":false,"2048x2048":false},"uagb_author_info":{"display_name":"jorge@quois.com","author_link":"https:\/\/riberasalud.com\/polusa\/author\/jorgequois-com\/"},"uagb_comment_info":0,"uagb_excerpt":"Instrucciones para el paciente SI SU INGRESO ES PROGRAMADO Deber\u00e1 presentarse en el Servicio de Admisi\u00f3n, aportando los siguientes documentos: \u00b7 D.N.I \u00b7 Tarjeta sanitaria individual (S.Social), o bien la tarjeta de su compa\u00f1\u00eda. SI VD. INGRESA PROCEDENTE DE UNA ATENCI\u00d3N EN EL SERVICIO DE URGENCIAS El Servicio de Admisi\u00f3n tramitar\u00e1 directamente su ingreso. Es&hellip;","_links":{"self":[{"href":"https:\/\/riberasalud.com\/polusa\/wp-json\/wp\/v2\/pages\/98","targetHints":{"allow":["GET"]}}],"collection":[{"href":"https:\/\/riberasalud.com\/polusa\/wp-json\/wp\/v2\/pages"}],"about":[{"href":"https:\/\/riberasalud.com\/polusa\/wp-json\/wp\/v2\/types\/page"}],"author":[{"embeddable":true,"href":"https:\/\/riberasalud.com\/polusa\/wp-json\/wp\/v2\/users\/1"}],"replies":[{"embeddable":true,"href":"https:\/\/riberasalud.com\/polusa\/wp-json\/wp\/v2\/comments?post=98"}],"version-history":[{"count":4,"href":"https:\/\/riberasalud.com\/polusa\/wp-json\/wp\/v2\/pages\/98\/revisions"}],"predecessor-version":[{"id":4014,"href":"https:\/\/riberasalud.com\/polusa\/wp-json\/wp\/v2\/pages\/98\/revisions\/4014"}],"wp:attachment":[{"href":"https:\/\/riberasalud.com\/polusa\/wp-json\/wp\/v2\/media?parent=98"}],"curies":[{"name":"wp","href":"https:\/\/api.w.org\/{rel}","templated":true}]}}