{"id":3,"date":"2021-05-25T07:22:28","date_gmt":"2021-05-25T07:22:28","guid":{"rendered":"https:\/\/riberasalud.com\/polusa\/?page_id=3"},"modified":"2024-02-28T14:47:20","modified_gmt":"2024-02-28T14:47:20","slug":"politica-privacidad","status":"publish","type":"page","link":"https:\/\/riberasalud.com\/polusa\/politica-privacidad\/","title":{"rendered":"Pol\u00edtica de privacidad"},"content":{"rendered":"\n<div class=\"wp-block-group\"><div class=\"wp-block-group__inner-container is-layout-flow wp-block-group-is-layout-flow\">\n<p>Es compromiso de Grupo Ribera Salud el respeto a la privacidad de los usuarios y la protecci\u00f3n y seguridad de sus datos personales. Es por ello por lo que, de acuerdo con la normativa vigente en materia de protecci\u00f3n de datos (Reglamento (UE) 2016\/679 del Parlamento y del Consejo de 27 de abril de 2016, Ley Org\u00e1nica 3\/2018, de 5 de diciembre, de Protecci\u00f3n de Datos Personales y garant\u00eda de los derechos digitales), Grupo Ribera Salud informa en la presente pol\u00edtica de protecci\u00f3n de datos sobre c\u00f3mo recaba y trata los datos de car\u00e1cter personal de los usuarios y pacientes en la p\u00e1gina web https:\/\/hospitaldemolina.es\/ (en adelante, referenciado como \u201cSitio web\u201d).&nbsp;&nbsp;<\/p>\n\n\n\n<p><strong>1. IDENTIFICACI\u00d3N DEL RESPONSABLE DEL TRATAMIENTO DE LOS DATOS PERSONALES<\/strong>&nbsp;<\/p>\n\n\n\n<p>El Responsable del Tratamiento de los datos personales es Hospital Polusa, S.A., (en adelante, \u201cHospital Ribera Polusa\u201d) con CIF A27014588 y domicilio social en C\/ Dr. Iglesias Otero, s\/n. 27004, Lugo (Espa\u00f1a).&nbsp;<\/p>\n\n\n\n<p>El tel\u00e9fono de contacto es 982222854 y la direcci\u00f3n de correo electr\u00f3nico <a href=\"mailto:info.polusa@riberacare.com\" target=\"_blank\" rel=\"noreferrer noopener\">info.polusa@riberacare.com<\/a>.&nbsp;<\/p>\n\n\n\n<p>Para cualquier cuesti\u00f3n relacionada con la presente pol\u00edtica de privacidad, el usuario podr\u00e1 ponerse en contacto con el delegado de protecci\u00f3n de datos de Hospital Ribera Polusa enviando un email dpo@riberasalud.es&nbsp;<\/p>\n\n\n\n<p><strong>2. INFORMACI\u00d3N SOBRE LAS FINALIDADES DEL TRATAMIENTO&nbsp;<\/strong>&nbsp;<\/p>\n\n\n\n<p>Hospital Ribera Polusa a trav\u00e9s del Sitio web llevar\u00e1 a cabo los siguientes tratamientos de datos empleando para cada una de ellas una base legitimadora adecuada, respetando los derechos y libertades de los interesados&nbsp;<\/p>\n\n\n\n<p><strong>2.1 Gestionar y atender las solicitudes de contacto.<\/strong>&nbsp;&nbsp;<\/p>\n\n\n\n<ul class=\"wp-block-list\"><li>Finalidad: Atender las solicitudes y peticiones de contacto remitidas a trav\u00e9s de los canales puestos a disposici\u00f3n en el Sitio web.&nbsp;<\/li><li>Base legitimadora: Ejecuci\u00f3n de la relaci\u00f3n precontractual.&nbsp;&nbsp;<\/li><li>Tipolog\u00eda de los datos tratados: datos identificativos y de contacto.&nbsp;<\/li><\/ul>\n\n\n\n<p><strong>2.2 Gestionar y atender las solicitudes de citas de pacientes.<\/strong>&nbsp;<\/p>\n\n\n\n<ul class=\"wp-block-list\"><li>Finalidad: Posibilitar el registro en la p\u00e1gina web para permitir la gesti\u00f3n de citas (solicitar y cancelar) de los pacientes usuarios, as\u00ed como sus familiares, y permitir enviar comentarios de incidencias respecto al servicio.&nbsp;<\/li><li>Base legitimadora: Ejecuci\u00f3n de la relaci\u00f3n precontractual.&nbsp;&nbsp;<\/li><li>Tipolog\u00eda de los datos tratados: Datos identificativos, datos de contacto y datos relativos a caracter\u00edsticas personales.&nbsp;<\/li><\/ul>\n\n\n\n<p><strong>2.3 Gesti\u00f3n de la asistencia sanitaria al paciente<\/strong>&nbsp;<\/p>\n\n\n\n<ul class=\"wp-block-list\"><li>Finalidad: La prestaci\u00f3n de los servicios de asistencia sanitaria, diagn\u00f3stico y tratamientos m\u00e9dicos, para la elaboraci\u00f3n y conservaci\u00f3n de la historia cl\u00ednica y social, y la gesti\u00f3n general de los servicios sanitarios y dem\u00e1s actividades organizadas por el centro sanitario.&nbsp;&nbsp;<\/li><li>Base legitimadora: Cumplimiento de una obligaci\u00f3n legal y ejecuci\u00f3n de la relaci\u00f3n contractual.&nbsp;&nbsp;<\/li><li>Tipolog\u00eda de datos tratados: Datos identificativos, datos de caracter\u00edsticas personales, transacciones de bienes y servicios, datos financieros, datos de salud. La recogida de los datos personales se podr\u00e1 llevar a cabo en el centro sanitario o ser\u00e1n facilitados, en su caso, por las compa\u00f1\u00edas aseguradoras, mutuas de accidentes, servicios de prevenci\u00f3n o por las administraciones p\u00fablicas competentes&nbsp;<\/li><\/ul>\n\n\n\n<p><strong>2.4 Gesti\u00f3n de env\u00edo de encuestas sobre la calidad del servicio<\/strong>&nbsp;<\/p>\n\n\n\n<ul class=\"wp-block-list\"><li>Finalidad: Llevar a cabo encuestas para poder conocer la valoraci\u00f3n de los pacientes respecto a la calidad del servicio.&nbsp;&nbsp;<\/li><li>Base legitimadora: inter\u00e9s leg\u00edtimo&nbsp;<\/li><li>Tipolog\u00eda de los datos tratados: datos identificativos y de contacto.&nbsp;&nbsp;<\/li><\/ul>\n\n\n\n<p><strong>2.5 Actividades de docencia, investigaci\u00f3n o estad\u00edstica<\/strong>&nbsp;<\/p>\n\n\n\n<ul class=\"wp-block-list\"><li>Finalidad: desarrollar actividades de docencia, investigaci\u00f3n o estad\u00edstica con fines cient\u00edficos o docentes para mejorar la atenci\u00f3n sanitaria, cumpliendo la normativa espec\u00edfica al respecto.&nbsp;<\/li><li>Base legitimadora: inter\u00e9s leg\u00edtimo y consentimiento del interesado.&nbsp;<\/li><li>Tipolog\u00eda de los datos tratados: Datos identificativos, datos de contacto, datos de caracter\u00edsticas personales y datos de salud.&nbsp;&nbsp;<\/li><\/ul>\n\n\n\n<p><strong>2.6 Videovigilancia<\/strong>&nbsp;<\/p>\n\n\n\n<ul class=\"wp-block-list\"><li>Finalidad: videovigilancia para garantizar la seguridad de personas, bienes e instalaciones.&nbsp;&nbsp;<\/li><li>Base legitimadora: inter\u00e9s leg\u00edtimo y cumplimiento de una obligaci\u00f3n legal aplicable al responsable del tratamiento.&nbsp;<\/li><li>Tipolog\u00eda de los datos tratados: Datos identificativos.&nbsp;<\/li><\/ul>\n\n\n\n<p><strong>2.7 Gestionar el env\u00edo de comunicaciones comerciales electr\u00f3nicas<\/strong>&nbsp;<\/p>\n\n\n\n<p>El presente tratamiento de datos ser\u00e1 efectuado por la entidad RIBERA SALUD, S.A., con CIF A-03681186 y domicilio social en Avenida Cortes Valencianas, n\u00famero 58, Edificio Sorolla Center, 46015 Valencia (Espa\u00f1a).&nbsp;<\/p>\n\n\n\n<ul class=\"wp-block-list\"><li>Finalidad: Gesti\u00f3n de las suscripciones de los usuarios a la newsletter\/bolet\u00edn informativo enviando comunicaciones comerciales electr\u00f3nicas sobre los servicios, actividades y novedades.&nbsp;&nbsp;<\/li><li>Base legitimadora: Consentimiento de los usuarios&nbsp;<\/li><li>Tipolog\u00eda de datos tratados: datos identificativos y de contacto.&nbsp;<\/li><\/ul>\n\n\n\n<p><strong>3. DESTINATARIOS DE LOS DATOS PERSONALES<\/strong>&nbsp;<\/p>\n\n\n\n<p><strong>3.1.Comunicaci\u00f3n de los datos a terceros.<\/strong>&nbsp;<\/p>\n\n\n\n<p>Salvo obligaci\u00f3n legal no se comunicar\u00e1n los datos personales recabados a trav\u00e9s de la web a terceros.&nbsp;<\/p>\n\n\n\n<p>Sin perjuicio de lo anterior, por medio del presente informamos que, para la prestaci\u00f3n de servicios de atenci\u00f3n sanitaria, cuando sea estrictamente necesario, los datos podr\u00e1n ser comunicados, de acuerdo con lo dispuesto en la legislaci\u00f3n vigente, a la autoridad sanitaria y dem\u00e1s organismos p\u00fablicos con competencia en la materia, as\u00ed como a las compa\u00f1\u00edas aseguradoras u otras entidades pagadoras cuando el interesado indique que los gastos asistenciales deban ser satisfechos por los mismos.&nbsp;<\/p>\n\n\n\n<p>Asimismo, se comunica a usuarios que en caso de ser clientes de aseguradoras privadas y acudan a Hospital Ribera Polusa, los datos de dicho interesado ser\u00e1n comunicados por parte de Hospital Ribera Polusa a la aseguradora privada a efectos de pago de los servicios, previa suscripci\u00f3n por parte del paciente de un documento en el que el asegurado autoriza a Hospital Ribera Polusa a la comunicaci\u00f3n de dicha informaci\u00f3n.\u202f \u202f&nbsp;<\/p>\n\n\n\n<p>Por \u00faltimo, los datos personales necesarios para el env\u00edo de comunicaciones comerciales electr\u00f3nicas ser\u00e1n comunicados a Ribera Salud, S.A., para el env\u00edo de comunicaciones comerciales electr\u00f3nicas v\u00eda correo electr\u00f3nico siempre que el usuario haya prestado su consentimiento expreso para dicha finalidad.&nbsp;&nbsp;<\/p>\n\n\n\n<p><strong>3.2. Encargados del tratamiento<\/strong>&nbsp;<\/p>\n\n\n\n<p>El tratamiento de los datos de los usuarios podr\u00e1 ser realizado por prestadores de servicios id\u00f3neos, contratados por el Hospital Ribera Polusa. Dichos prestadores de servicios \u00fanicamente tratar\u00e1n los datos para las finalidades establecidas por Hospital Ribera Polusa, entre ellas para la gesti\u00f3n del env\u00edo de las comunicaciones comerciales electr\u00f3nicas.&nbsp;<\/p>\n\n\n\n<p><strong>4.TRANSFERENCIAS INTERNACIONALES DE DATOS<\/strong>&nbsp;<\/p>\n\n\n\n<p>Hospital Ribera Polusa realizar\u00e1 el tratamiento de los datos del usuario integralmente en el territorio de la Uni\u00f3n Europea, por lo que no prev\u00e9 realizar ninguna transferencia internacional de datos y en el caso de que la lleve a cabo, lo har\u00e1 con las garant\u00edas establecidas en la normativa.&nbsp;<\/p>\n\n\n\n<p><strong>5. PLAZO DE CONSERVACI\u00d3N.<\/strong>&nbsp;<\/p>\n\n\n\n<p>Hospital Ribera Polusa conservar\u00e1 los datos personales de los usuarios durante el tiempo necesario para la realizaci\u00f3n de la finalidad para la cual son tratados o hasta que el interesado solicite la supresi\u00f3n de sus datos personales,\u202fy en todo caso, durante el plazo necesario para el cumplimiento de las correspondientes obligaciones legales.&nbsp;<\/p>\n\n\n\n<p>Asimismo, respecto al tratamiento relativo al env\u00edo de comunicaciones comerciales electr\u00f3nicas, los datos de los usuarios que hayan consentido la recepci\u00f3n se conservar\u00e1n hasta que el usuario solicite la baja de dicha recepci\u00f3n, siguiendo las instrucciones que encontrar\u00e1 al pie de cada correo electr\u00f3nico.&nbsp;<\/p>\n\n\n\n<p><strong>6. EJERCICIO DE DERECHOS EN MATERIA DE PROTECCI\u00d3N DE DATOS.<\/strong>&nbsp;<\/p>\n\n\n\n<p>En cualquier momento, el usuario podr\u00e1 ejercer sus derechos de acceso, rectificaci\u00f3n o supresi\u00f3n, oposici\u00f3n, limitaci\u00f3n y portabilidad de sus datos, directamente enviando su petici\u00f3n por escrito acompa\u00f1ada de fotocopia de D.N.I o documentaci\u00f3n equivalente, al Delegado de Protecci\u00f3n de Datos del Grupo RIBERA SALUD, enviando un email a la siguiente direcci\u00f3n de correo electr\u00f3nico\u202f<a href=\"mailto:dpo@riberasalud.es\" target=\"_blank\" rel=\"noreferrer noopener\">dpo@riberasalud.es<\/a>\u202fo por correo postal a la siguiente direcci\u00f3n Cortes Valencianas, n\u00famero 58, Edificio Sorolla Center, C\u00f3digo Postal 46015 de Valencia (Espa\u00f1a) bajo el asunto de referencia: \u201c Protecci\u00f3n de Datos\u201d.&nbsp;<\/p>\n\n\n\n<p>Asimismo, se informa al usuario que en caso de considerar que no se ha satisfecho el ejercicio de sus derechos, podr\u00e1 presentar una reclamaci\u00f3n ante la Agencia Espa\u00f1ola de Protecci\u00f3n de Datos. M\u00e1s informaci\u00f3n en\u202f<a href=\"http:\/\/www.aepd.es\/\" target=\"_blank\" rel=\"noreferrer noopener\">www.aepd.es<\/a>.&nbsp;<\/p>\n\n\n\n<ol class=\"wp-block-list\" start=\"7\"><li><strong>ACTUALIZACIONES<\/strong>&nbsp;<\/li><\/ol>\n\n\n\n<p>La organizaci\u00f3n se reserva el derecho a modificar en cualquier momento los contenidos de este Sitio web, y podr\u00e1 a\u00f1adir nuevas funcionalidades, as\u00ed como modificar las actuales condiciones. En ese caso, se publicar\u00e1 la correspondiente actualizaci\u00f3n en el Sitio web para que el usuario tenga conocimiento de cualquier cambio.&nbsp;&nbsp;<\/p>\n\n\n\n<p><strong>\u00daltima actualizaci\u00f3n: febrero 2024<\/strong>&nbsp;<\/p>\n<\/div><\/div>\n","protected":false},"excerpt":{"rendered":"<p>Es compromiso de Grupo Ribera Salud el respeto a la privacidad de los usuarios y la protecci\u00f3n y seguridad de sus datos personales. Es por ello por lo que, de acuerdo con la normativa vigente en materia de protecci\u00f3n de datos (Reglamento (UE) 2016\/679 del Parlamento y del Consejo de 27 de abril de 2016, &#8230; <a title=\"Pol\u00edtica de privacidad\" class=\"read-more\" href=\"https:\/\/riberasalud.com\/polusa\/politica-privacidad\/\" aria-label=\"Leer m\u00e1s sobre Pol\u00edtica de privacidad\">Leer m\u00e1s<\/a><\/p>\n","protected":false},"author":1,"featured_media":0,"parent":0,"menu_order":0,"comment_status":"closed","ping_status":"open","template":"","meta":{"_coblocks_attr":"","_coblocks_dimensions":"","_coblocks_responsive_height":"","_coblocks_accordion_ie_support":"","_uag_custom_page_level_css":"","footnotes":""},"class_list":["post-3","page","type-page","status-publish"],"featured_image_urls_v2":{"full":"","thumbnail":"","medium":"","medium_large":"","large":"","xl":"","xxl":"","xxxl":"","xxxxl":"","xxxxxl":"","1536x1536":"","2048x2048":""},"post_excerpt_stackable_v2":"<p>Es compromiso de Grupo Ribera Salud el respeto a la privacidad de los usuarios y la protecci\u00f3n y seguridad de sus datos personales. Es por ello por lo que, de acuerdo con la normativa vigente en materia de protecci\u00f3n de datos (Reglamento (UE) 2016\/679 del Parlamento y del Consejo de 27 de abril de 2016, Ley Org\u00e1nica 3\/2018, de 5 de diciembre, de Protecci\u00f3n de Datos Personales y garant\u00eda de los derechos digitales), Grupo Ribera Salud informa en la presente pol\u00edtica de protecci\u00f3n de datos sobre c\u00f3mo recaba y trata los datos de car\u00e1cter personal de los usuarios y pacientes&hellip;<\/p>\n","category_list_v2":"","author_info_v2":{"name":"jorge@quois.com","url":"https:\/\/riberasalud.com\/polusa\/author\/jorgequois-com\/"},"comments_num_v2":"0 comentarios","yoast_head":"<!-- This site is optimized with the Yoast SEO plugin v26.6 - https:\/\/yoast.com\/wordpress\/plugins\/seo\/ -->\n<title>\u25b7 Pol\u00edtica de privacidad | Hospital Ribera Polusa<\/title>\n<meta name=\"description\" content=\"lll\u1405 Es compromiso de Grupo Ribera Salud el respeto a la privacidad de los usuarios y la protecci\u00f3n y seguridad de sus datos personales. Es por ello por lo \u2705\" \/>\n<meta name=\"robots\" content=\"index, follow, max-snippet:-1, max-image-preview:large, max-video-preview:-1\" \/>\n<link rel=\"canonical\" href=\"https:\/\/riberasalud.com\/polusa\/politica-privacidad\/\" \/>\n<meta property=\"og:locale\" content=\"es_ES\" \/>\n<meta property=\"og:type\" content=\"article\" \/>\n<meta property=\"og:title\" content=\"\u25b7 Pol\u00edtica de privacidad | Hospital Ribera Polusa\" \/>\n<meta property=\"og:description\" content=\"lll\u1405 Es compromiso de Grupo Ribera Salud el respeto a la privacidad de los usuarios y la protecci\u00f3n y seguridad de sus datos personales. Es por ello por lo \u2705\" \/>\n<meta property=\"og:url\" content=\"https:\/\/riberasalud.com\/polusa\/politica-privacidad\/\" \/>\n<meta property=\"og:site_name\" content=\"Hospital Ribera Polusa\" \/>\n<meta property=\"article:modified_time\" content=\"2024-02-28T14:47:20+00:00\" \/>\n<meta name=\"twitter:card\" content=\"summary_large_image\" \/>\n<meta name=\"twitter:label1\" content=\"Tiempo de lectura\" \/>\n\t<meta name=\"twitter:data1\" content=\"6 minutos\" \/>\n<script type=\"application\/ld+json\" class=\"yoast-schema-graph\">{\"@context\":\"https:\/\/schema.org\",\"@graph\":[{\"@type\":\"WebPage\",\"@id\":\"https:\/\/riberasalud.com\/polusa\/politica-privacidad\/\",\"url\":\"https:\/\/riberasalud.com\/polusa\/politica-privacidad\/\",\"name\":\"\u25b7 Pol\u00edtica de privacidad | Hospital Ribera Polusa\",\"isPartOf\":{\"@id\":\"https:\/\/riberasalud.com\/polusa\/#website\"},\"datePublished\":\"2021-05-25T07:22:28+00:00\",\"dateModified\":\"2024-02-28T14:47:20+00:00\",\"description\":\"lll\u1405 Es compromiso de Grupo Ribera Salud el respeto a la privacidad de los usuarios y la protecci\u00f3n y seguridad de sus datos personales. Es por ello por lo \u2705\",\"breadcrumb\":{\"@id\":\"https:\/\/riberasalud.com\/polusa\/politica-privacidad\/#breadcrumb\"},\"inLanguage\":\"es\",\"potentialAction\":[{\"@type\":\"ReadAction\",\"target\":[\"https:\/\/riberasalud.com\/polusa\/politica-privacidad\/\"]}]},{\"@type\":\"BreadcrumbList\",\"@id\":\"https:\/\/riberasalud.com\/polusa\/politica-privacidad\/#breadcrumb\",\"itemListElement\":[{\"@type\":\"ListItem\",\"position\":1,\"name\":\"Portada\",\"item\":\"https:\/\/riberasalud.com\/polusa\/\"},{\"@type\":\"ListItem\",\"position\":2,\"name\":\"Pol\u00edtica de privacidad\"}]},{\"@type\":\"WebSite\",\"@id\":\"https:\/\/riberasalud.com\/polusa\/#website\",\"url\":\"https:\/\/riberasalud.com\/polusa\/\",\"name\":\"Hospital Ribera Polusa\",\"description\":\"\",\"publisher\":{\"@id\":\"https:\/\/riberasalud.com\/polusa\/#organization\"},\"potentialAction\":[{\"@type\":\"SearchAction\",\"target\":{\"@type\":\"EntryPoint\",\"urlTemplate\":\"https:\/\/riberasalud.com\/polusa\/?s={search_term_string}\"},\"query-input\":{\"@type\":\"PropertyValueSpecification\",\"valueRequired\":true,\"valueName\":\"search_term_string\"}}],\"inLanguage\":\"es\"},{\"@type\":\"Organization\",\"@id\":\"https:\/\/riberasalud.com\/polusa\/#organization\",\"name\":\"Hospital Ribera Polusa\",\"url\":\"https:\/\/riberasalud.com\/polusa\/\",\"logo\":{\"@type\":\"ImageObject\",\"inLanguage\":\"es\",\"@id\":\"https:\/\/riberasalud.com\/polusa\/#\/schema\/logo\/image\/\",\"url\":\"https:\/\/riberasalud.com\/polusa\/wp-content\/uploads\/2025\/12\/cropped-cropped-Logo-Red-Polusa-300x76-1.png\",\"contentUrl\":\"https:\/\/riberasalud.com\/polusa\/wp-content\/uploads\/2025\/12\/cropped-cropped-Logo-Red-Polusa-300x76-1.png\",\"width\":300,\"height\":76,\"caption\":\"Hospital Ribera Polusa\"},\"image\":{\"@id\":\"https:\/\/riberasalud.com\/polusa\/#\/schema\/logo\/image\/\"}}]}<\/script>\n<!-- \/ Yoast SEO plugin. -->","yoast_head_json":{"title":"\u25b7 Pol\u00edtica de privacidad | Hospital Ribera Polusa","description":"lll\u1405 Es compromiso de Grupo Ribera Salud el respeto a la privacidad de los usuarios y la protecci\u00f3n y seguridad de sus datos personales. Es por ello por lo \u2705","robots":{"index":"index","follow":"follow","max-snippet":"max-snippet:-1","max-image-preview":"max-image-preview:large","max-video-preview":"max-video-preview:-1"},"canonical":"https:\/\/riberasalud.com\/polusa\/politica-privacidad\/","og_locale":"es_ES","og_type":"article","og_title":"\u25b7 Pol\u00edtica de privacidad | Hospital Ribera Polusa","og_description":"lll\u1405 Es compromiso de Grupo Ribera Salud el respeto a la privacidad de los usuarios y la protecci\u00f3n y seguridad de sus datos personales. Es por ello por lo \u2705","og_url":"https:\/\/riberasalud.com\/polusa\/politica-privacidad\/","og_site_name":"Hospital Ribera Polusa","article_modified_time":"2024-02-28T14:47:20+00:00","twitter_card":"summary_large_image","twitter_misc":{"Tiempo de lectura":"6 minutos"},"schema":{"@context":"https:\/\/schema.org","@graph":[{"@type":"WebPage","@id":"https:\/\/riberasalud.com\/polusa\/politica-privacidad\/","url":"https:\/\/riberasalud.com\/polusa\/politica-privacidad\/","name":"\u25b7 Pol\u00edtica de privacidad | Hospital Ribera Polusa","isPartOf":{"@id":"https:\/\/riberasalud.com\/polusa\/#website"},"datePublished":"2021-05-25T07:22:28+00:00","dateModified":"2024-02-28T14:47:20+00:00","description":"lll\u1405 Es compromiso de Grupo Ribera Salud el respeto a la privacidad de los usuarios y la protecci\u00f3n y seguridad de sus datos personales. Es por ello por lo \u2705","breadcrumb":{"@id":"https:\/\/riberasalud.com\/polusa\/politica-privacidad\/#breadcrumb"},"inLanguage":"es","potentialAction":[{"@type":"ReadAction","target":["https:\/\/riberasalud.com\/polusa\/politica-privacidad\/"]}]},{"@type":"BreadcrumbList","@id":"https:\/\/riberasalud.com\/polusa\/politica-privacidad\/#breadcrumb","itemListElement":[{"@type":"ListItem","position":1,"name":"Portada","item":"https:\/\/riberasalud.com\/polusa\/"},{"@type":"ListItem","position":2,"name":"Pol\u00edtica de privacidad"}]},{"@type":"WebSite","@id":"https:\/\/riberasalud.com\/polusa\/#website","url":"https:\/\/riberasalud.com\/polusa\/","name":"Hospital Ribera Polusa","description":"","publisher":{"@id":"https:\/\/riberasalud.com\/polusa\/#organization"},"potentialAction":[{"@type":"SearchAction","target":{"@type":"EntryPoint","urlTemplate":"https:\/\/riberasalud.com\/polusa\/?s={search_term_string}"},"query-input":{"@type":"PropertyValueSpecification","valueRequired":true,"valueName":"search_term_string"}}],"inLanguage":"es"},{"@type":"Organization","@id":"https:\/\/riberasalud.com\/polusa\/#organization","name":"Hospital Ribera Polusa","url":"https:\/\/riberasalud.com\/polusa\/","logo":{"@type":"ImageObject","inLanguage":"es","@id":"https:\/\/riberasalud.com\/polusa\/#\/schema\/logo\/image\/","url":"https:\/\/riberasalud.com\/polusa\/wp-content\/uploads\/2025\/12\/cropped-cropped-Logo-Red-Polusa-300x76-1.png","contentUrl":"https:\/\/riberasalud.com\/polusa\/wp-content\/uploads\/2025\/12\/cropped-cropped-Logo-Red-Polusa-300x76-1.png","width":300,"height":76,"caption":"Hospital Ribera Polusa"},"image":{"@id":"https:\/\/riberasalud.com\/polusa\/#\/schema\/logo\/image\/"}}]}},"pbg_featured_image_src":{"full":false,"thumbnail":false,"medium":false,"medium_large":false,"large":false,"xl":false,"xxl":false,"xxxl":false,"xxxxl":false,"xxxxxl":false,"1536x1536":false,"2048x2048":false},"pbg_author_info":{"display_name":"jorge@quois.com","author_link":"https:\/\/riberasalud.com\/polusa\/author\/jorgequois-com\/","author_img":"<img alt='jorge@quois.com' src='https:\/\/secure.gravatar.com\/avatar\/bca8cccf11ce6757dcdec6ce293d120c16d33c83aeb423357cce3f49f3abae94?s=128&#038;d=mm&#038;r=g' srcset='https:\/\/secure.gravatar.com\/avatar\/bca8cccf11ce6757dcdec6ce293d120c16d33c83aeb423357cce3f49f3abae94?s=256&#038;d=mm&#038;r=g 2x' class='avatar avatar-128 photo' height='128' width='128' loading='lazy' decoding='async'\/>"},"pbg_comment_info":" No Comments","pbg_excerpt":"Es compromiso de Grupo Ribera Salud el respeto a la privacidad de los usuarios y la protecci\u00f3n y seguridad de sus datos personales. Es por ello por lo que, de acuerdo con la normativa vigente en materia de protecci\u00f3n de datos (Reglamento (UE) 2016\/679 del Parlamento y del Consejo de 27 de abril de 2016,&hellip;","uagb_featured_image_src":{"full":false,"thumbnail":false,"medium":false,"medium_large":false,"large":false,"xl":false,"xxl":false,"xxxl":false,"xxxxl":false,"xxxxxl":false,"1536x1536":false,"2048x2048":false},"uagb_author_info":{"display_name":"jorge@quois.com","author_link":"https:\/\/riberasalud.com\/polusa\/author\/jorgequois-com\/"},"uagb_comment_info":0,"uagb_excerpt":"Es compromiso de Grupo Ribera Salud el respeto a la privacidad de los usuarios y la protecci\u00f3n y seguridad de sus datos personales. Es por ello por lo que, de acuerdo con la normativa vigente en materia de protecci\u00f3n de datos (Reglamento (UE) 2016\/679 del Parlamento y del Consejo de 27 de abril de 2016,&hellip;","_links":{"self":[{"href":"https:\/\/riberasalud.com\/polusa\/wp-json\/wp\/v2\/pages\/3","targetHints":{"allow":["GET"]}}],"collection":[{"href":"https:\/\/riberasalud.com\/polusa\/wp-json\/wp\/v2\/pages"}],"about":[{"href":"https:\/\/riberasalud.com\/polusa\/wp-json\/wp\/v2\/types\/page"}],"author":[{"embeddable":true,"href":"https:\/\/riberasalud.com\/polusa\/wp-json\/wp\/v2\/users\/1"}],"replies":[{"embeddable":true,"href":"https:\/\/riberasalud.com\/polusa\/wp-json\/wp\/v2\/comments?post=3"}],"version-history":[{"count":3,"href":"https:\/\/riberasalud.com\/polusa\/wp-json\/wp\/v2\/pages\/3\/revisions"}],"predecessor-version":[{"id":3030,"href":"https:\/\/riberasalud.com\/polusa\/wp-json\/wp\/v2\/pages\/3\/revisions\/3030"}],"wp:attachment":[{"href":"https:\/\/riberasalud.com\/polusa\/wp-json\/wp\/v2\/media?parent=3"}],"curies":[{"name":"wp","href":"https:\/\/api.w.org\/{rel}","templated":true}]}}