{"id":110,"date":"2021-05-26T08:03:15","date_gmt":"2021-05-26T08:03:15","guid":{"rendered":"https:\/\/riberasalud.com\/polusa\/?page_id=110"},"modified":"2021-05-26T08:06:12","modified_gmt":"2021-05-26T08:06:12","slug":"intervenciones-quirurgicas","status":"publish","type":"page","link":"https:\/\/riberasalud.com\/polusa\/intervenciones-quirurgicas\/","title":{"rendered":"Intervenciones quir\u00fargicas"},"content":{"rendered":"\n<div class=\"wp-block-group backgroundbanner\"><div class=\"wp-block-group__inner-container is-layout-flow wp-block-group-is-layout-flow\">\n<p class=\"has-text-align-center\" style=\"font-size:40px\"><span style=\"color: #4b4a4a;\" class=\"ugb-highlight\">Intervenciones quir\u00fargicas<\/span><\/p>\n<\/div><\/div>\n\n\n\n<div class=\"wp-block-group\"><div class=\"wp-block-group__inner-container is-layout-flow wp-block-group-is-layout-flow\">\n<p><strong>Instrucciones para pacientes que van a ser intervenidos.<\/strong><\/p>\n\n\n\n<p><strong>Antes de la intervenci\u00f3n.<\/strong><\/p>\n\n\n\n<p>Permanecer en ayunas (no puede comer ni beber, ni siquiera chicle), como m\u00ednimo 6<br>horas antes de la hora prevista de la intervenci\u00f3n, salvo indicaci\u00f3n contraria por parte del m\u00e9dico.<\/p>\n\n\n\n<p>No fumar al menos desde 8 horas antes de la intervenci\u00f3n.<\/p>\n\n\n\n<p>Para disminuir el riesgo de infecciones quir\u00fargicas y siempre que le sea posible:<\/p>\n\n\n\n<ul class=\"wp-block-list\"><li>3 d\u00edas antes de la intervenci\u00f3n limpie bien la parte del cuerpo donde se vaya a realizar la intervenci\u00f3n.<\/li><li>D\u00fachese y l\u00e1vese el mismo d\u00eda de la intervenci\u00f3n, 2 \u00f3 3 horas antes de la misma. Es recomendable que se lave tambi\u00e9n el pelo.<\/li><li>Mantenga la higiene dental el d\u00eda de la intervenci\u00f3n lav\u00e1ndose los dientes y utilizando un enjuague bucal.<\/li><li>No se eche colonia, crema ni perfume. No pueden entrar en el \u00e1rea quir\u00fargica ning\u00fan tipo de joyas, reloj ni pearcing.<\/li><li>Consulte con su m\u00e9dico la medicaci\u00f3n que ha de tomar previa a la intervenci\u00f3n. Es indispensable que el paciente est\u00e9 acompa\u00f1ado durante su estancia.<\/li><li>En cualquier caso, siga siempre las instrucciones de su m\u00e9dico especialista.<\/li><li>Comunique al personal sanitario que le atienda si usted es portador de lentillas, pr\u00f3tesis dental, aud\u00edfono, marcapasos,&#8230;<\/li><\/ul>\n\n\n\n<p><strong>El d\u00eda de su ingreso<\/strong><\/p>\n\n\n\n<ul class=\"wp-block-list\"><li>La hora prevista de su cirug\u00eda puede sufrir modificaciones por imprevistos en quir\u00f3fano.<\/li><li>En el mostrador de Admisi\u00f3n le gestionar\u00e1n su ingreso. No olvide traer su&nbsp;<strong>DNI<\/strong>, su&nbsp;<strong>tarjeta sanitaria<\/strong>&nbsp;y las autorizaciones correspondientes<\/li><\/ul>\n\n\n\n<p><strong>Durante el ingreso<\/strong><\/p>\n\n\n\n<ul class=\"wp-block-list\"><li>Recuerde que siempre tiene que estar acompa\u00f1ado sea cual sea el tipo de ingreso (en planta, hospital de d\u00eda o ambulante).<\/li><li>Aproveche las visitas m\u00e9dicas para exponer las dudas que tenga (recuperaci\u00f3n, tel\u00e9fono de contacto, medicaci\u00f3n al alta,&#8230;)<\/li><li>No puede desplazarse por la cl\u00ednica sin autorizaci\u00f3n del personal sanitario.<\/li><\/ul>\n\n\n\n<p><strong>A la alta m\u00e9dica<\/strong><\/p>\n\n\n\n<ul class=\"wp-block-list\"><li>Una vez que haya recibido el alta m\u00e9dica, debe dejar la habitaci\u00f3n en media hora.<\/li><li>El resto de los tr\u00e1mites administrativos los deber\u00e1 hacer en el departamento de admisi\u00f3n.<\/li><li>Previamente al alta, el personal sanitario y m\u00e9dico le dar\u00e1 las instrucciones necesarias para su recuperaci\u00f3n domiciliaria. No olvide preguntar al m\u00e9dico las dudas que tenga durante la visita diaria, recuperaci\u00f3n, tel\u00e9fono de contacto, medicaci\u00f3n al alta, revisiones, curas,&#8230;<\/li><\/ul>\n\n\n\n<p><strong>De vuelta a casa<\/strong><\/p>\n\n\n\n<ul class=\"wp-block-list\"><li>Recuerde que ha sido intervenido ese mismo d\u00eda, debe de estar acompa\u00f1ado durante las horas sigientes a su oparaci\u00f3n para una mayor tranquilidad suya. Adem\u00e1s debe guardar 24 h. de reposo.<\/li><li>No debe de conducir, beber alcohol ni realizar comidas pesadas en las 24 h. siguientes a la intervenci\u00f3n.<\/li><li>En cualquier caso, siga las indicaciones de su m\u00e9dico.<\/li><\/ul>\n<\/div><\/div>\n","protected":false},"excerpt":{"rendered":"<p>Intervenciones quir\u00fargicas Instrucciones para pacientes que van a ser intervenidos. Antes de la intervenci\u00f3n. Permanecer en ayunas (no puede comer ni beber, ni siquiera chicle), como m\u00ednimo 6horas antes de la hora prevista de la intervenci\u00f3n, salvo indicaci\u00f3n contraria por parte del m\u00e9dico. No fumar al menos desde 8 horas antes de la intervenci\u00f3n. Para &#8230; <a title=\"Intervenciones quir\u00fargicas\" class=\"read-more\" href=\"https:\/\/riberasalud.com\/polusa\/intervenciones-quirurgicas\/\" aria-label=\"Leer m\u00e1s sobre Intervenciones quir\u00fargicas\">Leer m\u00e1s<\/a><\/p>\n","protected":false},"author":1,"featured_media":0,"parent":0,"menu_order":0,"comment_status":"closed","ping_status":"closed","template":"","meta":{"_coblocks_attr":"","_coblocks_dimensions":"","_coblocks_responsive_height":"","_coblocks_accordion_ie_support":"","_uag_custom_page_level_css":"","footnotes":""},"class_list":["post-110","page","type-page","status-publish"],"featured_image_urls_v2":{"full":"","thumbnail":"","medium":"","medium_large":"","large":"","xl":"","xxl":"","xxxl":"","xxxxl":"","xxxxxl":"","1536x1536":"","2048x2048":""},"post_excerpt_stackable_v2":"<p>Intervenciones quir\u00fargicas Instrucciones para pacientes que van a ser intervenidos. Antes de la intervenci\u00f3n. Permanecer en ayunas (no puede comer ni beber, ni siquiera chicle), como m\u00ednimo 6horas antes de la hora prevista de la intervenci\u00f3n, salvo indicaci\u00f3n contraria por parte del m\u00e9dico. No fumar al menos desde 8 horas antes de la intervenci\u00f3n. Para disminuir el riesgo de infecciones quir\u00fargicas y siempre que le sea posible: 3 d\u00edas antes de la intervenci\u00f3n limpie bien la parte del cuerpo donde se vaya a realizar la intervenci\u00f3n.D\u00fachese y l\u00e1vese el mismo d\u00eda de la intervenci\u00f3n, 2 \u00f3 3 horas antes de&hellip;<\/p>\n","category_list_v2":"","author_info_v2":{"name":"jorge@quois.com","url":"https:\/\/riberasalud.com\/polusa\/author\/jorgequois-com\/"},"comments_num_v2":"0 comentarios","yoast_head":"<!-- This site is optimized with the Yoast SEO plugin v26.6 - https:\/\/yoast.com\/wordpress\/plugins\/seo\/ -->\n<title>\u25b7 Intervenciones quir\u00fargicas | Hospital Ribera Polusa<\/title>\n<meta name=\"description\" content=\"lll\u1405 Intervenciones quir\u00fargicas Instrucciones para pacientes que van a ser intervenidos. Antes de la intervenci\u00f3n. Permanecer en ayunas (no puede comer ni \u2705\" \/>\n<meta name=\"robots\" content=\"index, follow, max-snippet:-1, max-image-preview:large, max-video-preview:-1\" \/>\n<link rel=\"canonical\" href=\"https:\/\/riberasalud.com\/polusa\/intervenciones-quirurgicas\/\" \/>\n<meta property=\"og:locale\" content=\"es_ES\" \/>\n<meta property=\"og:type\" content=\"article\" \/>\n<meta property=\"og:title\" content=\"\u25b7 Intervenciones quir\u00fargicas | Hospital Ribera Polusa\" \/>\n<meta property=\"og:description\" content=\"lll\u1405 Intervenciones quir\u00fargicas Instrucciones para pacientes que van a ser intervenidos. Antes de la intervenci\u00f3n. Permanecer en ayunas (no puede comer ni \u2705\" \/>\n<meta property=\"og:url\" content=\"https:\/\/riberasalud.com\/polusa\/intervenciones-quirurgicas\/\" \/>\n<meta property=\"og:site_name\" content=\"Hospital Ribera Polusa\" \/>\n<meta property=\"article:modified_time\" content=\"2021-05-26T08:06:12+00:00\" \/>\n<meta name=\"twitter:card\" content=\"summary_large_image\" \/>\n<meta name=\"twitter:label1\" content=\"Tiempo de lectura\" \/>\n\t<meta name=\"twitter:data1\" content=\"2 minutos\" \/>\n<script type=\"application\/ld+json\" class=\"yoast-schema-graph\">{\"@context\":\"https:\/\/schema.org\",\"@graph\":[{\"@type\":\"WebPage\",\"@id\":\"https:\/\/riberasalud.com\/polusa\/intervenciones-quirurgicas\/\",\"url\":\"https:\/\/riberasalud.com\/polusa\/intervenciones-quirurgicas\/\",\"name\":\"\u25b7 Intervenciones quir\u00fargicas | Hospital Ribera Polusa\",\"isPartOf\":{\"@id\":\"https:\/\/riberasalud.com\/polusa\/#website\"},\"datePublished\":\"2021-05-26T08:03:15+00:00\",\"dateModified\":\"2021-05-26T08:06:12+00:00\",\"description\":\"lll\u1405 Intervenciones quir\u00fargicas Instrucciones para pacientes que van a ser intervenidos. Antes de la intervenci\u00f3n. Permanecer en ayunas (no puede comer ni \u2705\",\"breadcrumb\":{\"@id\":\"https:\/\/riberasalud.com\/polusa\/intervenciones-quirurgicas\/#breadcrumb\"},\"inLanguage\":\"es\",\"potentialAction\":[{\"@type\":\"ReadAction\",\"target\":[\"https:\/\/riberasalud.com\/polusa\/intervenciones-quirurgicas\/\"]}]},{\"@type\":\"BreadcrumbList\",\"@id\":\"https:\/\/riberasalud.com\/polusa\/intervenciones-quirurgicas\/#breadcrumb\",\"itemListElement\":[{\"@type\":\"ListItem\",\"position\":1,\"name\":\"Portada\",\"item\":\"https:\/\/riberasalud.com\/polusa\/\"},{\"@type\":\"ListItem\",\"position\":2,\"name\":\"Intervenciones quir\u00fargicas\"}]},{\"@type\":\"WebSite\",\"@id\":\"https:\/\/riberasalud.com\/polusa\/#website\",\"url\":\"https:\/\/riberasalud.com\/polusa\/\",\"name\":\"Hospital Ribera Polusa\",\"description\":\"\",\"publisher\":{\"@id\":\"https:\/\/riberasalud.com\/polusa\/#organization\"},\"potentialAction\":[{\"@type\":\"SearchAction\",\"target\":{\"@type\":\"EntryPoint\",\"urlTemplate\":\"https:\/\/riberasalud.com\/polusa\/?s={search_term_string}\"},\"query-input\":{\"@type\":\"PropertyValueSpecification\",\"valueRequired\":true,\"valueName\":\"search_term_string\"}}],\"inLanguage\":\"es\"},{\"@type\":\"Organization\",\"@id\":\"https:\/\/riberasalud.com\/polusa\/#organization\",\"name\":\"Hospital Ribera Polusa\",\"url\":\"https:\/\/riberasalud.com\/polusa\/\",\"logo\":{\"@type\":\"ImageObject\",\"inLanguage\":\"es\",\"@id\":\"https:\/\/riberasalud.com\/polusa\/#\/schema\/logo\/image\/\",\"url\":\"https:\/\/riberasalud.com\/polusa\/wp-content\/uploads\/2025\/12\/cropped-cropped-Logo-Red-Polusa-300x76-1.png\",\"contentUrl\":\"https:\/\/riberasalud.com\/polusa\/wp-content\/uploads\/2025\/12\/cropped-cropped-Logo-Red-Polusa-300x76-1.png\",\"width\":300,\"height\":76,\"caption\":\"Hospital Ribera Polusa\"},\"image\":{\"@id\":\"https:\/\/riberasalud.com\/polusa\/#\/schema\/logo\/image\/\"}}]}<\/script>\n<!-- \/ Yoast SEO plugin. -->","yoast_head_json":{"title":"\u25b7 Intervenciones quir\u00fargicas | Hospital Ribera Polusa","description":"lll\u1405 Intervenciones quir\u00fargicas Instrucciones para pacientes que van a ser intervenidos. Antes de la intervenci\u00f3n. Permanecer en ayunas (no puede comer ni \u2705","robots":{"index":"index","follow":"follow","max-snippet":"max-snippet:-1","max-image-preview":"max-image-preview:large","max-video-preview":"max-video-preview:-1"},"canonical":"https:\/\/riberasalud.com\/polusa\/intervenciones-quirurgicas\/","og_locale":"es_ES","og_type":"article","og_title":"\u25b7 Intervenciones quir\u00fargicas | Hospital Ribera Polusa","og_description":"lll\u1405 Intervenciones quir\u00fargicas Instrucciones para pacientes que van a ser intervenidos. Antes de la intervenci\u00f3n. Permanecer en ayunas (no puede comer ni \u2705","og_url":"https:\/\/riberasalud.com\/polusa\/intervenciones-quirurgicas\/","og_site_name":"Hospital Ribera Polusa","article_modified_time":"2021-05-26T08:06:12+00:00","twitter_card":"summary_large_image","twitter_misc":{"Tiempo de lectura":"2 minutos"},"schema":{"@context":"https:\/\/schema.org","@graph":[{"@type":"WebPage","@id":"https:\/\/riberasalud.com\/polusa\/intervenciones-quirurgicas\/","url":"https:\/\/riberasalud.com\/polusa\/intervenciones-quirurgicas\/","name":"\u25b7 Intervenciones quir\u00fargicas | Hospital Ribera Polusa","isPartOf":{"@id":"https:\/\/riberasalud.com\/polusa\/#website"},"datePublished":"2021-05-26T08:03:15+00:00","dateModified":"2021-05-26T08:06:12+00:00","description":"lll\u1405 Intervenciones quir\u00fargicas Instrucciones para pacientes que van a ser intervenidos. Antes de la intervenci\u00f3n. Permanecer en ayunas (no puede comer ni \u2705","breadcrumb":{"@id":"https:\/\/riberasalud.com\/polusa\/intervenciones-quirurgicas\/#breadcrumb"},"inLanguage":"es","potentialAction":[{"@type":"ReadAction","target":["https:\/\/riberasalud.com\/polusa\/intervenciones-quirurgicas\/"]}]},{"@type":"BreadcrumbList","@id":"https:\/\/riberasalud.com\/polusa\/intervenciones-quirurgicas\/#breadcrumb","itemListElement":[{"@type":"ListItem","position":1,"name":"Portada","item":"https:\/\/riberasalud.com\/polusa\/"},{"@type":"ListItem","position":2,"name":"Intervenciones quir\u00fargicas"}]},{"@type":"WebSite","@id":"https:\/\/riberasalud.com\/polusa\/#website","url":"https:\/\/riberasalud.com\/polusa\/","name":"Hospital Ribera Polusa","description":"","publisher":{"@id":"https:\/\/riberasalud.com\/polusa\/#organization"},"potentialAction":[{"@type":"SearchAction","target":{"@type":"EntryPoint","urlTemplate":"https:\/\/riberasalud.com\/polusa\/?s={search_term_string}"},"query-input":{"@type":"PropertyValueSpecification","valueRequired":true,"valueName":"search_term_string"}}],"inLanguage":"es"},{"@type":"Organization","@id":"https:\/\/riberasalud.com\/polusa\/#organization","name":"Hospital Ribera Polusa","url":"https:\/\/riberasalud.com\/polusa\/","logo":{"@type":"ImageObject","inLanguage":"es","@id":"https:\/\/riberasalud.com\/polusa\/#\/schema\/logo\/image\/","url":"https:\/\/riberasalud.com\/polusa\/wp-content\/uploads\/2025\/12\/cropped-cropped-Logo-Red-Polusa-300x76-1.png","contentUrl":"https:\/\/riberasalud.com\/polusa\/wp-content\/uploads\/2025\/12\/cropped-cropped-Logo-Red-Polusa-300x76-1.png","width":300,"height":76,"caption":"Hospital Ribera Polusa"},"image":{"@id":"https:\/\/riberasalud.com\/polusa\/#\/schema\/logo\/image\/"}}]}},"pbg_featured_image_src":{"full":false,"thumbnail":false,"medium":false,"medium_large":false,"large":false,"xl":false,"xxl":false,"xxxl":false,"xxxxl":false,"xxxxxl":false,"1536x1536":false,"2048x2048":false},"pbg_author_info":{"display_name":"jorge@quois.com","author_link":"https:\/\/riberasalud.com\/polusa\/author\/jorgequois-com\/","author_img":"<img alt='jorge@quois.com' src='https:\/\/secure.gravatar.com\/avatar\/bca8cccf11ce6757dcdec6ce293d120c16d33c83aeb423357cce3f49f3abae94?s=128&#038;d=mm&#038;r=g' srcset='https:\/\/secure.gravatar.com\/avatar\/bca8cccf11ce6757dcdec6ce293d120c16d33c83aeb423357cce3f49f3abae94?s=256&#038;d=mm&#038;r=g 2x' class='avatar avatar-128 photo' height='128' width='128' loading='lazy' decoding='async'\/>"},"pbg_comment_info":" No Comments","pbg_excerpt":"Intervenciones quir\u00fargicas Instrucciones para pacientes que van a ser intervenidos. Antes de la intervenci\u00f3n. Permanecer en ayunas (no puede comer ni beber, ni siquiera chicle), como m\u00ednimo 6horas antes de la hora prevista de la intervenci\u00f3n, salvo indicaci\u00f3n contraria por parte del m\u00e9dico. No fumar al menos desde 8 horas antes de la intervenci\u00f3n. Para&hellip;","uagb_featured_image_src":{"full":false,"thumbnail":false,"medium":false,"medium_large":false,"large":false,"xl":false,"xxl":false,"xxxl":false,"xxxxl":false,"xxxxxl":false,"1536x1536":false,"2048x2048":false},"uagb_author_info":{"display_name":"jorge@quois.com","author_link":"https:\/\/riberasalud.com\/polusa\/author\/jorgequois-com\/"},"uagb_comment_info":0,"uagb_excerpt":"Intervenciones quir\u00fargicas Instrucciones para pacientes que van a ser intervenidos. Antes de la intervenci\u00f3n. Permanecer en ayunas (no puede comer ni beber, ni siquiera chicle), como m\u00ednimo 6horas antes de la hora prevista de la intervenci\u00f3n, salvo indicaci\u00f3n contraria por parte del m\u00e9dico. No fumar al menos desde 8 horas antes de la intervenci\u00f3n. Para&hellip;","_links":{"self":[{"href":"https:\/\/riberasalud.com\/polusa\/wp-json\/wp\/v2\/pages\/110","targetHints":{"allow":["GET"]}}],"collection":[{"href":"https:\/\/riberasalud.com\/polusa\/wp-json\/wp\/v2\/pages"}],"about":[{"href":"https:\/\/riberasalud.com\/polusa\/wp-json\/wp\/v2\/types\/page"}],"author":[{"embeddable":true,"href":"https:\/\/riberasalud.com\/polusa\/wp-json\/wp\/v2\/users\/1"}],"replies":[{"embeddable":true,"href":"https:\/\/riberasalud.com\/polusa\/wp-json\/wp\/v2\/comments?post=110"}],"version-history":[{"count":2,"href":"https:\/\/riberasalud.com\/polusa\/wp-json\/wp\/v2\/pages\/110\/revisions"}],"predecessor-version":[{"id":119,"href":"https:\/\/riberasalud.com\/polusa\/wp-json\/wp\/v2\/pages\/110\/revisions\/119"}],"wp:attachment":[{"href":"https:\/\/riberasalud.com\/polusa\/wp-json\/wp\/v2\/media?parent=110"}],"curies":[{"name":"wp","href":"https:\/\/api.w.org\/{rel}","templated":true}]}}