{"id":109,"date":"2021-05-26T08:03:14","date_gmt":"2021-05-26T08:03:14","guid":{"rendered":"https:\/\/riberasalud.com\/polusa\/?page_id=109"},"modified":"2021-05-26T08:07:39","modified_gmt":"2021-05-26T08:07:39","slug":"pruebas-radiologicas","status":"publish","type":"page","link":"https:\/\/riberasalud.com\/polusa\/pruebas-radiologicas\/","title":{"rendered":"Pruebas Radiol\u00f3gicas"},"content":{"rendered":"\n<div class=\"wp-block-group backgroundbanner\"><div class=\"wp-block-group__inner-container is-layout-flow wp-block-group-is-layout-flow\">\n<p class=\"has-text-align-center\" style=\"font-size:40px\"><span style=\"color: #4b4a4a;\" class=\"ugb-highlight\">Pruebas Radiol\u00f3gicas<\/span><\/p>\n<\/div><\/div>\n\n\n\n<div class=\"wp-block-group\"><div class=\"wp-block-group__inner-container is-layout-flow wp-block-group-is-layout-flow\">\n<h2 class=\"wp-block-heading\"><span style=\"color: #d11728;\" class=\"ugb-highlight\">Resonancia Magn\u00e9tica<\/span><\/h2>\n\n\n\n<p><strong>Duraci\u00f3n:&nbsp;<\/strong>30 minutos por norma general, pero depende del tipo de estudio.<\/p>\n\n\n\n<p><strong>Ingreso:<\/strong>&nbsp;La prueba se puede realizar de forma ambulatoria.<\/p>\n\n\n\n<p><strong>Medicamentos:<\/strong>&nbsp;No es necesario tomar medicamentos.<\/p>\n\n\n\n<p><strong>Comida:<\/strong>&nbsp;Aunque depende del \u00f3rgano a estudiar s\u00f3lo es necesario ayunar en caso de resonacias abdominales y\/o de sistemas vasculares (6 h. en ayunas).<\/p>\n\n\n\n<p><strong>Ropa:<\/strong>&nbsp;Es recomendable llevar ropa f\u00e1cil de quitar, no conviene llevar objetos met\u00e1licos (pendientes, relojes, pulseras&#8230;etc.) pues se le solicitar\u00e1 que se las quite.<\/p>\n\n\n\n<p><strong>-Otras consideraciones<\/strong><\/p>\n\n\n\n<p><strong>Tatuajes:&nbsp;<\/strong>Antiguamente los tatuajes estaban compuestos por tintas con base met\u00e1lica y pod\u00edan interferir con la imagen y ocasionar quemaduras cut\u00e1neas. Las tintas que m\u00e1s frecuentemente contienen metal en su composici\u00f3n son las azules y negras, que son las m\u00e1s empleadas. Actualmente la mayoria de los tatuajes est\u00e1n realizados con tintes sint\u00e9ticos que son inactivos al campo magn\u00e9tico. No obstante siempre se advierte al usuario que puede percibir calor en el \u00e1rea tatuada. En tal caso no dude en avisar al t\u00e9cnico.<\/p>\n\n\n\n<p><strong>Implantes internos:<\/strong><br>Generalmente no se pueden realizar una resonancia magn\u00e9tica si su cuerpo tiene:<br>&nbsp;&nbsp; &nbsp;&#8211; Un implante de un dispositivo electr\u00f3nico, como marcapasos, clips quir\u00fargicos, alguna v\u00e1lvula card\u00edaca artificial o implantes auditivos mec\u00e1nicos.<br>&nbsp;&nbsp; &nbsp;&#8211; Un objeto que contenga hierro.<\/p>\n\n\n\n<p><strong>Tambi\u00e9n debe avisar a su m\u00e9dico:<\/strong><br>&nbsp;&nbsp; &nbsp;&#8211; Si ha trabajado con metales.<br>&nbsp;&nbsp; &nbsp;&#8211; Si es diab\u00e9tico y toma hipogluc\u00e9micos orales.<br>&nbsp;&nbsp; &nbsp;&#8211; Si tiene posiblidad de embarazo.<\/p>\n\n\n\n<p><strong>Sedaci\u00f3n:<\/strong><br><br>&nbsp;&nbsp; &nbsp;El paciente que realice el examen bajo sedaci\u00f3n deber\u00e1 venir acompa\u00f1ado por la imposibilidad de realizar una vida cotidiana normal. As\u00ed mismo vendr\u00e1 con un ayuno de 6 horas como m\u00ednimo. Al finalizar el estudio el m\u00e9dico anestesista y\/o el t\u00e9cnico de radiolog\u00eda les facilitar\u00e1n unas pautas a seguir.<br><br>Tambi\u00e9n se le solicitar\u00e1: Que mientras dure el examen est\u00e9 totalmente quieto, esto facilitar\u00e1 el buen desarrollo del mismo.<\/p>\n\n\n\n<h2 class=\"wp-block-heading\"><span style=\"color: #d11728;\" class=\"ugb-highlight\">Mamograf\u00eda<\/span><\/h2>\n\n\n\n<p><strong>Duraci\u00f3n:&nbsp;<\/strong>10 minutos.<strong><br>Ingreso:&nbsp;<\/strong>Prueba ambulatoria.<\/p>\n\n\n\n<p><strong>\u00bfEs necesario ir acompa\u00f1ada?<br><\/strong>No es necesario, aunque puede ser de ayuda si le hace sentirse m\u00e1s relajada.<\/p>\n\n\n\n<p><strong>Medicamentos:&nbsp;<\/strong>No es necesario tomar ning\u00fan medicamento. Puede tomar su medicaci\u00f3n habitual.<\/p>\n\n\n\n<p><strong>Comida:<\/strong>&nbsp;No es necesario ayunar en esta prueba.<\/p>\n\n\n\n<p><strong>Ropa:&nbsp;<\/strong>Puede llevar la ropa que desee aunque es aconsejable llevar ropa f\u00e1cil de quitar, pues se le pedir\u00e1 que deje descubierto el pecho. No se pueden llevar objetos met\u00e1licos (pendientes, cadenas, pulsera&#8230;etc.) pues le solicitar\u00e1n quee se las retire para realizar la prueba.<\/p>\n\n\n\n<p><strong>Embarazo y lactancias:<\/strong>&nbsp;La realizaci\u00f3n de una mamograf\u00eda se considera segura durante el embarazo y la lactancia pues la dosis de radiaci\u00f3n es muy baja. Sin embargo, las mamas son muy densas durante el embarazo y la lactancia, por lo que la prueba es menos fiable. Conviene consultar con el m\u00e9dico sobre el riesgo y el beneficio de realizar o posponer la prueba o sobre la posibilidad de sustiturila por otra prueba como la ecograf\u00eda de mamas.<\/p>\n\n\n\n<p><strong>Otras consideraciones:&nbsp;<\/strong>El mejor momento para realizar la prueba es una semana despu\u00e9s de la regla, pues es cuando las mamas est\u00e1n menos sensibles.<br>No usar desodorante, polvos de talco ni ning\u00fan tipo de loci\u00f3n o cream sobre las mamas y\/o axilas el d\u00eda de la prueba, pues podr\u00eda interferir en el resultado de la misma.<br>Conviene informar al m\u00e9dico del uso de tratamientos hormonales, antecedentes de cirug\u00edas sobre las mamas, o si tiene antecedentes personales o familiares de c\u00e1ncer de mama.<\/p>\n\n\n\n<h2 class=\"wp-block-heading\"><span style=\"color: #d11728;\" class=\"ugb-highlight\">TAC<\/span><\/h2>\n\n\n\n<p><strong>Duraci\u00f3n:&nbsp;<\/strong>La prueba se realiza en pocos minutos. Lo que lleva m\u00e1s tiempo es prepararle y coger una v\u00eda venosa, pero eso s\u00f3lo en las pruebas con contrasete intravenoso.<\/p>\n\n\n\n<p><strong>Ingreso:&nbsp;<\/strong>La prueba se puede realizar de forma ambulatoria.<\/p>\n\n\n\n<p><strong>Medicamentos:<\/strong>&nbsp;No es necesario tomar medicamentos previos.<\/p>\n\n\n\n<p><strong>Comida:<\/strong>&nbsp;Aunque depende del \u00f3rgano a estudiar, en general es necesario ir en ayunas por si se le administra contraste yodado (un m\u00ednimo de 6 horas).<\/p>\n\n\n\n<p><strong>Ropa;<\/strong>&nbsp;Puede llevar la que desee, pero conviene que sea f\u00e1cil de quitar. No conviene llevar objetos met\u00e1licos (pendientes, pulseras, relojes, etc), pues se le solicitar\u00e1 que los quite.<\/p>\n\n\n\n<p><strong>Otras consideraciones:&nbsp;<\/strong>El uso de un medicamento antidiab\u00e9tico, llamado Metformina, puede asociarse a efectos secundarios muy graves cuando se administra junto con contrasete intravenoso. Por ello en algunos pacientes, especialmente en aquellos con enfermedades renales, card\u00edacas y\/o hep\u00e1ticas. Conviene suspender la Metformina antes de realizar un TAC con contraste.<\/p>\n\n\n\n<h2 class=\"wp-block-heading\"><span style=\"color: #d11728;\" class=\"ugb-highlight\">Ecograf\u00eda<\/span><\/h2>\n\n\n\n<p><strong>Eco Abdomen\/pelvis.<\/strong><\/p>\n\n\n\n<p><strong>Duraci\u00f3n:&nbsp;<\/strong>15 minutos<\/p>\n\n\n\n<p><strong>Ingreso:&nbsp;<\/strong>Se puede realizar de forma ambulatoria.<\/p>\n\n\n\n<p><strong>Comida:<\/strong>&nbsp;Es necesario estar en ayunas un m\u00ednimo de 6 horas previas a la cita. En caso de que se vayan a estudiar \u00f3rganos de la pelvis, como el \u00fatero o la vejiga, conviene beber al menos 1 litro de agua sin gas en la hora previa a la prueba para tener la vejiga llena. esto nos permite observar mejor los \u00f3rganos a estudio.<\/p>\n\n\n\n<p><strong>Ropa:<\/strong>&nbsp;Puede llevar la ropa que desee, pero conviene que sea f\u00e1cil de quitar para dejar el abdomen descubierto cuadno se lo requieran.<br><strong>Embarazo:<\/strong>&nbsp;No son contraindicaci\u00f3nes para la prueba.<\/p>\n\n\n\n<p>No es necesario ir acompa\u00f1ado.<\/p>\n\n\n\n<p><strong>Urografia Intravenosa \/ Pielograf\u00eda.<\/strong><\/p>\n\n\n\n<p><strong>\u00bfEn que consiste la prueba?<\/strong><\/p>\n\n\n\n<p>Una urografia, pielografia o U.J.V. es un examen radiol\u00f3gico de las vias urinarias, que incluyen los ri\u00f1ones, ur\u00e9teres y vejiga. La U.J.V. puede servirle al m\u00e9dico par aidentificar o descartar ciertos problemas que puedan afectar las vias urinarias.<\/p>\n\n\n\n<p><strong>Preparaci\u00f3n:&nbsp;<\/strong>Durante la citaci\u00f3n le dar\u00e1n las instrucciones especificas con las restricciones de dieta, ingesta de l\u00edquidos y preparaci\u00f3n intestinal antes del d\u00eda del procedimiento.<\/p>\n\n\n\n<p>Puede ser necesario dejar de tomar ciertos medicamentos antes o el mismo d\u00eda del procedimiento, de manera que es importante revisar con su m\u00e9dico y\/o con el t\u00e9cnico de radiolog\u00e1i todos los medicamentos que toma actualmente. Por ejempol, el medicamento Glucophage que toman algunos pacientes diab\u00e9ticos se puede suspender el d\u00eda de la prueba y durante 2 d\u00edas despu\u00e9s de la realizaci\u00f3n de la misma.<\/p>\n\n\n\n<p>Es importante que informe al t\u00e9cnico si tiene antecedentes de reacciones al\u00e9rgicas al contraste yodado.<\/p>\n\n\n\n<p><strong>Ropa:<\/strong>&nbsp;Se le pedir\u00e1 quitarse la ropa y ponerse una bata del hospital, as\u00ed como quitarse los art\u00edculos de metal como joyer\u00eda y prendas con broches met\u00e1licos que puedan oscurecer las imagenes.<\/p>\n\n\n\n<p><strong>Embarazo y lactancia:<\/strong> En caso de embarazo (o simplemente posibiliada de embarazo) y lactancia debe comunicarselo al t\u00e9cnico antes del examen.<\/p>\n\n\n\n<p><strong>\u00bfComo se realiza una U.J.V.?<\/strong><\/p>\n\n\n\n<p>El t\u00e9cnico la ayudar\u00e1 a colocarse sobre una camilla de ex\u00e1menes y se le tomar\u00e1 una radiograf\u00eda preliminar.<\/p>\n\n\n\n<p>Luego, con una aguja muy peque\u00f1a, la enfermera le inyectar\u00e1 un medio de contraste en una vena de su brazo. Algunas personas experimentan una sensaci\u00f3n tibia cuando se le inyecta el mediio de contraste (yodo).<\/p>\n\n\n\n<p>El medio de contraste ser\u00e1 llevado por el torrente sangu\u00edneo a los ri\u00f1ones, ur\u00e9teres y vejiga; haciendolos visibles en las radiograf\u00edas. Finalmente, el medio de contraste se eliminar\u00e1 del cuerpo a trav\u00e9s de la orina.<\/p>\n\n\n\n<p>Cada vez que se le tome una radiograf\u00eda se le pedir\u00e1 permanecer quieto y mantener la respiraci\u00f3n durante unos segundos. Se le tomar\u00e1 una serie de radiograf\u00edas, las que permitir\u00e1n visualizar la totalidadde sus v\u00edas urinarias.<\/p>\n\n\n\n<p>Casi al terminar el examen. se le pedir\u00e1 que vaya a orinar para tomar una radiografia adicional con la vejiga vacia.<br>Una vez finalizado el examen y que el radiologo haya revisado las radiografias, usted podr\u00e1 vestirse e irse.<\/p>\n\n\n\n<p><strong>Informaci\u00f3n sobre contrastes yodados.<\/strong><\/p>\n\n\n\n<p>Los contrastes yodados son unos medicamentos que se inyectan por v\u00eda intravenosa mientras se realiza el estudio radiol\u00f3gico. Esto permite que se realicen algunas estructuras internas y en muchas ocasiones son fundamentales para poder llegar a un diagn\u00f3stico.<br>Los contrastes yodados son unos medicamentos muy seguros, sin embargo, antes de que se le realice el examen es fundametal que usted tenga alguna informaci\u00f3n:<br>Algunos pacientes tienen alerg\u00eda a los contrastes yodados, estas alerg\u00edas son muy raras. Si alguna vez se le administr\u00f3 un contraste yodado y ha presentado alg\u00fan tipo de reacci\u00f3n comun\u00edqueselo a su m\u00e9dico.<br>Los contrastes yodados tienen su efecto sobre el feto y el lactante (pasan a la sangre del feto y a la leche de la madre). Por este motivo debe comunicar a su m\u00e9dico si est\u00e1 embarazada o si est\u00e1 en per\u00edodo de lactancia.<br>Si es diab\u00e9tico y est\u00e1 tomando Hipoglucemiantes orales (como Metformina) debe comunicarselo a su m\u00e9dico ya que sus ri\u00f1ones tienen la funci\u00f3n alterada. La administraci\u00f3n de contraste yodado en estos casos puede desencadenar una acid\u00f3sis metab\u00f3lica.<br>Se recomienda que si se le va a hacer una prueba con contrastes yodados acuda en ayunas (m\u00ednimo 6 horas)<\/p>\n<\/div><\/div>\n","protected":false},"excerpt":{"rendered":"<p>Pruebas Radiol\u00f3gicas Resonancia Magn\u00e9tica Duraci\u00f3n:&nbsp;30 minutos por norma general, pero depende del tipo de estudio. Ingreso:&nbsp;La prueba se puede realizar de forma ambulatoria. Medicamentos:&nbsp;No es necesario tomar medicamentos. Comida:&nbsp;Aunque depende del \u00f3rgano a estudiar s\u00f3lo es necesario ayunar en caso de resonacias abdominales y\/o de sistemas vasculares (6 h. en ayunas). Ropa:&nbsp;Es recomendable llevar ropa &#8230; <a title=\"Pruebas Radiol\u00f3gicas\" class=\"read-more\" href=\"https:\/\/riberasalud.com\/polusa\/pruebas-radiologicas\/\" aria-label=\"Leer m\u00e1s sobre Pruebas Radiol\u00f3gicas\">Leer m\u00e1s<\/a><\/p>\n","protected":false},"author":1,"featured_media":0,"parent":0,"menu_order":0,"comment_status":"closed","ping_status":"closed","template":"","meta":{"_coblocks_attr":"","_coblocks_dimensions":"","_coblocks_responsive_height":"","_coblocks_accordion_ie_support":"","_uag_custom_page_level_css":"","footnotes":""},"class_list":["post-109","page","type-page","status-publish"],"featured_image_urls_v2":{"full":"","thumbnail":"","medium":"","medium_large":"","large":"","xl":"","xxl":"","xxxl":"","xxxxl":"","xxxxxl":"","1536x1536":"","2048x2048":""},"post_excerpt_stackable_v2":"<p>Pruebas Radiol\u00f3gicas Resonancia Magn\u00e9tica Duraci\u00f3n:&nbsp;30 minutos por norma general, pero depende del tipo de estudio. Ingreso:&nbsp;La prueba se puede realizar de forma ambulatoria. Medicamentos:&nbsp;No es necesario tomar medicamentos. Comida:&nbsp;Aunque depende del \u00f3rgano a estudiar s\u00f3lo es necesario ayunar en caso de resonacias abdominales y\/o de sistemas vasculares (6 h. en ayunas). Ropa:&nbsp;Es recomendable llevar ropa f\u00e1cil de quitar, no conviene llevar objetos met\u00e1licos (pendientes, relojes, pulseras&#8230;etc.) pues se le solicitar\u00e1 que se las quite. -Otras consideraciones Tatuajes:&nbsp;Antiguamente los tatuajes estaban compuestos por tintas con base met\u00e1lica y pod\u00edan interferir con la imagen y ocasionar quemaduras cut\u00e1neas. Las tintas que m\u00e1s&hellip;<\/p>\n","category_list_v2":"","author_info_v2":{"name":"jorge@quois.com","url":"https:\/\/riberasalud.com\/polusa\/author\/jorgequois-com\/"},"comments_num_v2":"0 comentarios","yoast_head":"<!-- This site is optimized with the Yoast SEO plugin v26.6 - https:\/\/yoast.com\/wordpress\/plugins\/seo\/ -->\n<title>\u25b7 Pruebas Radiol\u00f3gicas | Hospital Ribera Polusa<\/title>\n<meta name=\"description\" content=\"lll\u1405 Pruebas Radiol\u00f3gicas Resonancia Magn\u00e9tica Duraci\u00f3n:&nbsp;30 minutos por norma general, pero depende del tipo de estudio. Ingreso:&nbsp;La prueba se puede \u2705\" \/>\n<meta name=\"robots\" content=\"index, follow, max-snippet:-1, max-image-preview:large, max-video-preview:-1\" \/>\n<link rel=\"canonical\" href=\"https:\/\/riberasalud.com\/polusa\/pruebas-radiologicas\/\" \/>\n<meta property=\"og:locale\" content=\"es_ES\" \/>\n<meta property=\"og:type\" content=\"article\" \/>\n<meta property=\"og:title\" content=\"\u25b7 Pruebas Radiol\u00f3gicas | Hospital Ribera Polusa\" \/>\n<meta property=\"og:description\" content=\"lll\u1405 Pruebas Radiol\u00f3gicas Resonancia Magn\u00e9tica Duraci\u00f3n:&nbsp;30 minutos por norma general, pero depende del tipo de estudio. Ingreso:&nbsp;La prueba se puede \u2705\" \/>\n<meta property=\"og:url\" content=\"https:\/\/riberasalud.com\/polusa\/pruebas-radiologicas\/\" \/>\n<meta property=\"og:site_name\" content=\"Hospital Ribera Polusa\" \/>\n<meta property=\"article:modified_time\" content=\"2021-05-26T08:07:39+00:00\" \/>\n<meta name=\"twitter:card\" content=\"summary_large_image\" \/>\n<meta name=\"twitter:label1\" content=\"Tiempo de lectura\" \/>\n\t<meta name=\"twitter:data1\" content=\"8 minutos\" \/>\n<script type=\"application\/ld+json\" class=\"yoast-schema-graph\">{\"@context\":\"https:\/\/schema.org\",\"@graph\":[{\"@type\":\"WebPage\",\"@id\":\"https:\/\/riberasalud.com\/polusa\/pruebas-radiologicas\/\",\"url\":\"https:\/\/riberasalud.com\/polusa\/pruebas-radiologicas\/\",\"name\":\"\u25b7 Pruebas Radiol\u00f3gicas | Hospital Ribera Polusa\",\"isPartOf\":{\"@id\":\"https:\/\/riberasalud.com\/polusa\/#website\"},\"datePublished\":\"2021-05-26T08:03:14+00:00\",\"dateModified\":\"2021-05-26T08:07:39+00:00\",\"description\":\"lll\u1405 Pruebas Radiol\u00f3gicas Resonancia Magn\u00e9tica Duraci\u00f3n:&nbsp;30 minutos por norma general, pero depende del tipo de estudio. Ingreso:&nbsp;La prueba se puede \u2705\",\"breadcrumb\":{\"@id\":\"https:\/\/riberasalud.com\/polusa\/pruebas-radiologicas\/#breadcrumb\"},\"inLanguage\":\"es\",\"potentialAction\":[{\"@type\":\"ReadAction\",\"target\":[\"https:\/\/riberasalud.com\/polusa\/pruebas-radiologicas\/\"]}]},{\"@type\":\"BreadcrumbList\",\"@id\":\"https:\/\/riberasalud.com\/polusa\/pruebas-radiologicas\/#breadcrumb\",\"itemListElement\":[{\"@type\":\"ListItem\",\"position\":1,\"name\":\"Portada\",\"item\":\"https:\/\/riberasalud.com\/polusa\/\"},{\"@type\":\"ListItem\",\"position\":2,\"name\":\"Pruebas Radiol\u00f3gicas\"}]},{\"@type\":\"WebSite\",\"@id\":\"https:\/\/riberasalud.com\/polusa\/#website\",\"url\":\"https:\/\/riberasalud.com\/polusa\/\",\"name\":\"Hospital Ribera Polusa\",\"description\":\"\",\"publisher\":{\"@id\":\"https:\/\/riberasalud.com\/polusa\/#organization\"},\"potentialAction\":[{\"@type\":\"SearchAction\",\"target\":{\"@type\":\"EntryPoint\",\"urlTemplate\":\"https:\/\/riberasalud.com\/polusa\/?s={search_term_string}\"},\"query-input\":{\"@type\":\"PropertyValueSpecification\",\"valueRequired\":true,\"valueName\":\"search_term_string\"}}],\"inLanguage\":\"es\"},{\"@type\":\"Organization\",\"@id\":\"https:\/\/riberasalud.com\/polusa\/#organization\",\"name\":\"Hospital Ribera Polusa\",\"url\":\"https:\/\/riberasalud.com\/polusa\/\",\"logo\":{\"@type\":\"ImageObject\",\"inLanguage\":\"es\",\"@id\":\"https:\/\/riberasalud.com\/polusa\/#\/schema\/logo\/image\/\",\"url\":\"https:\/\/riberasalud.com\/polusa\/wp-content\/uploads\/2025\/12\/cropped-cropped-Logo-Red-Polusa-300x76-1.png\",\"contentUrl\":\"https:\/\/riberasalud.com\/polusa\/wp-content\/uploads\/2025\/12\/cropped-cropped-Logo-Red-Polusa-300x76-1.png\",\"width\":300,\"height\":76,\"caption\":\"Hospital Ribera Polusa\"},\"image\":{\"@id\":\"https:\/\/riberasalud.com\/polusa\/#\/schema\/logo\/image\/\"}}]}<\/script>\n<!-- \/ Yoast SEO plugin. -->","yoast_head_json":{"title":"\u25b7 Pruebas Radiol\u00f3gicas | Hospital Ribera Polusa","description":"lll\u1405 Pruebas Radiol\u00f3gicas Resonancia Magn\u00e9tica Duraci\u00f3n:&nbsp;30 minutos por norma general, pero depende del tipo de estudio. Ingreso:&nbsp;La prueba se puede \u2705","robots":{"index":"index","follow":"follow","max-snippet":"max-snippet:-1","max-image-preview":"max-image-preview:large","max-video-preview":"max-video-preview:-1"},"canonical":"https:\/\/riberasalud.com\/polusa\/pruebas-radiologicas\/","og_locale":"es_ES","og_type":"article","og_title":"\u25b7 Pruebas Radiol\u00f3gicas | Hospital Ribera Polusa","og_description":"lll\u1405 Pruebas Radiol\u00f3gicas Resonancia Magn\u00e9tica Duraci\u00f3n:&nbsp;30 minutos por norma general, pero depende del tipo de estudio. Ingreso:&nbsp;La prueba se puede \u2705","og_url":"https:\/\/riberasalud.com\/polusa\/pruebas-radiologicas\/","og_site_name":"Hospital Ribera Polusa","article_modified_time":"2021-05-26T08:07:39+00:00","twitter_card":"summary_large_image","twitter_misc":{"Tiempo de lectura":"8 minutos"},"schema":{"@context":"https:\/\/schema.org","@graph":[{"@type":"WebPage","@id":"https:\/\/riberasalud.com\/polusa\/pruebas-radiologicas\/","url":"https:\/\/riberasalud.com\/polusa\/pruebas-radiologicas\/","name":"\u25b7 Pruebas Radiol\u00f3gicas | Hospital Ribera Polusa","isPartOf":{"@id":"https:\/\/riberasalud.com\/polusa\/#website"},"datePublished":"2021-05-26T08:03:14+00:00","dateModified":"2021-05-26T08:07:39+00:00","description":"lll\u1405 Pruebas Radiol\u00f3gicas Resonancia Magn\u00e9tica Duraci\u00f3n:&nbsp;30 minutos por norma general, pero depende del tipo de estudio. Ingreso:&nbsp;La prueba se puede \u2705","breadcrumb":{"@id":"https:\/\/riberasalud.com\/polusa\/pruebas-radiologicas\/#breadcrumb"},"inLanguage":"es","potentialAction":[{"@type":"ReadAction","target":["https:\/\/riberasalud.com\/polusa\/pruebas-radiologicas\/"]}]},{"@type":"BreadcrumbList","@id":"https:\/\/riberasalud.com\/polusa\/pruebas-radiologicas\/#breadcrumb","itemListElement":[{"@type":"ListItem","position":1,"name":"Portada","item":"https:\/\/riberasalud.com\/polusa\/"},{"@type":"ListItem","position":2,"name":"Pruebas Radiol\u00f3gicas"}]},{"@type":"WebSite","@id":"https:\/\/riberasalud.com\/polusa\/#website","url":"https:\/\/riberasalud.com\/polusa\/","name":"Hospital Ribera Polusa","description":"","publisher":{"@id":"https:\/\/riberasalud.com\/polusa\/#organization"},"potentialAction":[{"@type":"SearchAction","target":{"@type":"EntryPoint","urlTemplate":"https:\/\/riberasalud.com\/polusa\/?s={search_term_string}"},"query-input":{"@type":"PropertyValueSpecification","valueRequired":true,"valueName":"search_term_string"}}],"inLanguage":"es"},{"@type":"Organization","@id":"https:\/\/riberasalud.com\/polusa\/#organization","name":"Hospital Ribera Polusa","url":"https:\/\/riberasalud.com\/polusa\/","logo":{"@type":"ImageObject","inLanguage":"es","@id":"https:\/\/riberasalud.com\/polusa\/#\/schema\/logo\/image\/","url":"https:\/\/riberasalud.com\/polusa\/wp-content\/uploads\/2025\/12\/cropped-cropped-Logo-Red-Polusa-300x76-1.png","contentUrl":"https:\/\/riberasalud.com\/polusa\/wp-content\/uploads\/2025\/12\/cropped-cropped-Logo-Red-Polusa-300x76-1.png","width":300,"height":76,"caption":"Hospital Ribera Polusa"},"image":{"@id":"https:\/\/riberasalud.com\/polusa\/#\/schema\/logo\/image\/"}}]}},"pbg_featured_image_src":{"full":false,"thumbnail":false,"medium":false,"medium_large":false,"large":false,"xl":false,"xxl":false,"xxxl":false,"xxxxl":false,"xxxxxl":false,"1536x1536":false,"2048x2048":false},"pbg_author_info":{"display_name":"jorge@quois.com","author_link":"https:\/\/riberasalud.com\/polusa\/author\/jorgequois-com\/","author_img":"<img alt='jorge@quois.com' src='https:\/\/secure.gravatar.com\/avatar\/bca8cccf11ce6757dcdec6ce293d120c16d33c83aeb423357cce3f49f3abae94?s=128&#038;d=mm&#038;r=g' srcset='https:\/\/secure.gravatar.com\/avatar\/bca8cccf11ce6757dcdec6ce293d120c16d33c83aeb423357cce3f49f3abae94?s=256&#038;d=mm&#038;r=g 2x' class='avatar avatar-128 photo' height='128' width='128' loading='lazy' decoding='async'\/>"},"pbg_comment_info":" No Comments","pbg_excerpt":"Pruebas Radiol\u00f3gicas Resonancia Magn\u00e9tica Duraci\u00f3n:&nbsp;30 minutos por norma general, pero depende del tipo de estudio. Ingreso:&nbsp;La prueba se puede realizar de forma ambulatoria. Medicamentos:&nbsp;No es necesario tomar medicamentos. Comida:&nbsp;Aunque depende del \u00f3rgano a estudiar s\u00f3lo es necesario ayunar en caso de resonacias abdominales y\/o de sistemas vasculares (6 h. en ayunas). Ropa:&nbsp;Es recomendable llevar ropa&hellip;","uagb_featured_image_src":{"full":false,"thumbnail":false,"medium":false,"medium_large":false,"large":false,"xl":false,"xxl":false,"xxxl":false,"xxxxl":false,"xxxxxl":false,"1536x1536":false,"2048x2048":false},"uagb_author_info":{"display_name":"jorge@quois.com","author_link":"https:\/\/riberasalud.com\/polusa\/author\/jorgequois-com\/"},"uagb_comment_info":0,"uagb_excerpt":"Pruebas Radiol\u00f3gicas Resonancia Magn\u00e9tica Duraci\u00f3n:&nbsp;30 minutos por norma general, pero depende del tipo de estudio. Ingreso:&nbsp;La prueba se puede realizar de forma ambulatoria. Medicamentos:&nbsp;No es necesario tomar medicamentos. Comida:&nbsp;Aunque depende del \u00f3rgano a estudiar s\u00f3lo es necesario ayunar en caso de resonacias abdominales y\/o de sistemas vasculares (6 h. en ayunas). Ropa:&nbsp;Es recomendable llevar ropa&hellip;","_links":{"self":[{"href":"https:\/\/riberasalud.com\/polusa\/wp-json\/wp\/v2\/pages\/109","targetHints":{"allow":["GET"]}}],"collection":[{"href":"https:\/\/riberasalud.com\/polusa\/wp-json\/wp\/v2\/pages"}],"about":[{"href":"https:\/\/riberasalud.com\/polusa\/wp-json\/wp\/v2\/types\/page"}],"author":[{"embeddable":true,"href":"https:\/\/riberasalud.com\/polusa\/wp-json\/wp\/v2\/users\/1"}],"replies":[{"embeddable":true,"href":"https:\/\/riberasalud.com\/polusa\/wp-json\/wp\/v2\/comments?post=109"}],"version-history":[{"count":2,"href":"https:\/\/riberasalud.com\/polusa\/wp-json\/wp\/v2\/pages\/109\/revisions"}],"predecessor-version":[{"id":121,"href":"https:\/\/riberasalud.com\/polusa\/wp-json\/wp\/v2\/pages\/109\/revisions\/121"}],"wp:attachment":[{"href":"https:\/\/riberasalud.com\/polusa\/wp-json\/wp\/v2\/media?parent=109"}],"curies":[{"name":"wp","href":"https:\/\/api.w.org\/{rel}","templated":true}]}}