{"id":402,"date":"2021-05-14T06:06:21","date_gmt":"2021-05-14T06:06:21","guid":{"rendered":"https:\/\/riberasalud.com\/polusa\/clinicas-santo-domingo\/?page_id=402"},"modified":"2021-05-20T13:52:20","modified_gmt":"2021-05-20T13:52:20","slug":"clinica-ronda-de-la-muralla","status":"publish","type":"page","link":"https:\/\/riberasalud.com\/polusa\/clinicas-santo-domingo\/clinica-ronda-de-la-muralla\/","title":{"rendered":"Cl\u00ednica Ronda de la Muralla"},"content":{"rendered":"\n<div class=\"wp-block-group backgroundbanner\"><div class=\"wp-block-group__inner-container is-layout-flow wp-block-group-is-layout-flow\">\n<p class=\"has-text-align-center\" style=\"font-size:40px\"><span style=\"color: #4b4a4a;\" class=\"ugb-highlight\">Cl\u00ednica Ronda de la Muralla<\/span><\/p>\n<\/div><\/div>\n\n\n\n<div class=\"wp-block-group\"><div class=\"wp-block-group__inner-container is-layout-flow wp-block-group-is-layout-flow\">\n<p><strong>ESTRUCTURA ASISTENCIAL Y RECURSOS<\/strong><br><br>Sobre una superficie de 400 metros cuadrados presentamos unas modernas instalaciones dedicadas a:<\/p>\n\n\n\n<ul class=\"is-style-default wp-block-list\"><li><strong>Gabinete Est\u00e9tico<\/strong> con un equipo que abarca la Cirug\u00eda Pl\u00e1stica, La Medicina Est\u00e9tica, la Nutrici\u00f3n y Diet\u00e9tica y modernos equipos de depilaci\u00f3n l\u00e1ser.<\/li><li><strong>Traumatolog\u00eda Deportiva:<\/strong> Consulta de traumatolog\u00eda gestionada por el prestigioso equipo del Instituto Arriaza de La Coru\u00f1a.<\/li><li><strong>Rehabilitaci\u00f3n y Fisioterapia:<\/strong> un equipo multidisciplinar trabaja para dar servicio a las necesidades de Rehabilitaci\u00f3n Traumatol\u00f3gica, Neurol\u00f3gica, Card\u00edaca, Respiratoria y Deportiva.<\/li><li>Una <strong>Cl\u00ednica odontol\u00f3gica<\/strong> con una completa oferta en servicios dentales.<\/li><li>Unidad de <strong>Psicolog\u00eda Cl\u00ednica<\/strong> con alta especializaci\u00f3n a las necesidades de los pacientes.<\/li><li><strong>Unidad Biomec\u00e1nica<\/strong> en la que nuestros especialistas realizan un completo estudio de la pisada a trav\u00e9s de sistemas computerizados que permiten encontrar las mejores soluciones a los problemas de la marcha.<\/li><li><strong>Centro PODOACTIVA:<\/strong> a trav\u00e9s de un innovador sistema de scanner se configuran estas exclusivas y prestigiosas plantillas para conseguir las prestaciones m\u00e1s exigentes.<\/li><li>Un <strong>\u00c1rea de Maternidad<\/strong> en donde un equipo de matronas ofrecen todo lo necesario en el puerperio desde la preparaci\u00f3n al parto, educaci\u00f3n en la lactancia, recuperaci\u00f3n en el post parto y masaje infantil para prevenir los c\u00f3licos del reci\u00e9n nacido.<\/li><li><strong>Aula de formaci\u00f3n<\/strong> orientada a la salud con una escuela de espalda, Pilates, Yoga, Preparaci\u00f3n al parto, etc<\/li><\/ul>\n\n\n\n<p>N.R.S. C-27-001035<\/p>\n\n\n\n<div class=\"wp-block-coblocks-gallery-masonry\"><div class=\"coblocks-gallery has-no-alignment has-caption-style-dark has-gutter\"><ul class=\"has-grid-lrg has-gutter-15 has-gutter-mobile-15\"><li class=\"coblocks-gallery--item\"><figure class=\"coblocks-gallery--figure\"><img loading=\"lazy\" decoding=\"async\" width=\"1000\" height=\"667\" src=\"https:\/\/riberasalud.com\/polusa\/clinicas-santo-domingo\/wp-content\/uploads\/2021\/05\/IMG_6599.jpg\" alt=\"equipo\" data-id=\"824\" data-imglink=\"\" data-link=\"https:\/\/riberasalud.com\/polusa\/clinicas-santo-domingo\/clinica-ronda-de-la-muralla\/img_6599\/#main\" class=\"wp-image-824\" srcset=\"https:\/\/riberasalud.com\/polusa\/clinicas-santo-domingo\/wp-content\/uploads\/2021\/05\/IMG_6599.jpg 1000w, https:\/\/riberasalud.com\/polusa\/clinicas-santo-domingo\/wp-content\/uploads\/2021\/05\/IMG_6599-768x512.jpg 768w\" sizes=\"auto, (max-width: 1000px) 100vw, 1000px\" \/><\/figure><\/li><li class=\"coblocks-gallery--item\"><figure class=\"coblocks-gallery--figure\"><img loading=\"lazy\" decoding=\"async\" width=\"500\" height=\"333\" src=\"https:\/\/riberasalud.com\/polusa\/clinicas-santo-domingo\/wp-content\/uploads\/2021\/05\/ronda10.jpg\" alt=\"\" data-id=\"424\" data-imglink=\"\" data-link=\"https:\/\/riberasalud.com\/polusa\/clinicas-santo-domingo\/clinica-ronda-de-la-muralla\/ronda10\/#main\" class=\"wp-image-424\" srcset=\"https:\/\/riberasalud.com\/polusa\/clinicas-santo-domingo\/wp-content\/uploads\/2021\/05\/ronda10.jpg 500w, https:\/\/riberasalud.com\/polusa\/clinicas-santo-domingo\/wp-content\/uploads\/2021\/05\/ronda10-300x200.jpg 300w\" sizes=\"auto, (max-width: 500px) 100vw, 500px\" \/><\/figure><\/li><li class=\"coblocks-gallery--item\"><figure class=\"coblocks-gallery--figure\"><img loading=\"lazy\" decoding=\"async\" width=\"500\" height=\"333\" src=\"https:\/\/riberasalud.com\/polusa\/clinicas-santo-domingo\/wp-content\/uploads\/2021\/05\/ronda7.jpg\" alt=\"\" data-id=\"425\" data-imglink=\"\" data-link=\"https:\/\/riberasalud.com\/polusa\/clinicas-santo-domingo\/clinica-ronda-de-la-muralla\/ronda7\/#main\" class=\"wp-image-425\" srcset=\"https:\/\/riberasalud.com\/polusa\/clinicas-santo-domingo\/wp-content\/uploads\/2021\/05\/ronda7.jpg 500w, https:\/\/riberasalud.com\/polusa\/clinicas-santo-domingo\/wp-content\/uploads\/2021\/05\/ronda7-300x200.jpg 300w\" sizes=\"auto, (max-width: 500px) 100vw, 500px\" \/><\/figure><\/li><li class=\"coblocks-gallery--item\"><figure class=\"coblocks-gallery--figure\"><img loading=\"lazy\" decoding=\"async\" width=\"500\" height=\"333\" src=\"https:\/\/riberasalud.com\/polusa\/clinicas-santo-domingo\/wp-content\/uploads\/2021\/05\/ronda6.jpg\" alt=\"\" data-id=\"426\" data-imglink=\"\" data-link=\"https:\/\/riberasalud.com\/polusa\/clinicas-santo-domingo\/clinica-ronda-de-la-muralla\/ronda6\/#main\" class=\"wp-image-426\" srcset=\"https:\/\/riberasalud.com\/polusa\/clinicas-santo-domingo\/wp-content\/uploads\/2021\/05\/ronda6.jpg 500w, https:\/\/riberasalud.com\/polusa\/clinicas-santo-domingo\/wp-content\/uploads\/2021\/05\/ronda6-300x200.jpg 300w\" sizes=\"auto, (max-width: 500px) 100vw, 500px\" \/><\/figure><\/li><li class=\"coblocks-gallery--item\"><figure class=\"coblocks-gallery--figure\"><img loading=\"lazy\" decoding=\"async\" width=\"500\" height=\"333\" src=\"https:\/\/riberasalud.com\/polusa\/clinicas-santo-domingo\/wp-content\/uploads\/2021\/05\/ronda4.jpg\" alt=\"\" data-id=\"427\" data-imglink=\"\" data-link=\"https:\/\/riberasalud.com\/polusa\/clinicas-santo-domingo\/clinica-ronda-de-la-muralla\/ronda4\/#main\" class=\"wp-image-427\" srcset=\"https:\/\/riberasalud.com\/polusa\/clinicas-santo-domingo\/wp-content\/uploads\/2021\/05\/ronda4.jpg 500w, https:\/\/riberasalud.com\/polusa\/clinicas-santo-domingo\/wp-content\/uploads\/2021\/05\/ronda4-300x200.jpg 300w\" sizes=\"auto, (max-width: 500px) 100vw, 500px\" \/><\/figure><\/li><li class=\"coblocks-gallery--item\"><figure class=\"coblocks-gallery--figure\"><img loading=\"lazy\" decoding=\"async\" width=\"500\" height=\"333\" src=\"https:\/\/riberasalud.com\/polusa\/clinicas-santo-domingo\/wp-content\/uploads\/2021\/05\/ronda8.jpg\" alt=\"\" data-id=\"423\" data-imglink=\"\" data-link=\"https:\/\/riberasalud.com\/polusa\/clinicas-santo-domingo\/clinica-ronda-de-la-muralla\/ronda8\/#main\" class=\"wp-image-423\" srcset=\"https:\/\/riberasalud.com\/polusa\/clinicas-santo-domingo\/wp-content\/uploads\/2021\/05\/ronda8.jpg 500w, https:\/\/riberasalud.com\/polusa\/clinicas-santo-domingo\/wp-content\/uploads\/2021\/05\/ronda8-300x200.jpg 300w\" sizes=\"auto, (max-width: 500px) 100vw, 500px\" \/><\/figure><\/li><li class=\"coblocks-gallery--item\"><figure class=\"coblocks-gallery--figure\"><img loading=\"lazy\" decoding=\"async\" width=\"500\" height=\"333\" src=\"https:\/\/riberasalud.com\/polusa\/clinicas-santo-domingo\/wp-content\/uploads\/2021\/05\/ronda5.jpg\" alt=\"\" data-id=\"428\" data-imglink=\"\" data-link=\"https:\/\/riberasalud.com\/polusa\/clinicas-santo-domingo\/clinica-ronda-de-la-muralla\/ronda5\/#main\" class=\"wp-image-428\" srcset=\"https:\/\/riberasalud.com\/polusa\/clinicas-santo-domingo\/wp-content\/uploads\/2021\/05\/ronda5.jpg 500w, https:\/\/riberasalud.com\/polusa\/clinicas-santo-domingo\/wp-content\/uploads\/2021\/05\/ronda5-300x200.jpg 300w\" sizes=\"auto, (max-width: 500px) 100vw, 500px\" \/><\/figure><\/li><li class=\"coblocks-gallery--item\"><figure class=\"coblocks-gallery--figure\"><img loading=\"lazy\" decoding=\"async\" width=\"450\" height=\"300\" src=\"https:\/\/riberasalud.com\/polusa\/clinicas-santo-domingo\/wp-content\/uploads\/2021\/05\/ronda-1.jpg\" alt=\"\" data-id=\"429\" data-imglink=\"\" data-link=\"https:\/\/riberasalud.com\/polusa\/clinicas-santo-domingo\/clinica-ronda-de-la-muralla\/ronda-1\/#main\" class=\"wp-image-429\" srcset=\"https:\/\/riberasalud.com\/polusa\/clinicas-santo-domingo\/wp-content\/uploads\/2021\/05\/ronda-1.jpg 450w, https:\/\/riberasalud.com\/polusa\/clinicas-santo-domingo\/wp-content\/uploads\/2021\/05\/ronda-1-300x200.jpg 300w\" sizes=\"auto, (max-width: 450px) 100vw, 450px\" \/><\/figure><\/li><\/ul><\/div><\/div>\n<\/div><\/div>\n","protected":false},"excerpt":{"rendered":"<p>Cl\u00ednica Ronda de la Muralla ESTRUCTURA ASISTENCIAL Y RECURSOS Sobre una superficie de 400 metros cuadrados presentamos unas modernas instalaciones dedicadas a: Gabinete Est\u00e9tico con un equipo que abarca la Cirug\u00eda Pl\u00e1stica, La Medicina Est\u00e9tica, la Nutrici\u00f3n y Diet\u00e9tica y modernos equipos de depilaci\u00f3n l\u00e1ser. Traumatolog\u00eda Deportiva: Consulta de traumatolog\u00eda gestionada por el prestigioso equipo &#8230; <a title=\"Cl\u00ednica Ronda de la Muralla\" class=\"read-more\" href=\"https:\/\/riberasalud.com\/polusa\/clinicas-santo-domingo\/clinica-ronda-de-la-muralla\/\" aria-label=\"M\u00e1s en Cl\u00ednica Ronda de la Muralla\">Leer m\u00e1s<\/a><\/p>\n","protected":false},"author":1,"featured_media":0,"parent":0,"menu_order":0,"comment_status":"closed","ping_status":"closed","template":"","meta":{"_editorskit_title_hidden":false,"_editorskit_reading_time":0,"_coblocks_attr":"","_coblocks_dimensions":"","_coblocks_responsive_height":"","_coblocks_accordion_ie_support":"","_generate-full-width-content":"true","_mi_skip_tracking":false,"footnotes":""},"class_list":["post-402","page","type-page","status-publish"],"featured_image_urls":{"full":"","thumbnail":"","medium":"","medium_large":"","large":"","1536x1536":"","2048x2048":""},"post_excerpt_stackable":"<p>Cl\u00ednica Ronda de la Muralla ESTRUCTURA ASISTENCIAL Y RECURSOSSobre una superficie de 400 metros cuadrados presentamos unas modernas instalaciones dedicadas a: Gabinete Est\u00e9tico con un equipo que abarca la Cirug\u00eda Pl\u00e1stica, La Medicina Est\u00e9tica, la Nutrici\u00f3n y Diet\u00e9tica y modernos equipos de depilaci\u00f3n l\u00e1ser.Traumatolog\u00eda Deportiva: Consulta de traumatolog\u00eda gestionada por el prestigioso equipo del Instituto Arriaza de La Coru\u00f1a.Rehabilitaci\u00f3n y Fisioterapia: un equipo multidisciplinar trabaja para dar servicio a las necesidades de Rehabilitaci\u00f3n Traumatol\u00f3gica, Neurol\u00f3gica, Card\u00edaca, Respiratoria y Deportiva.Una Cl\u00ednica odontol\u00f3gica con una completa oferta en servicios dentales.Unidad de Psicolog\u00eda Cl\u00ednica con alta especializaci\u00f3n a las necesidades de los pacientes.Unidad&hellip;<\/p>\n","category_list":"","author_info":{"name":"jorge@quois.com","url":"https:\/\/riberasalud.com\/polusa\/clinicas-santo-domingo\/author\/jorgequois-com\/"},"comments_num":"0 comentarios","featured_image_urls_v2":{"full":"","thumbnail":"","medium":"","medium_large":"","large":"","1536x1536":"","2048x2048":""},"post_excerpt_stackable_v2":"<p>Cl\u00ednica Ronda de la Muralla ESTRUCTURA ASISTENCIAL Y RECURSOSSobre una superficie de 400 metros cuadrados presentamos unas modernas instalaciones dedicadas a: Gabinete Est\u00e9tico con un equipo que abarca la Cirug\u00eda Pl\u00e1stica, La Medicina Est\u00e9tica, la Nutrici\u00f3n y Diet\u00e9tica y modernos equipos de depilaci\u00f3n l\u00e1ser.Traumatolog\u00eda Deportiva: Consulta de traumatolog\u00eda gestionada por el prestigioso equipo del Instituto Arriaza de La Coru\u00f1a.Rehabilitaci\u00f3n y Fisioterapia: un equipo multidisciplinar trabaja para dar servicio a las necesidades de Rehabilitaci\u00f3n Traumatol\u00f3gica, Neurol\u00f3gica, Card\u00edaca, Respiratoria y Deportiva.Una Cl\u00ednica odontol\u00f3gica con una completa oferta en servicios dentales.Unidad de Psicolog\u00eda Cl\u00ednica con alta especializaci\u00f3n a las necesidades de los pacientes.Unidad&hellip;<\/p>\n","category_list_v2":"","author_info_v2":{"name":"jorge@quois.com","url":"https:\/\/riberasalud.com\/polusa\/clinicas-santo-domingo\/author\/jorgequois-com\/"},"comments_num_v2":"0 comentarios","yoast_head":"<!-- This site is optimized with the Yoast SEO plugin v26.9 - https:\/\/yoast.com\/product\/yoast-seo-wordpress\/ -->\n<title>Cl\u00ednica Ronda de la Muralla | Cl\u00ednica Plaza Santo Domingo<\/title>\n<meta name=\"robots\" content=\"index, follow, max-snippet:-1, max-image-preview:large, max-video-preview:-1\" \/>\n<link rel=\"canonical\" href=\"https:\/\/riberasalud.com\/polusa\/clinicas-santo-domingo\/clinica-ronda-de-la-muralla\/\" \/>\n<meta property=\"og:locale\" content=\"es_ES\" \/>\n<meta property=\"og:type\" content=\"article\" \/>\n<meta property=\"og:title\" content=\"Cl\u00ednica Ronda de la Muralla | Cl\u00ednica Plaza Santo Domingo\" \/>\n<meta property=\"og:description\" content=\"Cl\u00ednica Ronda de la Muralla ESTRUCTURA ASISTENCIAL Y RECURSOS Sobre una superficie de 400 metros cuadrados presentamos unas modernas instalaciones dedicadas a: Gabinete Est\u00e9tico con un equipo que abarca la Cirug\u00eda Pl\u00e1stica, La Medicina Est\u00e9tica, la Nutrici\u00f3n y Diet\u00e9tica y modernos equipos de depilaci\u00f3n l\u00e1ser. Traumatolog\u00eda Deportiva: Consulta de traumatolog\u00eda gestionada por el prestigioso equipo ... Leer m\u00e1s\" \/>\n<meta property=\"og:url\" content=\"https:\/\/riberasalud.com\/polusa\/clinicas-santo-domingo\/clinica-ronda-de-la-muralla\/\" \/>\n<meta property=\"og:site_name\" content=\"Cl\u00ednica Plaza Santo Domingo\" \/>\n<meta property=\"article:modified_time\" content=\"2021-05-20T13:52:20+00:00\" \/>\n<meta property=\"og:image\" content=\"https:\/\/riberasalud.com\/polusa\/clinicas-santo-domingo\/wp-content\/uploads\/2021\/05\/IMG_6599.jpg\" \/>\n\t<meta property=\"og:image:width\" content=\"1000\" \/>\n\t<meta property=\"og:image:height\" content=\"667\" \/>\n\t<meta property=\"og:image:type\" content=\"image\/jpeg\" \/>\n<meta name=\"twitter:card\" content=\"summary_large_image\" \/>\n<meta name=\"twitter:label1\" content=\"Tiempo de lectura\" \/>\n\t<meta name=\"twitter:data1\" content=\"1 minuto\" \/>\n<script type=\"application\/ld+json\" class=\"yoast-schema-graph\">{\"@context\":\"https:\/\/schema.org\",\"@graph\":[{\"@type\":\"WebPage\",\"@id\":\"https:\/\/riberasalud.com\/polusa\/clinicas-santo-domingo\/clinica-ronda-de-la-muralla\/\",\"url\":\"https:\/\/riberasalud.com\/polusa\/clinicas-santo-domingo\/clinica-ronda-de-la-muralla\/\",\"name\":\"Cl\u00ednica Ronda de la Muralla | Cl\u00ednica Plaza Santo Domingo\",\"isPartOf\":{\"@id\":\"https:\/\/riberasalud.com\/polusa\/clinicas-santo-domingo\/#website\"},\"primaryImageOfPage\":{\"@id\":\"https:\/\/riberasalud.com\/polusa\/clinicas-santo-domingo\/clinica-ronda-de-la-muralla\/#primaryimage\"},\"image\":{\"@id\":\"https:\/\/riberasalud.com\/polusa\/clinicas-santo-domingo\/clinica-ronda-de-la-muralla\/#primaryimage\"},\"thumbnailUrl\":\"https:\/\/riberasalud.com\/polusa\/clinicas-santo-domingo\/wp-content\/uploads\/2021\/05\/IMG_6599.jpg\",\"datePublished\":\"2021-05-14T06:06:21+00:00\",\"dateModified\":\"2021-05-20T13:52:20+00:00\",\"breadcrumb\":{\"@id\":\"https:\/\/riberasalud.com\/polusa\/clinicas-santo-domingo\/clinica-ronda-de-la-muralla\/#breadcrumb\"},\"inLanguage\":\"es\",\"potentialAction\":[{\"@type\":\"ReadAction\",\"target\":[\"https:\/\/riberasalud.com\/polusa\/clinicas-santo-domingo\/clinica-ronda-de-la-muralla\/\"]}]},{\"@type\":\"ImageObject\",\"inLanguage\":\"es\",\"@id\":\"https:\/\/riberasalud.com\/polusa\/clinicas-santo-domingo\/clinica-ronda-de-la-muralla\/#primaryimage\",\"url\":\"https:\/\/riberasalud.com\/polusa\/clinicas-santo-domingo\/wp-content\/uploads\/2021\/05\/IMG_6599.jpg\",\"contentUrl\":\"https:\/\/riberasalud.com\/polusa\/clinicas-santo-domingo\/wp-content\/uploads\/2021\/05\/IMG_6599.jpg\",\"width\":1000,\"height\":667,\"caption\":\"equipo\"},{\"@type\":\"BreadcrumbList\",\"@id\":\"https:\/\/riberasalud.com\/polusa\/clinicas-santo-domingo\/clinica-ronda-de-la-muralla\/#breadcrumb\",\"itemListElement\":[{\"@type\":\"ListItem\",\"position\":1,\"name\":\"Portada\",\"item\":\"https:\/\/riberasalud.com\/polusa\/clinicas-santo-domingo\/\"},{\"@type\":\"ListItem\",\"position\":2,\"name\":\"Cl\u00ednica Ronda de la Muralla\"}]},{\"@type\":\"WebSite\",\"@id\":\"https:\/\/riberasalud.com\/polusa\/clinicas-santo-domingo\/#website\",\"url\":\"https:\/\/riberasalud.com\/polusa\/clinicas-santo-domingo\/\",\"name\":\"Cl\u00ednica Plaza Santo Domingo\",\"description\":\"\",\"publisher\":{\"@id\":\"https:\/\/riberasalud.com\/polusa\/clinicas-santo-domingo\/#organization\"},\"potentialAction\":[{\"@type\":\"SearchAction\",\"target\":{\"@type\":\"EntryPoint\",\"urlTemplate\":\"https:\/\/riberasalud.com\/polusa\/clinicas-santo-domingo\/?s={search_term_string}\"},\"query-input\":{\"@type\":\"PropertyValueSpecification\",\"valueRequired\":true,\"valueName\":\"search_term_string\"}}],\"inLanguage\":\"es\"},{\"@type\":\"Organization\",\"@id\":\"https:\/\/riberasalud.com\/polusa\/clinicas-santo-domingo\/#organization\",\"name\":\"Cl\u00ednica Plaza Santo Domingo\",\"url\":\"https:\/\/riberasalud.com\/polusa\/clinicas-santo-domingo\/\",\"logo\":{\"@type\":\"ImageObject\",\"inLanguage\":\"es\",\"@id\":\"https:\/\/riberasalud.com\/polusa\/clinicas-santo-domingo\/#\/schema\/logo\/image\/\",\"url\":\"https:\/\/riberasalud.com\/polusa\/clinicas-santo-domingo\/wp-content\/uploads\/2021\/05\/cropped-LogoRibera-Red-ClinicaPolusa-SantoDomingo.png\",\"contentUrl\":\"https:\/\/riberasalud.com\/polusa\/clinicas-santo-domingo\/wp-content\/uploads\/2021\/05\/cropped-LogoRibera-Red-ClinicaPolusa-SantoDomingo.png\",\"width\":2377,\"height\":497,\"caption\":\"Cl\u00ednica Plaza Santo Domingo\"},\"image\":{\"@id\":\"https:\/\/riberasalud.com\/polusa\/clinicas-santo-domingo\/#\/schema\/logo\/image\/\"}}]}<\/script>\n<!-- \/ Yoast SEO plugin. -->","yoast_head_json":{"title":"Cl\u00ednica Ronda de la Muralla | Cl\u00ednica Plaza Santo Domingo","robots":{"index":"index","follow":"follow","max-snippet":"max-snippet:-1","max-image-preview":"max-image-preview:large","max-video-preview":"max-video-preview:-1"},"canonical":"https:\/\/riberasalud.com\/polusa\/clinicas-santo-domingo\/clinica-ronda-de-la-muralla\/","og_locale":"es_ES","og_type":"article","og_title":"Cl\u00ednica Ronda de la Muralla | Cl\u00ednica Plaza Santo Domingo","og_description":"Cl\u00ednica Ronda de la Muralla ESTRUCTURA ASISTENCIAL Y RECURSOS Sobre una superficie de 400 metros cuadrados presentamos unas modernas instalaciones dedicadas a: Gabinete Est\u00e9tico con un equipo que abarca la Cirug\u00eda Pl\u00e1stica, La Medicina Est\u00e9tica, la Nutrici\u00f3n y Diet\u00e9tica y modernos equipos de depilaci\u00f3n l\u00e1ser. Traumatolog\u00eda Deportiva: Consulta de traumatolog\u00eda gestionada por el prestigioso equipo ... Leer m\u00e1s","og_url":"https:\/\/riberasalud.com\/polusa\/clinicas-santo-domingo\/clinica-ronda-de-la-muralla\/","og_site_name":"Cl\u00ednica Plaza Santo Domingo","article_modified_time":"2021-05-20T13:52:20+00:00","og_image":[{"width":1000,"height":667,"url":"https:\/\/riberasalud.com\/polusa\/clinicas-santo-domingo\/wp-content\/uploads\/2021\/05\/IMG_6599.jpg","type":"image\/jpeg"}],"twitter_card":"summary_large_image","twitter_misc":{"Tiempo de lectura":"1 minuto"},"schema":{"@context":"https:\/\/schema.org","@graph":[{"@type":"WebPage","@id":"https:\/\/riberasalud.com\/polusa\/clinicas-santo-domingo\/clinica-ronda-de-la-muralla\/","url":"https:\/\/riberasalud.com\/polusa\/clinicas-santo-domingo\/clinica-ronda-de-la-muralla\/","name":"Cl\u00ednica Ronda de la Muralla | Cl\u00ednica Plaza Santo Domingo","isPartOf":{"@id":"https:\/\/riberasalud.com\/polusa\/clinicas-santo-domingo\/#website"},"primaryImageOfPage":{"@id":"https:\/\/riberasalud.com\/polusa\/clinicas-santo-domingo\/clinica-ronda-de-la-muralla\/#primaryimage"},"image":{"@id":"https:\/\/riberasalud.com\/polusa\/clinicas-santo-domingo\/clinica-ronda-de-la-muralla\/#primaryimage"},"thumbnailUrl":"https:\/\/riberasalud.com\/polusa\/clinicas-santo-domingo\/wp-content\/uploads\/2021\/05\/IMG_6599.jpg","datePublished":"2021-05-14T06:06:21+00:00","dateModified":"2021-05-20T13:52:20+00:00","breadcrumb":{"@id":"https:\/\/riberasalud.com\/polusa\/clinicas-santo-domingo\/clinica-ronda-de-la-muralla\/#breadcrumb"},"inLanguage":"es","potentialAction":[{"@type":"ReadAction","target":["https:\/\/riberasalud.com\/polusa\/clinicas-santo-domingo\/clinica-ronda-de-la-muralla\/"]}]},{"@type":"ImageObject","inLanguage":"es","@id":"https:\/\/riberasalud.com\/polusa\/clinicas-santo-domingo\/clinica-ronda-de-la-muralla\/#primaryimage","url":"https:\/\/riberasalud.com\/polusa\/clinicas-santo-domingo\/wp-content\/uploads\/2021\/05\/IMG_6599.jpg","contentUrl":"https:\/\/riberasalud.com\/polusa\/clinicas-santo-domingo\/wp-content\/uploads\/2021\/05\/IMG_6599.jpg","width":1000,"height":667,"caption":"equipo"},{"@type":"BreadcrumbList","@id":"https:\/\/riberasalud.com\/polusa\/clinicas-santo-domingo\/clinica-ronda-de-la-muralla\/#breadcrumb","itemListElement":[{"@type":"ListItem","position":1,"name":"Portada","item":"https:\/\/riberasalud.com\/polusa\/clinicas-santo-domingo\/"},{"@type":"ListItem","position":2,"name":"Cl\u00ednica Ronda de la Muralla"}]},{"@type":"WebSite","@id":"https:\/\/riberasalud.com\/polusa\/clinicas-santo-domingo\/#website","url":"https:\/\/riberasalud.com\/polusa\/clinicas-santo-domingo\/","name":"Cl\u00ednica Plaza Santo Domingo","description":"","publisher":{"@id":"https:\/\/riberasalud.com\/polusa\/clinicas-santo-domingo\/#organization"},"potentialAction":[{"@type":"SearchAction","target":{"@type":"EntryPoint","urlTemplate":"https:\/\/riberasalud.com\/polusa\/clinicas-santo-domingo\/?s={search_term_string}"},"query-input":{"@type":"PropertyValueSpecification","valueRequired":true,"valueName":"search_term_string"}}],"inLanguage":"es"},{"@type":"Organization","@id":"https:\/\/riberasalud.com\/polusa\/clinicas-santo-domingo\/#organization","name":"Cl\u00ednica Plaza Santo Domingo","url":"https:\/\/riberasalud.com\/polusa\/clinicas-santo-domingo\/","logo":{"@type":"ImageObject","inLanguage":"es","@id":"https:\/\/riberasalud.com\/polusa\/clinicas-santo-domingo\/#\/schema\/logo\/image\/","url":"https:\/\/riberasalud.com\/polusa\/clinicas-santo-domingo\/wp-content\/uploads\/2021\/05\/cropped-LogoRibera-Red-ClinicaPolusa-SantoDomingo.png","contentUrl":"https:\/\/riberasalud.com\/polusa\/clinicas-santo-domingo\/wp-content\/uploads\/2021\/05\/cropped-LogoRibera-Red-ClinicaPolusa-SantoDomingo.png","width":2377,"height":497,"caption":"Cl\u00ednica Plaza Santo Domingo"},"image":{"@id":"https:\/\/riberasalud.com\/polusa\/clinicas-santo-domingo\/#\/schema\/logo\/image\/"}}]}},"uagb_featured_image_src":{"full":false,"thumbnail":false,"medium":false,"medium_large":false,"large":false,"1536x1536":false,"2048x2048":false},"uagb_author_info":{"display_name":"jorge@quois.com","author_link":"https:\/\/riberasalud.com\/polusa\/clinicas-santo-domingo\/author\/jorgequois-com\/"},"uagb_comment_info":0,"uagb_excerpt":"Cl\u00ednica Ronda de la Muralla ESTRUCTURA ASISTENCIAL Y RECURSOS Sobre una superficie de 400 metros cuadrados presentamos unas modernas instalaciones dedicadas a: Gabinete Est\u00e9tico con un equipo que abarca la Cirug\u00eda Pl\u00e1stica, La Medicina Est\u00e9tica, la Nutrici\u00f3n y Diet\u00e9tica y modernos equipos de depilaci\u00f3n l\u00e1ser. Traumatolog\u00eda Deportiva: Consulta de traumatolog\u00eda gestionada por el prestigioso equipo&hellip;","_links":{"self":[{"href":"https:\/\/riberasalud.com\/polusa\/clinicas-santo-domingo\/wp-json\/wp\/v2\/pages\/402","targetHints":{"allow":["GET"]}}],"collection":[{"href":"https:\/\/riberasalud.com\/polusa\/clinicas-santo-domingo\/wp-json\/wp\/v2\/pages"}],"about":[{"href":"https:\/\/riberasalud.com\/polusa\/clinicas-santo-domingo\/wp-json\/wp\/v2\/types\/page"}],"author":[{"embeddable":true,"href":"https:\/\/riberasalud.com\/polusa\/clinicas-santo-domingo\/wp-json\/wp\/v2\/users\/1"}],"replies":[{"embeddable":true,"href":"https:\/\/riberasalud.com\/polusa\/clinicas-santo-domingo\/wp-json\/wp\/v2\/comments?post=402"}],"version-history":[{"count":5,"href":"https:\/\/riberasalud.com\/polusa\/clinicas-santo-domingo\/wp-json\/wp\/v2\/pages\/402\/revisions"}],"predecessor-version":[{"id":827,"href":"https:\/\/riberasalud.com\/polusa\/clinicas-santo-domingo\/wp-json\/wp\/v2\/pages\/402\/revisions\/827"}],"wp:attachment":[{"href":"https:\/\/riberasalud.com\/polusa\/clinicas-santo-domingo\/wp-json\/wp\/v2\/media?parent=402"}],"curies":[{"name":"wp","href":"https:\/\/api.w.org\/{rel}","templated":true}]}}