{"id":269,"date":"2021-05-13T13:57:41","date_gmt":"2021-05-13T13:57:41","guid":{"rendered":"https:\/\/riberasalud.com\/polusa\/clinicas-santo-domingo\/?page_id=269"},"modified":"2021-05-13T17:00:31","modified_gmt":"2021-05-13T17:00:31","slug":"podoactiva","status":"publish","type":"page","link":"https:\/\/riberasalud.com\/polusa\/clinicas-santo-domingo\/podoactiva\/","title":{"rendered":"Podoactiva"},"content":{"rendered":"<div id=\"gutenslider-0war5bs46\" class=\"wp-block-eedee-block-gutenslider content-change alignnone arrow-style-1 arrow-position-sides arrow-mb-none arrows-lg-none arrows-md-none arrows-sm-none dot-style-1 dots-lg-none dots-md-none dots-sm-none dot-position-bottom is-position-center-center mb-none\" style=\"--gutenslider-min-height: 50vh;--gutenslider-arrow-size: 30px;--gutenslider-dot-size: 25px;--gutenslider-arrow-color: #ffffff;--gutenslider-dot-color: #ffffff;--gutenslider-padding-y-mobile: 40px;--gutenslider-padding-x-mobile: 40px;--gutenslider-padding-y-tablet: 40px;--gutenslider-padding-x-tablet: 40px;--gutenslider-padding-y-desktop: 40px;--gutenslider-padding-x-desktop: 40px;--gutenslider-bg-image: url();--gutenslider-min-height-md: 50vh;--gutenslider-min-height-sm: 50vh;--gutenslider-padding-x: 40px;--gutenslider-padding-x-md: 40px;--gutenslider-padding-x-sm: 20px;--gutenslider-padding-y: 40px;--gutenslider-padding-y-md: 40px;--gutenslider-padding-y-sm: 20px;--gutenslider-arrow-size-md: 30px;--gutenslider-arrow-size-sm: 30px;--gutenslider-dot-size-md: 25px;--gutenslider-dot-size-sm: 25px;--gutenslider-arrow-bg-color: transparent;--gutenslider-arrow-hover-color: #eeeeee;--gutenslider-arrow-bg-hover-color: transparent;--gutenslider-arrow-x-offset: 10px;--gutenslider-arrow-x-offset-md: 10px;--gutenslider-arrow-x-offset-sm: 10px;--gutenslider-arrow-y-offset: 0px;--gutenslider-arrow-y-offset-md: 0px;--gutenslider-arrow-y-offset-sm: 0px;--gutenslider-arrow-x-spacing: 0px;--gutenslider-dot-y-offset: 10px;--gutenslider-dot-y-offset-md: 10px;--gutenslider-dot-y-offset-sm: 10px;--gutenslider-margin-x: 0px;--gutenslider-margin-x-md: 0px;--gutenslider-margin-x-sm: 0px;--gutenslider-margin-y: 0px;--gutenslider-margin-y-md: 0px;--gutenslider-margin-y-sm: 0px;\" data-parallax-direction=\"down\" data-parallax-amount=\"1.3\"><div class=\"eedee-swiper-outer\"><div class=\"swiper-container\" data-settings='{\"autoplay\":false,\"speed\":700,\"direction\":\"horizontal\",\"autoHeight\":false,\"loop\":false,\"centeredSlides\":true,\"spaceBetween\":0,\"slidesPerView\":1,\"slidesPerGroup\":1,\"effect\":\"slide\",\"coverflowEffect\":{\"rotate\":30,\"slideShadows\":false,\"depth\":100,\"stretch\":50,\"modifier\":1},\"fadeEffect\":{\"crossFade\":true},\"zoom\":false,\"navigation\":{\"nextEl\":\"#gutenslider-0war5bs46 .eedee-gutenslider-next\",\"prevEl\":\"#gutenslider-0war5bs46 .eedee-gutenslider-prev\"},\"pagination\":{\"type\":\"bullets\",\"clickable\":true,\"dynamicBullets\":false,\"el\":\"#gutenslider-0war5bs46 .eedee-gutenslider-pagination\"},\"pauseOnHover\":true,\"watchSlidesProgress\":true,\"watchSlidesVisibility\":true,\"settingsMd\":{\"autoHeight\":false,\"slidesPerView\":1,\"slidesPerGroup\":1,\"spaceBetween\":0},\"settingsLg\":{\"autoHeight\":false,\"slidesPerView\":1,\"slidesPerGroup\":1,\"spaceBetween\":0}}'><div class=\"swiper-wrapper\">\n<div class=\"swiper-slide wp-block-eedee-block-gutenslide is-position-center-center\" style=\"\"><div class=\"eedee-background-div\"><img loading=\"lazy\" decoding=\"async\" width=\"1921\" height=\"599\" class=\"swiper-lazy wp-image-374\" src=\"https:\/\/riberasalud.com\/polusa\/clinicas-santo-domingo\/wp-content\/uploads\/2021\/05\/Home_podoactiva.jpg\" alt=\"\" style=\"object-fit: cover; object-position: 50% 50%;\" srcset=\"https:\/\/riberasalud.com\/polusa\/clinicas-santo-domingo\/wp-content\/uploads\/2021\/05\/Home_podoactiva.jpg 1921w, https:\/\/riberasalud.com\/polusa\/clinicas-santo-domingo\/wp-content\/uploads\/2021\/05\/Home_podoactiva-300x94.jpg 300w, https:\/\/riberasalud.com\/polusa\/clinicas-santo-domingo\/wp-content\/uploads\/2021\/05\/Home_podoactiva-1024x319.jpg 1024w, https:\/\/riberasalud.com\/polusa\/clinicas-santo-domingo\/wp-content\/uploads\/2021\/05\/Home_podoactiva-768x239.jpg 768w, https:\/\/riberasalud.com\/polusa\/clinicas-santo-domingo\/wp-content\/uploads\/2021\/05\/Home_podoactiva-1536x479.jpg 1536w\" sizes=\"auto, (max-width: 1921px) 100vw, 1921px\" \/><div class=\"eedee-background-div__overlay\" style=\"opacity:1;\"><\/div><\/div><div class=\"slide-content\">\n\n<h1 class=\"wp-block-heading\">Podoactiva<\/h1>\n\n<\/div><\/div>\n\n\n<div class=\"wp-block-group is-layout-flow wp-block-group-is-layout-flow\"><div class=\"wp-block-group__inner-container\"><\/div><\/div>\n\n<\/div><\/div><button class=\"eedee-gutenslider-nav eedee-gutenslider-prev\"><svg xmlns=\"http:\/\/www.w3.org\/2000\/svg\" viewBox=\"0 0 24 24\" width=\"24\" height=\"24\"><circle class=\"bg\" cx=\"13\" cy=\"12\" r=\"11\" \/><path fill=\"none\" d=\"M0 0h24v24H0z\"\/><path class=\"arrow\" d=\"M10.828 12l4.95 4.95-1.414 1.414L8 12l6.364-6.364 1.414 1.414z\"\/><\/svg><\/button><button class=\"eedee-gutenslider-nav eedee-gutenslider-next\"><svg xmlns=\"http:\/\/www.w3.org\/2000\/svg\" viewBox=\"0 0 24 24\" width=\"24\" height=\"24\"><circle class=\"bg\" cx=\"11\" cy=\"12\" r=\"11\" \/><path fill=\"none\" d=\"M0 0h24v24H0z\"\/><path class=\"arrow\" d=\"M13.172 12l-4.95-4.95 1.414-1.414L16 12l-6.364 6.364-1.414-1.414z\"\/><\/svg><\/button><div class=\"eedee-gutenslider-pagination\"><\/div><\/div><\/div>\n\n\n<div class=\"wp-block-group\"><div class=\"wp-block-group__inner-container is-layout-flow wp-block-group-is-layout-flow\">\n<div class=\"wp-block-columns is-layout-flex wp-container-core-columns-is-layout-9d6595d7 wp-block-columns-is-layout-flex\">\n<div class=\"wp-block-column is-layout-flow wp-block-column-is-layout-flow\">\n<p>La Cl\u00ednica Plaza Santo Domingo en alianza con Podoactiva dispone de una Unidad especializada en el dise\u00f1o y fabricaci\u00f3n de plantillas personalizadas para corregir los problemas de la marcha en los entornos m\u00e1s exigentes.<br><br><strong>Innovaci\u00f3n<\/strong><br>La innovaci\u00f3n tecnol\u00f3gica nos permite realizar estudios en plataformas de fuerzas y presiones combinada con la filmaci\u00f3n de alta velocidad y escanear el pie en 3D. Podoactiva cuenta con la patente mundial del 3D Scan Sport Podoactiva que en lugar de utilizar moldes de yeso o la captura de la pisada deformada sobre un cristal, con el 3D Scan Sport Podoactiva se obtiene un molde virtual pisando sobre una membrana.<br><br><strong>Caracter\u00edsticas de las plantillas personalizadas<\/strong><br>&#8211; Se hacen con material exclusivo.<br>&#8211; Tienen menor espesor (mejoran el confort).<br>&#8211; Dan una mejor respuesta din\u00e1mica (amortiguaci\u00f3n \u00f3ptima).<br>&#8211; Mejoran la transpiraci\u00f3n.<br>&#8211; Duran m\u00e1s.<br>&#8211; Son m\u00e1s ligeras.<br>&#8211; Tienen mayor memoria el\u00e1stica.<br>&#8211; En menos de 24h hacemos una r\u00e9plica de tu molde virtual para que tengas un segundo par de inmediato.<br>&#8211; Hacemos plantillas espec\u00edficas para cada deporte: futbol, baloncesto, running, ciclismo, ski\u2026etc.<br><br>Su efecto permite disminuir la tensi\u00f3n generada en la fascia plantar y por consiguiente reducir tambi\u00e9n la tensi\u00f3n muscular en el resto de musculatura posterior de la pierna Adem\u00e1s aumenta la estabilidad en la rodilla al disminuir la oscilaci\u00f3n lateral generada en el pie.<br><br><strong>Tratamiento para todos<\/strong><br>Los tratamientos est\u00e1n dirigidos a todo tipo de pacientes: pedi\u00e1tricos, adultos, deportistas profesionales y aficionados.<br>Los dirigidos a personas no vinculadas al mundo del deporte incluyen un estudio de su pisada, el dise\u00f1o de su plantilla y las revisiones necesarias durante un a\u00f1o que garanticen la resoluci\u00f3n de su problema.<br><br><strong>Biomec\u00e1nica en el deporte de \u00e9lite<\/strong><br>Si bien la atenci\u00f3n a la pisada est\u00e1 indicada para toda la poblaci\u00f3n en aras a evitar lesiones musculares y articulares, es cierto que entre los deportistas de \u00e9lite \u00e9sta cobra especial relevancia por la mayor facilidad con la que la lesi\u00f3n puede llegar y por la necesidad de optimizar su rendimiento en competici\u00f3n.<br><br>M\u00e1s de 1.000 deportistas de \u00e9lite utilizan las plantillas PODOACTIVA. Entre ellos, los miembros de la Selecci\u00f3n Nacional de F\u00fatbol o los clubs de f\u00fatbol CSKA Mosc\u00fa, Atl\u00e9tico de Madrid, Atl\u00e9tico de Bilbao, Real Zaragoza o los Servicios M\u00e9dicos Sanitas-Real Madrid<\/p>\n<\/div>\n<\/div>\n<\/div><\/div>\n","protected":false},"excerpt":{"rendered":"<p>La Cl\u00ednica Plaza Santo Domingo en alianza con Podoactiva dispone de una Unidad especializada en el dise\u00f1o y fabricaci\u00f3n de plantillas personalizadas para corregir los problemas de la marcha en los entornos m\u00e1s exigentes. Innovaci\u00f3nLa innovaci\u00f3n tecnol\u00f3gica nos permite realizar estudios en plataformas de fuerzas y presiones combinada con la filmaci\u00f3n de alta velocidad y &#8230; <a title=\"Podoactiva\" class=\"read-more\" href=\"https:\/\/riberasalud.com\/polusa\/clinicas-santo-domingo\/podoactiva\/\" aria-label=\"M\u00e1s en Podoactiva\">Leer m\u00e1s<\/a><\/p>\n","protected":false},"author":1,"featured_media":0,"parent":0,"menu_order":0,"comment_status":"closed","ping_status":"closed","template":"","meta":{"_editorskit_title_hidden":false,"_editorskit_reading_time":0,"_coblocks_attr":"","_coblocks_dimensions":"","_coblocks_responsive_height":"","_coblocks_accordion_ie_support":"","_generate-full-width-content":"true","_mi_skip_tracking":false,"footnotes":""},"class_list":["post-269","page","type-page","status-publish"],"featured_image_urls":{"full":"","thumbnail":"","medium":"","medium_large":"","large":"","1536x1536":"","2048x2048":""},"post_excerpt_stackable":"<p>Podoactiva La Cl\u00ednica Plaza Santo Domingo en alianza con Podoactiva dispone de una Unidad especializada en el dise\u00f1o y fabricaci\u00f3n de plantillas personalizadas para corregir los problemas de la marcha en los entornos m\u00e1s exigentes.Innovaci\u00f3nLa innovaci\u00f3n tecnol\u00f3gica nos permite realizar estudios en plataformas de fuerzas y presiones combinada con la filmaci\u00f3n de alta velocidad y escanear el pie en 3D. Podoactiva cuenta con la patente mundial del 3D Scan Sport Podoactiva que en lugar de utilizar moldes de yeso o la captura de la pisada deformada sobre un cristal, con el 3D Scan Sport Podoactiva se obtiene un molde virtual&hellip;<\/p>\n","category_list":"","author_info":{"name":"jorge@quois.com","url":"https:\/\/riberasalud.com\/polusa\/clinicas-santo-domingo\/author\/jorgequois-com\/"},"comments_num":"0 comentarios","featured_image_urls_v2":{"full":"","thumbnail":"","medium":"","medium_large":"","large":"","1536x1536":"","2048x2048":""},"post_excerpt_stackable_v2":"<p>Podoactiva La Cl\u00ednica Plaza Santo Domingo en alianza con Podoactiva dispone de una Unidad especializada en el dise\u00f1o y fabricaci\u00f3n de plantillas personalizadas para corregir los problemas de la marcha en los entornos m\u00e1s exigentes.Innovaci\u00f3nLa innovaci\u00f3n tecnol\u00f3gica nos permite realizar estudios en plataformas de fuerzas y presiones combinada con la filmaci\u00f3n de alta velocidad y escanear el pie en 3D. Podoactiva cuenta con la patente mundial del 3D Scan Sport Podoactiva que en lugar de utilizar moldes de yeso o la captura de la pisada deformada sobre un cristal, con el 3D Scan Sport Podoactiva se obtiene un molde virtual&hellip;<\/p>\n","category_list_v2":"","author_info_v2":{"name":"jorge@quois.com","url":"https:\/\/riberasalud.com\/polusa\/clinicas-santo-domingo\/author\/jorgequois-com\/"},"comments_num_v2":"0 comentarios","yoast_head":"<!-- This site is optimized with the Yoast SEO plugin v26.9 - https:\/\/yoast.com\/product\/yoast-seo-wordpress\/ -->\n<title>Podoactiva | Cl\u00ednica Plaza Santo Domingo<\/title>\n<meta name=\"robots\" content=\"index, follow, max-snippet:-1, max-image-preview:large, max-video-preview:-1\" \/>\n<link rel=\"canonical\" href=\"https:\/\/riberasalud.com\/polusa\/clinicas-santo-domingo\/podoactiva\/\" \/>\n<meta property=\"og:locale\" content=\"es_ES\" \/>\n<meta property=\"og:type\" content=\"article\" \/>\n<meta property=\"og:title\" content=\"Podoactiva | Cl\u00ednica Plaza Santo Domingo\" \/>\n<meta property=\"og:description\" content=\"La Cl\u00ednica Plaza Santo Domingo en alianza con Podoactiva dispone de una Unidad especializada en el dise\u00f1o y fabricaci\u00f3n de plantillas personalizadas para corregir los problemas de la marcha en los entornos m\u00e1s exigentes. Innovaci\u00f3nLa innovaci\u00f3n tecnol\u00f3gica nos permite realizar estudios en plataformas de fuerzas y presiones combinada con la filmaci\u00f3n de alta velocidad y ... Leer m\u00e1s\" \/>\n<meta property=\"og:url\" content=\"https:\/\/riberasalud.com\/polusa\/clinicas-santo-domingo\/podoactiva\/\" \/>\n<meta property=\"og:site_name\" content=\"Cl\u00ednica Plaza Santo Domingo\" \/>\n<meta property=\"article:modified_time\" content=\"2021-05-13T17:00:31+00:00\" \/>\n<meta name=\"twitter:card\" content=\"summary_large_image\" \/>\n<meta name=\"twitter:label1\" content=\"Tiempo de lectura\" \/>\n\t<meta name=\"twitter:data1\" content=\"2 minutos\" \/>\n<script type=\"application\/ld+json\" class=\"yoast-schema-graph\">{\"@context\":\"https:\/\/schema.org\",\"@graph\":[{\"@type\":\"WebPage\",\"@id\":\"https:\/\/riberasalud.com\/polusa\/clinicas-santo-domingo\/podoactiva\/\",\"url\":\"https:\/\/riberasalud.com\/polusa\/clinicas-santo-domingo\/podoactiva\/\",\"name\":\"Podoactiva | Cl\u00ednica Plaza Santo Domingo\",\"isPartOf\":{\"@id\":\"https:\/\/riberasalud.com\/polusa\/clinicas-santo-domingo\/#website\"},\"datePublished\":\"2021-05-13T13:57:41+00:00\",\"dateModified\":\"2021-05-13T17:00:31+00:00\",\"breadcrumb\":{\"@id\":\"https:\/\/riberasalud.com\/polusa\/clinicas-santo-domingo\/podoactiva\/#breadcrumb\"},\"inLanguage\":\"es\",\"potentialAction\":[{\"@type\":\"ReadAction\",\"target\":[\"https:\/\/riberasalud.com\/polusa\/clinicas-santo-domingo\/podoactiva\/\"]}]},{\"@type\":\"BreadcrumbList\",\"@id\":\"https:\/\/riberasalud.com\/polusa\/clinicas-santo-domingo\/podoactiva\/#breadcrumb\",\"itemListElement\":[{\"@type\":\"ListItem\",\"position\":1,\"name\":\"Portada\",\"item\":\"https:\/\/riberasalud.com\/polusa\/clinicas-santo-domingo\/\"},{\"@type\":\"ListItem\",\"position\":2,\"name\":\"Podoactiva\"}]},{\"@type\":\"WebSite\",\"@id\":\"https:\/\/riberasalud.com\/polusa\/clinicas-santo-domingo\/#website\",\"url\":\"https:\/\/riberasalud.com\/polusa\/clinicas-santo-domingo\/\",\"name\":\"Cl\u00ednica Plaza Santo Domingo\",\"description\":\"\",\"publisher\":{\"@id\":\"https:\/\/riberasalud.com\/polusa\/clinicas-santo-domingo\/#organization\"},\"potentialAction\":[{\"@type\":\"SearchAction\",\"target\":{\"@type\":\"EntryPoint\",\"urlTemplate\":\"https:\/\/riberasalud.com\/polusa\/clinicas-santo-domingo\/?s={search_term_string}\"},\"query-input\":{\"@type\":\"PropertyValueSpecification\",\"valueRequired\":true,\"valueName\":\"search_term_string\"}}],\"inLanguage\":\"es\"},{\"@type\":\"Organization\",\"@id\":\"https:\/\/riberasalud.com\/polusa\/clinicas-santo-domingo\/#organization\",\"name\":\"Cl\u00ednica Plaza Santo Domingo\",\"url\":\"https:\/\/riberasalud.com\/polusa\/clinicas-santo-domingo\/\",\"logo\":{\"@type\":\"ImageObject\",\"inLanguage\":\"es\",\"@id\":\"https:\/\/riberasalud.com\/polusa\/clinicas-santo-domingo\/#\/schema\/logo\/image\/\",\"url\":\"https:\/\/riberasalud.com\/polusa\/clinicas-santo-domingo\/wp-content\/uploads\/2021\/05\/cropped-LogoRibera-Red-ClinicaPolusa-SantoDomingo.png\",\"contentUrl\":\"https:\/\/riberasalud.com\/polusa\/clinicas-santo-domingo\/wp-content\/uploads\/2021\/05\/cropped-LogoRibera-Red-ClinicaPolusa-SantoDomingo.png\",\"width\":2377,\"height\":497,\"caption\":\"Cl\u00ednica Plaza Santo Domingo\"},\"image\":{\"@id\":\"https:\/\/riberasalud.com\/polusa\/clinicas-santo-domingo\/#\/schema\/logo\/image\/\"}}]}<\/script>\n<!-- \/ Yoast SEO plugin. -->","yoast_head_json":{"title":"Podoactiva | Cl\u00ednica Plaza Santo Domingo","robots":{"index":"index","follow":"follow","max-snippet":"max-snippet:-1","max-image-preview":"max-image-preview:large","max-video-preview":"max-video-preview:-1"},"canonical":"https:\/\/riberasalud.com\/polusa\/clinicas-santo-domingo\/podoactiva\/","og_locale":"es_ES","og_type":"article","og_title":"Podoactiva | Cl\u00ednica Plaza Santo Domingo","og_description":"La Cl\u00ednica Plaza Santo Domingo en alianza con Podoactiva dispone de una Unidad especializada en el dise\u00f1o y fabricaci\u00f3n de plantillas personalizadas para corregir los problemas de la marcha en los entornos m\u00e1s exigentes. Innovaci\u00f3nLa innovaci\u00f3n tecnol\u00f3gica nos permite realizar estudios en plataformas de fuerzas y presiones combinada con la filmaci\u00f3n de alta velocidad y ... Leer m\u00e1s","og_url":"https:\/\/riberasalud.com\/polusa\/clinicas-santo-domingo\/podoactiva\/","og_site_name":"Cl\u00ednica Plaza Santo Domingo","article_modified_time":"2021-05-13T17:00:31+00:00","twitter_card":"summary_large_image","twitter_misc":{"Tiempo de lectura":"2 minutos"},"schema":{"@context":"https:\/\/schema.org","@graph":[{"@type":"WebPage","@id":"https:\/\/riberasalud.com\/polusa\/clinicas-santo-domingo\/podoactiva\/","url":"https:\/\/riberasalud.com\/polusa\/clinicas-santo-domingo\/podoactiva\/","name":"Podoactiva | Cl\u00ednica Plaza Santo Domingo","isPartOf":{"@id":"https:\/\/riberasalud.com\/polusa\/clinicas-santo-domingo\/#website"},"datePublished":"2021-05-13T13:57:41+00:00","dateModified":"2021-05-13T17:00:31+00:00","breadcrumb":{"@id":"https:\/\/riberasalud.com\/polusa\/clinicas-santo-domingo\/podoactiva\/#breadcrumb"},"inLanguage":"es","potentialAction":[{"@type":"ReadAction","target":["https:\/\/riberasalud.com\/polusa\/clinicas-santo-domingo\/podoactiva\/"]}]},{"@type":"BreadcrumbList","@id":"https:\/\/riberasalud.com\/polusa\/clinicas-santo-domingo\/podoactiva\/#breadcrumb","itemListElement":[{"@type":"ListItem","position":1,"name":"Portada","item":"https:\/\/riberasalud.com\/polusa\/clinicas-santo-domingo\/"},{"@type":"ListItem","position":2,"name":"Podoactiva"}]},{"@type":"WebSite","@id":"https:\/\/riberasalud.com\/polusa\/clinicas-santo-domingo\/#website","url":"https:\/\/riberasalud.com\/polusa\/clinicas-santo-domingo\/","name":"Cl\u00ednica Plaza Santo Domingo","description":"","publisher":{"@id":"https:\/\/riberasalud.com\/polusa\/clinicas-santo-domingo\/#organization"},"potentialAction":[{"@type":"SearchAction","target":{"@type":"EntryPoint","urlTemplate":"https:\/\/riberasalud.com\/polusa\/clinicas-santo-domingo\/?s={search_term_string}"},"query-input":{"@type":"PropertyValueSpecification","valueRequired":true,"valueName":"search_term_string"}}],"inLanguage":"es"},{"@type":"Organization","@id":"https:\/\/riberasalud.com\/polusa\/clinicas-santo-domingo\/#organization","name":"Cl\u00ednica Plaza Santo Domingo","url":"https:\/\/riberasalud.com\/polusa\/clinicas-santo-domingo\/","logo":{"@type":"ImageObject","inLanguage":"es","@id":"https:\/\/riberasalud.com\/polusa\/clinicas-santo-domingo\/#\/schema\/logo\/image\/","url":"https:\/\/riberasalud.com\/polusa\/clinicas-santo-domingo\/wp-content\/uploads\/2021\/05\/cropped-LogoRibera-Red-ClinicaPolusa-SantoDomingo.png","contentUrl":"https:\/\/riberasalud.com\/polusa\/clinicas-santo-domingo\/wp-content\/uploads\/2021\/05\/cropped-LogoRibera-Red-ClinicaPolusa-SantoDomingo.png","width":2377,"height":497,"caption":"Cl\u00ednica Plaza Santo Domingo"},"image":{"@id":"https:\/\/riberasalud.com\/polusa\/clinicas-santo-domingo\/#\/schema\/logo\/image\/"}}]}},"uagb_featured_image_src":{"full":false,"thumbnail":false,"medium":false,"medium_large":false,"large":false,"1536x1536":false,"2048x2048":false},"uagb_author_info":{"display_name":"jorge@quois.com","author_link":"https:\/\/riberasalud.com\/polusa\/clinicas-santo-domingo\/author\/jorgequois-com\/"},"uagb_comment_info":0,"uagb_excerpt":"La Cl\u00ednica Plaza Santo Domingo en alianza con Podoactiva dispone de una Unidad especializada en el dise\u00f1o y fabricaci\u00f3n de plantillas personalizadas para corregir los problemas de la marcha en los entornos m\u00e1s exigentes. Innovaci\u00f3nLa innovaci\u00f3n tecnol\u00f3gica nos permite realizar estudios en plataformas de fuerzas y presiones combinada con la filmaci\u00f3n de alta velocidad y&hellip;","_links":{"self":[{"href":"https:\/\/riberasalud.com\/polusa\/clinicas-santo-domingo\/wp-json\/wp\/v2\/pages\/269","targetHints":{"allow":["GET"]}}],"collection":[{"href":"https:\/\/riberasalud.com\/polusa\/clinicas-santo-domingo\/wp-json\/wp\/v2\/pages"}],"about":[{"href":"https:\/\/riberasalud.com\/polusa\/clinicas-santo-domingo\/wp-json\/wp\/v2\/types\/page"}],"author":[{"embeddable":true,"href":"https:\/\/riberasalud.com\/polusa\/clinicas-santo-domingo\/wp-json\/wp\/v2\/users\/1"}],"replies":[{"embeddable":true,"href":"https:\/\/riberasalud.com\/polusa\/clinicas-santo-domingo\/wp-json\/wp\/v2\/comments?post=269"}],"version-history":[{"count":4,"href":"https:\/\/riberasalud.com\/polusa\/clinicas-santo-domingo\/wp-json\/wp\/v2\/pages\/269\/revisions"}],"predecessor-version":[{"id":375,"href":"https:\/\/riberasalud.com\/polusa\/clinicas-santo-domingo\/wp-json\/wp\/v2\/pages\/269\/revisions\/375"}],"wp:attachment":[{"href":"https:\/\/riberasalud.com\/polusa\/clinicas-santo-domingo\/wp-json\/wp\/v2\/media?parent=269"}],"curies":[{"name":"wp","href":"https:\/\/api.w.org\/{rel}","templated":true}]}}