{"id":168,"date":"2021-05-13T07:29:48","date_gmt":"2021-05-13T07:29:48","guid":{"rendered":"https:\/\/riberasalud.com\/polusa\/clinicas-santo-domingo\/?page_id=168"},"modified":"2021-08-18T08:47:54","modified_gmt":"2021-08-18T08:47:54","slug":"podologia","status":"publish","type":"page","link":"https:\/\/riberasalud.com\/polusa\/clinicas-santo-domingo\/podologia\/","title":{"rendered":"Podolog\u00eda"},"content":{"rendered":"<div id=\"gutenslider-15x1w632r\" class=\"wp-block-eedee-block-gutenslider content-change alignnone arrow-style-1 arrow-position-sides arrow-mb-none arrows-lg-none arrows-md-none arrows-sm-none dot-style-1 dots-lg-none dots-md-none dots-sm-none dot-position-bottom is-position-center-center mb-none\" style=\"--gutenslider-min-height: 50vh;--gutenslider-arrow-size: 30px;--gutenslider-dot-size: 25px;--gutenslider-arrow-color: #ffffff;--gutenslider-dot-color: #ffffff;--gutenslider-padding-y-mobile: 40px;--gutenslider-padding-x-mobile: 40px;--gutenslider-padding-y-tablet: 40px;--gutenslider-padding-x-tablet: 40px;--gutenslider-padding-y-desktop: 40px;--gutenslider-padding-x-desktop: 40px;--gutenslider-bg-image: url();--gutenslider-min-height-md: 50vh;--gutenslider-min-height-sm: 50vh;--gutenslider-padding-x: 40px;--gutenslider-padding-x-md: 40px;--gutenslider-padding-x-sm: 20px;--gutenslider-padding-y: 40px;--gutenslider-padding-y-md: 40px;--gutenslider-padding-y-sm: 20px;--gutenslider-arrow-size-md: 30px;--gutenslider-arrow-size-sm: 30px;--gutenslider-dot-size-md: 25px;--gutenslider-dot-size-sm: 25px;--gutenslider-arrow-bg-color: transparent;--gutenslider-arrow-hover-color: #eeeeee;--gutenslider-arrow-bg-hover-color: transparent;--gutenslider-arrow-x-offset: 10px;--gutenslider-arrow-x-offset-md: 10px;--gutenslider-arrow-x-offset-sm: 10px;--gutenslider-arrow-y-offset: 0px;--gutenslider-arrow-y-offset-md: 0px;--gutenslider-arrow-y-offset-sm: 0px;--gutenslider-arrow-x-spacing: 0px;--gutenslider-dot-y-offset: 10px;--gutenslider-dot-y-offset-md: 10px;--gutenslider-dot-y-offset-sm: 10px;--gutenslider-margin-x: 0px;--gutenslider-margin-x-md: 0px;--gutenslider-margin-x-sm: 0px;--gutenslider-margin-y: 0px;--gutenslider-margin-y-md: 0px;--gutenslider-margin-y-sm: 0px;\" data-parallax-direction=\"down\" data-parallax-amount=\"1.3\"><div class=\"eedee-swiper-outer\"><div class=\"swiper-container\" data-settings='{\"autoplay\":false,\"speed\":700,\"direction\":\"horizontal\",\"autoHeight\":false,\"loop\":false,\"centeredSlides\":true,\"spaceBetween\":0,\"slidesPerView\":1,\"slidesPerGroup\":1,\"effect\":\"slide\",\"coverflowEffect\":{\"rotate\":30,\"slideShadows\":false,\"depth\":100,\"stretch\":50,\"modifier\":1},\"fadeEffect\":{\"crossFade\":true},\"zoom\":false,\"navigation\":{\"nextEl\":\"#gutenslider-15x1w632r .eedee-gutenslider-next\",\"prevEl\":\"#gutenslider-15x1w632r .eedee-gutenslider-prev\"},\"pagination\":{\"type\":\"bullets\",\"clickable\":true,\"dynamicBullets\":false,\"el\":\"#gutenslider-15x1w632r .eedee-gutenslider-pagination\"},\"pauseOnHover\":true,\"watchSlidesProgress\":true,\"watchSlidesVisibility\":true,\"settingsMd\":{\"autoHeight\":false,\"slidesPerView\":1,\"slidesPerGroup\":1,\"spaceBetween\":0},\"settingsLg\":{\"autoHeight\":false,\"slidesPerView\":1,\"slidesPerGroup\":1,\"spaceBetween\":0}}'><div class=\"swiper-wrapper\">\n<div class=\"swiper-slide wp-block-eedee-block-gutenslide is-position-center-center\" style=\"\"><div class=\"eedee-background-div\"><img loading=\"lazy\" decoding=\"async\" width=\"1921\" height=\"599\" class=\"swiper-lazy wp-image-357\" src=\"https:\/\/riberasalud.com\/polusa\/clinicas-santo-domingo\/wp-content\/uploads\/2021\/05\/Home_podologia-1.jpg\" alt=\"\" style=\"object-fit: cover; object-position: 50% 50%;\" srcset=\"https:\/\/riberasalud.com\/polusa\/clinicas-santo-domingo\/wp-content\/uploads\/2021\/05\/Home_podologia-1.jpg 1921w, https:\/\/riberasalud.com\/polusa\/clinicas-santo-domingo\/wp-content\/uploads\/2021\/05\/Home_podologia-1-300x94.jpg 300w, https:\/\/riberasalud.com\/polusa\/clinicas-santo-domingo\/wp-content\/uploads\/2021\/05\/Home_podologia-1-1024x319.jpg 1024w, https:\/\/riberasalud.com\/polusa\/clinicas-santo-domingo\/wp-content\/uploads\/2021\/05\/Home_podologia-1-768x239.jpg 768w, https:\/\/riberasalud.com\/polusa\/clinicas-santo-domingo\/wp-content\/uploads\/2021\/05\/Home_podologia-1-1536x479.jpg 1536w\" sizes=\"auto, (max-width: 1921px) 100vw, 1921px\" \/><div class=\"eedee-background-div__overlay\" style=\"opacity:1;\"><\/div><\/div><div class=\"slide-content\">\n\n<h1 class=\"wp-block-heading\">Podolog\u00eda<\/h1>\n\n\n\n<p><em><em>Reg. Sanitario C-27-000883 (Plaza Santo Domingo)<\/em><br><em>Reg. Sanitario C-27-001035 (Ronda de la Muralla)<\/em><\/em><\/p>\n\n<\/div><\/div>\n\n\n<div class=\"wp-block-group\"><div class=\"wp-block-group__inner-container is-layout-flow wp-block-group-is-layout-flow\"><\/div><\/div>\n\n<\/div><\/div><button class=\"eedee-gutenslider-nav eedee-gutenslider-prev\"><svg xmlns=\"http:\/\/www.w3.org\/2000\/svg\" viewBox=\"0 0 24 24\" width=\"24\" height=\"24\"><circle class=\"bg\" cx=\"13\" cy=\"12\" r=\"11\" \/><path fill=\"none\" d=\"M0 0h24v24H0z\"\/><path class=\"arrow\" d=\"M10.828 12l4.95 4.95-1.414 1.414L8 12l6.364-6.364 1.414 1.414z\"\/><\/svg><\/button><button class=\"eedee-gutenslider-nav eedee-gutenslider-next\"><svg xmlns=\"http:\/\/www.w3.org\/2000\/svg\" viewBox=\"0 0 24 24\" width=\"24\" height=\"24\"><circle class=\"bg\" cx=\"11\" cy=\"12\" r=\"11\" \/><path fill=\"none\" d=\"M0 0h24v24H0z\"\/><path class=\"arrow\" d=\"M13.172 12l-4.95-4.95 1.414-1.414L16 12l-6.364 6.364-1.414-1.414z\"\/><\/svg><\/button><div class=\"eedee-gutenslider-pagination\"><\/div><\/div><\/div>\n\n\n<div class=\"wp-block-group\"><div class=\"wp-block-group__inner-container is-layout-flow wp-block-group-is-layout-flow\">\n<div class=\"wp-block-columns alignwide is-layout-flex wp-container-core-columns-is-layout-9d6595d7 wp-block-columns-is-layout-flex\">\n<div class=\"wp-block-column is-layout-flow wp-block-column-is-layout-flow\">\n<div class=\"wp-block-uagb-info-box popmake-846 uagb-infobox__outer-wrap uagb-block-499ef947\"><div class=\"uagb-infobox__content-wrap uagb-infobox uagb-infobox-has-image uagb-infobox-icon-above-title uagb-infobox-image-valign-top uagb-infobox-enable-border-radius \"><div class=\"uagb-ifb-left-right-wrap\"><div class=\"uagb-ifb-content\"><div class=\"uagb-ifb-image-icon-content uagb-ifb-imgicon-wrap\"><div class=\"uagb-ifb-image\"><div class=\"uagb-ifb-image-content\"><img decoding=\"async\" class=\"uagb-ifb-img-src\" src=\"https:\/\/riberasalud.com\/polusa\/clinicas-santo-domingo\/wp-content\/uploads\/2021\/08\/FOTOGRAFIA-maria-jesus-perez-amor-solicita-quitar-logo.jpg\" alt=\"maria jesus perez amor\"\/><\/div><\/div><\/div><div class=\"uagb-ifb-title-wrap\"><h3 class=\"uagb-ifb-title\">M\u00aa Jes\u00fas P\u00e9rez Amor<\/h3><\/div><div class=\"uagb-ifb-text-wrap\"><p class=\"uagb-ifb-desc\">Podolog\u00eda<\/p><\/div><\/div><\/div><\/div><\/div>\n<\/div>\n<\/div>\n\n\n\n<div class=\"wp-block-columns is-layout-flex wp-container-core-columns-is-layout-9d6595d7 wp-block-columns-is-layout-flex\">\n<div class=\"wp-block-column is-layout-flow wp-block-column-is-layout-flow\">\n<p class=\"has-text-align-center\" style=\"font-size:25px\"><span style=\"color: #d11728;\" class=\"ugb-highlight\">Podolog\u00eda<\/span><\/p>\n\n\n\n<p>El pod\u00f3logo es un profesional sanitario que est\u00e1 registrado, colegiado, entrenado y formado con el objetivo de ocuparse de la salud de los pies de la poblaci\u00f3n. Por ello, diagnostica, trata, previene y educa a los pacientes acerca de las posibles afecciones y deformidades presentes en el pie tales como callosidades, patolog\u00edas de las u\u00f1as, problemas asociados a enfermedades sist\u00e9micas como pueden ser la diabetes, obesidad, problemas de carga, etc.<\/p>\n\n\n\n<p>En el pie se pueden manifestar enfermedades para las cuales un diagn\u00f3stico precoz resulta primordial como la artritis, gota, problemas circulatorios, etc.<\/p>\n\n\n\n<p>El pod\u00f3logo colabora con otros profesionales sanitarios formando parte fundamental en estos equipos multidisciplinares (traumat\u00f3logos, fisioterapeutas, endocrinos, dermat\u00f3logos, vasculares, etc.).<br><br>Cualquier defecto o mal funcionamiento del pie (26 huesos, 33 articulaciones, 107 ligamentos, 19 m\u00fasculos y sus correspondientes tendones, etc.) puede ser la causa de problemas importantes en otra parte del cuerpo (melanomas).<br><br><strong>CAMPOS DE ACTUACI\u00d3N<\/strong><\/p>\n\n\n\n<ul class=\"is-style-default wp-block-list\"><li>En quiropodolog\u00eda tratamos afecciones tanto d\u00e9rmicas como de las u\u00f1as, callosidades, verrugas, hongos, etc. Aconsejando a nuestros pacientes visitas peri\u00f3dicas a la consulta para una mejor resoluci\u00f3n y seguimiento de dichas patolog\u00edas. Contamos, adem\u00e1s, con tratamientos de parafinas para solucionar problemas de deshidrataci\u00f3n y problemas de grietas en los talones. Para no saturarlos de medicamentos usamos aceites naturales en pacientes oncol\u00f3gicos, ancianos polimedicamentados, etc.<\/li><li>Estudiamos la biomec\u00e1nica del miembro inferior. Observamos el movimiento, la posici\u00f3n y la presencia de deformidades \u00f3seas mediante t\u00e9cnicas exploratorias manuales y mediante sistemas informatizados, que nos ayudan a un diagn\u00f3stico m\u00e1s preciso.<\/li><li>Confeccionamos plantillas a medida y de manera artesanal importantes en el tratamiento de patolog\u00edas tales como espol\u00f3n calc\u00e1neo, neuroma de Morton, fascitis plantar, sobrecargas musculares por exceso de pronaci\u00f3n o supinaci\u00f3n, tendinitis aqu\u00edlea, metatarsalgias, etc.<\/li><li>En silicona hacemos \u00f3rtesis digitales aconsejadas para pacientes con deformidades \u00f3seas en dedos, como por ejemplo dedos martillo, dedos en garra, juanetes, dedos superpuestos, etc. habituales en pies reum\u00e1ticos.<\/li><li>Damos gran importancia a los pies de los ni\u00f1os, ya que si se realiza un diagn\u00f3stico y tratamiento adecuado de forma precoz, la mayor parte de problemas en los pies y la marcha en adulto, pueden solucionarse. T\u00e9cnicas de reeducaci\u00f3n ungueal como tratamientos no invasivos en casos de u\u00f1as encarnadas.<\/li><li>Si la forma de pisar es importante en cualquier paciente, todav\u00eda lo es m\u00e1s en un deportista, ya que la intensidad y el n\u00famero de pasos que realiza por minuto es mucho mayor, por lo que contamos con amplia formaci\u00f3n tanto en materiales y como en t\u00e9cnicas deportivas. Pudiendo aconsejar, por ello, la elecci\u00f3n adecuada de zapatillas o en caso de ser necesario, de las plantillas adecuadas seg\u00fan la patolog\u00eda y tipo de disciplina. Ayudando, adem\u00e1s, a solucionar los frecuentes problemas de hiperhidrosis e bromhidrosis (exceso de sudoraci\u00f3n y mal olor en calzado y pies), mediante f\u00f3rmulas magistrales de f\u00e1cil aplicaci\u00f3n.<\/li><li>Los diab\u00e9ticos forman parte importante de la poblaci\u00f3n, siendo ellos pacientes con una alta probabilidad de padecer una patolog\u00eda conocida como: Pie diab\u00e9tico cuya definici\u00f3n es la que sigue: infecci\u00f3n, ulceraci\u00f3n o destrucci\u00f3n de los tejidos profundos relacionados con alteraciones neurol\u00f3gicas y distintos grados de enfermedad vascular perif\u00e9rica en las extremidades inferiores en pacientes que no tienen bien controlada la diabetes. Esta est\u00e1 considerada por muchos como la aut\u00e9ntica epidemia del siglo XXI, por lo tanto el pod\u00f3logo es un centinela, alertando de estos posibles signos patol\u00f3gicos para que no acaben provocando las temidas amputaciones.<\/li><li>Atenci\u00f3n domiciliaria: dando cobertura a aquellos pacientes que encuentran dificultades para acercarse a la cl\u00ednica.<\/li><li>Tambi\u00e9n damos cabida a aquellos pacientes que demandan una soluci\u00f3n a un problema que les supone una p\u00e9rdida de autoestima, como puede ser el hecho de presentar u\u00f1as gruesas, con mal color, realizando para ello reconstrucciones ungueales con pol\u00edmeros de resina, porcelana o gel.<\/li><li>Tratamos u\u00f1as encarnadas mediante cirug\u00eda menor de tipo ambulatorio en la consulta, con una f\u00e1cil intervenci\u00f3n el problema se resuelve.<\/li><\/ul>\n<\/div>\n<\/div>\n<\/div><\/div>\n","protected":false},"excerpt":{"rendered":"<p>Podolog\u00eda El pod\u00f3logo es un profesional sanitario que est\u00e1 registrado, colegiado, entrenado y formado con el objetivo de ocuparse de la salud de los pies de la poblaci\u00f3n. Por ello, diagnostica, trata, previene y educa a los pacientes acerca de las posibles afecciones y deformidades presentes en el pie tales como callosidades, patolog\u00edas de las &#8230; <a title=\"Podolog\u00eda\" class=\"read-more\" href=\"https:\/\/riberasalud.com\/polusa\/clinicas-santo-domingo\/podologia\/\" aria-label=\"M\u00e1s en Podolog\u00eda\">Leer m\u00e1s<\/a><\/p>\n","protected":false},"author":1,"featured_media":0,"parent":0,"menu_order":0,"comment_status":"closed","ping_status":"closed","template":"","meta":{"_editorskit_title_hidden":false,"_editorskit_reading_time":2,"_coblocks_attr":"","_coblocks_dimensions":"","_coblocks_responsive_height":"","_coblocks_accordion_ie_support":"","_generate-full-width-content":"true","_mi_skip_tracking":false,"footnotes":""},"class_list":["post-168","page","type-page","status-publish"],"featured_image_urls":{"full":"","thumbnail":"","medium":"","medium_large":"","large":"","1536x1536":"","2048x2048":""},"post_excerpt_stackable":"<p>Podolog\u00eda Reg. Sanitario C-27-000883 (Plaza Santo Domingo)Reg. Sanitario C-27-001035 (Ronda de la Muralla) M\u00aa Jes\u00fas P\u00e9rez AmorPodolog\u00eda Podolog\u00eda El pod\u00f3logo es un profesional sanitario que est\u00e1 registrado, colegiado, entrenado y formado con el objetivo de ocuparse de la salud de los pies de la poblaci\u00f3n. Por ello, diagnostica, trata, previene y educa a los pacientes acerca de las posibles afecciones y deformidades presentes en el pie tales como callosidades, patolog\u00edas de las u\u00f1as, problemas asociados a enfermedades sist\u00e9micas como pueden ser la diabetes, obesidad, problemas de carga, etc. En el pie se pueden manifestar enfermedades para las cuales un diagn\u00f3stico&hellip;<\/p>\n","category_list":"","author_info":{"name":"jorge@quois.com","url":"https:\/\/riberasalud.com\/polusa\/clinicas-santo-domingo\/author\/jorgequois-com\/"},"comments_num":"0 comentarios","featured_image_urls_v2":{"full":"","thumbnail":"","medium":"","medium_large":"","large":"","1536x1536":"","2048x2048":""},"post_excerpt_stackable_v2":"<p>Podolog\u00eda Reg. Sanitario C-27-000883 (Plaza Santo Domingo)Reg. Sanitario C-27-001035 (Ronda de la Muralla) M\u00aa Jes\u00fas P\u00e9rez AmorPodolog\u00eda Podolog\u00eda El pod\u00f3logo es un profesional sanitario que est\u00e1 registrado, colegiado, entrenado y formado con el objetivo de ocuparse de la salud de los pies de la poblaci\u00f3n. Por ello, diagnostica, trata, previene y educa a los pacientes acerca de las posibles afecciones y deformidades presentes en el pie tales como callosidades, patolog\u00edas de las u\u00f1as, problemas asociados a enfermedades sist\u00e9micas como pueden ser la diabetes, obesidad, problemas de carga, etc. En el pie se pueden manifestar enfermedades para las cuales un diagn\u00f3stico&hellip;<\/p>\n","category_list_v2":"","author_info_v2":{"name":"jorge@quois.com","url":"https:\/\/riberasalud.com\/polusa\/clinicas-santo-domingo\/author\/jorgequois-com\/"},"comments_num_v2":"0 comentarios","yoast_head":"<!-- This site is optimized with the Yoast SEO plugin v26.9 - https:\/\/yoast.com\/product\/yoast-seo-wordpress\/ -->\n<title>Podolog\u00eda | Cl\u00ednica Plaza Santo Domingo<\/title>\n<meta name=\"robots\" content=\"index, follow, max-snippet:-1, max-image-preview:large, max-video-preview:-1\" \/>\n<link rel=\"canonical\" href=\"https:\/\/riberasalud.com\/polusa\/clinicas-santo-domingo\/podologia\/\" \/>\n<meta property=\"og:locale\" content=\"es_ES\" \/>\n<meta property=\"og:type\" content=\"article\" \/>\n<meta property=\"og:title\" content=\"Podolog\u00eda | Cl\u00ednica Plaza Santo Domingo\" \/>\n<meta property=\"og:description\" content=\"Podolog\u00eda El pod\u00f3logo es un profesional sanitario que est\u00e1 registrado, colegiado, entrenado y formado con el objetivo de ocuparse de la salud de los pies de la poblaci\u00f3n. Por ello, diagnostica, trata, previene y educa a los pacientes acerca de las posibles afecciones y deformidades presentes en el pie tales como callosidades, patolog\u00edas de las ... Leer m\u00e1s\" \/>\n<meta property=\"og:url\" content=\"https:\/\/riberasalud.com\/polusa\/clinicas-santo-domingo\/podologia\/\" \/>\n<meta property=\"og:site_name\" content=\"Cl\u00ednica Plaza Santo Domingo\" \/>\n<meta property=\"article:modified_time\" content=\"2021-08-18T08:47:54+00:00\" \/>\n<meta property=\"og:image\" content=\"https:\/\/riberasalud.com\/polusa\/clinicas-santo-domingo\/wp-content\/uploads\/2021\/08\/FOTOGRAFIA-maria-jesus-perez-amor-solicita-quitar-logo.jpg\" \/>\n<meta name=\"twitter:card\" content=\"summary_large_image\" \/>\n<meta name=\"twitter:label1\" content=\"Tiempo de lectura\" \/>\n\t<meta name=\"twitter:data1\" content=\"4 minutos\" \/>\n<script type=\"application\/ld+json\" class=\"yoast-schema-graph\">{\"@context\":\"https:\/\/schema.org\",\"@graph\":[{\"@type\":\"WebPage\",\"@id\":\"https:\/\/riberasalud.com\/polusa\/clinicas-santo-domingo\/podologia\/\",\"url\":\"https:\/\/riberasalud.com\/polusa\/clinicas-santo-domingo\/podologia\/\",\"name\":\"Podolog\u00eda | Cl\u00ednica Plaza Santo Domingo\",\"isPartOf\":{\"@id\":\"https:\/\/riberasalud.com\/polusa\/clinicas-santo-domingo\/#website\"},\"primaryImageOfPage\":{\"@id\":\"https:\/\/riberasalud.com\/polusa\/clinicas-santo-domingo\/podologia\/#primaryimage\"},\"image\":{\"@id\":\"https:\/\/riberasalud.com\/polusa\/clinicas-santo-domingo\/podologia\/#primaryimage\"},\"thumbnailUrl\":\"https:\/\/riberasalud.com\/polusa\/clinicas-santo-domingo\/wp-content\/uploads\/2021\/08\/FOTOGRAFIA-maria-jesus-perez-amor-solicita-quitar-logo.jpg\",\"datePublished\":\"2021-05-13T07:29:48+00:00\",\"dateModified\":\"2021-08-18T08:47:54+00:00\",\"breadcrumb\":{\"@id\":\"https:\/\/riberasalud.com\/polusa\/clinicas-santo-domingo\/podologia\/#breadcrumb\"},\"inLanguage\":\"es\",\"potentialAction\":[{\"@type\":\"ReadAction\",\"target\":[\"https:\/\/riberasalud.com\/polusa\/clinicas-santo-domingo\/podologia\/\"]}]},{\"@type\":\"ImageObject\",\"inLanguage\":\"es\",\"@id\":\"https:\/\/riberasalud.com\/polusa\/clinicas-santo-domingo\/podologia\/#primaryimage\",\"url\":\"https:\/\/riberasalud.com\/polusa\/clinicas-santo-domingo\/wp-content\/uploads\/2021\/08\/FOTOGRAFIA-maria-jesus-perez-amor-solicita-quitar-logo.jpg\",\"contentUrl\":\"https:\/\/riberasalud.com\/polusa\/clinicas-santo-domingo\/wp-content\/uploads\/2021\/08\/FOTOGRAFIA-maria-jesus-perez-amor-solicita-quitar-logo.jpg\",\"width\":721,\"height\":721,\"caption\":\"maria jesus perez amor\"},{\"@type\":\"BreadcrumbList\",\"@id\":\"https:\/\/riberasalud.com\/polusa\/clinicas-santo-domingo\/podologia\/#breadcrumb\",\"itemListElement\":[{\"@type\":\"ListItem\",\"position\":1,\"name\":\"Portada\",\"item\":\"https:\/\/riberasalud.com\/polusa\/clinicas-santo-domingo\/\"},{\"@type\":\"ListItem\",\"position\":2,\"name\":\"Podolog\u00eda\"}]},{\"@type\":\"WebSite\",\"@id\":\"https:\/\/riberasalud.com\/polusa\/clinicas-santo-domingo\/#website\",\"url\":\"https:\/\/riberasalud.com\/polusa\/clinicas-santo-domingo\/\",\"name\":\"Cl\u00ednica Plaza Santo Domingo\",\"description\":\"\",\"publisher\":{\"@id\":\"https:\/\/riberasalud.com\/polusa\/clinicas-santo-domingo\/#organization\"},\"potentialAction\":[{\"@type\":\"SearchAction\",\"target\":{\"@type\":\"EntryPoint\",\"urlTemplate\":\"https:\/\/riberasalud.com\/polusa\/clinicas-santo-domingo\/?s={search_term_string}\"},\"query-input\":{\"@type\":\"PropertyValueSpecification\",\"valueRequired\":true,\"valueName\":\"search_term_string\"}}],\"inLanguage\":\"es\"},{\"@type\":\"Organization\",\"@id\":\"https:\/\/riberasalud.com\/polusa\/clinicas-santo-domingo\/#organization\",\"name\":\"Cl\u00ednica Plaza Santo Domingo\",\"url\":\"https:\/\/riberasalud.com\/polusa\/clinicas-santo-domingo\/\",\"logo\":{\"@type\":\"ImageObject\",\"inLanguage\":\"es\",\"@id\":\"https:\/\/riberasalud.com\/polusa\/clinicas-santo-domingo\/#\/schema\/logo\/image\/\",\"url\":\"https:\/\/riberasalud.com\/polusa\/clinicas-santo-domingo\/wp-content\/uploads\/2021\/05\/cropped-LogoRibera-Red-ClinicaPolusa-SantoDomingo.png\",\"contentUrl\":\"https:\/\/riberasalud.com\/polusa\/clinicas-santo-domingo\/wp-content\/uploads\/2021\/05\/cropped-LogoRibera-Red-ClinicaPolusa-SantoDomingo.png\",\"width\":2377,\"height\":497,\"caption\":\"Cl\u00ednica Plaza Santo Domingo\"},\"image\":{\"@id\":\"https:\/\/riberasalud.com\/polusa\/clinicas-santo-domingo\/#\/schema\/logo\/image\/\"}}]}<\/script>\n<!-- \/ Yoast SEO plugin. -->","yoast_head_json":{"title":"Podolog\u00eda | Cl\u00ednica Plaza Santo Domingo","robots":{"index":"index","follow":"follow","max-snippet":"max-snippet:-1","max-image-preview":"max-image-preview:large","max-video-preview":"max-video-preview:-1"},"canonical":"https:\/\/riberasalud.com\/polusa\/clinicas-santo-domingo\/podologia\/","og_locale":"es_ES","og_type":"article","og_title":"Podolog\u00eda | Cl\u00ednica Plaza Santo Domingo","og_description":"Podolog\u00eda El pod\u00f3logo es un profesional sanitario que est\u00e1 registrado, colegiado, entrenado y formado con el objetivo de ocuparse de la salud de los pies de la poblaci\u00f3n. Por ello, diagnostica, trata, previene y educa a los pacientes acerca de las posibles afecciones y deformidades presentes en el pie tales como callosidades, patolog\u00edas de las ... Leer m\u00e1s","og_url":"https:\/\/riberasalud.com\/polusa\/clinicas-santo-domingo\/podologia\/","og_site_name":"Cl\u00ednica Plaza Santo Domingo","article_modified_time":"2021-08-18T08:47:54+00:00","og_image":[{"url":"https:\/\/riberasalud.com\/polusa\/clinicas-santo-domingo\/wp-content\/uploads\/2021\/08\/FOTOGRAFIA-maria-jesus-perez-amor-solicita-quitar-logo.jpg","type":"","width":"","height":""}],"twitter_card":"summary_large_image","twitter_misc":{"Tiempo de lectura":"4 minutos"},"schema":{"@context":"https:\/\/schema.org","@graph":[{"@type":"WebPage","@id":"https:\/\/riberasalud.com\/polusa\/clinicas-santo-domingo\/podologia\/","url":"https:\/\/riberasalud.com\/polusa\/clinicas-santo-domingo\/podologia\/","name":"Podolog\u00eda | Cl\u00ednica Plaza Santo Domingo","isPartOf":{"@id":"https:\/\/riberasalud.com\/polusa\/clinicas-santo-domingo\/#website"},"primaryImageOfPage":{"@id":"https:\/\/riberasalud.com\/polusa\/clinicas-santo-domingo\/podologia\/#primaryimage"},"image":{"@id":"https:\/\/riberasalud.com\/polusa\/clinicas-santo-domingo\/podologia\/#primaryimage"},"thumbnailUrl":"https:\/\/riberasalud.com\/polusa\/clinicas-santo-domingo\/wp-content\/uploads\/2021\/08\/FOTOGRAFIA-maria-jesus-perez-amor-solicita-quitar-logo.jpg","datePublished":"2021-05-13T07:29:48+00:00","dateModified":"2021-08-18T08:47:54+00:00","breadcrumb":{"@id":"https:\/\/riberasalud.com\/polusa\/clinicas-santo-domingo\/podologia\/#breadcrumb"},"inLanguage":"es","potentialAction":[{"@type":"ReadAction","target":["https:\/\/riberasalud.com\/polusa\/clinicas-santo-domingo\/podologia\/"]}]},{"@type":"ImageObject","inLanguage":"es","@id":"https:\/\/riberasalud.com\/polusa\/clinicas-santo-domingo\/podologia\/#primaryimage","url":"https:\/\/riberasalud.com\/polusa\/clinicas-santo-domingo\/wp-content\/uploads\/2021\/08\/FOTOGRAFIA-maria-jesus-perez-amor-solicita-quitar-logo.jpg","contentUrl":"https:\/\/riberasalud.com\/polusa\/clinicas-santo-domingo\/wp-content\/uploads\/2021\/08\/FOTOGRAFIA-maria-jesus-perez-amor-solicita-quitar-logo.jpg","width":721,"height":721,"caption":"maria jesus perez amor"},{"@type":"BreadcrumbList","@id":"https:\/\/riberasalud.com\/polusa\/clinicas-santo-domingo\/podologia\/#breadcrumb","itemListElement":[{"@type":"ListItem","position":1,"name":"Portada","item":"https:\/\/riberasalud.com\/polusa\/clinicas-santo-domingo\/"},{"@type":"ListItem","position":2,"name":"Podolog\u00eda"}]},{"@type":"WebSite","@id":"https:\/\/riberasalud.com\/polusa\/clinicas-santo-domingo\/#website","url":"https:\/\/riberasalud.com\/polusa\/clinicas-santo-domingo\/","name":"Cl\u00ednica Plaza Santo Domingo","description":"","publisher":{"@id":"https:\/\/riberasalud.com\/polusa\/clinicas-santo-domingo\/#organization"},"potentialAction":[{"@type":"SearchAction","target":{"@type":"EntryPoint","urlTemplate":"https:\/\/riberasalud.com\/polusa\/clinicas-santo-domingo\/?s={search_term_string}"},"query-input":{"@type":"PropertyValueSpecification","valueRequired":true,"valueName":"search_term_string"}}],"inLanguage":"es"},{"@type":"Organization","@id":"https:\/\/riberasalud.com\/polusa\/clinicas-santo-domingo\/#organization","name":"Cl\u00ednica Plaza Santo Domingo","url":"https:\/\/riberasalud.com\/polusa\/clinicas-santo-domingo\/","logo":{"@type":"ImageObject","inLanguage":"es","@id":"https:\/\/riberasalud.com\/polusa\/clinicas-santo-domingo\/#\/schema\/logo\/image\/","url":"https:\/\/riberasalud.com\/polusa\/clinicas-santo-domingo\/wp-content\/uploads\/2021\/05\/cropped-LogoRibera-Red-ClinicaPolusa-SantoDomingo.png","contentUrl":"https:\/\/riberasalud.com\/polusa\/clinicas-santo-domingo\/wp-content\/uploads\/2021\/05\/cropped-LogoRibera-Red-ClinicaPolusa-SantoDomingo.png","width":2377,"height":497,"caption":"Cl\u00ednica Plaza Santo Domingo"},"image":{"@id":"https:\/\/riberasalud.com\/polusa\/clinicas-santo-domingo\/#\/schema\/logo\/image\/"}}]}},"uagb_featured_image_src":{"full":false,"thumbnail":false,"medium":false,"medium_large":false,"large":false,"1536x1536":false,"2048x2048":false},"uagb_author_info":{"display_name":"jorge@quois.com","author_link":"https:\/\/riberasalud.com\/polusa\/clinicas-santo-domingo\/author\/jorgequois-com\/"},"uagb_comment_info":0,"uagb_excerpt":"Podolog\u00eda El pod\u00f3logo es un profesional sanitario que est\u00e1 registrado, colegiado, entrenado y formado con el objetivo de ocuparse de la salud de los pies de la poblaci\u00f3n. Por ello, diagnostica, trata, previene y educa a los pacientes acerca de las posibles afecciones y deformidades presentes en el pie tales como callosidades, patolog\u00edas de las&hellip;","_links":{"self":[{"href":"https:\/\/riberasalud.com\/polusa\/clinicas-santo-domingo\/wp-json\/wp\/v2\/pages\/168","targetHints":{"allow":["GET"]}}],"collection":[{"href":"https:\/\/riberasalud.com\/polusa\/clinicas-santo-domingo\/wp-json\/wp\/v2\/pages"}],"about":[{"href":"https:\/\/riberasalud.com\/polusa\/clinicas-santo-domingo\/wp-json\/wp\/v2\/types\/page"}],"author":[{"embeddable":true,"href":"https:\/\/riberasalud.com\/polusa\/clinicas-santo-domingo\/wp-json\/wp\/v2\/users\/1"}],"replies":[{"embeddable":true,"href":"https:\/\/riberasalud.com\/polusa\/clinicas-santo-domingo\/wp-json\/wp\/v2\/comments?post=168"}],"version-history":[{"count":6,"href":"https:\/\/riberasalud.com\/polusa\/clinicas-santo-domingo\/wp-json\/wp\/v2\/pages\/168\/revisions"}],"predecessor-version":[{"id":982,"href":"https:\/\/riberasalud.com\/polusa\/clinicas-santo-domingo\/wp-json\/wp\/v2\/pages\/168\/revisions\/982"}],"wp:attachment":[{"href":"https:\/\/riberasalud.com\/polusa\/clinicas-santo-domingo\/wp-json\/wp\/v2\/media?parent=168"}],"curies":[{"name":"wp","href":"https:\/\/api.w.org\/{rel}","templated":true}]}}