{"id":166,"date":"2021-05-13T07:29:47","date_gmt":"2021-05-13T07:29:47","guid":{"rendered":"https:\/\/riberasalud.com\/polusa\/clinicas-santo-domingo\/?page_id=166"},"modified":"2025-06-17T07:12:25","modified_gmt":"2025-06-17T07:12:25","slug":"nutricion-y-dietetica","status":"publish","type":"page","link":"https:\/\/riberasalud.com\/polusa\/clinicas-santo-domingo\/nutricion-y-dietetica\/","title":{"rendered":"Nutrici\u00f3n y diet\u00e9tica"},"content":{"rendered":"<div id=\"gutenslider-v8f8cle64\" class=\"wp-block-eedee-block-gutenslider content-change alignnone arrow-style-1 arrow-position-sides arrow-mb-none arrows-lg-none arrows-md-none arrows-sm-none dot-style-1 dots-lg-none dots-md-none dots-sm-none dot-position-bottom is-position-center-center mb-none\" style=\"--gutenslider-min-height: 50vh;--gutenslider-arrow-size: 30px;--gutenslider-dot-size: 25px;--gutenslider-arrow-color: #ffffff;--gutenslider-dot-color: #ffffff;--gutenslider-padding-y-mobile: 40px;--gutenslider-padding-x-mobile: 40px;--gutenslider-padding-y-tablet: 40px;--gutenslider-padding-x-tablet: 40px;--gutenslider-padding-y-desktop: 40px;--gutenslider-padding-x-desktop: 40px;--gutenslider-bg-image: url();--gutenslider-min-height-md: 50vh;--gutenslider-min-height-sm: 50vh;--gutenslider-padding-x: 40px;--gutenslider-padding-x-md: 40px;--gutenslider-padding-x-sm: 20px;--gutenslider-padding-y: 40px;--gutenslider-padding-y-md: 40px;--gutenslider-padding-y-sm: 20px;--gutenslider-arrow-size-md: 30px;--gutenslider-arrow-size-sm: 30px;--gutenslider-dot-size-md: 25px;--gutenslider-dot-size-sm: 25px;--gutenslider-arrow-bg-color: transparent;--gutenslider-arrow-hover-color: #eeeeee;--gutenslider-arrow-bg-hover-color: transparent;--gutenslider-arrow-x-offset: 10px;--gutenslider-arrow-x-offset-md: 10px;--gutenslider-arrow-x-offset-sm: 10px;--gutenslider-arrow-y-offset: 0px;--gutenslider-arrow-y-offset-md: 0px;--gutenslider-arrow-y-offset-sm: 0px;--gutenslider-arrow-x-spacing: 0px;--gutenslider-dot-y-offset: 10px;--gutenslider-dot-y-offset-md: 10px;--gutenslider-dot-y-offset-sm: 10px;--gutenslider-margin-x: 0px;--gutenslider-margin-x-md: 0px;--gutenslider-margin-x-sm: 0px;--gutenslider-margin-y: 0px;--gutenslider-margin-y-md: 0px;--gutenslider-margin-y-sm: 0px;\" data-parallax-direction=\"down\" data-parallax-amount=\"1.3\"><div class=\"eedee-swiper-outer\"><div class=\"swiper-container\" data-settings='{\"autoplay\":false,\"speed\":700,\"direction\":\"horizontal\",\"autoHeight\":false,\"loop\":false,\"centeredSlides\":true,\"spaceBetween\":0,\"slidesPerView\":1,\"slidesPerGroup\":1,\"effect\":\"slide\",\"coverflowEffect\":{\"rotate\":30,\"slideShadows\":false,\"depth\":100,\"stretch\":50,\"modifier\":1},\"fadeEffect\":{\"crossFade\":true},\"zoom\":false,\"navigation\":{\"nextEl\":\"#gutenslider-v8f8cle64 .eedee-gutenslider-next\",\"prevEl\":\"#gutenslider-v8f8cle64 .eedee-gutenslider-prev\"},\"pagination\":{\"type\":\"bullets\",\"clickable\":true,\"dynamicBullets\":false,\"el\":\"#gutenslider-v8f8cle64 .eedee-gutenslider-pagination\"},\"pauseOnHover\":true,\"watchSlidesProgress\":true,\"watchSlidesVisibility\":true,\"settingsMd\":{\"autoHeight\":false,\"slidesPerView\":1,\"slidesPerGroup\":1,\"spaceBetween\":0},\"settingsLg\":{\"autoHeight\":false,\"slidesPerView\":1,\"slidesPerGroup\":1,\"spaceBetween\":0}}'><div class=\"swiper-wrapper\">\n<div class=\"swiper-slide wp-block-eedee-block-gutenslide is-position-center-center\" style=\"\"><div class=\"eedee-background-div\"><img loading=\"lazy\" decoding=\"async\" width=\"1921\" height=\"599\" class=\"swiper-lazy wp-image-248\" src=\"https:\/\/riberasalud.com\/polusa\/clinicas-santo-domingo\/wp-content\/uploads\/2021\/05\/Home_nutricion.jpg\" alt=\"\" style=\"object-fit: cover; object-position: 50% 50%;\" srcset=\"https:\/\/riberasalud.com\/polusa\/clinicas-santo-domingo\/wp-content\/uploads\/2021\/05\/Home_nutricion.jpg 1921w, https:\/\/riberasalud.com\/polusa\/clinicas-santo-domingo\/wp-content\/uploads\/2021\/05\/Home_nutricion-300x94.jpg 300w, https:\/\/riberasalud.com\/polusa\/clinicas-santo-domingo\/wp-content\/uploads\/2021\/05\/Home_nutricion-1024x319.jpg 1024w, https:\/\/riberasalud.com\/polusa\/clinicas-santo-domingo\/wp-content\/uploads\/2021\/05\/Home_nutricion-768x239.jpg 768w, https:\/\/riberasalud.com\/polusa\/clinicas-santo-domingo\/wp-content\/uploads\/2021\/05\/Home_nutricion-1536x479.jpg 1536w\" sizes=\"auto, (max-width: 1921px) 100vw, 1921px\" \/><div class=\"eedee-background-div__overlay\" style=\"opacity:1;\"><\/div><\/div><div class=\"slide-content\">\n\n<h1 class=\"wp-block-heading\">Nutrici\u00f3n y diet\u00e9tica<\/h1>\n\n<\/div><\/div>\n\n\n<div class=\"wp-block-group\"><div class=\"wp-block-group__inner-container is-layout-flow wp-block-group-is-layout-flow\"><\/div><\/div>\n\n<\/div><\/div><button class=\"eedee-gutenslider-nav eedee-gutenslider-prev\"><svg xmlns=\"http:\/\/www.w3.org\/2000\/svg\" viewBox=\"0 0 24 24\" width=\"24\" height=\"24\"><circle class=\"bg\" cx=\"13\" cy=\"12\" r=\"11\" \/><path fill=\"none\" d=\"M0 0h24v24H0z\"\/><path class=\"arrow\" d=\"M10.828 12l4.95 4.95-1.414 1.414L8 12l6.364-6.364 1.414 1.414z\"\/><\/svg><\/button><button class=\"eedee-gutenslider-nav eedee-gutenslider-next\"><svg xmlns=\"http:\/\/www.w3.org\/2000\/svg\" viewBox=\"0 0 24 24\" width=\"24\" height=\"24\"><circle class=\"bg\" cx=\"11\" cy=\"12\" r=\"11\" \/><path fill=\"none\" d=\"M0 0h24v24H0z\"\/><path class=\"arrow\" d=\"M13.172 12l-4.95-4.95 1.414-1.414L16 12l-6.364 6.364-1.414-1.414z\"\/><\/svg><\/button><div class=\"eedee-gutenslider-pagination\"><\/div><\/div><\/div>\n\n\n<div class=\"wp-block-group\"><div class=\"wp-block-group__inner-container is-layout-flow wp-block-group-is-layout-flow\">\n<div class=\"wp-block-columns alignwide is-layout-flex wp-container-core-columns-is-layout-9d6595d7 wp-block-columns-is-layout-flex\">\n<div class=\"wp-block-column is-layout-flow wp-block-column-is-layout-flow\">\n<div class=\"wp-block-uagb-info-box popmake-846 uagb-infobox__outer-wrap uagb-block-1d31e4bd\"><div class=\"uagb-infobox__content-wrap uagb-infobox uagb-infobox-has-image uagb-infobox-icon-above-title uagb-infobox-image-valign-top uagb-infobox-enable-border-radius \"><div class=\"uagb-ifb-left-right-wrap\"><div class=\"uagb-ifb-content\"><div class=\"uagb-ifb-image-icon-content uagb-ifb-imgicon-wrap\"><div class=\"uagb-ifb-image\"><div class=\"uagb-ifb-image-content\"><img decoding=\"async\" class=\"uagb-ifb-img-src\" src=\"https:\/\/riberasalud.com\/polusa\/clinicas-santo-domingo\/wp-content\/uploads\/2021\/05\/LAURA-CARBALLAL-NUTRICION-150x150.jpg\" alt=\"laura carballal\"\/><\/div><\/div><\/div><div class=\"uagb-ifb-title-wrap\"><h3 class=\"uagb-ifb-title\">Laura Carballal<\/h3><\/div><div class=\"uagb-ifb-text-wrap\"><p class=\"uagb-ifb-desc\">Nutrici\u00f3n y diet\u00e9tica<\/p><\/div><\/div><\/div><\/div><\/div>\n<\/div>\n<\/div>\n\n\n\n<div class=\"wp-block-columns is-layout-flex wp-container-core-columns-is-layout-9d6595d7 wp-block-columns-is-layout-flex\">\n<div class=\"wp-block-column is-layout-flow wp-block-column-is-layout-flow\">\n<p class=\"has-text-align-center\" style=\"font-size:25px\"><span style=\"color: #d11728;\" class=\"ugb-highlight\">Nutrici\u00f3n y diet\u00e9tica<\/span><\/p>\n\n\n\n<p>Graduada en nutrici\u00f3n humana y diet\u00e9tica por la facultad de Santiago de Compostela.<br>M\u00e1ster en Nutrici\u00f3n, Medicina y Salud hormonal en la Mujer. ( UCAM, 2023).<br>2014. N\u00bacol.GA00066 Miembro ADNEFE (Asociaci\u00f3n de Dietistas-Nutricionistas de equipos de F\u00fatbol Espa\u00f1ol)<br><br><strong><span style=\"text-decoration: underline;\" class=\"ek-underline\">\u00c1reas de intervenci\u00f3n:<br><\/span><\/strong>En cuanto a la nutrici\u00f3n cl\u00ednica nuestra labor se dedica fundamentalmente a la <strong>dietoterapia<\/strong>, que es la ciencia que estudia la relaci\u00f3n entre enfermedad y alimentaci\u00f3n, nos permite dar una intervenci\u00f3n nutricional a las diferentes patolog\u00edas, como son la obesidad,sobrepeso, hipercolesterolemia, patolog\u00edas digestivas, intolerancias, alergias,enfermedad renal etc.<br><br>Sin embargo <strong>otras etapas de la vida<\/strong> necesitan un cuidado especial como es el embarazo. <br><br>Nuestro principal papel es formar y educar al paciente en sus h\u00e1bitos nutricionales, por ello tambi\u00e9n realizamos intervenciones de educaci\u00f3n nutricional en familias, y ni\u00f1os.<br><br>Acompa\u00f1amos a un gran equipo multidisciplinar en el tratamiento de los<strong> trastornos de conducta alimentaria<\/strong> ( anorexia, bulimia, trastorno por atrac\u00f3n\u2026) dando as\u00ed al paciente todo el soporte necesario para su cuidado<br><br> En cuanto a la<strong> nutrici\u00f3n deportiva <\/strong>nos avalan m\u00e1s de siete a\u00f1os de experiencia acompa\u00f1ando a numerosos deportistas profesionales en el mundo de los deportes de contacto, triatl\u00f3n, nataci\u00f3n, pirag\u00fcismo\u2026 y otros deportes colectivos como el voleibol o el f\u00fatbol profesional.<br><br>Guiamos y educamos al deportista en las diferentes etapas de su preparaci\u00f3n, cubriendo los diferentes per\u00edodos que se dan a lo largo del a\u00f1o competitivo, como son la pretemporada, temporada competitiva , avituallamientos en competici\u00f3n, periodos de lesi\u00f3n o readadptaci\u00f3n, elaboraci\u00f3n de pautas de suplementaci\u00f3n y ayudas ergog\u00e9nicas en aquellas situaciones que sean requeridas.<br><br>Nuestra especialista cuenta con el <strong>certificado de cineantropometria ISAK<\/strong> ,para la correcta evaluaci\u00f3n y estudio de la composici\u00f3n corporal del deportista tanto profesional como amateur.<\/p>\n\n\n\n<ul class=\"is-style-default wp-block-list\"><li>Plan nutricional personalizado e individualizado<\/li><li>Tratamiento del sobrepeso y obesidad<\/li><li>Tratamiento nutricional para diabetes, hipercolesterolemia, enfermedad renal, trastornos digestivos y otras patolog\u00edas<\/li><li>Educaci\u00f3n nutricional<\/li><li>Alergias e intolerancias<\/li><li>Nutrici\u00f3n en las etapas de la vida (infantil, embarazo y lactancia, tercera edad, etc)<\/li><li>Nutrici\u00f3n deportiva<\/li><li>Estudio antropom\u00e9trico de composici\u00f3n corporal<\/li><\/ul>\n<\/div>\n<\/div>\n<\/div><\/div>\n","protected":false},"excerpt":{"rendered":"<p>Nutrici\u00f3n y diet\u00e9tica Graduada en nutrici\u00f3n humana y diet\u00e9tica por la facultad de Santiago de Compostela.M\u00e1ster en Nutrici\u00f3n, Medicina y Salud hormonal en la Mujer. ( UCAM, 2023).2014. N\u00bacol.GA00066 Miembro ADNEFE (Asociaci\u00f3n de Dietistas-Nutricionistas de equipos de F\u00fatbol Espa\u00f1ol) \u00c1reas de intervenci\u00f3n:En cuanto a la nutrici\u00f3n cl\u00ednica nuestra labor se dedica fundamentalmente a la dietoterapia, &#8230; <a title=\"Nutrici\u00f3n y diet\u00e9tica\" class=\"read-more\" href=\"https:\/\/riberasalud.com\/polusa\/clinicas-santo-domingo\/nutricion-y-dietetica\/\" aria-label=\"M\u00e1s en Nutrici\u00f3n y diet\u00e9tica\">Leer m\u00e1s<\/a><\/p>\n","protected":false},"author":1,"featured_media":0,"parent":0,"menu_order":0,"comment_status":"closed","ping_status":"closed","template":"","meta":{"_editorskit_title_hidden":false,"_editorskit_reading_time":1,"_coblocks_attr":"","_coblocks_dimensions":"","_coblocks_responsive_height":"","_coblocks_accordion_ie_support":"","_generate-full-width-content":"true","_mi_skip_tracking":false,"footnotes":""},"class_list":["post-166","page","type-page","status-publish"],"featured_image_urls":{"full":"","thumbnail":"","medium":"","medium_large":"","large":"","1536x1536":"","2048x2048":""},"post_excerpt_stackable":"<p>Nutrici\u00f3n y diet\u00e9tica Laura CarballalNutrici\u00f3n y diet\u00e9tica Nutrici\u00f3n y diet\u00e9tica Graduada en nutrici\u00f3n humana y diet\u00e9tica por la facultad de Santiago de Compostela.M\u00e1ster en Nutrici\u00f3n, Medicina y Salud hormonal en la Mujer. ( UCAM, 2023).2014. N\u00bacol.GA00066 Miembro ADNEFE (Asociaci\u00f3n de Dietistas-Nutricionistas de equipos de F\u00fatbol Espa\u00f1ol)\u00c1reas de intervenci\u00f3n:En cuanto a la nutrici\u00f3n cl\u00ednica nuestra labor se dedica fundamentalmente a la dietoterapia, que es la ciencia que estudia la relaci\u00f3n entre enfermedad y alimentaci\u00f3n, nos permite dar una intervenci\u00f3n nutricional a las diferentes patolog\u00edas, como son la obesidad,sobrepeso, hipercolesterolemia, patolog\u00edas digestivas, intolerancias, alergias,enfermedad renal etc.Sin embargo otras etapas de la vida&hellip;<\/p>\n","category_list":"","author_info":{"name":"jorge@quois.com","url":"https:\/\/riberasalud.com\/polusa\/clinicas-santo-domingo\/author\/jorgequois-com\/"},"comments_num":"0 comentarios","featured_image_urls_v2":{"full":"","thumbnail":"","medium":"","medium_large":"","large":"","1536x1536":"","2048x2048":""},"post_excerpt_stackable_v2":"<p>Nutrici\u00f3n y diet\u00e9tica Laura CarballalNutrici\u00f3n y diet\u00e9tica Nutrici\u00f3n y diet\u00e9tica Graduada en nutrici\u00f3n humana y diet\u00e9tica por la facultad de Santiago de Compostela.M\u00e1ster en Nutrici\u00f3n, Medicina y Salud hormonal en la Mujer. ( UCAM, 2023).2014. N\u00bacol.GA00066 Miembro ADNEFE (Asociaci\u00f3n de Dietistas-Nutricionistas de equipos de F\u00fatbol Espa\u00f1ol)\u00c1reas de intervenci\u00f3n:En cuanto a la nutrici\u00f3n cl\u00ednica nuestra labor se dedica fundamentalmente a la dietoterapia, que es la ciencia que estudia la relaci\u00f3n entre enfermedad y alimentaci\u00f3n, nos permite dar una intervenci\u00f3n nutricional a las diferentes patolog\u00edas, como son la obesidad,sobrepeso, hipercolesterolemia, patolog\u00edas digestivas, intolerancias, alergias,enfermedad renal etc.Sin embargo otras etapas de la vida&hellip;<\/p>\n","category_list_v2":"","author_info_v2":{"name":"jorge@quois.com","url":"https:\/\/riberasalud.com\/polusa\/clinicas-santo-domingo\/author\/jorgequois-com\/"},"comments_num_v2":"0 comentarios","yoast_head":"<!-- This site is optimized with the Yoast SEO plugin v26.9 - https:\/\/yoast.com\/product\/yoast-seo-wordpress\/ -->\n<title>Nutrici\u00f3n y diet\u00e9tica | Cl\u00ednica Plaza Santo Domingo<\/title>\n<meta name=\"robots\" content=\"index, follow, max-snippet:-1, max-image-preview:large, max-video-preview:-1\" \/>\n<link rel=\"canonical\" href=\"https:\/\/riberasalud.com\/polusa\/clinicas-santo-domingo\/nutricion-y-dietetica\/\" \/>\n<meta property=\"og:locale\" content=\"es_ES\" \/>\n<meta property=\"og:type\" content=\"article\" \/>\n<meta property=\"og:title\" content=\"Nutrici\u00f3n y diet\u00e9tica | Cl\u00ednica Plaza Santo Domingo\" \/>\n<meta property=\"og:description\" content=\"Nutrici\u00f3n y diet\u00e9tica Graduada en nutrici\u00f3n humana y diet\u00e9tica por la facultad de Santiago de Compostela.M\u00e1ster en Nutrici\u00f3n, Medicina y Salud hormonal en la Mujer. ( UCAM, 2023).2014. N\u00bacol.GA00066 Miembro ADNEFE (Asociaci\u00f3n de Dietistas-Nutricionistas de equipos de F\u00fatbol Espa\u00f1ol) \u00c1reas de intervenci\u00f3n:En cuanto a la nutrici\u00f3n cl\u00ednica nuestra labor se dedica fundamentalmente a la dietoterapia, ... Leer m\u00e1s\" \/>\n<meta property=\"og:url\" content=\"https:\/\/riberasalud.com\/polusa\/clinicas-santo-domingo\/nutricion-y-dietetica\/\" \/>\n<meta property=\"og:site_name\" content=\"Cl\u00ednica Plaza Santo Domingo\" \/>\n<meta property=\"article:modified_time\" content=\"2025-06-17T07:12:25+00:00\" \/>\n<meta property=\"og:image\" content=\"https:\/\/riberasalud.com\/polusa\/clinicas-santo-domingo\/wp-content\/uploads\/2021\/05\/LAURA-CARBALLAL-NUTRICION-150x150.jpg\" \/>\n<meta name=\"twitter:card\" content=\"summary_large_image\" \/>\n<meta name=\"twitter:label1\" content=\"Tiempo de lectura\" \/>\n\t<meta name=\"twitter:data1\" content=\"2 minutos\" \/>\n<script type=\"application\/ld+json\" class=\"yoast-schema-graph\">{\"@context\":\"https:\/\/schema.org\",\"@graph\":[{\"@type\":\"WebPage\",\"@id\":\"https:\/\/riberasalud.com\/polusa\/clinicas-santo-domingo\/nutricion-y-dietetica\/\",\"url\":\"https:\/\/riberasalud.com\/polusa\/clinicas-santo-domingo\/nutricion-y-dietetica\/\",\"name\":\"Nutrici\u00f3n y diet\u00e9tica | Cl\u00ednica Plaza Santo Domingo\",\"isPartOf\":{\"@id\":\"https:\/\/riberasalud.com\/polusa\/clinicas-santo-domingo\/#website\"},\"primaryImageOfPage\":{\"@id\":\"https:\/\/riberasalud.com\/polusa\/clinicas-santo-domingo\/nutricion-y-dietetica\/#primaryimage\"},\"image\":{\"@id\":\"https:\/\/riberasalud.com\/polusa\/clinicas-santo-domingo\/nutricion-y-dietetica\/#primaryimage\"},\"thumbnailUrl\":\"https:\/\/riberasalud.com\/polusa\/clinicas-santo-domingo\/wp-content\/uploads\/2021\/05\/LAURA-CARBALLAL-NUTRICION-150x150.jpg\",\"datePublished\":\"2021-05-13T07:29:47+00:00\",\"dateModified\":\"2025-06-17T07:12:25+00:00\",\"breadcrumb\":{\"@id\":\"https:\/\/riberasalud.com\/polusa\/clinicas-santo-domingo\/nutricion-y-dietetica\/#breadcrumb\"},\"inLanguage\":\"es\",\"potentialAction\":[{\"@type\":\"ReadAction\",\"target\":[\"https:\/\/riberasalud.com\/polusa\/clinicas-santo-domingo\/nutricion-y-dietetica\/\"]}]},{\"@type\":\"ImageObject\",\"inLanguage\":\"es\",\"@id\":\"https:\/\/riberasalud.com\/polusa\/clinicas-santo-domingo\/nutricion-y-dietetica\/#primaryimage\",\"url\":\"https:\/\/riberasalud.com\/polusa\/clinicas-santo-domingo\/wp-content\/uploads\/2021\/05\/LAURA-CARBALLAL-NUTRICION.jpg\",\"contentUrl\":\"https:\/\/riberasalud.com\/polusa\/clinicas-santo-domingo\/wp-content\/uploads\/2021\/05\/LAURA-CARBALLAL-NUTRICION.jpg\",\"width\":800,\"height\":800,\"caption\":\"laura carballal\"},{\"@type\":\"BreadcrumbList\",\"@id\":\"https:\/\/riberasalud.com\/polusa\/clinicas-santo-domingo\/nutricion-y-dietetica\/#breadcrumb\",\"itemListElement\":[{\"@type\":\"ListItem\",\"position\":1,\"name\":\"Portada\",\"item\":\"https:\/\/riberasalud.com\/polusa\/clinicas-santo-domingo\/\"},{\"@type\":\"ListItem\",\"position\":2,\"name\":\"Nutrici\u00f3n y diet\u00e9tica\"}]},{\"@type\":\"WebSite\",\"@id\":\"https:\/\/riberasalud.com\/polusa\/clinicas-santo-domingo\/#website\",\"url\":\"https:\/\/riberasalud.com\/polusa\/clinicas-santo-domingo\/\",\"name\":\"Cl\u00ednica Plaza Santo Domingo\",\"description\":\"\",\"publisher\":{\"@id\":\"https:\/\/riberasalud.com\/polusa\/clinicas-santo-domingo\/#organization\"},\"potentialAction\":[{\"@type\":\"SearchAction\",\"target\":{\"@type\":\"EntryPoint\",\"urlTemplate\":\"https:\/\/riberasalud.com\/polusa\/clinicas-santo-domingo\/?s={search_term_string}\"},\"query-input\":{\"@type\":\"PropertyValueSpecification\",\"valueRequired\":true,\"valueName\":\"search_term_string\"}}],\"inLanguage\":\"es\"},{\"@type\":\"Organization\",\"@id\":\"https:\/\/riberasalud.com\/polusa\/clinicas-santo-domingo\/#organization\",\"name\":\"Cl\u00ednica Plaza Santo Domingo\",\"url\":\"https:\/\/riberasalud.com\/polusa\/clinicas-santo-domingo\/\",\"logo\":{\"@type\":\"ImageObject\",\"inLanguage\":\"es\",\"@id\":\"https:\/\/riberasalud.com\/polusa\/clinicas-santo-domingo\/#\/schema\/logo\/image\/\",\"url\":\"https:\/\/riberasalud.com\/polusa\/clinicas-santo-domingo\/wp-content\/uploads\/2021\/05\/cropped-LogoRibera-Red-ClinicaPolusa-SantoDomingo.png\",\"contentUrl\":\"https:\/\/riberasalud.com\/polusa\/clinicas-santo-domingo\/wp-content\/uploads\/2021\/05\/cropped-LogoRibera-Red-ClinicaPolusa-SantoDomingo.png\",\"width\":2377,\"height\":497,\"caption\":\"Cl\u00ednica Plaza Santo Domingo\"},\"image\":{\"@id\":\"https:\/\/riberasalud.com\/polusa\/clinicas-santo-domingo\/#\/schema\/logo\/image\/\"}}]}<\/script>\n<!-- \/ Yoast SEO plugin. -->","yoast_head_json":{"title":"Nutrici\u00f3n y diet\u00e9tica | Cl\u00ednica Plaza Santo Domingo","robots":{"index":"index","follow":"follow","max-snippet":"max-snippet:-1","max-image-preview":"max-image-preview:large","max-video-preview":"max-video-preview:-1"},"canonical":"https:\/\/riberasalud.com\/polusa\/clinicas-santo-domingo\/nutricion-y-dietetica\/","og_locale":"es_ES","og_type":"article","og_title":"Nutrici\u00f3n y diet\u00e9tica | Cl\u00ednica Plaza Santo Domingo","og_description":"Nutrici\u00f3n y diet\u00e9tica Graduada en nutrici\u00f3n humana y diet\u00e9tica por la facultad de Santiago de Compostela.M\u00e1ster en Nutrici\u00f3n, Medicina y Salud hormonal en la Mujer. ( UCAM, 2023).2014. N\u00bacol.GA00066 Miembro ADNEFE (Asociaci\u00f3n de Dietistas-Nutricionistas de equipos de F\u00fatbol Espa\u00f1ol) \u00c1reas de intervenci\u00f3n:En cuanto a la nutrici\u00f3n cl\u00ednica nuestra labor se dedica fundamentalmente a la dietoterapia, ... Leer m\u00e1s","og_url":"https:\/\/riberasalud.com\/polusa\/clinicas-santo-domingo\/nutricion-y-dietetica\/","og_site_name":"Cl\u00ednica Plaza Santo Domingo","article_modified_time":"2025-06-17T07:12:25+00:00","og_image":[{"url":"https:\/\/riberasalud.com\/polusa\/clinicas-santo-domingo\/wp-content\/uploads\/2021\/05\/LAURA-CARBALLAL-NUTRICION-150x150.jpg","type":"","width":"","height":""}],"twitter_card":"summary_large_image","twitter_misc":{"Tiempo de lectura":"2 minutos"},"schema":{"@context":"https:\/\/schema.org","@graph":[{"@type":"WebPage","@id":"https:\/\/riberasalud.com\/polusa\/clinicas-santo-domingo\/nutricion-y-dietetica\/","url":"https:\/\/riberasalud.com\/polusa\/clinicas-santo-domingo\/nutricion-y-dietetica\/","name":"Nutrici\u00f3n y diet\u00e9tica | Cl\u00ednica Plaza Santo Domingo","isPartOf":{"@id":"https:\/\/riberasalud.com\/polusa\/clinicas-santo-domingo\/#website"},"primaryImageOfPage":{"@id":"https:\/\/riberasalud.com\/polusa\/clinicas-santo-domingo\/nutricion-y-dietetica\/#primaryimage"},"image":{"@id":"https:\/\/riberasalud.com\/polusa\/clinicas-santo-domingo\/nutricion-y-dietetica\/#primaryimage"},"thumbnailUrl":"https:\/\/riberasalud.com\/polusa\/clinicas-santo-domingo\/wp-content\/uploads\/2021\/05\/LAURA-CARBALLAL-NUTRICION-150x150.jpg","datePublished":"2021-05-13T07:29:47+00:00","dateModified":"2025-06-17T07:12:25+00:00","breadcrumb":{"@id":"https:\/\/riberasalud.com\/polusa\/clinicas-santo-domingo\/nutricion-y-dietetica\/#breadcrumb"},"inLanguage":"es","potentialAction":[{"@type":"ReadAction","target":["https:\/\/riberasalud.com\/polusa\/clinicas-santo-domingo\/nutricion-y-dietetica\/"]}]},{"@type":"ImageObject","inLanguage":"es","@id":"https:\/\/riberasalud.com\/polusa\/clinicas-santo-domingo\/nutricion-y-dietetica\/#primaryimage","url":"https:\/\/riberasalud.com\/polusa\/clinicas-santo-domingo\/wp-content\/uploads\/2021\/05\/LAURA-CARBALLAL-NUTRICION.jpg","contentUrl":"https:\/\/riberasalud.com\/polusa\/clinicas-santo-domingo\/wp-content\/uploads\/2021\/05\/LAURA-CARBALLAL-NUTRICION.jpg","width":800,"height":800,"caption":"laura carballal"},{"@type":"BreadcrumbList","@id":"https:\/\/riberasalud.com\/polusa\/clinicas-santo-domingo\/nutricion-y-dietetica\/#breadcrumb","itemListElement":[{"@type":"ListItem","position":1,"name":"Portada","item":"https:\/\/riberasalud.com\/polusa\/clinicas-santo-domingo\/"},{"@type":"ListItem","position":2,"name":"Nutrici\u00f3n y diet\u00e9tica"}]},{"@type":"WebSite","@id":"https:\/\/riberasalud.com\/polusa\/clinicas-santo-domingo\/#website","url":"https:\/\/riberasalud.com\/polusa\/clinicas-santo-domingo\/","name":"Cl\u00ednica Plaza Santo Domingo","description":"","publisher":{"@id":"https:\/\/riberasalud.com\/polusa\/clinicas-santo-domingo\/#organization"},"potentialAction":[{"@type":"SearchAction","target":{"@type":"EntryPoint","urlTemplate":"https:\/\/riberasalud.com\/polusa\/clinicas-santo-domingo\/?s={search_term_string}"},"query-input":{"@type":"PropertyValueSpecification","valueRequired":true,"valueName":"search_term_string"}}],"inLanguage":"es"},{"@type":"Organization","@id":"https:\/\/riberasalud.com\/polusa\/clinicas-santo-domingo\/#organization","name":"Cl\u00ednica Plaza Santo Domingo","url":"https:\/\/riberasalud.com\/polusa\/clinicas-santo-domingo\/","logo":{"@type":"ImageObject","inLanguage":"es","@id":"https:\/\/riberasalud.com\/polusa\/clinicas-santo-domingo\/#\/schema\/logo\/image\/","url":"https:\/\/riberasalud.com\/polusa\/clinicas-santo-domingo\/wp-content\/uploads\/2021\/05\/cropped-LogoRibera-Red-ClinicaPolusa-SantoDomingo.png","contentUrl":"https:\/\/riberasalud.com\/polusa\/clinicas-santo-domingo\/wp-content\/uploads\/2021\/05\/cropped-LogoRibera-Red-ClinicaPolusa-SantoDomingo.png","width":2377,"height":497,"caption":"Cl\u00ednica Plaza Santo Domingo"},"image":{"@id":"https:\/\/riberasalud.com\/polusa\/clinicas-santo-domingo\/#\/schema\/logo\/image\/"}}]}},"uagb_featured_image_src":{"full":false,"thumbnail":false,"medium":false,"medium_large":false,"large":false,"1536x1536":false,"2048x2048":false},"uagb_author_info":{"display_name":"jorge@quois.com","author_link":"https:\/\/riberasalud.com\/polusa\/clinicas-santo-domingo\/author\/jorgequois-com\/"},"uagb_comment_info":0,"uagb_excerpt":"Nutrici\u00f3n y diet\u00e9tica Graduada en nutrici\u00f3n humana y diet\u00e9tica por la facultad de Santiago de Compostela.M\u00e1ster en Nutrici\u00f3n, Medicina y Salud hormonal en la Mujer. ( UCAM, 2023).2014. N\u00bacol.GA00066 Miembro ADNEFE (Asociaci\u00f3n de Dietistas-Nutricionistas de equipos de F\u00fatbol Espa\u00f1ol) \u00c1reas de intervenci\u00f3n:En cuanto a la nutrici\u00f3n cl\u00ednica nuestra labor se dedica fundamentalmente a la dietoterapia,&hellip;","_links":{"self":[{"href":"https:\/\/riberasalud.com\/polusa\/clinicas-santo-domingo\/wp-json\/wp\/v2\/pages\/166","targetHints":{"allow":["GET"]}}],"collection":[{"href":"https:\/\/riberasalud.com\/polusa\/clinicas-santo-domingo\/wp-json\/wp\/v2\/pages"}],"about":[{"href":"https:\/\/riberasalud.com\/polusa\/clinicas-santo-domingo\/wp-json\/wp\/v2\/types\/page"}],"author":[{"embeddable":true,"href":"https:\/\/riberasalud.com\/polusa\/clinicas-santo-domingo\/wp-json\/wp\/v2\/users\/1"}],"replies":[{"embeddable":true,"href":"https:\/\/riberasalud.com\/polusa\/clinicas-santo-domingo\/wp-json\/wp\/v2\/comments?post=166"}],"version-history":[{"count":11,"href":"https:\/\/riberasalud.com\/polusa\/clinicas-santo-domingo\/wp-json\/wp\/v2\/pages\/166\/revisions"}],"predecessor-version":[{"id":1539,"href":"https:\/\/riberasalud.com\/polusa\/clinicas-santo-domingo\/wp-json\/wp\/v2\/pages\/166\/revisions\/1539"}],"wp:attachment":[{"href":"https:\/\/riberasalud.com\/polusa\/clinicas-santo-domingo\/wp-json\/wp\/v2\/media?parent=166"}],"curies":[{"name":"wp","href":"https:\/\/api.w.org\/{rel}","templated":true}]}}