{"id":142,"date":"2021-05-13T07:21:20","date_gmt":"2021-05-13T07:21:20","guid":{"rendered":"https:\/\/riberasalud.com\/polusa\/clinicas-santo-domingo\/?page_id=142"},"modified":"2021-08-13T10:34:13","modified_gmt":"2021-08-13T10:34:13","slug":"cardiologia","status":"publish","type":"page","link":"https:\/\/riberasalud.com\/polusa\/clinicas-santo-domingo\/cardiologia\/","title":{"rendered":"Cardiolog\u00eda"},"content":{"rendered":"<div id=\"gutenslider-hcetmk5pw\" class=\"wp-block-eedee-block-gutenslider content-change alignnone arrow-style-1 arrow-position-sides arrow-mb-none arrows-lg-none arrows-md-none arrows-sm-none dot-style-1 dots-lg-none dots-md-none dots-sm-none dot-position-bottom is-position-center-center mb-none\" style=\"--gutenslider-min-height: 50vh;--gutenslider-arrow-size: 30px;--gutenslider-dot-size: 25px;--gutenslider-arrow-color: #ffffff;--gutenslider-dot-color: #ffffff;--gutenslider-padding-y-mobile: 40px;--gutenslider-padding-x-mobile: 40px;--gutenslider-padding-y-tablet: 40px;--gutenslider-padding-x-tablet: 40px;--gutenslider-padding-y-desktop: 40px;--gutenslider-padding-x-desktop: 40px;--gutenslider-bg-image: url();--gutenslider-min-height-md: 50vh;--gutenslider-min-height-sm: 50vh;--gutenslider-padding-x: 40px;--gutenslider-padding-x-md: 40px;--gutenslider-padding-x-sm: 20px;--gutenslider-padding-y: 40px;--gutenslider-padding-y-md: 40px;--gutenslider-padding-y-sm: 20px;--gutenslider-arrow-size-md: 30px;--gutenslider-arrow-size-sm: 30px;--gutenslider-dot-size-md: 25px;--gutenslider-dot-size-sm: 25px;--gutenslider-arrow-bg-color: transparent;--gutenslider-arrow-hover-color: #eeeeee;--gutenslider-arrow-bg-hover-color: transparent;--gutenslider-arrow-x-offset: 10px;--gutenslider-arrow-x-offset-md: 10px;--gutenslider-arrow-x-offset-sm: 10px;--gutenslider-arrow-y-offset: 0px;--gutenslider-arrow-y-offset-md: 0px;--gutenslider-arrow-y-offset-sm: 0px;--gutenslider-arrow-x-spacing: 0px;--gutenslider-dot-y-offset: 10px;--gutenslider-dot-y-offset-md: 10px;--gutenslider-dot-y-offset-sm: 10px;--gutenslider-margin-x: 0px;--gutenslider-margin-x-md: 0px;--gutenslider-margin-x-sm: 0px;--gutenslider-margin-y: 0px;--gutenslider-margin-y-md: 0px;--gutenslider-margin-y-sm: 0px;\" data-parallax-direction=\"down\" data-parallax-amount=\"1.3\"><div class=\"eedee-swiper-outer\"><div class=\"swiper-container\" data-settings='{\"autoplay\":false,\"speed\":700,\"direction\":\"horizontal\",\"autoHeight\":false,\"loop\":false,\"centeredSlides\":true,\"spaceBetween\":0,\"slidesPerView\":1,\"slidesPerGroup\":1,\"effect\":\"slide\",\"coverflowEffect\":{\"rotate\":30,\"slideShadows\":false,\"depth\":100,\"stretch\":50,\"modifier\":1},\"fadeEffect\":{\"crossFade\":true},\"zoom\":false,\"navigation\":{\"nextEl\":\"#gutenslider-hcetmk5pw .eedee-gutenslider-next\",\"prevEl\":\"#gutenslider-hcetmk5pw .eedee-gutenslider-prev\"},\"pagination\":{\"type\":\"bullets\",\"clickable\":true,\"dynamicBullets\":false,\"el\":\"#gutenslider-hcetmk5pw .eedee-gutenslider-pagination\"},\"pauseOnHover\":true,\"watchSlidesProgress\":true,\"watchSlidesVisibility\":true,\"settingsMd\":{\"autoHeight\":false,\"slidesPerView\":1,\"slidesPerGroup\":1,\"spaceBetween\":0},\"settingsLg\":{\"autoHeight\":false,\"slidesPerView\":1,\"slidesPerGroup\":1,\"spaceBetween\":0}}'><div class=\"swiper-wrapper\">\n<div class=\"swiper-slide wp-block-eedee-block-gutenslide is-position-center-center\" style=\"\"><div class=\"eedee-background-div\"><img loading=\"lazy\" decoding=\"async\" width=\"1921\" height=\"599\" class=\"swiper-lazy wp-image-232\" src=\"https:\/\/riberasalud.com\/polusa\/clinicas-santo-domingo\/wp-content\/uploads\/2021\/05\/Home_cardiologia.jpg\" alt=\"\" style=\"object-fit: cover; object-position: 50% 50%;\" srcset=\"https:\/\/riberasalud.com\/polusa\/clinicas-santo-domingo\/wp-content\/uploads\/2021\/05\/Home_cardiologia.jpg 1921w, https:\/\/riberasalud.com\/polusa\/clinicas-santo-domingo\/wp-content\/uploads\/2021\/05\/Home_cardiologia-300x94.jpg 300w, https:\/\/riberasalud.com\/polusa\/clinicas-santo-domingo\/wp-content\/uploads\/2021\/05\/Home_cardiologia-1024x319.jpg 1024w, https:\/\/riberasalud.com\/polusa\/clinicas-santo-domingo\/wp-content\/uploads\/2021\/05\/Home_cardiologia-768x239.jpg 768w, https:\/\/riberasalud.com\/polusa\/clinicas-santo-domingo\/wp-content\/uploads\/2021\/05\/Home_cardiologia-1536x479.jpg 1536w\" sizes=\"auto, (max-width: 1921px) 100vw, 1921px\" \/><div class=\"eedee-background-div__overlay\" style=\"opacity:1;\"><\/div><\/div><div class=\"slide-content\">\n\n<h1 class=\"wp-block-heading\">Cardiolog\u00eda<\/h1>\n\n\n\n<p><em>Reg. Sanitario C-27-000883<\/em><\/p>\n\n<\/div><\/div>\n\n\n<div class=\"wp-block-group\"><div class=\"wp-block-group__inner-container is-layout-flow wp-block-group-is-layout-flow\"><\/div><\/div>\n\n<\/div><\/div><button class=\"eedee-gutenslider-nav eedee-gutenslider-prev\"><svg xmlns=\"http:\/\/www.w3.org\/2000\/svg\" viewBox=\"0 0 24 24\" width=\"24\" height=\"24\"><circle class=\"bg\" cx=\"13\" cy=\"12\" r=\"11\" \/><path fill=\"none\" d=\"M0 0h24v24H0z\"\/><path class=\"arrow\" d=\"M10.828 12l4.95 4.95-1.414 1.414L8 12l6.364-6.364 1.414 1.414z\"\/><\/svg><\/button><button class=\"eedee-gutenslider-nav eedee-gutenslider-next\"><svg xmlns=\"http:\/\/www.w3.org\/2000\/svg\" viewBox=\"0 0 24 24\" width=\"24\" height=\"24\"><circle class=\"bg\" cx=\"11\" cy=\"12\" r=\"11\" \/><path fill=\"none\" d=\"M0 0h24v24H0z\"\/><path class=\"arrow\" d=\"M13.172 12l-4.95-4.95 1.414-1.414L16 12l-6.364 6.364-1.414-1.414z\"\/><\/svg><\/button><div class=\"eedee-gutenslider-pagination\"><\/div><\/div><\/div>\n\n\n<div class=\"wp-block-group\"><div class=\"wp-block-group__inner-container is-layout-flow wp-block-group-is-layout-flow\">\n<div class=\"wp-block-columns alignwide is-layout-flex wp-container-core-columns-is-layout-9d6595d7 wp-block-columns-is-layout-flex\">\n<div class=\"wp-block-column is-layout-flow wp-block-column-is-layout-flow\">\n<div class=\"wp-block-uagb-info-box popmake-846 uagb-infobox__outer-wrap uagb-block-a6959206\"><div class=\"uagb-infobox__content-wrap uagb-infobox uagb-infobox-has-image uagb-infobox-icon-above-title uagb-infobox-image-valign-top uagb-infobox-enable-border-radius \"><div class=\"uagb-ifb-left-right-wrap\"><div class=\"uagb-ifb-content\"><div class=\"uagb-ifb-image-icon-content uagb-ifb-imgicon-wrap\"><div class=\"uagb-ifb-image\"><div class=\"uagb-ifb-image-content\"><img decoding=\"async\" class=\"uagb-ifb-img-src\" src=\"https:\/\/riberasalud.com\/polusa\/clinicas-santo-domingo\/wp-content\/uploads\/2021\/05\/Dra.-Margarita-Regueiro-Abel-CARDIOLOGIA.jpg\" alt=\"\"\/><\/div><\/div><\/div><div class=\"uagb-ifb-title-wrap\"><h3 class=\"uagb-ifb-title\">Dra. Margarita Regueiro Abel<\/h3><\/div><div class=\"uagb-ifb-text-wrap\"><p class=\"uagb-ifb-desc\">Cardiolog\u00eda<\/p><\/div><\/div><\/div><\/div><\/div>\n<\/div>\n<\/div>\n\n\n\n<div class=\"wp-block-columns is-layout-flex wp-container-core-columns-is-layout-9d6595d7 wp-block-columns-is-layout-flex\">\n<div class=\"wp-block-column is-layout-flow wp-block-column-is-layout-flow\">\n<p class=\"has-text-align-center\" style=\"font-size:25px\"><span style=\"color: #d11728;\" class=\"ugb-highlight\">Cardiolog\u00eda<\/span><\/p>\n\n\n\n<p><strong>Formaci\u00f3n profesional<\/strong><br><br>Licenciada en Medicina y Cirug\u00eda en la Universidad de Santiago de Compostela en 1994.<br><br>Especializada en Cardiolog\u00eda v\u00eda MIR en el Hospital Juan Canalejo de La Coru\u00f1a 1996-2001.<br><br>Estancia en la Unidad de Miocardiopat\u00edas del Sant George\u00b4s Hospital de Londres en el a\u00f1o 2000.<br><br><strong>Actividad profesional m\u00e1s relevante<\/strong><br><br>Durante 2001-2004 trabaj\u00f3 como M\u00e9dico Adjunto de Cardiolog\u00eda en la unidad de Hospitalizaci\u00f3n del Hospital Juan Canalejo de La Coru\u00f1a.<br><br>A partir de 2004 trabaja en el Hospital Xeral de Lugo como cardi\u00f3logo en la unidad de hospitalizaci\u00f3n y registros. Desde noviembre 2011 es la responsable de la Unidad de Insuficiencia Cardiaca dependiente de Cardiolog\u00eda del Hospital Lucus Augusti.<br><br><strong>Nueva etapa<\/strong><br><br>En noviembre 2013 inicia su actividad en la Cl\u00ednica Plaza Santo Domingo como cardi\u00f3logo privado con la intenci\u00f3n de facilitar el acceso a la consulta cardiol\u00f3gica sin demoras. Tambi\u00e9n tiene como objetivo intentar ayudar y resolver los problemas m\u00e9dicos que se planteen en la mayor brevedad posible llegando a realizar pruebas, si es necesario, ya en la primera consulta (ECG, ecocardiograma, etc). Porque cuanto antes se diagnostique, mejor se tratar\u00e1.<br><br>Pacientes con factores de riesgo cardiovascular como la hipertensi\u00f3n arterial, insuficiencia cardiaca por problemas en v\u00e1lvulas cardiacas, miocardiopat\u00edas, arritmias, cardiopat\u00eda isqu\u00e9mica (angina, infarto de miocardio) son patolog\u00edas frecuentes que precisan seguimiento por un cardi\u00f3logo.<br><br>Pacientes con dificultad para respirar bajo esfuerzos o en reposo, piernas hinchadas al llegar la tarde, dolor en el pecho, mareos, palpitaciones, etc. Son s\u00edntomas que pueden orientar a un problema cardiol\u00f3gico que convendr\u00eda estudiar e identificar.<br><br>Aparte de la atenci\u00f3n m\u00e9dica, se cuida la atenci\u00f3n personal, con un trato cordial y cercano que facilita la comunicaci\u00f3n y mitiga la ansiedad que a menudo acompa\u00f1a al paciente. Es importante sentirse c\u00f3modo para poder plantear las dudas sin complejos y participar con su actitud en la mejor\u00eda de los s\u00edntomas, ya que las pastillas no lo son todo.<br><br>Y recuerde, su cardi\u00f3logo est\u00e1 aqu\u00ed para ayudarle y aconsejarle en la medida que sea posible.<br><br>En noviembre 2013 inicia su actividad en la Cl\u00ednica Plaza Santo Domingo como cardi\u00f3logo privado con la intenci\u00f3n de facilitar el acceso a la consulta cardi\u00f3logica sin demoras, intentar ayudar y resolver los problemas m\u00e9dicos que se planteen en la mayor brevedad posible con la realizaci\u00f3n de pruebas, si es necesario, ya en la primera consulta (ECG, ecocardiograma\u2026). Porque cuanto antes se diagnostique, mejor se tratar\u00e1.<br><br>Pacientes con factores de riesgo cardiovascular como la hipertensi\u00f3n arterial, insuficiencia cardiaca por problemas en v\u00e1lvulas cardiacas, miocardiopat\u00edas, arritmias, cardiopat\u00eda isqu\u00e9mica (angina, infarto de miocardio)\u2026 son patolog\u00edas frecuentes que precisan seguimiento por un cardi\u00f3logo.<br><br>Pacientes con cl\u00ednica de dificultad para respirar con esfuerzos o en reposo, piernas hinchadas al llegar la tarde, dolor en el pecho, mareos, palpitaciones &#8230; son s\u00edntomas que pueden orientar a un problema cardiol\u00f3gico que convendr\u00eda estudiar e identificar.<br><br>Aparte de la atenci\u00f3n m\u00e9dica, se cuida la atenci\u00f3n personal, con un trato cordial y cercano que facilita la comunicaci\u00f3n y mitiga la ansiedad que a menudo acompa\u00f1a al paciente. Es importante sentirse c\u00f3modo para poder plantear las dudas sin complejos y participar con su actitud en la mejor\u00eda de los s\u00edntomas, ya que las pastillas no lo son todo.<br><br>Y recuerde, su m\u00e9dico, o en este caso su cardi\u00f3logo, est\u00e1 aqu\u00ed para ayudarle y aconsejarle en la medida que sea posible<\/p>\n<\/div>\n<\/div>\n<\/div><\/div>\n","protected":false},"excerpt":{"rendered":"<p>Cardiolog\u00eda Formaci\u00f3n profesional Licenciada en Medicina y Cirug\u00eda en la Universidad de Santiago de Compostela en 1994. Especializada en Cardiolog\u00eda v\u00eda MIR en el Hospital Juan Canalejo de La Coru\u00f1a 1996-2001. Estancia en la Unidad de Miocardiopat\u00edas del Sant George\u00b4s Hospital de Londres en el a\u00f1o 2000. Actividad profesional m\u00e1s relevante Durante 2001-2004 trabaj\u00f3 como &#8230; <a title=\"Cardiolog\u00eda\" class=\"read-more\" href=\"https:\/\/riberasalud.com\/polusa\/clinicas-santo-domingo\/cardiologia\/\" aria-label=\"M\u00e1s en Cardiolog\u00eda\">Leer m\u00e1s<\/a><\/p>\n","protected":false},"author":1,"featured_media":0,"parent":0,"menu_order":0,"comment_status":"closed","ping_status":"closed","template":"","meta":{"_editorskit_title_hidden":false,"_editorskit_reading_time":2,"_coblocks_attr":"","_coblocks_dimensions":"","_coblocks_responsive_height":"","_coblocks_accordion_ie_support":"","_generate-full-width-content":"true","_mi_skip_tracking":false,"footnotes":""},"class_list":["post-142","page","type-page","status-publish"],"featured_image_urls":{"full":"","thumbnail":"","medium":"","medium_large":"","large":"","1536x1536":"","2048x2048":""},"post_excerpt_stackable":"<p>Cardiolog\u00eda Reg. Sanitario C-27-000883 Dra. Margarita Regueiro AbelCardiolog\u00eda Cardiolog\u00eda Formaci\u00f3n profesionalLicenciada en Medicina y Cirug\u00eda en la Universidad de Santiago de Compostela en 1994.Especializada en Cardiolog\u00eda v\u00eda MIR en el Hospital Juan Canalejo de La Coru\u00f1a 1996-2001.Estancia en la Unidad de Miocardiopat\u00edas del Sant George\u00b4s Hospital de Londres en el a\u00f1o 2000.Actividad profesional m\u00e1s relevanteDurante 2001-2004 trabaj\u00f3 como M\u00e9dico Adjunto de Cardiolog\u00eda en la unidad de Hospitalizaci\u00f3n del Hospital Juan Canalejo de La Coru\u00f1a.A partir de 2004 trabaja en el Hospital Xeral de Lugo como cardi\u00f3logo en la unidad de hospitalizaci\u00f3n y registros. Desde noviembre 2011 es la responsable de&hellip;<\/p>\n","category_list":"","author_info":{"name":"jorge@quois.com","url":"https:\/\/riberasalud.com\/polusa\/clinicas-santo-domingo\/author\/jorgequois-com\/"},"comments_num":"0 comentarios","featured_image_urls_v2":{"full":"","thumbnail":"","medium":"","medium_large":"","large":"","1536x1536":"","2048x2048":""},"post_excerpt_stackable_v2":"<p>Cardiolog\u00eda Reg. Sanitario C-27-000883 Dra. Margarita Regueiro AbelCardiolog\u00eda Cardiolog\u00eda Formaci\u00f3n profesionalLicenciada en Medicina y Cirug\u00eda en la Universidad de Santiago de Compostela en 1994.Especializada en Cardiolog\u00eda v\u00eda MIR en el Hospital Juan Canalejo de La Coru\u00f1a 1996-2001.Estancia en la Unidad de Miocardiopat\u00edas del Sant George\u00b4s Hospital de Londres en el a\u00f1o 2000.Actividad profesional m\u00e1s relevanteDurante 2001-2004 trabaj\u00f3 como M\u00e9dico Adjunto de Cardiolog\u00eda en la unidad de Hospitalizaci\u00f3n del Hospital Juan Canalejo de La Coru\u00f1a.A partir de 2004 trabaja en el Hospital Xeral de Lugo como cardi\u00f3logo en la unidad de hospitalizaci\u00f3n y registros. Desde noviembre 2011 es la responsable de&hellip;<\/p>\n","category_list_v2":"","author_info_v2":{"name":"jorge@quois.com","url":"https:\/\/riberasalud.com\/polusa\/clinicas-santo-domingo\/author\/jorgequois-com\/"},"comments_num_v2":"0 comentarios","yoast_head":"<!-- This site is optimized with the Yoast SEO plugin v26.9 - https:\/\/yoast.com\/product\/yoast-seo-wordpress\/ -->\n<title>Cardiolog\u00eda | Cl\u00ednica Plaza Santo Domingo<\/title>\n<meta name=\"robots\" content=\"index, follow, max-snippet:-1, max-image-preview:large, max-video-preview:-1\" \/>\n<link rel=\"canonical\" href=\"https:\/\/riberasalud.com\/polusa\/clinicas-santo-domingo\/cardiologia\/\" \/>\n<meta property=\"og:locale\" content=\"es_ES\" \/>\n<meta property=\"og:type\" content=\"article\" \/>\n<meta property=\"og:title\" content=\"Cardiolog\u00eda | Cl\u00ednica Plaza Santo Domingo\" \/>\n<meta property=\"og:description\" content=\"Cardiolog\u00eda Formaci\u00f3n profesional Licenciada en Medicina y Cirug\u00eda en la Universidad de Santiago de Compostela en 1994. Especializada en Cardiolog\u00eda v\u00eda MIR en el Hospital Juan Canalejo de La Coru\u00f1a 1996-2001. Estancia en la Unidad de Miocardiopat\u00edas del Sant George\u00b4s Hospital de Londres en el a\u00f1o 2000. Actividad profesional m\u00e1s relevante Durante 2001-2004 trabaj\u00f3 como ... Leer m\u00e1s\" \/>\n<meta property=\"og:url\" content=\"https:\/\/riberasalud.com\/polusa\/clinicas-santo-domingo\/cardiologia\/\" \/>\n<meta property=\"og:site_name\" content=\"Cl\u00ednica Plaza Santo Domingo\" \/>\n<meta property=\"article:modified_time\" content=\"2021-08-13T10:34:13+00:00\" \/>\n<meta property=\"og:image\" content=\"https:\/\/riberasalud.com\/polusa\/clinicas-santo-domingo\/wp-content\/uploads\/2021\/05\/Dra.-Margarita-Regueiro-Abel-CARDIOLOGIA.jpg\" \/>\n<meta name=\"twitter:card\" content=\"summary_large_image\" \/>\n<meta name=\"twitter:label1\" content=\"Tiempo de lectura\" \/>\n\t<meta name=\"twitter:data1\" content=\"3 minutos\" \/>\n<script type=\"application\/ld+json\" class=\"yoast-schema-graph\">{\"@context\":\"https:\/\/schema.org\",\"@graph\":[{\"@type\":\"WebPage\",\"@id\":\"https:\/\/riberasalud.com\/polusa\/clinicas-santo-domingo\/cardiologia\/\",\"url\":\"https:\/\/riberasalud.com\/polusa\/clinicas-santo-domingo\/cardiologia\/\",\"name\":\"Cardiolog\u00eda | Cl\u00ednica Plaza Santo Domingo\",\"isPartOf\":{\"@id\":\"https:\/\/riberasalud.com\/polusa\/clinicas-santo-domingo\/#website\"},\"primaryImageOfPage\":{\"@id\":\"https:\/\/riberasalud.com\/polusa\/clinicas-santo-domingo\/cardiologia\/#primaryimage\"},\"image\":{\"@id\":\"https:\/\/riberasalud.com\/polusa\/clinicas-santo-domingo\/cardiologia\/#primaryimage\"},\"thumbnailUrl\":\"https:\/\/riberasalud.com\/polusa\/clinicas-santo-domingo\/wp-content\/uploads\/2021\/05\/Dra.-Margarita-Regueiro-Abel-CARDIOLOGIA.jpg\",\"datePublished\":\"2021-05-13T07:21:20+00:00\",\"dateModified\":\"2021-08-13T10:34:13+00:00\",\"breadcrumb\":{\"@id\":\"https:\/\/riberasalud.com\/polusa\/clinicas-santo-domingo\/cardiologia\/#breadcrumb\"},\"inLanguage\":\"es\",\"potentialAction\":[{\"@type\":\"ReadAction\",\"target\":[\"https:\/\/riberasalud.com\/polusa\/clinicas-santo-domingo\/cardiologia\/\"]}]},{\"@type\":\"ImageObject\",\"inLanguage\":\"es\",\"@id\":\"https:\/\/riberasalud.com\/polusa\/clinicas-santo-domingo\/cardiologia\/#primaryimage\",\"url\":\"https:\/\/riberasalud.com\/polusa\/clinicas-santo-domingo\/wp-content\/uploads\/2021\/05\/Dra.-Margarita-Regueiro-Abel-CARDIOLOGIA.jpg\",\"contentUrl\":\"https:\/\/riberasalud.com\/polusa\/clinicas-santo-domingo\/wp-content\/uploads\/2021\/05\/Dra.-Margarita-Regueiro-Abel-CARDIOLOGIA.jpg\",\"width\":94,\"height\":125,\"caption\":\"OLYMPUS DIGITAL CAMERA\"},{\"@type\":\"BreadcrumbList\",\"@id\":\"https:\/\/riberasalud.com\/polusa\/clinicas-santo-domingo\/cardiologia\/#breadcrumb\",\"itemListElement\":[{\"@type\":\"ListItem\",\"position\":1,\"name\":\"Portada\",\"item\":\"https:\/\/riberasalud.com\/polusa\/clinicas-santo-domingo\/\"},{\"@type\":\"ListItem\",\"position\":2,\"name\":\"Cardiolog\u00eda\"}]},{\"@type\":\"WebSite\",\"@id\":\"https:\/\/riberasalud.com\/polusa\/clinicas-santo-domingo\/#website\",\"url\":\"https:\/\/riberasalud.com\/polusa\/clinicas-santo-domingo\/\",\"name\":\"Cl\u00ednica Plaza Santo Domingo\",\"description\":\"\",\"publisher\":{\"@id\":\"https:\/\/riberasalud.com\/polusa\/clinicas-santo-domingo\/#organization\"},\"potentialAction\":[{\"@type\":\"SearchAction\",\"target\":{\"@type\":\"EntryPoint\",\"urlTemplate\":\"https:\/\/riberasalud.com\/polusa\/clinicas-santo-domingo\/?s={search_term_string}\"},\"query-input\":{\"@type\":\"PropertyValueSpecification\",\"valueRequired\":true,\"valueName\":\"search_term_string\"}}],\"inLanguage\":\"es\"},{\"@type\":\"Organization\",\"@id\":\"https:\/\/riberasalud.com\/polusa\/clinicas-santo-domingo\/#organization\",\"name\":\"Cl\u00ednica Plaza Santo Domingo\",\"url\":\"https:\/\/riberasalud.com\/polusa\/clinicas-santo-domingo\/\",\"logo\":{\"@type\":\"ImageObject\",\"inLanguage\":\"es\",\"@id\":\"https:\/\/riberasalud.com\/polusa\/clinicas-santo-domingo\/#\/schema\/logo\/image\/\",\"url\":\"https:\/\/riberasalud.com\/polusa\/clinicas-santo-domingo\/wp-content\/uploads\/2021\/05\/cropped-LogoRibera-Red-ClinicaPolusa-SantoDomingo.png\",\"contentUrl\":\"https:\/\/riberasalud.com\/polusa\/clinicas-santo-domingo\/wp-content\/uploads\/2021\/05\/cropped-LogoRibera-Red-ClinicaPolusa-SantoDomingo.png\",\"width\":2377,\"height\":497,\"caption\":\"Cl\u00ednica Plaza Santo Domingo\"},\"image\":{\"@id\":\"https:\/\/riberasalud.com\/polusa\/clinicas-santo-domingo\/#\/schema\/logo\/image\/\"}}]}<\/script>\n<!-- \/ Yoast SEO plugin. -->","yoast_head_json":{"title":"Cardiolog\u00eda | Cl\u00ednica Plaza Santo Domingo","robots":{"index":"index","follow":"follow","max-snippet":"max-snippet:-1","max-image-preview":"max-image-preview:large","max-video-preview":"max-video-preview:-1"},"canonical":"https:\/\/riberasalud.com\/polusa\/clinicas-santo-domingo\/cardiologia\/","og_locale":"es_ES","og_type":"article","og_title":"Cardiolog\u00eda | Cl\u00ednica Plaza Santo Domingo","og_description":"Cardiolog\u00eda Formaci\u00f3n profesional Licenciada en Medicina y Cirug\u00eda en la Universidad de Santiago de Compostela en 1994. Especializada en Cardiolog\u00eda v\u00eda MIR en el Hospital Juan Canalejo de La Coru\u00f1a 1996-2001. Estancia en la Unidad de Miocardiopat\u00edas del Sant George\u00b4s Hospital de Londres en el a\u00f1o 2000. Actividad profesional m\u00e1s relevante Durante 2001-2004 trabaj\u00f3 como ... Leer m\u00e1s","og_url":"https:\/\/riberasalud.com\/polusa\/clinicas-santo-domingo\/cardiologia\/","og_site_name":"Cl\u00ednica Plaza Santo Domingo","article_modified_time":"2021-08-13T10:34:13+00:00","og_image":[{"url":"https:\/\/riberasalud.com\/polusa\/clinicas-santo-domingo\/wp-content\/uploads\/2021\/05\/Dra.-Margarita-Regueiro-Abel-CARDIOLOGIA.jpg","type":"","width":"","height":""}],"twitter_card":"summary_large_image","twitter_misc":{"Tiempo de lectura":"3 minutos"},"schema":{"@context":"https:\/\/schema.org","@graph":[{"@type":"WebPage","@id":"https:\/\/riberasalud.com\/polusa\/clinicas-santo-domingo\/cardiologia\/","url":"https:\/\/riberasalud.com\/polusa\/clinicas-santo-domingo\/cardiologia\/","name":"Cardiolog\u00eda | Cl\u00ednica Plaza Santo Domingo","isPartOf":{"@id":"https:\/\/riberasalud.com\/polusa\/clinicas-santo-domingo\/#website"},"primaryImageOfPage":{"@id":"https:\/\/riberasalud.com\/polusa\/clinicas-santo-domingo\/cardiologia\/#primaryimage"},"image":{"@id":"https:\/\/riberasalud.com\/polusa\/clinicas-santo-domingo\/cardiologia\/#primaryimage"},"thumbnailUrl":"https:\/\/riberasalud.com\/polusa\/clinicas-santo-domingo\/wp-content\/uploads\/2021\/05\/Dra.-Margarita-Regueiro-Abel-CARDIOLOGIA.jpg","datePublished":"2021-05-13T07:21:20+00:00","dateModified":"2021-08-13T10:34:13+00:00","breadcrumb":{"@id":"https:\/\/riberasalud.com\/polusa\/clinicas-santo-domingo\/cardiologia\/#breadcrumb"},"inLanguage":"es","potentialAction":[{"@type":"ReadAction","target":["https:\/\/riberasalud.com\/polusa\/clinicas-santo-domingo\/cardiologia\/"]}]},{"@type":"ImageObject","inLanguage":"es","@id":"https:\/\/riberasalud.com\/polusa\/clinicas-santo-domingo\/cardiologia\/#primaryimage","url":"https:\/\/riberasalud.com\/polusa\/clinicas-santo-domingo\/wp-content\/uploads\/2021\/05\/Dra.-Margarita-Regueiro-Abel-CARDIOLOGIA.jpg","contentUrl":"https:\/\/riberasalud.com\/polusa\/clinicas-santo-domingo\/wp-content\/uploads\/2021\/05\/Dra.-Margarita-Regueiro-Abel-CARDIOLOGIA.jpg","width":94,"height":125,"caption":"OLYMPUS DIGITAL CAMERA"},{"@type":"BreadcrumbList","@id":"https:\/\/riberasalud.com\/polusa\/clinicas-santo-domingo\/cardiologia\/#breadcrumb","itemListElement":[{"@type":"ListItem","position":1,"name":"Portada","item":"https:\/\/riberasalud.com\/polusa\/clinicas-santo-domingo\/"},{"@type":"ListItem","position":2,"name":"Cardiolog\u00eda"}]},{"@type":"WebSite","@id":"https:\/\/riberasalud.com\/polusa\/clinicas-santo-domingo\/#website","url":"https:\/\/riberasalud.com\/polusa\/clinicas-santo-domingo\/","name":"Cl\u00ednica Plaza Santo Domingo","description":"","publisher":{"@id":"https:\/\/riberasalud.com\/polusa\/clinicas-santo-domingo\/#organization"},"potentialAction":[{"@type":"SearchAction","target":{"@type":"EntryPoint","urlTemplate":"https:\/\/riberasalud.com\/polusa\/clinicas-santo-domingo\/?s={search_term_string}"},"query-input":{"@type":"PropertyValueSpecification","valueRequired":true,"valueName":"search_term_string"}}],"inLanguage":"es"},{"@type":"Organization","@id":"https:\/\/riberasalud.com\/polusa\/clinicas-santo-domingo\/#organization","name":"Cl\u00ednica Plaza Santo Domingo","url":"https:\/\/riberasalud.com\/polusa\/clinicas-santo-domingo\/","logo":{"@type":"ImageObject","inLanguage":"es","@id":"https:\/\/riberasalud.com\/polusa\/clinicas-santo-domingo\/#\/schema\/logo\/image\/","url":"https:\/\/riberasalud.com\/polusa\/clinicas-santo-domingo\/wp-content\/uploads\/2021\/05\/cropped-LogoRibera-Red-ClinicaPolusa-SantoDomingo.png","contentUrl":"https:\/\/riberasalud.com\/polusa\/clinicas-santo-domingo\/wp-content\/uploads\/2021\/05\/cropped-LogoRibera-Red-ClinicaPolusa-SantoDomingo.png","width":2377,"height":497,"caption":"Cl\u00ednica Plaza Santo Domingo"},"image":{"@id":"https:\/\/riberasalud.com\/polusa\/clinicas-santo-domingo\/#\/schema\/logo\/image\/"}}]}},"uagb_featured_image_src":{"full":false,"thumbnail":false,"medium":false,"medium_large":false,"large":false,"1536x1536":false,"2048x2048":false},"uagb_author_info":{"display_name":"jorge@quois.com","author_link":"https:\/\/riberasalud.com\/polusa\/clinicas-santo-domingo\/author\/jorgequois-com\/"},"uagb_comment_info":0,"uagb_excerpt":"Cardiolog\u00eda Formaci\u00f3n profesional Licenciada en Medicina y Cirug\u00eda en la Universidad de Santiago de Compostela en 1994. Especializada en Cardiolog\u00eda v\u00eda MIR en el Hospital Juan Canalejo de La Coru\u00f1a 1996-2001. Estancia en la Unidad de Miocardiopat\u00edas del Sant George\u00b4s Hospital de Londres en el a\u00f1o 2000. Actividad profesional m\u00e1s relevante Durante 2001-2004 trabaj\u00f3 como&hellip;","_links":{"self":[{"href":"https:\/\/riberasalud.com\/polusa\/clinicas-santo-domingo\/wp-json\/wp\/v2\/pages\/142","targetHints":{"allow":["GET"]}}],"collection":[{"href":"https:\/\/riberasalud.com\/polusa\/clinicas-santo-domingo\/wp-json\/wp\/v2\/pages"}],"about":[{"href":"https:\/\/riberasalud.com\/polusa\/clinicas-santo-domingo\/wp-json\/wp\/v2\/types\/page"}],"author":[{"embeddable":true,"href":"https:\/\/riberasalud.com\/polusa\/clinicas-santo-domingo\/wp-json\/wp\/v2\/users\/1"}],"replies":[{"embeddable":true,"href":"https:\/\/riberasalud.com\/polusa\/clinicas-santo-domingo\/wp-json\/wp\/v2\/comments?post=142"}],"version-history":[{"count":4,"href":"https:\/\/riberasalud.com\/polusa\/clinicas-santo-domingo\/wp-json\/wp\/v2\/pages\/142\/revisions"}],"predecessor-version":[{"id":917,"href":"https:\/\/riberasalud.com\/polusa\/clinicas-santo-domingo\/wp-json\/wp\/v2\/pages\/142\/revisions\/917"}],"wp:attachment":[{"href":"https:\/\/riberasalud.com\/polusa\/clinicas-santo-domingo\/wp-json\/wp\/v2\/media?parent=142"}],"curies":[{"name":"wp","href":"https:\/\/api.w.org\/{rel}","templated":true}]}}