{"id":661,"date":"2024-07-22T08:09:03","date_gmt":"2024-07-22T06:09:03","guid":{"rendered":"https:\/\/www.riberasalud.com\/juan-cardonaaux\/?page_id=661"},"modified":"2024-08-22T10:14:39","modified_gmt":"2024-08-22T08:14:39","slug":"chequeo-cardiovascular","status":"publish","type":"page","link":"https:\/\/riberasalud.com\/juan-cardona\/chequeo-cardiovascular\/","title":{"rendered":"Chequeo cardiovascular"},"content":{"rendered":"\n<div class=\"wp-block-cover smallslider\"><span aria-hidden=\"true\" class=\"wp-block-cover__background has-contrast-background-color has-background-dim\"><\/span><img loading=\"lazy\" decoding=\"async\" width=\"1921\" height=\"599\" class=\"wp-block-cover__image-background wp-image-655\" alt=\"\" src=\"https:\/\/www.riberasalud.com\/juan-cardona\/wp-content\/uploads\/2024\/07\/Home_cardiovascular.jpg\" style=\"object-position:67% 50%\" data-object-fit=\"cover\" data-object-position=\"67% 50%\" srcset=\"https:\/\/riberasalud.com\/juan-cardona\/wp-content\/uploads\/2024\/07\/Home_cardiovascular.jpg 1921w, https:\/\/riberasalud.com\/juan-cardona\/wp-content\/uploads\/2024\/07\/Home_cardiovascular-300x94.jpg 300w, https:\/\/riberasalud.com\/juan-cardona\/wp-content\/uploads\/2024\/07\/Home_cardiovascular-1024x319.jpg 1024w, https:\/\/riberasalud.com\/juan-cardona\/wp-content\/uploads\/2024\/07\/Home_cardiovascular-768x239.jpg 768w, https:\/\/riberasalud.com\/juan-cardona\/wp-content\/uploads\/2024\/07\/Home_cardiovascular-1536x479.jpg 1536w\" sizes=\"auto, (max-width: 1921px) 100vw, 1921px\" \/><div class=\"wp-block-cover__inner-container is-layout-constrained wp-block-cover-is-layout-constrained\">\n<div class=\"wp-block-group\"><div class=\"wp-block-group__inner-container is-layout-constrained wp-block-group-is-layout-constrained\">\n<div class=\"wp-block-columns is-layout-flex wp-container-core-columns-is-layout-9d6595d7 wp-block-columns-is-layout-flex\">\n<div class=\"wp-block-column is-vertically-aligned-center is-layout-flow wp-block-column-is-layout-flow\">\n<p>HOSPITAL RIBERA JUAN CARDONA<\/p>\n\n\n\n<h1 class=\"wp-block-heading has-text-align-left has-large-font-size\">Chequeo cardiovascular<\/h1>\n<\/div>\n\n\n\n<div class=\"wp-block-column is-layout-flow wp-block-column-is-layout-flow\"><\/div>\n<\/div>\n<\/div><\/div>\n<\/div><\/div>\n\n\n\n<div class=\"wp-block-group hasbackgroundmio anclas menu-especialidad onlydesktop has-background\" style=\"background-color:#f6e9e3\"><div class=\"wp-block-group__inner-container is-layout-flow wp-block-group-is-layout-flow\">\n<div class=\"wp-block-columns is-layout-flex wp-container-core-columns-is-layout-9d6595d7 wp-block-columns-is-layout-flex\">\n<div class=\"wp-block-column is-layout-flow wp-block-column-is-layout-flow\">\n<p class=\"has-text-align-center\"><a href=\"#quees\">\u00bfQu\u00e9 es?<\/a><\/p>\n<\/div>\n\n\n\n<div class=\"wp-block-column is-layout-flow wp-block-column-is-layout-flow\">\n<p class=\"has-text-align-center\"><a href=\"#queincluye\">\u00bfQu\u00e9 incluye?<\/a><\/p>\n<\/div>\n<\/div>\n<\/div><\/div>\n\n\n\n<div class=\"wp-block-group\"><div class=\"wp-block-group__inner-container is-layout-flow wp-block-group-is-layout-flow\">\n<h2 class=\"wp-block-heading\" id=\"quees\">\u00bfQu\u00e9 es?<\/h2>\n\n\n\n<p>La enfermedad cardiovascular es una de las principales causas de fallecimiento en el mundo. Nuestro equipo de profesionales te facilitar\u00e1 un<strong>&nbsp;diagn\u00f3stico de alta precisi\u00f3n<\/strong>&nbsp;gracias a estos chequeos, que incorporan la m\u00e1s alta tecnolog\u00eda. Esta permite cuantificar con precisi\u00f3n el riesgo de sufrir un ictus o infarto de miocardio.<br><br><strong>Los chequeos cardiovasculares del hospital Ribera Juan Cardona<\/strong>&nbsp;son capaces de detectar signos iniciales de arteriosclerosis. Nuestro equipo m\u00e9dico obtiene un conocimiento objetivo, anat\u00f3mico y funcional de la placa arterioscler\u00f3tica y, por lo tanto, la informaci\u00f3n m\u00e1s precisa y personalizada para establecer el tratamiento m\u00e1s adecuado en cada caso.<\/p>\n\n\n\n<div style=\"height:50px\" aria-hidden=\"true\" class=\"wp-block-spacer\"><\/div>\n\n\n\n<h2 class=\"wp-block-heading\" id=\"queincluye\">\u00bfQu\u00e9 incluye mi chequeo m\u00e9dico?<\/h2>\n\n\n\n<div class=\"wp-block-columns is-layout-flex wp-container-core-columns-is-layout-9d6595d7 wp-block-columns-is-layout-flex\">\n<div class=\"wp-block-column columnachequeo columnachequeoindividual is-layout-flow wp-block-column-is-layout-flow\"><div class=\"wp-block-image\">\n<figure class=\"aligncenter size-full is-resized\"><img decoding=\"async\" src=\"https:\/\/riberasalud.com\/povisa\/wp-content\/uploads\/2023\/12\/iconos-02-1-1.png\" alt=\"\" class=\"wp-image-10218\" style=\"width:275px;height:auto\"\/><\/figure>\n<\/div>\n\n\n<p class=\"titulo\">Cardiocheck<\/p>\n\n\n\n<p class=\"subtitulo\">Chequeo cardiovascular<\/p>\n\n\n\n<p class=\"precio\">475\u20ac<\/p>\n<\/div>\n\n\n\n<div class=\"wp-block-column is-layout-flow wp-block-column-is-layout-flow\">\n<p style=\"font-size:16px\"><strong><span style=\"color: #000000;\" class=\"ugb-highlight\">Pruebas a realizar<\/span><\/strong><\/p>\n\n\n\n<ul class=\"wp-block-list\">\n<li>Consulta Medicina Interna<\/li>\n\n\n\n<li>An\u00e1lisis cl\u00ednicos<\/li>\n\n\n\n<li>Ecocardiograf\u00eda<\/li>\n\n\n\n<li>Ergometr\u00eda<\/li>\n\n\n\n<li>Electrocardiograma de reposo<\/li>\n<\/ul>\n<\/div>\n\n\n\n<div class=\"wp-block-column is-layout-flow wp-block-column-is-layout-flow\">\n<p style=\"font-size:16px\"><strong><span class=\"ugb-highlight\" style=\"color: #000000;\">Pruebas a extra<\/span><\/strong><\/p>\n\n\n\n<ul class=\"wp-block-list\">\n<li>Ecodoppler carot\u00eddeo<\/li>\n\n\n\n<li>TAC cardiaco<\/li>\n\n\n\n<li>Angiotac o angioresonancia<\/li>\n<\/ul>\n\n\n\n<p class=\"textomini\">*En funci\u00f3n de tus necesidades, puedes a\u00f1adir pruebas adicionales para un diagn\u00f3stico completo<\/p>\n<\/div>\n<\/div>\n<\/div><\/div>\n","protected":false},"excerpt":{"rendered":"<p>\u00bfQu\u00e9 es? \u00bfQu\u00e9 incluye? \u00bfQu\u00e9 es? La enfermedad cardiovascular es una de las principales causas de fallecimiento en el mundo. Nuestro equipo de profesionales te facilitar\u00e1 un&nbsp;diagn\u00f3stico de alta precisi\u00f3n&nbsp;gracias a estos chequeos, que incorporan la m\u00e1s alta tecnolog\u00eda. Esta permite cuantificar con precisi\u00f3n el riesgo de sufrir un ictus o infarto de miocardio. Los &#8230; <a title=\"Chequeo cardiovascular\" class=\"read-more\" href=\"https:\/\/riberasalud.com\/juan-cardona\/chequeo-cardiovascular\/\" aria-label=\"Leer m\u00e1s sobre Chequeo cardiovascular\">Leer m\u00e1s<\/a><\/p>\n","protected":false},"author":1,"featured_media":0,"parent":0,"menu_order":0,"comment_status":"closed","ping_status":"closed","template":"","meta":{"footnotes":""},"class_list":["post-661","page","type-page","status-publish"],"yoast_head":"<!-- This site is optimized with the Yoast SEO plugin v26.6 - https:\/\/yoast.com\/wordpress\/plugins\/seo\/ -->\n<title>Chequeo cardiovascular - Hospital Ribera Juan Cardona<\/title>\n<meta name=\"description\" content=\"Realiza un chequeo cardiovascular completo para evaluar la salud de tu coraz\u00f3n. Descubre nuestros servicios para mantener tu bienestar cardiovascular.\" \/>\n<meta name=\"robots\" content=\"index, follow, max-snippet:-1, max-image-preview:large, max-video-preview:-1\" \/>\n<link rel=\"canonical\" href=\"https:\/\/riberasalud.com\/juan-cardona\/chequeo-cardiovascular\/\" \/>\n<meta property=\"og:locale\" content=\"es_ES\" \/>\n<meta property=\"og:type\" content=\"article\" \/>\n<meta property=\"og:title\" content=\"Chequeo cardiovascular - Hospital Ribera Juan Cardona\" \/>\n<meta property=\"og:description\" content=\"Realiza un chequeo cardiovascular completo para evaluar la salud de tu coraz\u00f3n. Descubre nuestros servicios para mantener tu bienestar cardiovascular.\" \/>\n<meta property=\"og:url\" content=\"https:\/\/riberasalud.com\/juan-cardona\/chequeo-cardiovascular\/\" \/>\n<meta property=\"og:site_name\" content=\"Hospital Ribera Juan Cardona\" \/>\n<meta property=\"article:modified_time\" content=\"2024-08-22T08:14:39+00:00\" \/>\n<meta property=\"og:image\" content=\"https:\/\/www.riberasalud.com\/juan-cardona\/wp-content\/uploads\/2024\/07\/Home_cardiovascular.jpg\" \/>\n<meta name=\"twitter:card\" content=\"summary_large_image\" \/>\n<meta name=\"twitter:label1\" content=\"Tiempo de lectura\" \/>\n\t<meta name=\"twitter:data1\" content=\"2 minutos\" \/>\n<script type=\"application\/ld+json\" class=\"yoast-schema-graph\">{\"@context\":\"https:\/\/schema.org\",\"@graph\":[{\"@type\":\"WebPage\",\"@id\":\"https:\/\/riberasalud.com\/juan-cardona\/chequeo-cardiovascular\/\",\"url\":\"https:\/\/riberasalud.com\/juan-cardona\/chequeo-cardiovascular\/\",\"name\":\"Chequeo cardiovascular - Hospital Ribera Juan Cardona\",\"isPartOf\":{\"@id\":\"https:\/\/riberasalud.com\/juan-cardona\/#website\"},\"primaryImageOfPage\":{\"@id\":\"https:\/\/riberasalud.com\/juan-cardona\/chequeo-cardiovascular\/#primaryimage\"},\"image\":{\"@id\":\"https:\/\/riberasalud.com\/juan-cardona\/chequeo-cardiovascular\/#primaryimage\"},\"thumbnailUrl\":\"https:\/\/www.riberasalud.com\/juan-cardona\/wp-content\/uploads\/2024\/07\/Home_cardiovascular.jpg\",\"datePublished\":\"2024-07-22T06:09:03+00:00\",\"dateModified\":\"2024-08-22T08:14:39+00:00\",\"description\":\"Realiza un chequeo cardiovascular completo para evaluar la salud de tu coraz\u00f3n. Descubre nuestros servicios para mantener tu bienestar cardiovascular.\",\"breadcrumb\":{\"@id\":\"https:\/\/riberasalud.com\/juan-cardona\/chequeo-cardiovascular\/#breadcrumb\"},\"inLanguage\":\"es\",\"potentialAction\":[{\"@type\":\"ReadAction\",\"target\":[\"https:\/\/riberasalud.com\/juan-cardona\/chequeo-cardiovascular\/\"]}]},{\"@type\":\"ImageObject\",\"inLanguage\":\"es\",\"@id\":\"https:\/\/riberasalud.com\/juan-cardona\/chequeo-cardiovascular\/#primaryimage\",\"url\":\"https:\/\/www.riberasalud.com\/juan-cardona\/wp-content\/uploads\/2024\/07\/Home_cardiovascular.jpg\",\"contentUrl\":\"https:\/\/www.riberasalud.com\/juan-cardona\/wp-content\/uploads\/2024\/07\/Home_cardiovascular.jpg\"},{\"@type\":\"BreadcrumbList\",\"@id\":\"https:\/\/riberasalud.com\/juan-cardona\/chequeo-cardiovascular\/#breadcrumb\",\"itemListElement\":[{\"@type\":\"ListItem\",\"position\":1,\"name\":\"Portada\",\"item\":\"https:\/\/riberasalud.com\/juan-cardona\/\"},{\"@type\":\"ListItem\",\"position\":2,\"name\":\"Chequeo cardiovascular\"}]},{\"@type\":\"WebSite\",\"@id\":\"https:\/\/riberasalud.com\/juan-cardona\/#website\",\"url\":\"https:\/\/riberasalud.com\/juan-cardona\/\",\"name\":\"Hospital Ribera Juan Cardona\",\"description\":\"\",\"publisher\":{\"@id\":\"https:\/\/riberasalud.com\/juan-cardona\/#organization\"},\"potentialAction\":[{\"@type\":\"SearchAction\",\"target\":{\"@type\":\"EntryPoint\",\"urlTemplate\":\"https:\/\/riberasalud.com\/juan-cardona\/?s={search_term_string}\"},\"query-input\":{\"@type\":\"PropertyValueSpecification\",\"valueRequired\":true,\"valueName\":\"search_term_string\"}}],\"inLanguage\":\"es\"},{\"@type\":\"Organization\",\"@id\":\"https:\/\/riberasalud.com\/juan-cardona\/#organization\",\"name\":\"Hospital Ribera Juan Cardona\",\"url\":\"https:\/\/riberasalud.com\/juan-cardona\/\",\"logo\":{\"@type\":\"ImageObject\",\"inLanguage\":\"es\",\"@id\":\"https:\/\/riberasalud.com\/juan-cardona\/#\/schema\/logo\/image\/\",\"url\":\"https:\/\/riberasalud.com\/juan-cardona\/wp-content\/uploads\/2025\/01\/Logo-Red-JuanCardona.png\",\"contentUrl\":\"https:\/\/riberasalud.com\/juan-cardona\/wp-content\/uploads\/2025\/01\/Logo-Red-JuanCardona.png\",\"width\":2267,\"height\":495,\"caption\":\"Hospital Ribera Juan Cardona\"},\"image\":{\"@id\":\"https:\/\/riberasalud.com\/juan-cardona\/#\/schema\/logo\/image\/\"}}]}<\/script>\n<!-- \/ Yoast SEO plugin. -->","yoast_head_json":{"title":"Chequeo cardiovascular - Hospital Ribera Juan Cardona","description":"Realiza un chequeo cardiovascular completo para evaluar la salud de tu coraz\u00f3n. Descubre nuestros servicios para mantener tu bienestar cardiovascular.","robots":{"index":"index","follow":"follow","max-snippet":"max-snippet:-1","max-image-preview":"max-image-preview:large","max-video-preview":"max-video-preview:-1"},"canonical":"https:\/\/riberasalud.com\/juan-cardona\/chequeo-cardiovascular\/","og_locale":"es_ES","og_type":"article","og_title":"Chequeo cardiovascular - Hospital Ribera Juan Cardona","og_description":"Realiza un chequeo cardiovascular completo para evaluar la salud de tu coraz\u00f3n. Descubre nuestros servicios para mantener tu bienestar cardiovascular.","og_url":"https:\/\/riberasalud.com\/juan-cardona\/chequeo-cardiovascular\/","og_site_name":"Hospital Ribera Juan Cardona","article_modified_time":"2024-08-22T08:14:39+00:00","og_image":[{"url":"https:\/\/www.riberasalud.com\/juan-cardona\/wp-content\/uploads\/2024\/07\/Home_cardiovascular.jpg","type":"","width":"","height":""}],"twitter_card":"summary_large_image","twitter_misc":{"Tiempo de lectura":"2 minutos"},"schema":{"@context":"https:\/\/schema.org","@graph":[{"@type":"WebPage","@id":"https:\/\/riberasalud.com\/juan-cardona\/chequeo-cardiovascular\/","url":"https:\/\/riberasalud.com\/juan-cardona\/chequeo-cardiovascular\/","name":"Chequeo cardiovascular - Hospital Ribera Juan Cardona","isPartOf":{"@id":"https:\/\/riberasalud.com\/juan-cardona\/#website"},"primaryImageOfPage":{"@id":"https:\/\/riberasalud.com\/juan-cardona\/chequeo-cardiovascular\/#primaryimage"},"image":{"@id":"https:\/\/riberasalud.com\/juan-cardona\/chequeo-cardiovascular\/#primaryimage"},"thumbnailUrl":"https:\/\/www.riberasalud.com\/juan-cardona\/wp-content\/uploads\/2024\/07\/Home_cardiovascular.jpg","datePublished":"2024-07-22T06:09:03+00:00","dateModified":"2024-08-22T08:14:39+00:00","description":"Realiza un chequeo cardiovascular completo para evaluar la salud de tu coraz\u00f3n. Descubre nuestros servicios para mantener tu bienestar cardiovascular.","breadcrumb":{"@id":"https:\/\/riberasalud.com\/juan-cardona\/chequeo-cardiovascular\/#breadcrumb"},"inLanguage":"es","potentialAction":[{"@type":"ReadAction","target":["https:\/\/riberasalud.com\/juan-cardona\/chequeo-cardiovascular\/"]}]},{"@type":"ImageObject","inLanguage":"es","@id":"https:\/\/riberasalud.com\/juan-cardona\/chequeo-cardiovascular\/#primaryimage","url":"https:\/\/www.riberasalud.com\/juan-cardona\/wp-content\/uploads\/2024\/07\/Home_cardiovascular.jpg","contentUrl":"https:\/\/www.riberasalud.com\/juan-cardona\/wp-content\/uploads\/2024\/07\/Home_cardiovascular.jpg"},{"@type":"BreadcrumbList","@id":"https:\/\/riberasalud.com\/juan-cardona\/chequeo-cardiovascular\/#breadcrumb","itemListElement":[{"@type":"ListItem","position":1,"name":"Portada","item":"https:\/\/riberasalud.com\/juan-cardona\/"},{"@type":"ListItem","position":2,"name":"Chequeo cardiovascular"}]},{"@type":"WebSite","@id":"https:\/\/riberasalud.com\/juan-cardona\/#website","url":"https:\/\/riberasalud.com\/juan-cardona\/","name":"Hospital Ribera Juan Cardona","description":"","publisher":{"@id":"https:\/\/riberasalud.com\/juan-cardona\/#organization"},"potentialAction":[{"@type":"SearchAction","target":{"@type":"EntryPoint","urlTemplate":"https:\/\/riberasalud.com\/juan-cardona\/?s={search_term_string}"},"query-input":{"@type":"PropertyValueSpecification","valueRequired":true,"valueName":"search_term_string"}}],"inLanguage":"es"},{"@type":"Organization","@id":"https:\/\/riberasalud.com\/juan-cardona\/#organization","name":"Hospital Ribera Juan Cardona","url":"https:\/\/riberasalud.com\/juan-cardona\/","logo":{"@type":"ImageObject","inLanguage":"es","@id":"https:\/\/riberasalud.com\/juan-cardona\/#\/schema\/logo\/image\/","url":"https:\/\/riberasalud.com\/juan-cardona\/wp-content\/uploads\/2025\/01\/Logo-Red-JuanCardona.png","contentUrl":"https:\/\/riberasalud.com\/juan-cardona\/wp-content\/uploads\/2025\/01\/Logo-Red-JuanCardona.png","width":2267,"height":495,"caption":"Hospital Ribera Juan Cardona"},"image":{"@id":"https:\/\/riberasalud.com\/juan-cardona\/#\/schema\/logo\/image\/"}}]}},"_links":{"self":[{"href":"https:\/\/riberasalud.com\/juan-cardona\/wp-json\/wp\/v2\/pages\/661","targetHints":{"allow":["GET"]}}],"collection":[{"href":"https:\/\/riberasalud.com\/juan-cardona\/wp-json\/wp\/v2\/pages"}],"about":[{"href":"https:\/\/riberasalud.com\/juan-cardona\/wp-json\/wp\/v2\/types\/page"}],"author":[{"embeddable":true,"href":"https:\/\/riberasalud.com\/juan-cardona\/wp-json\/wp\/v2\/users\/1"}],"replies":[{"embeddable":true,"href":"https:\/\/riberasalud.com\/juan-cardona\/wp-json\/wp\/v2\/comments?post=661"}],"version-history":[{"count":6,"href":"https:\/\/riberasalud.com\/juan-cardona\/wp-json\/wp\/v2\/pages\/661\/revisions"}],"predecessor-version":[{"id":6670,"href":"https:\/\/riberasalud.com\/juan-cardona\/wp-json\/wp\/v2\/pages\/661\/revisions\/6670"}],"wp:attachment":[{"href":"https:\/\/riberasalud.com\/juan-cardona\/wp-json\/wp\/v2\/media?parent=661"}],"curies":[{"name":"wp","href":"https:\/\/api.w.org\/{rel}","templated":true}]}}