{"id":476,"date":"2024-07-17T11:30:52","date_gmt":"2024-07-17T09:30:52","guid":{"rendered":"https:\/\/riberasalud.com\/juan-cardonaaux\/?page_id=476"},"modified":"2025-01-15T16:06:12","modified_gmt":"2025-01-15T15:06:12","slug":"equipo-directivo","status":"publish","type":"page","link":"https:\/\/riberasalud.com\/juan-cardona\/equipo-directivo\/","title":{"rendered":"Equipo directivo"},"content":{"rendered":"\n<div class=\"wp-block-group hasbackgroundnaranja sliderlinea\"><div class=\"wp-block-group__inner-container is-layout-flow wp-block-group-is-layout-flow\">\n<p>HOSPITAL RIBERA JUAN CARDONA<\/p>\n\n\n\n<h1 class=\"wp-block-heading\">Equipo directivo<\/h1>\n<\/div><\/div>\n\n\n\n<div class=\"wp-block-group\"><div class=\"wp-block-group__inner-container is-layout-flow wp-block-group-is-layout-flow\">\n<h2 class=\"wp-block-heading\">EN NUESTRO MODELO ORGANIZATIVO Y DE GESTI\u00d3N SE PIENSA EN PRIMER LUGAR EN EL PACIENTE<\/h2>\n\n\n\n<h5 class=\"wp-block-heading\"><strong>Nuestros pacientes se convierten en centro de todas las actividades y actuaciones que se llevan a cabo en el Hospital.<\/strong><\/h5>\n\n\n\n<p>Para que esta labor sea alcanzada con total \u00e9xito, el equipo directivo del Hospital Juan Cardona y el equipo de gesti\u00f3n se encargan de mantener la calidad de nuestros servicios.<\/p>\n\n\n\n<div class=\"wp-block-columns ocultarambos is-layout-flex wp-container-core-columns-is-layout-9d6595d7 wp-block-columns-is-layout-flex\">\n<div class=\"wp-block-column is-layout-flow wp-block-column-is-layout-flow\">\n<figure class=\"wp-block-image size-full fotoredonda\"><img decoding=\"async\" src=\"https:\/\/www.riberasalud.com\/juan-cardona\/wp-content\/uploads\/2024\/08\/Lillo-Fernandez-Vanessa1547.jpg\" alt=\"\" class=\"wp-image-2037\"\/><\/figure>\n<\/div>\n\n\n\n<div class=\"wp-block-column is-layout-flow wp-block-column-is-layout-flow\">\n<p><strong>DIRECCI\u00d3N \u2013 GERENCIA DEL HOSPITAL JUAN CARDONA<\/strong><br>D. Javier Atanes P\u00e9rez<\/p>\n\n\n\n<p><strong>DIRECCI\u00d3N DE ENFERMER\u00cdA<\/strong><br>Vanessa Lillo Fern\u00e1ndez<\/p>\n\n\n\n<p><strong>DIRECCI\u00d3N ADMINISTRATIVA<\/strong><br>D\u00f1a. M\u00aa Pilar Basanta L\u00f3pez<\/p>\n<\/div>\n<\/div>\n\n\n\n<div id=\"equipomedico\" class=\"wp-block-group equipomedicomas\"><div class=\"wp-block-group__inner-container is-layout-constrained wp-block-group-is-layout-constrained\">\n<div class=\"wp-block-columns is-layout-flex wp-container-core-columns-is-layout-9d6595d7 wp-block-columns-is-layout-flex\">\n<div class=\"wp-block-column is-layout-flow wp-block-column-is-layout-flow\">\n<figure class=\"wp-block-image size-full is-resized is-style-rounded\"><img loading=\"lazy\" decoding=\"async\" width=\"1200\" height=\"1260\" src=\"https:\/\/www.riberasalud.com\/juan-cardona\/wp-content\/uploads\/2024\/08\/Javier.jpg\" alt=\"\" class=\"wp-image-6739\" style=\"width:200px\" srcset=\"https:\/\/riberasalud.com\/juan-cardona\/wp-content\/uploads\/2024\/08\/Javier.jpg 1200w, https:\/\/riberasalud.com\/juan-cardona\/wp-content\/uploads\/2024\/08\/Javier-286x300.jpg 286w, https:\/\/riberasalud.com\/juan-cardona\/wp-content\/uploads\/2024\/08\/Javier-975x1024.jpg 975w, https:\/\/riberasalud.com\/juan-cardona\/wp-content\/uploads\/2024\/08\/Javier-768x806.jpg 768w\" sizes=\"auto, (max-width: 1200px) 100vw, 1200px\" \/><\/figure>\n\n\n\n<h2 class=\"wp-block-heading nombre\">Direcci\u00f3n &#8211; gerencia<\/h2>\n\n\n\n<p>Javier Atanes P\u00e9rez<\/p>\n\n\n\n<p class=\"vercv ocultarambos\">Ver curr\u00edculum<\/p>\n\n\n\n<ul class=\"wp-block-list cv\">\n<li>Universidad 1<\/li>\n\n\n\n<li>Diploma 1<\/li>\n\n\n\n<li>Diploma 2<\/li>\n\n\n\n<li>Diploma 3<\/li>\n\n\n\n<li>Diploma 4<\/li>\n<\/ul>\n<\/div>\n\n\n\n<div class=\"wp-block-column is-layout-flow wp-block-column-is-layout-flow\">\n<figure class=\"wp-block-image size-full is-resized is-style-rounded\"><img loading=\"lazy\" decoding=\"async\" width=\"1200\" height=\"1260\" src=\"https:\/\/www.riberasalud.com\/juan-cardona\/wp-content\/uploads\/2025\/01\/FranciscoJavierRodriguez.jpg\" alt=\"Francisco Javier Rodr\u00edguez Fari\u00f1a\" class=\"wp-image-7293\" style=\"width:200px\" srcset=\"https:\/\/riberasalud.com\/juan-cardona\/wp-content\/uploads\/2025\/01\/FranciscoJavierRodriguez.jpg 1200w, https:\/\/riberasalud.com\/juan-cardona\/wp-content\/uploads\/2025\/01\/FranciscoJavierRodriguez-286x300.jpg 286w, https:\/\/riberasalud.com\/juan-cardona\/wp-content\/uploads\/2025\/01\/FranciscoJavierRodriguez-975x1024.jpg 975w, https:\/\/riberasalud.com\/juan-cardona\/wp-content\/uploads\/2025\/01\/FranciscoJavierRodriguez-768x806.jpg 768w\" sizes=\"auto, (max-width: 1200px) 100vw, 1200px\" \/><\/figure>\n\n\n\n<h2 class=\"wp-block-heading nombre\">Direcci\u00f3n m\u00e9dica<\/h2>\n\n\n\n<p>Francisco Javier Rodr\u00edguez Fari\u00f1a<\/p>\n\n\n\n<p class=\"vercv ocultarambos\">Ver curr\u00edculum<\/p>\n\n\n\n<ul class=\"wp-block-list cv\">\n<li>Universidad 1<\/li>\n\n\n\n<li>Diploma 1<\/li>\n\n\n\n<li>Diploma 2<\/li>\n\n\n\n<li>Diploma 3<\/li>\n\n\n\n<li>Diploma 4<\/li>\n<\/ul>\n<\/div>\n\n\n\n<div class=\"wp-block-column is-layout-flow wp-block-column-is-layout-flow\">\n<figure class=\"wp-block-image size-full is-resized is-style-rounded\"><img loading=\"lazy\" decoding=\"async\" width=\"1200\" height=\"1260\" src=\"https:\/\/www.riberasalud.com\/juan-cardona\/wp-content\/uploads\/2024\/08\/Lillo-Fernandez-Vanessa.jpg\" alt=\"\" class=\"wp-image-6741\" style=\"width:200px\" srcset=\"https:\/\/riberasalud.com\/juan-cardona\/wp-content\/uploads\/2024\/08\/Lillo-Fernandez-Vanessa.jpg 1200w, https:\/\/riberasalud.com\/juan-cardona\/wp-content\/uploads\/2024\/08\/Lillo-Fernandez-Vanessa-286x300.jpg 286w, https:\/\/riberasalud.com\/juan-cardona\/wp-content\/uploads\/2024\/08\/Lillo-Fernandez-Vanessa-975x1024.jpg 975w, https:\/\/riberasalud.com\/juan-cardona\/wp-content\/uploads\/2024\/08\/Lillo-Fernandez-Vanessa-768x806.jpg 768w\" sizes=\"auto, (max-width: 1200px) 100vw, 1200px\" \/><\/figure>\n\n\n\n<h2 class=\"wp-block-heading nombre\">Direcci\u00f3n de enfermer\u00eda<\/h2>\n\n\n\n<p>Vanessa Lillo Fern\u00e1ndez<\/p>\n\n\n\n<p class=\"vercv ocultarambos\">Ver curr\u00edculum<\/p>\n\n\n\n<ul class=\"wp-block-list cv\">\n<li>Universidad 1<\/li>\n\n\n\n<li>Diploma 1<\/li>\n\n\n\n<li>Diploma 2<\/li>\n\n\n\n<li>Diploma 3<\/li>\n\n\n\n<li>Diploma 4<\/li>\n<\/ul>\n<\/div>\n\n\n\n<div class=\"wp-block-column is-layout-flow wp-block-column-is-layout-flow\">\n<figure class=\"wp-block-image size-full is-resized is-style-rounded\"><img loading=\"lazy\" decoding=\"async\" width=\"1200\" height=\"1260\" src=\"https:\/\/www.riberasalud.com\/juan-cardona\/wp-content\/uploads\/2024\/08\/Basanta-Lopez-Ma-del-Pilar.jpg\" alt=\"\" class=\"wp-image-6744\" style=\"width:200px\" srcset=\"https:\/\/riberasalud.com\/juan-cardona\/wp-content\/uploads\/2024\/08\/Basanta-Lopez-Ma-del-Pilar.jpg 1200w, https:\/\/riberasalud.com\/juan-cardona\/wp-content\/uploads\/2024\/08\/Basanta-Lopez-Ma-del-Pilar-286x300.jpg 286w, https:\/\/riberasalud.com\/juan-cardona\/wp-content\/uploads\/2024\/08\/Basanta-Lopez-Ma-del-Pilar-975x1024.jpg 975w, https:\/\/riberasalud.com\/juan-cardona\/wp-content\/uploads\/2024\/08\/Basanta-Lopez-Ma-del-Pilar-768x806.jpg 768w\" sizes=\"auto, (max-width: 1200px) 100vw, 1200px\" \/><\/figure>\n\n\n\n<h2 class=\"wp-block-heading nombre\">Direcci\u00f3n<br>financiera<\/h2>\n\n\n\n<p>M\u00aa Pilar Basanta L\u00f3pez<\/p>\n\n\n\n<p class=\"vercv ocultarambos\">Ver curr\u00edculum<\/p>\n\n\n\n<ul class=\"wp-block-list cv\">\n<li>Universidad 1<\/li>\n\n\n\n<li>Diploma 1<\/li>\n\n\n\n<li>Diploma 2<\/li>\n\n\n\n<li>Diploma 3<\/li>\n\n\n\n<li>Diploma 4<\/li>\n<\/ul>\n<\/div>\n<\/div>\n\n\n\n<script type=\"text\/javascript\">jQuery(document).ready(function() {\n\n\n$(\".vercv\").click(function(){ \n  let el = (this).nextElementSibling;\nif(el.style.display==\"block\"){el.style.display=\"none\"}\nelse if(el.style.display==\"none\"){el.style.display=\"block\"}\nelse if(el.style.display==\"\"){el.style.display=\"block\"}\n  \n\n });\n\n\n\n}); \n<\/script>\n<\/div><\/div>\n<\/div><\/div>\n","protected":false},"excerpt":{"rendered":"<p>HOSPITAL RIBERA JUAN CARDONA Equipo directivo EN NUESTRO MODELO ORGANIZATIVO Y DE GESTI\u00d3N SE PIENSA EN PRIMER LUGAR EN EL PACIENTE Nuestros pacientes se convierten en centro de todas las actividades y actuaciones que se llevan a cabo en el Hospital. Para que esta labor sea alcanzada con total \u00e9xito, el equipo directivo del Hospital &#8230; <a title=\"Equipo directivo\" class=\"read-more\" href=\"https:\/\/riberasalud.com\/juan-cardona\/equipo-directivo\/\" aria-label=\"Leer m\u00e1s sobre Equipo directivo\">Leer m\u00e1s<\/a><\/p>\n","protected":false},"author":1,"featured_media":0,"parent":0,"menu_order":0,"comment_status":"closed","ping_status":"closed","template":"","meta":{"footnotes":""},"class_list":["post-476","page","type-page","status-publish"],"yoast_head":"<!-- This site is optimized with the Yoast SEO plugin v26.6 - https:\/\/yoast.com\/wordpress\/plugins\/seo\/ -->\n<title>Equipo directivo - Hospital Ribera Juan Cardona<\/title>\n<meta name=\"description\" content=\"Conoce nuestro equipo directivo. Descubre qui\u00e9nes lideran el hospital y c\u00f3mo su experiencia y visi\u00f3n mejoran la calidad de nuestros servicios.\" \/>\n<meta name=\"robots\" content=\"index, follow, max-snippet:-1, max-image-preview:large, max-video-preview:-1\" \/>\n<link rel=\"canonical\" href=\"https:\/\/riberasalud.com\/juan-cardona\/equipo-directivo\/\" \/>\n<meta property=\"og:locale\" content=\"es_ES\" \/>\n<meta property=\"og:type\" content=\"article\" \/>\n<meta property=\"og:title\" content=\"Equipo directivo - Hospital Ribera Juan Cardona\" \/>\n<meta property=\"og:description\" content=\"Conoce nuestro equipo directivo. Descubre qui\u00e9nes lideran el hospital y c\u00f3mo su experiencia y visi\u00f3n mejoran la calidad de nuestros servicios.\" \/>\n<meta property=\"og:url\" content=\"https:\/\/riberasalud.com\/juan-cardona\/equipo-directivo\/\" \/>\n<meta property=\"og:site_name\" content=\"Hospital Ribera Juan Cardona\" \/>\n<meta property=\"article:modified_time\" content=\"2025-01-15T15:06:12+00:00\" \/>\n<meta property=\"og:image\" content=\"https:\/\/www.riberasalud.com\/juan-cardona\/wp-content\/uploads\/2024\/08\/Lillo-Fernandez-Vanessa1547.jpg\" \/>\n<meta name=\"twitter:card\" content=\"summary_large_image\" \/>\n<meta name=\"twitter:label1\" content=\"Tiempo de lectura\" \/>\n\t<meta name=\"twitter:data1\" content=\"2 minutos\" \/>\n<script type=\"application\/ld+json\" class=\"yoast-schema-graph\">{\"@context\":\"https:\/\/schema.org\",\"@graph\":[{\"@type\":\"WebPage\",\"@id\":\"https:\/\/riberasalud.com\/juan-cardona\/equipo-directivo\/\",\"url\":\"https:\/\/riberasalud.com\/juan-cardona\/equipo-directivo\/\",\"name\":\"Equipo directivo - Hospital Ribera Juan Cardona\",\"isPartOf\":{\"@id\":\"https:\/\/riberasalud.com\/juan-cardona\/#website\"},\"primaryImageOfPage\":{\"@id\":\"https:\/\/riberasalud.com\/juan-cardona\/equipo-directivo\/#primaryimage\"},\"image\":{\"@id\":\"https:\/\/riberasalud.com\/juan-cardona\/equipo-directivo\/#primaryimage\"},\"thumbnailUrl\":\"https:\/\/www.riberasalud.com\/juan-cardona\/wp-content\/uploads\/2024\/08\/Lillo-Fernandez-Vanessa1547.jpg\",\"datePublished\":\"2024-07-17T09:30:52+00:00\",\"dateModified\":\"2025-01-15T15:06:12+00:00\",\"description\":\"Conoce nuestro equipo directivo. Descubre qui\u00e9nes lideran el hospital y c\u00f3mo su experiencia y visi\u00f3n mejoran la calidad de nuestros servicios.\",\"breadcrumb\":{\"@id\":\"https:\/\/riberasalud.com\/juan-cardona\/equipo-directivo\/#breadcrumb\"},\"inLanguage\":\"es\",\"potentialAction\":[{\"@type\":\"ReadAction\",\"target\":[\"https:\/\/riberasalud.com\/juan-cardona\/equipo-directivo\/\"]}]},{\"@type\":\"ImageObject\",\"inLanguage\":\"es\",\"@id\":\"https:\/\/riberasalud.com\/juan-cardona\/equipo-directivo\/#primaryimage\",\"url\":\"https:\/\/www.riberasalud.com\/juan-cardona\/wp-content\/uploads\/2024\/08\/Lillo-Fernandez-Vanessa1547.jpg\",\"contentUrl\":\"https:\/\/www.riberasalud.com\/juan-cardona\/wp-content\/uploads\/2024\/08\/Lillo-Fernandez-Vanessa1547.jpg\"},{\"@type\":\"BreadcrumbList\",\"@id\":\"https:\/\/riberasalud.com\/juan-cardona\/equipo-directivo\/#breadcrumb\",\"itemListElement\":[{\"@type\":\"ListItem\",\"position\":1,\"name\":\"Portada\",\"item\":\"https:\/\/riberasalud.com\/juan-cardona\/\"},{\"@type\":\"ListItem\",\"position\":2,\"name\":\"Equipo directivo\"}]},{\"@type\":\"WebSite\",\"@id\":\"https:\/\/riberasalud.com\/juan-cardona\/#website\",\"url\":\"https:\/\/riberasalud.com\/juan-cardona\/\",\"name\":\"Hospital Ribera Juan Cardona\",\"description\":\"\",\"publisher\":{\"@id\":\"https:\/\/riberasalud.com\/juan-cardona\/#organization\"},\"potentialAction\":[{\"@type\":\"SearchAction\",\"target\":{\"@type\":\"EntryPoint\",\"urlTemplate\":\"https:\/\/riberasalud.com\/juan-cardona\/?s={search_term_string}\"},\"query-input\":{\"@type\":\"PropertyValueSpecification\",\"valueRequired\":true,\"valueName\":\"search_term_string\"}}],\"inLanguage\":\"es\"},{\"@type\":\"Organization\",\"@id\":\"https:\/\/riberasalud.com\/juan-cardona\/#organization\",\"name\":\"Hospital Ribera Juan Cardona\",\"url\":\"https:\/\/riberasalud.com\/juan-cardona\/\",\"logo\":{\"@type\":\"ImageObject\",\"inLanguage\":\"es\",\"@id\":\"https:\/\/riberasalud.com\/juan-cardona\/#\/schema\/logo\/image\/\",\"url\":\"https:\/\/riberasalud.com\/juan-cardona\/wp-content\/uploads\/2025\/01\/Logo-Red-JuanCardona.png\",\"contentUrl\":\"https:\/\/riberasalud.com\/juan-cardona\/wp-content\/uploads\/2025\/01\/Logo-Red-JuanCardona.png\",\"width\":2267,\"height\":495,\"caption\":\"Hospital Ribera Juan Cardona\"},\"image\":{\"@id\":\"https:\/\/riberasalud.com\/juan-cardona\/#\/schema\/logo\/image\/\"}}]}<\/script>\n<!-- \/ Yoast SEO plugin. -->","yoast_head_json":{"title":"Equipo directivo - Hospital Ribera Juan Cardona","description":"Conoce nuestro equipo directivo. Descubre qui\u00e9nes lideran el hospital y c\u00f3mo su experiencia y visi\u00f3n mejoran la calidad de nuestros servicios.","robots":{"index":"index","follow":"follow","max-snippet":"max-snippet:-1","max-image-preview":"max-image-preview:large","max-video-preview":"max-video-preview:-1"},"canonical":"https:\/\/riberasalud.com\/juan-cardona\/equipo-directivo\/","og_locale":"es_ES","og_type":"article","og_title":"Equipo directivo - Hospital Ribera Juan Cardona","og_description":"Conoce nuestro equipo directivo. Descubre qui\u00e9nes lideran el hospital y c\u00f3mo su experiencia y visi\u00f3n mejoran la calidad de nuestros servicios.","og_url":"https:\/\/riberasalud.com\/juan-cardona\/equipo-directivo\/","og_site_name":"Hospital Ribera Juan Cardona","article_modified_time":"2025-01-15T15:06:12+00:00","og_image":[{"url":"https:\/\/www.riberasalud.com\/juan-cardona\/wp-content\/uploads\/2024\/08\/Lillo-Fernandez-Vanessa1547.jpg","type":"","width":"","height":""}],"twitter_card":"summary_large_image","twitter_misc":{"Tiempo de lectura":"2 minutos"},"schema":{"@context":"https:\/\/schema.org","@graph":[{"@type":"WebPage","@id":"https:\/\/riberasalud.com\/juan-cardona\/equipo-directivo\/","url":"https:\/\/riberasalud.com\/juan-cardona\/equipo-directivo\/","name":"Equipo directivo - Hospital Ribera Juan Cardona","isPartOf":{"@id":"https:\/\/riberasalud.com\/juan-cardona\/#website"},"primaryImageOfPage":{"@id":"https:\/\/riberasalud.com\/juan-cardona\/equipo-directivo\/#primaryimage"},"image":{"@id":"https:\/\/riberasalud.com\/juan-cardona\/equipo-directivo\/#primaryimage"},"thumbnailUrl":"https:\/\/www.riberasalud.com\/juan-cardona\/wp-content\/uploads\/2024\/08\/Lillo-Fernandez-Vanessa1547.jpg","datePublished":"2024-07-17T09:30:52+00:00","dateModified":"2025-01-15T15:06:12+00:00","description":"Conoce nuestro equipo directivo. Descubre qui\u00e9nes lideran el hospital y c\u00f3mo su experiencia y visi\u00f3n mejoran la calidad de nuestros servicios.","breadcrumb":{"@id":"https:\/\/riberasalud.com\/juan-cardona\/equipo-directivo\/#breadcrumb"},"inLanguage":"es","potentialAction":[{"@type":"ReadAction","target":["https:\/\/riberasalud.com\/juan-cardona\/equipo-directivo\/"]}]},{"@type":"ImageObject","inLanguage":"es","@id":"https:\/\/riberasalud.com\/juan-cardona\/equipo-directivo\/#primaryimage","url":"https:\/\/www.riberasalud.com\/juan-cardona\/wp-content\/uploads\/2024\/08\/Lillo-Fernandez-Vanessa1547.jpg","contentUrl":"https:\/\/www.riberasalud.com\/juan-cardona\/wp-content\/uploads\/2024\/08\/Lillo-Fernandez-Vanessa1547.jpg"},{"@type":"BreadcrumbList","@id":"https:\/\/riberasalud.com\/juan-cardona\/equipo-directivo\/#breadcrumb","itemListElement":[{"@type":"ListItem","position":1,"name":"Portada","item":"https:\/\/riberasalud.com\/juan-cardona\/"},{"@type":"ListItem","position":2,"name":"Equipo directivo"}]},{"@type":"WebSite","@id":"https:\/\/riberasalud.com\/juan-cardona\/#website","url":"https:\/\/riberasalud.com\/juan-cardona\/","name":"Hospital Ribera Juan Cardona","description":"","publisher":{"@id":"https:\/\/riberasalud.com\/juan-cardona\/#organization"},"potentialAction":[{"@type":"SearchAction","target":{"@type":"EntryPoint","urlTemplate":"https:\/\/riberasalud.com\/juan-cardona\/?s={search_term_string}"},"query-input":{"@type":"PropertyValueSpecification","valueRequired":true,"valueName":"search_term_string"}}],"inLanguage":"es"},{"@type":"Organization","@id":"https:\/\/riberasalud.com\/juan-cardona\/#organization","name":"Hospital Ribera Juan Cardona","url":"https:\/\/riberasalud.com\/juan-cardona\/","logo":{"@type":"ImageObject","inLanguage":"es","@id":"https:\/\/riberasalud.com\/juan-cardona\/#\/schema\/logo\/image\/","url":"https:\/\/riberasalud.com\/juan-cardona\/wp-content\/uploads\/2025\/01\/Logo-Red-JuanCardona.png","contentUrl":"https:\/\/riberasalud.com\/juan-cardona\/wp-content\/uploads\/2025\/01\/Logo-Red-JuanCardona.png","width":2267,"height":495,"caption":"Hospital Ribera Juan Cardona"},"image":{"@id":"https:\/\/riberasalud.com\/juan-cardona\/#\/schema\/logo\/image\/"}}]}},"_links":{"self":[{"href":"https:\/\/riberasalud.com\/juan-cardona\/wp-json\/wp\/v2\/pages\/476","targetHints":{"allow":["GET"]}}],"collection":[{"href":"https:\/\/riberasalud.com\/juan-cardona\/wp-json\/wp\/v2\/pages"}],"about":[{"href":"https:\/\/riberasalud.com\/juan-cardona\/wp-json\/wp\/v2\/types\/page"}],"author":[{"embeddable":true,"href":"https:\/\/riberasalud.com\/juan-cardona\/wp-json\/wp\/v2\/users\/1"}],"replies":[{"embeddable":true,"href":"https:\/\/riberasalud.com\/juan-cardona\/wp-json\/wp\/v2\/comments?post=476"}],"version-history":[{"count":32,"href":"https:\/\/riberasalud.com\/juan-cardona\/wp-json\/wp\/v2\/pages\/476\/revisions"}],"predecessor-version":[{"id":7295,"href":"https:\/\/riberasalud.com\/juan-cardona\/wp-json\/wp\/v2\/pages\/476\/revisions\/7295"}],"wp:attachment":[{"href":"https:\/\/riberasalud.com\/juan-cardona\/wp-json\/wp\/v2\/media?parent=476"}],"curies":[{"name":"wp","href":"https:\/\/api.w.org\/{rel}","templated":true}]}}