{"id":475,"date":"2024-07-17T11:35:59","date_gmt":"2024-07-17T09:35:59","guid":{"rendered":"https:\/\/riberasalud.com\/juan-cardonaaux\/?page_id=475"},"modified":"2024-08-22T11:21:05","modified_gmt":"2024-08-22T09:21:05","slug":"equipo-medico-0","status":"publish","type":"page","link":"https:\/\/riberasalud.com\/juan-cardona\/equipo-medico-0\/","title":{"rendered":"Equipo m\u00e9dico"},"content":{"rendered":"\n<div class=\"wp-block-group hasbackgroundnaranja sliderlinea\"><div class=\"wp-block-group__inner-container is-layout-flow wp-block-group-is-layout-flow\">\n<p>HOSPITAL RIBERA JUAN CARDONA<\/p>\n\n\n\n<h1 class=\"wp-block-heading\">Equipo m\u00e9dico<\/h1>\n<\/div><\/div>\n\n\n\n<div class=\"wp-block-cover is-light\"><span aria-hidden=\"true\" class=\"wp-block-cover__background has-background-dim-0 has-background-dim\" style=\"background-color:#c4beb6\"><\/span><img loading=\"lazy\" decoding=\"async\" width=\"2000\" height=\"854\" class=\"wp-block-cover__image-background wp-image-481\" alt=\"\" src=\"https:\/\/riberasalud.com\/juan-cardona\/wp-content\/uploads\/2024\/07\/juan_cardona-team2.jpg\" style=\"object-position:51% 27%\" data-object-fit=\"cover\" data-object-position=\"51% 27%\" srcset=\"https:\/\/riberasalud.com\/juan-cardona\/wp-content\/uploads\/2024\/07\/juan_cardona-team2.jpg 2000w, https:\/\/riberasalud.com\/juan-cardona\/wp-content\/uploads\/2024\/07\/juan_cardona-team2-300x128.jpg 300w, https:\/\/riberasalud.com\/juan-cardona\/wp-content\/uploads\/2024\/07\/juan_cardona-team2-1024x437.jpg 1024w, https:\/\/riberasalud.com\/juan-cardona\/wp-content\/uploads\/2024\/07\/juan_cardona-team2-768x328.jpg 768w, https:\/\/riberasalud.com\/juan-cardona\/wp-content\/uploads\/2024\/07\/juan_cardona-team2-1536x656.jpg 1536w\" sizes=\"auto, (max-width: 2000px) 100vw, 2000px\" \/><div class=\"wp-block-cover__inner-container is-layout-constrained wp-block-cover-is-layout-constrained\">\n<p class=\"has-text-align-center has-large-font-size\"><\/p>\n<\/div><\/div>\n\n\n\n<div class=\"wp-block-group\"><div class=\"wp-block-group__inner-container is-layout-flow wp-block-group-is-layout-flow\">\n<h2 class=\"wp-block-heading\">CUANDO SE TRATA DE NUESTRA SALUD, TODOS QUEREMOS ESTAR EN LAS MEJORES MANOS<\/h2>\n\n\n\n<h5 class=\"wp-block-heading\"><strong>Conscientes de algo tan natural como esto, el equipo m\u00e9dico del Hospital Juan Cardona ha sido seleccionado entre los profesionales de mayor prestigio dentro de cada especialidad.<\/strong><\/h5>\n\n\n\n<p>Ellos forman uno de los mejores equipos m\u00e9dicos de la sanidad gallega y garantizan rigor profesional, seguridad y calidad de todos sus actos m\u00e9dico-sanitarios. Adem\u00e1s, el hospital cuenta con otro magn\u00edfico equipo, el de enfermer\u00eda. Enfermeras y enfermeros que aportan una inestimable ayuda, a pie de cama, vigilando la calidad de la atenci\u00f3n.<\/p>\n\n\n\n<p>Para conocer al equipo m\u00e9dico de cada especialidad pulse en el servicio que corresponda y, adem\u00e1s, podr\u00e1 solicitar cita con nuestros especialistas.<\/p>\n\n\n\n<p><strong>Juntos trabajamos para la pronta recuperaci\u00f3n del paciente.<\/strong><\/p>\n<\/div><\/div>\n\n\n\n<div class=\"wp-block-group hasbackgroundmio\"><div class=\"wp-block-group__inner-container is-layout-constrained wp-block-group-is-layout-constrained\">\n<p class=\"has-text-align-center\"><a href=\"https:\/\/riberasalud.com\/juan-cardona\/anatomia-patologica\/\" data-type=\"page\" data-id=\"47\">ANATOM\u00cdA PATOL\u00d3GICA<\/a>&nbsp;\u00b7&nbsp;<a href=\"https:\/\/riberasalud.com\/juan-cardona\/anestesiologia-y-reanimacion\/\" data-type=\"page\" data-id=\"351\">ANESTESIOLOG\u00cdA<\/a>&nbsp;\u00b7&nbsp;<a href=\"https:\/\/riberasalud.com\/juan-cardona\/cardiologia\/\" data-type=\"page\" data-id=\"94\">CARDIOLOG\u00cdA<\/a>&nbsp;\u00b7&nbsp;<a href=\"https:\/\/riberasalud.com\/juan-cardona\/cirugia-general-y-digestiva\/\" data-type=\"page\" data-id=\"113\">CIRUG\u00cdA GENERAL Y DIGESTIVA<\/a>&nbsp;\u00b7&nbsp;<a href=\"https:\/\/riberasalud.com\/juan-cardona\/cirugia-plastica\/\" data-type=\"page\" data-id=\"121\">CIRUG\u00cdA PL\u00c1STICA<\/a>&nbsp;\u00b7&nbsp;<a href=\"https:\/\/riberasalud.com\/juan-cardona\/cirugia-vascular-y-angiologia\/\" data-type=\"page\" data-id=\"104\">CIRUG\u00cdA VASCULAR<\/a>&nbsp;\u00b7&nbsp;<a href=\"https:\/\/riberasalud.com\/juan-cardona\/dermatologia\/\" data-type=\"page\" data-id=\"100\">DERMATOLOG\u00cdA<\/a>&nbsp;\u00b7&nbsp;<a href=\"https:\/\/riberasalud.com\/juan-cardona\/ginecologia\/\" data-type=\"page\" data-id=\"134\">GINECOLOG\u00cdA&nbsp;<\/a>\u00b7&nbsp;<a href=\"https:\/\/riberasalud.com\/juan-cardona\/hematologia\/\" data-type=\"page\" data-id=\"151\">HEMATOLOG\u00cdA<\/a>&nbsp;\u00b7&nbsp;<a href=\"https:\/\/riberasalud.com\/juan-cardona\/medicina-interna\/\" data-type=\"page\" data-id=\"167\">MEDICINA INTERNA<\/a>&nbsp;\u00b7&nbsp;<a href=\"https:\/\/riberasalud.com\/juan-cardona\/hemodialisis-y-nefrologia\/\" data-type=\"page\" data-id=\"376\">NEFROLOG\u00cdA<\/a>&nbsp;\u00b7&nbsp;<a href=\"https:\/\/riberasalud.com\/juan-cardona\/neumologia\/\" data-type=\"page\" data-id=\"153\">NEUMOLOG\u00cdA<\/a>&nbsp;\u00b7&nbsp;<a href=\"https:\/\/riberasalud.com\/juan-cardona\/neurofisiologia\/\" data-type=\"page\" data-id=\"215\">NEUROFISIOLOG\u00cdA CL\u00cdNICA<\/a>&nbsp;\u00b7&nbsp;<a href=\"https:\/\/riberasalud.com\/juan-cardona\/neurologia\/\" data-type=\"page\" data-id=\"217\">NEUROLOG\u00cdA<\/a>&nbsp;\u00b7&nbsp;<a href=\"https:\/\/riberasalud.com\/juan-cardona\/oftalmologia\/\" data-type=\"page\" data-id=\"219\">OFTALMOLOG\u00cdA<\/a>&nbsp;\u00b7&nbsp;<a href=\"https:\/\/riberasalud.com\/juan-cardona\/otorrinolaringologia\/\" data-type=\"page\" data-id=\"229\">OTORRINOLARINGOLOG\u00cdA<\/a>&nbsp;\u00b7&nbsp;<a href=\"https:\/\/riberasalud.com\/juan-cardona\/pediatria\/\" data-type=\"page\" data-id=\"232\">PEDIATR\u00cdA<\/a>&nbsp;\u00b7&nbsp;<a href=\"https:\/\/riberasalud.com\/juan-cardona\/traumatologia-y-ortopedia\/\" data-type=\"page\" data-id=\"269\">TRAUMATOLOG\u00cdA Y ORTOPEDIA<\/a>&nbsp;\u00b7&nbsp;<a href=\"https:\/\/riberasalud.com\/juan-cardona\/urologia\/\" data-type=\"page\" data-id=\"278\">UROLOG\u00cdA<\/a><\/p>\n<\/div><\/div>\n","protected":false},"excerpt":{"rendered":"<p>HOSPITAL RIBERA JUAN CARDONA Equipo m\u00e9dico CUANDO SE TRATA DE NUESTRA SALUD, TODOS QUEREMOS ESTAR EN LAS MEJORES MANOS Conscientes de algo tan natural como esto, el equipo m\u00e9dico del Hospital Juan Cardona ha sido seleccionado entre los profesionales de mayor prestigio dentro de cada especialidad. Ellos forman uno de los mejores equipos m\u00e9dicos de &#8230; <a title=\"Equipo m\u00e9dico\" class=\"read-more\" href=\"https:\/\/riberasalud.com\/juan-cardona\/equipo-medico-0\/\" aria-label=\"Leer m\u00e1s sobre Equipo m\u00e9dico\">Leer m\u00e1s<\/a><\/p>\n","protected":false},"author":1,"featured_media":0,"parent":0,"menu_order":0,"comment_status":"closed","ping_status":"closed","template":"","meta":{"footnotes":""},"class_list":["post-475","page","type-page","status-publish"],"yoast_head":"<!-- This site is optimized with the Yoast SEO plugin v26.6 - https:\/\/yoast.com\/wordpress\/plugins\/seo\/ -->\n<title>Equipo m\u00e9dico - Hospital Ribera Juan Cardona<\/title>\n<meta name=\"description\" content=\"Conoce a nuestro equipo m\u00e9dico altamente cualificado. Descubre la experiencia y eficacia de nuestros profesionales.\" \/>\n<meta name=\"robots\" content=\"index, follow, max-snippet:-1, max-image-preview:large, max-video-preview:-1\" \/>\n<link rel=\"canonical\" href=\"https:\/\/riberasalud.com\/juan-cardona\/equipo-medico-0\/\" \/>\n<meta property=\"og:locale\" content=\"es_ES\" \/>\n<meta property=\"og:type\" content=\"article\" \/>\n<meta property=\"og:title\" content=\"Equipo m\u00e9dico - Hospital Ribera Juan Cardona\" \/>\n<meta property=\"og:description\" content=\"Conoce a nuestro equipo m\u00e9dico altamente cualificado. Descubre la experiencia y eficacia de nuestros profesionales.\" \/>\n<meta property=\"og:url\" content=\"https:\/\/riberasalud.com\/juan-cardona\/equipo-medico-0\/\" \/>\n<meta property=\"og:site_name\" content=\"Hospital Ribera Juan Cardona\" \/>\n<meta property=\"article:modified_time\" content=\"2024-08-22T09:21:05+00:00\" \/>\n<meta property=\"og:image\" content=\"https:\/\/riberasalud.com\/juan-cardona\/wp-content\/uploads\/2024\/07\/juan_cardona-team2.jpg\" \/>\n<meta name=\"twitter:card\" content=\"summary_large_image\" \/>\n<meta name=\"twitter:label1\" content=\"Tiempo de lectura\" \/>\n\t<meta name=\"twitter:data1\" content=\"2 minutos\" \/>\n<script type=\"application\/ld+json\" class=\"yoast-schema-graph\">{\"@context\":\"https:\/\/schema.org\",\"@graph\":[{\"@type\":\"WebPage\",\"@id\":\"https:\/\/riberasalud.com\/juan-cardona\/equipo-medico-0\/\",\"url\":\"https:\/\/riberasalud.com\/juan-cardona\/equipo-medico-0\/\",\"name\":\"Equipo m\u00e9dico - Hospital Ribera Juan Cardona\",\"isPartOf\":{\"@id\":\"https:\/\/riberasalud.com\/juan-cardona\/#website\"},\"primaryImageOfPage\":{\"@id\":\"https:\/\/riberasalud.com\/juan-cardona\/equipo-medico-0\/#primaryimage\"},\"image\":{\"@id\":\"https:\/\/riberasalud.com\/juan-cardona\/equipo-medico-0\/#primaryimage\"},\"thumbnailUrl\":\"https:\/\/riberasalud.com\/juan-cardona\/wp-content\/uploads\/2024\/07\/juan_cardona-team2.jpg\",\"datePublished\":\"2024-07-17T09:35:59+00:00\",\"dateModified\":\"2024-08-22T09:21:05+00:00\",\"description\":\"Conoce a nuestro equipo m\u00e9dico altamente cualificado. Descubre la experiencia y eficacia de nuestros profesionales.\",\"breadcrumb\":{\"@id\":\"https:\/\/riberasalud.com\/juan-cardona\/equipo-medico-0\/#breadcrumb\"},\"inLanguage\":\"es\",\"potentialAction\":[{\"@type\":\"ReadAction\",\"target\":[\"https:\/\/riberasalud.com\/juan-cardona\/equipo-medico-0\/\"]}]},{\"@type\":\"ImageObject\",\"inLanguage\":\"es\",\"@id\":\"https:\/\/riberasalud.com\/juan-cardona\/equipo-medico-0\/#primaryimage\",\"url\":\"https:\/\/riberasalud.com\/juan-cardona\/wp-content\/uploads\/2024\/07\/juan_cardona-team2.jpg\",\"contentUrl\":\"https:\/\/riberasalud.com\/juan-cardona\/wp-content\/uploads\/2024\/07\/juan_cardona-team2.jpg\",\"width\":2000,\"height\":854},{\"@type\":\"BreadcrumbList\",\"@id\":\"https:\/\/riberasalud.com\/juan-cardona\/equipo-medico-0\/#breadcrumb\",\"itemListElement\":[{\"@type\":\"ListItem\",\"position\":1,\"name\":\"Portada\",\"item\":\"https:\/\/riberasalud.com\/juan-cardona\/\"},{\"@type\":\"ListItem\",\"position\":2,\"name\":\"Equipo m\u00e9dico\"}]},{\"@type\":\"WebSite\",\"@id\":\"https:\/\/riberasalud.com\/juan-cardona\/#website\",\"url\":\"https:\/\/riberasalud.com\/juan-cardona\/\",\"name\":\"Hospital Ribera Juan Cardona\",\"description\":\"\",\"publisher\":{\"@id\":\"https:\/\/riberasalud.com\/juan-cardona\/#organization\"},\"potentialAction\":[{\"@type\":\"SearchAction\",\"target\":{\"@type\":\"EntryPoint\",\"urlTemplate\":\"https:\/\/riberasalud.com\/juan-cardona\/?s={search_term_string}\"},\"query-input\":{\"@type\":\"PropertyValueSpecification\",\"valueRequired\":true,\"valueName\":\"search_term_string\"}}],\"inLanguage\":\"es\"},{\"@type\":\"Organization\",\"@id\":\"https:\/\/riberasalud.com\/juan-cardona\/#organization\",\"name\":\"Hospital Ribera Juan Cardona\",\"url\":\"https:\/\/riberasalud.com\/juan-cardona\/\",\"logo\":{\"@type\":\"ImageObject\",\"inLanguage\":\"es\",\"@id\":\"https:\/\/riberasalud.com\/juan-cardona\/#\/schema\/logo\/image\/\",\"url\":\"https:\/\/riberasalud.com\/juan-cardona\/wp-content\/uploads\/2025\/01\/Logo-Red-JuanCardona.png\",\"contentUrl\":\"https:\/\/riberasalud.com\/juan-cardona\/wp-content\/uploads\/2025\/01\/Logo-Red-JuanCardona.png\",\"width\":2267,\"height\":495,\"caption\":\"Hospital Ribera Juan Cardona\"},\"image\":{\"@id\":\"https:\/\/riberasalud.com\/juan-cardona\/#\/schema\/logo\/image\/\"}}]}<\/script>\n<!-- \/ Yoast SEO plugin. -->","yoast_head_json":{"title":"Equipo m\u00e9dico - Hospital Ribera Juan Cardona","description":"Conoce a nuestro equipo m\u00e9dico altamente cualificado. Descubre la experiencia y eficacia de nuestros profesionales.","robots":{"index":"index","follow":"follow","max-snippet":"max-snippet:-1","max-image-preview":"max-image-preview:large","max-video-preview":"max-video-preview:-1"},"canonical":"https:\/\/riberasalud.com\/juan-cardona\/equipo-medico-0\/","og_locale":"es_ES","og_type":"article","og_title":"Equipo m\u00e9dico - Hospital Ribera Juan Cardona","og_description":"Conoce a nuestro equipo m\u00e9dico altamente cualificado. Descubre la experiencia y eficacia de nuestros profesionales.","og_url":"https:\/\/riberasalud.com\/juan-cardona\/equipo-medico-0\/","og_site_name":"Hospital Ribera Juan Cardona","article_modified_time":"2024-08-22T09:21:05+00:00","og_image":[{"url":"https:\/\/riberasalud.com\/juan-cardona\/wp-content\/uploads\/2024\/07\/juan_cardona-team2.jpg","type":"","width":"","height":""}],"twitter_card":"summary_large_image","twitter_misc":{"Tiempo de lectura":"2 minutos"},"schema":{"@context":"https:\/\/schema.org","@graph":[{"@type":"WebPage","@id":"https:\/\/riberasalud.com\/juan-cardona\/equipo-medico-0\/","url":"https:\/\/riberasalud.com\/juan-cardona\/equipo-medico-0\/","name":"Equipo m\u00e9dico - Hospital Ribera Juan Cardona","isPartOf":{"@id":"https:\/\/riberasalud.com\/juan-cardona\/#website"},"primaryImageOfPage":{"@id":"https:\/\/riberasalud.com\/juan-cardona\/equipo-medico-0\/#primaryimage"},"image":{"@id":"https:\/\/riberasalud.com\/juan-cardona\/equipo-medico-0\/#primaryimage"},"thumbnailUrl":"https:\/\/riberasalud.com\/juan-cardona\/wp-content\/uploads\/2024\/07\/juan_cardona-team2.jpg","datePublished":"2024-07-17T09:35:59+00:00","dateModified":"2024-08-22T09:21:05+00:00","description":"Conoce a nuestro equipo m\u00e9dico altamente cualificado. Descubre la experiencia y eficacia de nuestros profesionales.","breadcrumb":{"@id":"https:\/\/riberasalud.com\/juan-cardona\/equipo-medico-0\/#breadcrumb"},"inLanguage":"es","potentialAction":[{"@type":"ReadAction","target":["https:\/\/riberasalud.com\/juan-cardona\/equipo-medico-0\/"]}]},{"@type":"ImageObject","inLanguage":"es","@id":"https:\/\/riberasalud.com\/juan-cardona\/equipo-medico-0\/#primaryimage","url":"https:\/\/riberasalud.com\/juan-cardona\/wp-content\/uploads\/2024\/07\/juan_cardona-team2.jpg","contentUrl":"https:\/\/riberasalud.com\/juan-cardona\/wp-content\/uploads\/2024\/07\/juan_cardona-team2.jpg","width":2000,"height":854},{"@type":"BreadcrumbList","@id":"https:\/\/riberasalud.com\/juan-cardona\/equipo-medico-0\/#breadcrumb","itemListElement":[{"@type":"ListItem","position":1,"name":"Portada","item":"https:\/\/riberasalud.com\/juan-cardona\/"},{"@type":"ListItem","position":2,"name":"Equipo m\u00e9dico"}]},{"@type":"WebSite","@id":"https:\/\/riberasalud.com\/juan-cardona\/#website","url":"https:\/\/riberasalud.com\/juan-cardona\/","name":"Hospital Ribera Juan Cardona","description":"","publisher":{"@id":"https:\/\/riberasalud.com\/juan-cardona\/#organization"},"potentialAction":[{"@type":"SearchAction","target":{"@type":"EntryPoint","urlTemplate":"https:\/\/riberasalud.com\/juan-cardona\/?s={search_term_string}"},"query-input":{"@type":"PropertyValueSpecification","valueRequired":true,"valueName":"search_term_string"}}],"inLanguage":"es"},{"@type":"Organization","@id":"https:\/\/riberasalud.com\/juan-cardona\/#organization","name":"Hospital Ribera Juan Cardona","url":"https:\/\/riberasalud.com\/juan-cardona\/","logo":{"@type":"ImageObject","inLanguage":"es","@id":"https:\/\/riberasalud.com\/juan-cardona\/#\/schema\/logo\/image\/","url":"https:\/\/riberasalud.com\/juan-cardona\/wp-content\/uploads\/2025\/01\/Logo-Red-JuanCardona.png","contentUrl":"https:\/\/riberasalud.com\/juan-cardona\/wp-content\/uploads\/2025\/01\/Logo-Red-JuanCardona.png","width":2267,"height":495,"caption":"Hospital Ribera Juan Cardona"},"image":{"@id":"https:\/\/riberasalud.com\/juan-cardona\/#\/schema\/logo\/image\/"}}]}},"_links":{"self":[{"href":"https:\/\/riberasalud.com\/juan-cardona\/wp-json\/wp\/v2\/pages\/475","targetHints":{"allow":["GET"]}}],"collection":[{"href":"https:\/\/riberasalud.com\/juan-cardona\/wp-json\/wp\/v2\/pages"}],"about":[{"href":"https:\/\/riberasalud.com\/juan-cardona\/wp-json\/wp\/v2\/types\/page"}],"author":[{"embeddable":true,"href":"https:\/\/riberasalud.com\/juan-cardona\/wp-json\/wp\/v2\/users\/1"}],"replies":[{"embeddable":true,"href":"https:\/\/riberasalud.com\/juan-cardona\/wp-json\/wp\/v2\/comments?post=475"}],"version-history":[{"count":3,"href":"https:\/\/riberasalud.com\/juan-cardona\/wp-json\/wp\/v2\/pages\/475\/revisions"}],"predecessor-version":[{"id":587,"href":"https:\/\/riberasalud.com\/juan-cardona\/wp-json\/wp\/v2\/pages\/475\/revisions\/587"}],"wp:attachment":[{"href":"https:\/\/riberasalud.com\/juan-cardona\/wp-json\/wp\/v2\/media?parent=475"}],"curies":[{"name":"wp","href":"https:\/\/api.w.org\/{rel}","templated":true}]}}