{"id":21,"date":"2024-04-10T15:50:46","date_gmt":"2024-04-10T13:50:46","guid":{"rendered":"https:\/\/riberasalud.com\/juan-cardonaaux\/?page_id=21"},"modified":"2025-11-07T15:11:35","modified_gmt":"2025-11-07T14:11:35","slug":"conocenos","status":"publish","type":"page","link":"https:\/\/riberasalud.com\/juan-cardona\/conocenos\/","title":{"rendered":"Con\u00f3cenos"},"content":{"rendered":"\n<div class=\"wp-block-group hasbackgroundnaranja sliderlinea\"><div class=\"wp-block-group__inner-container is-layout-flow wp-block-group-is-layout-flow\">\n<p>HOSPITAL RIBERA JUAN CARDONA<\/p>\n\n\n\n<h1 class=\"wp-block-heading\">Con\u00f3cenos<\/h1>\n<\/div><\/div>\n\n\n\n<div class=\"wp-block-group grupozeromarginbottom mb-0 mt-0\"><div class=\"wp-block-group__inner-container is-layout-flow wp-block-group-is-layout-flow\">\n<div class=\"wp-block-columns columnazeromarginbottom is-layout-flex wp-container-core-columns-is-layout-9d6595d7 wp-block-columns-is-layout-flex\">\n<div class=\"wp-block-column is-layout-flow wp-block-column-is-layout-flow\">\n<figure class=\"wp-block-image size-full fotoredonda\"><img loading=\"lazy\" decoding=\"async\" width=\"1200\" height=\"800\" src=\"https:\/\/www.riberasalud.com\/juan-cardona\/wp-content\/uploads\/2024\/08\/Fachada-juan-cardona.jpg\" alt=\"\" class=\"wp-image-1431\" srcset=\"https:\/\/riberasalud.com\/juan-cardona\/wp-content\/uploads\/2024\/08\/Fachada-juan-cardona.jpg 1200w, https:\/\/riberasalud.com\/juan-cardona\/wp-content\/uploads\/2024\/08\/Fachada-juan-cardona-300x200.jpg 300w, https:\/\/riberasalud.com\/juan-cardona\/wp-content\/uploads\/2024\/08\/Fachada-juan-cardona-1024x683.jpg 1024w, https:\/\/riberasalud.com\/juan-cardona\/wp-content\/uploads\/2024\/08\/Fachada-juan-cardona-768x512.jpg 768w\" sizes=\"auto, (max-width: 1200px) 100vw, 1200px\" \/><\/figure>\n<\/div>\n\n\n\n<div class=\"wp-block-column is-layout-flow wp-block-column-is-layout-flow\">\n<p>El hospital Ribera Juan Cardona<strong> forma parte de la red de centros sanitarios del grupo Ribera, con<\/strong> <strong>m\u00e1s de 25 a\u00f1os de experiencia <\/strong>en la gesti\u00f3n de proyectos innovadores, especializados en la salud y el bienestar de los ciudadanos. Nuestra vocaci\u00f3n es transformar la atenci\u00f3n sanitaria, aportando valor a la sociedad y contribuyendo a la sostenibilidad de los sistemas de salud. Es la base de nuestro modelo de salud responsable, que aplicamos en todos los proyectos en los que participamos a nivel nacional e internacional.<\/p>\n\n\n\n<p>La historia del hospital Ribera Juan Cardona comienza en 1974, cuando la Fundaci\u00f3n Santo Hospital de Caridad comenz\u00f3 a gestionar este centro sanitario, referente en Ferrol. Tras llegar a un acuerdo con el grupo Ribera en junio de 2021, la fundaci\u00f3n mantiene la propiedad del inmueble y la gesti\u00f3n de su obra social. Pero los objetivos de ambos son los mismos: <strong>facilitar una oferta asistencial de la m\u00e1xima calidad y con los mejores profesionales a los ciudadanos de Ferrol y su \u00e1rea.<\/strong><\/p>\n\n\n\n<p>Con la llegada del grupo sanitario Ribera al hospital Ribera Juan Cardona, <strong>se han ampliado y reformado consultas y servicios, se ha renovado e incorporado tecnolog\u00eda de \u00faltima generaci\u00f3n y se han puesto en marcha los consejos de pacientes, entre otras mejoras.<\/strong><\/p>\n<\/div>\n<\/div>\n<\/div><\/div>\n\n\n\n<div class=\"wp-block-group iconosresumen\"><div class=\"wp-block-group__inner-container is-layout-flow wp-block-group-is-layout-flow\">\n<div class=\"wp-block-columns is-layout-flex wp-container-core-columns-is-layout-9d6595d7 wp-block-columns-is-layout-flex\">\n<div class=\"wp-block-column is-layout-flow wp-block-column-is-layout-flow\">\n<figure class=\"wp-block-image size-full\"><img decoding=\"async\" src=\"https:\/\/riberasalud.com\/hospital-de-molina\/wp-content\/uploads\/2023\/02\/iconos_home_Mesa-de-trabajo-1.png\" alt=\"\" class=\"wp-image-7504\"\/><\/figure>\n\n\n\n<p>Amplia <strong>oferta asistencial <\/strong>de m\u00e1xima calidad<\/p>\n<\/div>\n\n\n\n<div class=\"wp-block-column is-layout-flow wp-block-column-is-layout-flow\">\n<figure class=\"wp-block-image size-full\"><img decoding=\"async\" src=\"https:\/\/riberasalud.com\/hospital-de-molina\/wp-content\/uploads\/2023\/02\/iconos_home-02.png\" alt=\"\" class=\"wp-image-7499\"\/><\/figure>\n\n\n\n<p>El <strong>paciente <\/strong>en el centro de todo<\/p>\n<\/div>\n\n\n\n<div class=\"wp-block-column is-layout-flow wp-block-column-is-layout-flow\">\n<figure class=\"wp-block-image size-full\"><img decoding=\"async\" src=\"https:\/\/riberasalud.com\/hospital-de-molina\/wp-content\/uploads\/2023\/02\/iconos_home-03.png\" alt=\"\" class=\"wp-image-7500\"\/><\/figure>\n\n\n\n<p><strong>Tecnolog\u00eda <\/strong>de \u00faltima generaci\u00f3n<\/p>\n<\/div>\n\n\n\n<div class=\"wp-block-column is-layout-flow wp-block-column-is-layout-flow\">\n<figure class=\"wp-block-image size-full\"><img decoding=\"async\" src=\"https:\/\/riberasalud.com\/hospital-de-molina\/wp-content\/uploads\/2023\/02\/iconos_home-04.png\" alt=\"\" class=\"wp-image-7501\"\/><\/figure>\n\n\n\n<p>Excelencia en <strong>pruebas diagn\u00f3sticas<\/strong><\/p>\n<\/div>\n\n\n\n<div class=\"wp-block-column is-layout-flow wp-block-column-is-layout-flow\">\n<figure class=\"wp-block-image size-full\"><img decoding=\"async\" src=\"https:\/\/riberasalud.com\/hospital-de-molina\/wp-content\/uploads\/2023\/02\/iconos_home-05.png\" alt=\"\" class=\"wp-image-7502\"\/><\/figure>\n\n\n\n<p><strong>Investigaci\u00f3n e innovaci\u00f3n <\/strong>constante<\/p>\n<\/div>\n\n\n\n<div class=\"wp-block-column is-layout-flow wp-block-column-is-layout-flow\">\n<figure class=\"wp-block-image size-full\"><img decoding=\"async\" src=\"https:\/\/riberasalud.com\/hospital-de-molina\/wp-content\/uploads\/2023\/02\/iconos_home-06.png\" alt=\"\" class=\"wp-image-7503\"\/><\/figure>\n\n\n\n<p>Reconocimientos como <strong>hospital de referencia<\/strong><\/p>\n<\/div>\n<\/div>\n<\/div><\/div>\n\n\n\n<div style=\"height:40px\" aria-hidden=\"true\" class=\"wp-block-spacer\"><\/div>\n\n\n\n<div class=\"wp-block-group bannercifras\"><div class=\"wp-block-group__inner-container is-layout-flow wp-block-group-is-layout-flow\">\n<script>\n\njQuery(document).ready(function($) {\n    console.log( \"ready!\" );\n\nlet contar=0;\nfunction isIntoView(elem)\n{\n    var documentViewTop = $(window).scrollTop();\n    var documentViewBottom = documentViewTop + $(window).height();\n\n    var elementTop = $(elem).offset().top;\n    var elementBottom = elementTop + $(elem).height();\n\n    return ((elementBottom <= documentViewBottom)||(elementTop >= documentViewTop));\n}\n  $(window).scroll(function(){\n   if (isIntoView($('.bannercifras'))&&contar<1){\njQuery('.titulofade').fadeTo(300,1);\nconst numero=document.getElementsByClassName('numerin')[0];\nlet cantidad=0;\nlet tiempo = setInterval(()=>{\n    cantidad+=1;\n    numero.textContent=cantidad;\n    if(cantidad===25){clearInterval(tiempo)}},80);\n\nconst numero1=document.getElementsByClassName('numerin')[1];\nlet cantidad1=0;\nlet tiempo1 = setInterval(()=>{\n    cantidad1+=2;\n    numero1.textContent=cantidad1;\n    if(cantidad1===50){clearInterval(tiempo1)}},80);\n\nconst numero2=document.getElementsByClassName('numerin')[2];\nlet cantidad2=0;\nlet tiempo2 = setInterval(()=>{\n    cantidad2+=5000;\n    numero2.textContent=cantidad2;\n    if(cantidad2===100000){clearInterval(tiempo2)}},80);\n\nconst numero3=document.getElementsByClassName('numerin')[3];\nlet cantidad3=0;\nlet tiempo3 = setInterval(()=>{\n    cantidad3+=75;\n    numero3.textContent=cantidad3;\n    if(cantidad3===1500){clearInterval(tiempo3)}},80);       \n       \n       \n       \n       contar+=1;\n    }\n})\n})<\/script>\n\n\n\n<h2 class=\"wp-block-heading has-text-align-center titulofade has-base-3-color has-text-color has-link-color wp-elements-fb59d2ec161431cc951f5753a89cbd0a\">Nuestra experiencia avalada en cifras<\/h2>\n\n\n\n<div class=\"wp-block-columns is-layout-flex wp-container-core-columns-is-layout-9d6595d7 wp-block-columns-is-layout-flex\">\n<div class=\"wp-block-column is-layout-flow wp-block-column-is-layout-flow\">\n<p><span class=\"masmas\">+<\/span><span class=\"numerin\">25<\/span> <br>a\u00f1os de experiencia<\/p>\n<\/div>\n\n\n\n<div class=\"wp-block-column is-layout-flow wp-block-column-is-layout-flow\">\n<p><span class=\"masmas\">+<\/span><span class=\"numerin\">50<\/span> <br>especialidades m\u00e9dicas<\/p>\n<\/div>\n\n\n\n<div class=\"wp-block-column is-layout-flow wp-block-column-is-layout-flow\">\n<p><span class=\"masmas\">+<\/span><span class=\"numerin\">100.000<\/span> <br>pacientes satisfechos<\/p>\n<\/div>\n\n\n\n<div class=\"wp-block-column is-layout-flow wp-block-column-is-layout-flow\">\n<p><span class=\"masmas\">+<\/span><span class=\"numerin\">1500<\/span><br>profesionales m\u00e9dicos cuidando de ti<\/p>\n<\/div>\n<\/div>\n<\/div><\/div>\n\n\n\n<div class=\"wp-block-group banneractividad hasbackgroundmio\"><div class=\"wp-block-group__inner-container is-layout-flow wp-block-group-is-layout-flow\">\n<h2 class=\"wp-block-heading\">Actividad<\/h2>\n\n\n\n<div class=\"wp-block-columns is-layout-flex wp-container-core-columns-is-layout-9d6595d7 wp-block-columns-is-layout-flex\">\n<div class=\"wp-block-column is-layout-flow wp-block-column-is-layout-flow\">\n<div class=\"wp-block-columns is-not-stacked-on-mobile is-layout-flex wp-container-core-columns-is-layout-9d6595d7 wp-block-columns-is-layout-flex\">\n<div class=\"wp-block-column is-layout-flow wp-block-column-is-layout-flow\" style=\"flex-basis:38%\"><div class=\"wp-block-image\">\n<figure class=\"alignright size-full\"><img loading=\"lazy\" decoding=\"async\" width=\"150\" height=\"150\" src=\"https:\/\/www.riberasalud.com\/juan-cardona\/wp-content\/uploads\/2024\/05\/ribera_iconos_estetoscopio.png\" alt=\"\" class=\"wp-image-309\" style=\"object-fit:cover\"\/><\/figure>\n<\/div><\/div>\n\n\n\n<div class=\"wp-block-column is-layout-flow wp-block-column-is-layout-flow\">\n<p><span class=\"numerin2\">43939<\/span><span class=\"masmas\"><\/span> <br>CONSULTAS<\/p>\n<\/div>\n<\/div>\n<\/div>\n\n\n\n<div class=\"wp-block-column is-layout-flow wp-block-column-is-layout-flow\">\n<div class=\"wp-block-columns is-not-stacked-on-mobile is-layout-flex wp-container-core-columns-is-layout-9d6595d7 wp-block-columns-is-layout-flex\">\n<div class=\"wp-block-column is-layout-flow wp-block-column-is-layout-flow\" style=\"flex-basis:38%\"><div class=\"wp-block-image\">\n<figure class=\"alignright size-full\"><img decoding=\"async\" src=\"https:\/\/riberasalud.com\/povisa\/wp-content\/uploads\/2023\/12\/conocenos-02.png\" alt=\"\" class=\"wp-image-10281\" style=\"object-fit:cover\"\/><\/figure>\n<\/div><\/div>\n\n\n\n<div class=\"wp-block-column is-layout-flow wp-block-column-is-layout-flow\">\n<p><span class=\"numerin2\">23679<\/span><span class=\"masmas\"><\/span> <br>URGENCIAS<\/p>\n<\/div>\n<\/div>\n<\/div>\n\n\n\n<div class=\"wp-block-column is-layout-flow wp-block-column-is-layout-flow\">\n<div class=\"wp-block-columns is-not-stacked-on-mobile is-layout-flex wp-container-core-columns-is-layout-9d6595d7 wp-block-columns-is-layout-flex\">\n<div class=\"wp-block-column is-layout-flow wp-block-column-is-layout-flow\" style=\"flex-basis:38%\"><div class=\"wp-block-image\">\n<figure class=\"alignright size-full\"><img decoding=\"async\" src=\"https:\/\/riberasalud.com\/povisa\/wp-content\/uploads\/2023\/12\/conocenos-03.png\" alt=\"\" class=\"wp-image-10282\" style=\"object-fit:cover\"\/><\/figure>\n<\/div><\/div>\n\n\n\n<div class=\"wp-block-column is-layout-flow wp-block-column-is-layout-flow\">\n<p><span class=\"numerin2\">6866<\/span><span class=\"masmas\"><\/span> <br>INTERVENCIONES<\/p>\n<\/div>\n<\/div>\n<\/div>\n\n\n\n<div class=\"wp-block-column is-layout-flow wp-block-column-is-layout-flow\">\n<div class=\"wp-block-columns is-not-stacked-on-mobile is-layout-flex wp-container-core-columns-is-layout-9d6595d7 wp-block-columns-is-layout-flex\">\n<div class=\"wp-block-column is-layout-flow wp-block-column-is-layout-flow\" style=\"flex-basis:38%\"><div class=\"wp-block-image\">\n<figure class=\"alignright size-full\"><img decoding=\"async\" src=\"https:\/\/riberasalud.com\/povisa\/wp-content\/uploads\/2023\/12\/conocenos_Mesa-de-trabajo-1.png\" alt=\"\" class=\"wp-image-10283\" style=\"object-fit:cover\"\/><\/figure>\n<\/div><\/div>\n\n\n\n<div class=\"wp-block-column is-layout-flow wp-block-column-is-layout-flow\">\n<p><span class=\"numerin2\">6925<\/span><span class=\"masmas\"><\/span> <br>INGRESOS<\/p>\n<\/div>\n<\/div>\n<\/div>\n<\/div>\n\n\n\n<script>\n\n\njQuery(document).ready(function($) {\n    console.log( \"ready!\" );\n\nlet contar=0;\nfunction isIntoView(elem)\n{\n    var documentViewTop = $(window).scrollTop();\n    var documentViewBottom = documentViewTop + $(window).height();\n\n    var elementTop = $(elem).offset().top;\n    var elementBottom = elementTop + $(elem).height();\n\n    return ((elementBottom <= documentViewBottom)||(elementTop >= documentViewTop));\n}\n  $(window).scroll(function(){\n   if (isIntoView($('.banneractividad'))&&contar<1){\nconst numero=document.getElementsByClassName('numerin2')[0];\nlet cantidad=0;\nlet tiempo = setInterval(()=>{\n    cantidad+=43939;\n    numero.textContent=cantidad;\n    if(cantidad===43939){clearInterval(tiempo)}},8);\n\nconst numero1=document.getElementsByClassName('numerin2')[1];\nlet cantidad1=0;\nlet tiempo1 = setInterval(()=>{\n    cantidad1+=23679;\n    numero1.textContent=cantidad1;\n    if(cantidad1===23679){clearInterval(tiempo1)}},1);\n\nconst numero2=document.getElementsByClassName('numerin2')[2];\nlet cantidad2=0;\nlet tiempo2 = setInterval(()=>{\n    cantidad2+=6866;\n    numero2.textContent=cantidad2;\n    if(cantidad2===6866){clearInterval(tiempo2)}},1);\n       contar+=1;\n\nconst numero3=document.getElementsByClassName('numerin2')[3];\nlet cantidad3=0;\nlet tiempo3 = setInterval(()=>{\n    cantidad3+=6925;\n    numero3.textContent=cantidad3;\n    if(cantidad3===6925){clearInterval(tiempo3)}},1);\n    }\n})\n})<\/script>\n<\/div><\/div>\n","protected":false},"excerpt":{"rendered":"<p>HOSPITAL RIBERA JUAN CARDONA Con\u00f3cenos El hospital Ribera Juan Cardona forma parte de la red de centros sanitarios del grupo Ribera, con m\u00e1s de 25 a\u00f1os de experiencia en la gesti\u00f3n de proyectos innovadores, especializados en la salud y el bienestar de los ciudadanos. Nuestra vocaci\u00f3n es transformar la atenci\u00f3n sanitaria, aportando valor a la &#8230; <a title=\"Con\u00f3cenos\" class=\"read-more\" href=\"https:\/\/riberasalud.com\/juan-cardona\/conocenos\/\" aria-label=\"Leer m\u00e1s sobre Con\u00f3cenos\">Leer m\u00e1s<\/a><\/p>\n","protected":false},"author":1,"featured_media":0,"parent":0,"menu_order":0,"comment_status":"closed","ping_status":"closed","template":"","meta":{"footnotes":""},"class_list":["post-21","page","type-page","status-publish"],"yoast_head":"<!-- This site is optimized with the Yoast SEO plugin v26.6 - https:\/\/yoast.com\/wordpress\/plugins\/seo\/ -->\n<title>Con\u00f3cenos - Hospital Ribera Juan Cardona<\/title>\n<meta name=\"description\" content=\"Con\u00f3cenos y descubre qui\u00e9nes somos. Aprende sobre nuestra misi\u00f3n, valores y el equipo que se dedica a ofrecerte la mejor atenci\u00f3n m\u00e9dica posible.\" \/>\n<meta name=\"robots\" content=\"index, follow, max-snippet:-1, max-image-preview:large, max-video-preview:-1\" \/>\n<link rel=\"canonical\" href=\"https:\/\/riberasalud.com\/juan-cardona\/conocenos\/\" \/>\n<meta property=\"og:locale\" content=\"es_ES\" \/>\n<meta property=\"og:type\" content=\"article\" \/>\n<meta property=\"og:title\" content=\"Con\u00f3cenos - Hospital Ribera Juan Cardona\" \/>\n<meta property=\"og:description\" content=\"Con\u00f3cenos y descubre qui\u00e9nes somos. Aprende sobre nuestra misi\u00f3n, valores y el equipo que se dedica a ofrecerte la mejor atenci\u00f3n m\u00e9dica posible.\" \/>\n<meta property=\"og:url\" content=\"https:\/\/riberasalud.com\/juan-cardona\/conocenos\/\" \/>\n<meta property=\"og:site_name\" content=\"Hospital Ribera Juan Cardona\" \/>\n<meta property=\"article:modified_time\" content=\"2025-11-07T14:11:35+00:00\" \/>\n<meta property=\"og:image\" content=\"https:\/\/www.riberasalud.com\/juan-cardona\/wp-content\/uploads\/2024\/08\/Fachada-juan-cardona.jpg\" \/>\n<meta name=\"twitter:card\" content=\"summary_large_image\" \/>\n<meta name=\"twitter:label1\" content=\"Tiempo de lectura\" \/>\n\t<meta name=\"twitter:data1\" content=\"4 minutos\" \/>\n<script type=\"application\/ld+json\" class=\"yoast-schema-graph\">{\"@context\":\"https:\/\/schema.org\",\"@graph\":[{\"@type\":\"WebPage\",\"@id\":\"https:\/\/riberasalud.com\/juan-cardona\/conocenos\/\",\"url\":\"https:\/\/riberasalud.com\/juan-cardona\/conocenos\/\",\"name\":\"Con\u00f3cenos - Hospital Ribera Juan Cardona\",\"isPartOf\":{\"@id\":\"https:\/\/riberasalud.com\/juan-cardona\/#website\"},\"primaryImageOfPage\":{\"@id\":\"https:\/\/riberasalud.com\/juan-cardona\/conocenos\/#primaryimage\"},\"image\":{\"@id\":\"https:\/\/riberasalud.com\/juan-cardona\/conocenos\/#primaryimage\"},\"thumbnailUrl\":\"https:\/\/www.riberasalud.com\/juan-cardona\/wp-content\/uploads\/2024\/08\/Fachada-juan-cardona.jpg\",\"datePublished\":\"2024-04-10T13:50:46+00:00\",\"dateModified\":\"2025-11-07T14:11:35+00:00\",\"description\":\"Con\u00f3cenos y descubre qui\u00e9nes somos. Aprende sobre nuestra misi\u00f3n, valores y el equipo que se dedica a ofrecerte la mejor atenci\u00f3n m\u00e9dica posible.\",\"breadcrumb\":{\"@id\":\"https:\/\/riberasalud.com\/juan-cardona\/conocenos\/#breadcrumb\"},\"inLanguage\":\"es\",\"potentialAction\":[{\"@type\":\"ReadAction\",\"target\":[\"https:\/\/riberasalud.com\/juan-cardona\/conocenos\/\"]}]},{\"@type\":\"ImageObject\",\"inLanguage\":\"es\",\"@id\":\"https:\/\/riberasalud.com\/juan-cardona\/conocenos\/#primaryimage\",\"url\":\"https:\/\/www.riberasalud.com\/juan-cardona\/wp-content\/uploads\/2024\/08\/Fachada-juan-cardona.jpg\",\"contentUrl\":\"https:\/\/www.riberasalud.com\/juan-cardona\/wp-content\/uploads\/2024\/08\/Fachada-juan-cardona.jpg\"},{\"@type\":\"BreadcrumbList\",\"@id\":\"https:\/\/riberasalud.com\/juan-cardona\/conocenos\/#breadcrumb\",\"itemListElement\":[{\"@type\":\"ListItem\",\"position\":1,\"name\":\"Portada\",\"item\":\"https:\/\/riberasalud.com\/juan-cardona\/\"},{\"@type\":\"ListItem\",\"position\":2,\"name\":\"Con\u00f3cenos\"}]},{\"@type\":\"WebSite\",\"@id\":\"https:\/\/riberasalud.com\/juan-cardona\/#website\",\"url\":\"https:\/\/riberasalud.com\/juan-cardona\/\",\"name\":\"Hospital Ribera Juan Cardona\",\"description\":\"\",\"publisher\":{\"@id\":\"https:\/\/riberasalud.com\/juan-cardona\/#organization\"},\"potentialAction\":[{\"@type\":\"SearchAction\",\"target\":{\"@type\":\"EntryPoint\",\"urlTemplate\":\"https:\/\/riberasalud.com\/juan-cardona\/?s={search_term_string}\"},\"query-input\":{\"@type\":\"PropertyValueSpecification\",\"valueRequired\":true,\"valueName\":\"search_term_string\"}}],\"inLanguage\":\"es\"},{\"@type\":\"Organization\",\"@id\":\"https:\/\/riberasalud.com\/juan-cardona\/#organization\",\"name\":\"Hospital Ribera Juan Cardona\",\"url\":\"https:\/\/riberasalud.com\/juan-cardona\/\",\"logo\":{\"@type\":\"ImageObject\",\"inLanguage\":\"es\",\"@id\":\"https:\/\/riberasalud.com\/juan-cardona\/#\/schema\/logo\/image\/\",\"url\":\"https:\/\/riberasalud.com\/juan-cardona\/wp-content\/uploads\/2025\/01\/Logo-Red-JuanCardona.png\",\"contentUrl\":\"https:\/\/riberasalud.com\/juan-cardona\/wp-content\/uploads\/2025\/01\/Logo-Red-JuanCardona.png\",\"width\":2267,\"height\":495,\"caption\":\"Hospital Ribera Juan Cardona\"},\"image\":{\"@id\":\"https:\/\/riberasalud.com\/juan-cardona\/#\/schema\/logo\/image\/\"}}]}<\/script>\n<!-- \/ Yoast SEO plugin. -->","yoast_head_json":{"title":"Con\u00f3cenos - Hospital Ribera Juan Cardona","description":"Con\u00f3cenos y descubre qui\u00e9nes somos. Aprende sobre nuestra misi\u00f3n, valores y el equipo que se dedica a ofrecerte la mejor atenci\u00f3n m\u00e9dica posible.","robots":{"index":"index","follow":"follow","max-snippet":"max-snippet:-1","max-image-preview":"max-image-preview:large","max-video-preview":"max-video-preview:-1"},"canonical":"https:\/\/riberasalud.com\/juan-cardona\/conocenos\/","og_locale":"es_ES","og_type":"article","og_title":"Con\u00f3cenos - Hospital Ribera Juan Cardona","og_description":"Con\u00f3cenos y descubre qui\u00e9nes somos. Aprende sobre nuestra misi\u00f3n, valores y el equipo que se dedica a ofrecerte la mejor atenci\u00f3n m\u00e9dica posible.","og_url":"https:\/\/riberasalud.com\/juan-cardona\/conocenos\/","og_site_name":"Hospital Ribera Juan Cardona","article_modified_time":"2025-11-07T14:11:35+00:00","og_image":[{"url":"https:\/\/www.riberasalud.com\/juan-cardona\/wp-content\/uploads\/2024\/08\/Fachada-juan-cardona.jpg","type":"","width":"","height":""}],"twitter_card":"summary_large_image","twitter_misc":{"Tiempo de lectura":"4 minutos"},"schema":{"@context":"https:\/\/schema.org","@graph":[{"@type":"WebPage","@id":"https:\/\/riberasalud.com\/juan-cardona\/conocenos\/","url":"https:\/\/riberasalud.com\/juan-cardona\/conocenos\/","name":"Con\u00f3cenos - Hospital Ribera Juan Cardona","isPartOf":{"@id":"https:\/\/riberasalud.com\/juan-cardona\/#website"},"primaryImageOfPage":{"@id":"https:\/\/riberasalud.com\/juan-cardona\/conocenos\/#primaryimage"},"image":{"@id":"https:\/\/riberasalud.com\/juan-cardona\/conocenos\/#primaryimage"},"thumbnailUrl":"https:\/\/www.riberasalud.com\/juan-cardona\/wp-content\/uploads\/2024\/08\/Fachada-juan-cardona.jpg","datePublished":"2024-04-10T13:50:46+00:00","dateModified":"2025-11-07T14:11:35+00:00","description":"Con\u00f3cenos y descubre qui\u00e9nes somos. Aprende sobre nuestra misi\u00f3n, valores y el equipo que se dedica a ofrecerte la mejor atenci\u00f3n m\u00e9dica posible.","breadcrumb":{"@id":"https:\/\/riberasalud.com\/juan-cardona\/conocenos\/#breadcrumb"},"inLanguage":"es","potentialAction":[{"@type":"ReadAction","target":["https:\/\/riberasalud.com\/juan-cardona\/conocenos\/"]}]},{"@type":"ImageObject","inLanguage":"es","@id":"https:\/\/riberasalud.com\/juan-cardona\/conocenos\/#primaryimage","url":"https:\/\/www.riberasalud.com\/juan-cardona\/wp-content\/uploads\/2024\/08\/Fachada-juan-cardona.jpg","contentUrl":"https:\/\/www.riberasalud.com\/juan-cardona\/wp-content\/uploads\/2024\/08\/Fachada-juan-cardona.jpg"},{"@type":"BreadcrumbList","@id":"https:\/\/riberasalud.com\/juan-cardona\/conocenos\/#breadcrumb","itemListElement":[{"@type":"ListItem","position":1,"name":"Portada","item":"https:\/\/riberasalud.com\/juan-cardona\/"},{"@type":"ListItem","position":2,"name":"Con\u00f3cenos"}]},{"@type":"WebSite","@id":"https:\/\/riberasalud.com\/juan-cardona\/#website","url":"https:\/\/riberasalud.com\/juan-cardona\/","name":"Hospital Ribera Juan Cardona","description":"","publisher":{"@id":"https:\/\/riberasalud.com\/juan-cardona\/#organization"},"potentialAction":[{"@type":"SearchAction","target":{"@type":"EntryPoint","urlTemplate":"https:\/\/riberasalud.com\/juan-cardona\/?s={search_term_string}"},"query-input":{"@type":"PropertyValueSpecification","valueRequired":true,"valueName":"search_term_string"}}],"inLanguage":"es"},{"@type":"Organization","@id":"https:\/\/riberasalud.com\/juan-cardona\/#organization","name":"Hospital Ribera Juan Cardona","url":"https:\/\/riberasalud.com\/juan-cardona\/","logo":{"@type":"ImageObject","inLanguage":"es","@id":"https:\/\/riberasalud.com\/juan-cardona\/#\/schema\/logo\/image\/","url":"https:\/\/riberasalud.com\/juan-cardona\/wp-content\/uploads\/2025\/01\/Logo-Red-JuanCardona.png","contentUrl":"https:\/\/riberasalud.com\/juan-cardona\/wp-content\/uploads\/2025\/01\/Logo-Red-JuanCardona.png","width":2267,"height":495,"caption":"Hospital Ribera Juan Cardona"},"image":{"@id":"https:\/\/riberasalud.com\/juan-cardona\/#\/schema\/logo\/image\/"}}]}},"_links":{"self":[{"href":"https:\/\/riberasalud.com\/juan-cardona\/wp-json\/wp\/v2\/pages\/21","targetHints":{"allow":["GET"]}}],"collection":[{"href":"https:\/\/riberasalud.com\/juan-cardona\/wp-json\/wp\/v2\/pages"}],"about":[{"href":"https:\/\/riberasalud.com\/juan-cardona\/wp-json\/wp\/v2\/types\/page"}],"author":[{"embeddable":true,"href":"https:\/\/riberasalud.com\/juan-cardona\/wp-json\/wp\/v2\/users\/1"}],"replies":[{"embeddable":true,"href":"https:\/\/riberasalud.com\/juan-cardona\/wp-json\/wp\/v2\/comments?post=21"}],"version-history":[{"count":49,"href":"https:\/\/riberasalud.com\/juan-cardona\/wp-json\/wp\/v2\/pages\/21\/revisions"}],"predecessor-version":[{"id":7637,"href":"https:\/\/riberasalud.com\/juan-cardona\/wp-json\/wp\/v2\/pages\/21\/revisions\/7637"}],"wp:attachment":[{"href":"https:\/\/riberasalud.com\/juan-cardona\/wp-json\/wp\/v2\/media?parent=21"}],"curies":[{"name":"wp","href":"https:\/\/api.w.org\/{rel}","templated":true}]}}