{"version":"1.0","provider_name":"Hospital Ribera Juan Cardona","provider_url":"https:\/\/riberasalud.com\/juan-cardona","author_name":"jorge@quois.com","author_url":"https:\/\/riberasalud.com\/juan-cardona\/author\/jorgequois-com\/","title":"C\u00f3mo nos afecta la primavera: las alergias - Hospital Ribera Juan Cardona","type":"rich","width":600,"height":338,"html":"<blockquote class=\"wp-embedded-content\" data-secret=\"Gw8tBpRppM\"><a href=\"https:\/\/riberasalud.com\/juan-cardona\/2019\/03\/27\/como-nos-afecta-la-primavera-las-alergias\/\">C\u00f3mo nos afecta la primavera: las alergias<\/a><\/blockquote><iframe sandbox=\"allow-scripts\" security=\"restricted\" src=\"https:\/\/riberasalud.com\/juan-cardona\/2019\/03\/27\/como-nos-afecta-la-primavera-las-alergias\/embed\/#?secret=Gw8tBpRppM\" width=\"600\" height=\"338\" title=\"\u00abC\u00f3mo nos afecta la primavera: las alergias\u00bb \u2014 Hospital Ribera Juan Cardona\" data-secret=\"Gw8tBpRppM\" frameborder=\"0\" marginwidth=\"0\" marginheight=\"0\" scrolling=\"no\" class=\"wp-embedded-content\"><\/iframe><script>\n\/*! This file is auto-generated *\/\n!function(d,l){\"use strict\";l.querySelector&&d.addEventListener&&\"undefined\"!=typeof URL&&(d.wp=d.wp||{},d.wp.receiveEmbedMessage||(d.wp.receiveEmbedMessage=function(e){var t=e.data;if((t||t.secret||t.message||t.value)&&!\/[^a-zA-Z0-9]\/.test(t.secret)){for(var s,r,n,a=l.querySelectorAll('iframe[data-secret=\"'+t.secret+'\"]'),o=l.querySelectorAll('blockquote[data-secret=\"'+t.secret+'\"]'),c=new RegExp(\"^https?:$\",\"i\"),i=0;i<o.length;i++)o[i].style.display=\"none\";for(i=0;i<a.length;i++)s=a[i],e.source===s.contentWindow&&(s.removeAttribute(\"style\"),\"height\"===t.message?(1e3<(r=parseInt(t.value,10))?r=1e3:~~r<200&&(r=200),s.height=r):\"link\"===t.message&&(r=new URL(s.getAttribute(\"src\")),n=new URL(t.value),c.test(n.protocol))&&n.host===r.host&&l.activeElement===s&&(d.top.location.href=t.value))}},d.addEventListener(\"message\",d.wp.receiveEmbedMessage,!1),l.addEventListener(\"DOMContentLoaded\",function(){for(var e,t,s=l.querySelectorAll(\"iframe.wp-embedded-content\"),r=0;r<s.length;r++)(t=(e=s[r]).getAttribute(\"data-secret\"))||(t=Math.random().toString(36).substring(2,12),e.src+=\"#?secret=\"+t,e.setAttribute(\"data-secret\",t)),e.contentWindow.postMessage({message:\"ready\",secret:t},\"*\")},!1)))}(window,document);\n\/\/# sourceURL=https:\/\/riberasalud.com\/juan-cardona\/wp-includes\/js\/wp-embed.min.js\n<\/script>\n","description":"\u00bfC\u00f3mo nos afecta la primavera? No s\u00f3lo nos puede afectar al cansancio, comunmente conocido como astenia primaveral, si no es la \u00e9poca de las tan temidas alergias. Te damos una serie de recomendaciones para ayduarte a superarlas.","thumbnail_url":"https:\/\/riberasalud.com\/juan-cardona\/wp-content\/uploads\/2019\/07\/habitos-para-hebitar-el-resfriado.jpg"}

Cómo nos afecta la primavera: las alergias - Hospital Ribera Juan Cardona

<blockquote class="wp-embedded-content" data-secret="Gw8tBpRppM"><a href="https://riberasalud.com/juan-cardona/2019/03/27/como-nos-afecta-la-primavera-las-alergias/">Cómo nos afecta la primavera: las alergias</a></blockquote><iframe sandbox="allow-scripts" security="restricted" src="https://riberasalud.com/juan-cardona/2019/03/27/como-nos-afecta-la-primavera-las-alergias/embed/#?secret=Gw8tBpRppM" width="600" height="338" title="«Cómo nos afecta la primavera: las alergias» — Hospital Ribera Juan Cardona" data-secret="Gw8tBpRppM" frameborder="0" marginwidth="0" marginheight="0" scrolling="no" class="wp-embedded-content"></iframe><script>
/*! This file is auto-generated */
!function(d,l){"use strict";l.querySelector&&d.addEventListener&&"undefined"!=typeof URL&&(d.wp=d.wp||{},d.wp.receiveEmbedMessage||(d.wp.receiveEmbedMessage=function(e){var t=e.data;if((t||t.secret||t.message||t.value)&&!/[^a-zA-Z0-9]/.test(t.secret)){for(var s,r,n,a=l.querySelectorAll('iframe[data-secret="'+t.secret+'"]'),o=l.querySelectorAll('blockquote[data-secret="'+t.secret+'"]'),c=new RegExp("^https?:$","i"),i=0;i<o.length;i++)o[i].style.display="none";for(i=0;i<a.length;i++)s=a[i],e.source===s.contentWindow&&(s.removeAttribute("style"),"height"===t.message?(1e3<(r=parseInt(t.value,10))?r=1e3:~~r<200&&(r=200),s.height=r):"link"===t.message&&(r=new URL(s.getAttribute("src")),n=new URL(t.value),c.test(n.protocol))&&n.host===r.host&&l.activeElement===s&&(d.top.location.href=t.value))}},d.addEventListener("message",d.wp.receiveEmbedMessage,!1),l.addEventListener("DOMContentLoaded",function(){for(var e,t,s=l.querySelectorAll("iframe.wp-embedded-content"),r=0;r<s.length;r++)(t=(e=s[r]).getAttribute("data-secret"))||(t=Math.random().toString(36).substring(2,12),e.src+="#?secret="+t,e.setAttribute("data-secret",t)),e.contentWindow.postMessage({message:"ready",secret:t},"*")},!1)))}(window,document);
//# sourceURL=https://riberasalud.com/juan-cardona/wp-includes/js/wp-embed.min.js
</script>

¿Cómo nos afecta la primavera? No sólo nos puede afectar al cansancio, comunmente conocido como astenia primaveral, si no es la época de las tan temidas alergias. Te damos una serie de recomendaciones para ayduarte a superarlas.
