{"id":18,"date":"2024-02-23T16:10:39","date_gmt":"2024-02-23T15:10:39","guid":{"rendered":"https:\/\/www.riberasalud.com\/congreso-ribera-povisa\/?page_id=18"},"modified":"2024-02-23T16:37:24","modified_gmt":"2024-02-23T15:37:24","slug":"terminos-y-condiciones","status":"publish","type":"page","link":"https:\/\/riberasalud.com\/jornada-de-cuidados\/terminos-y-condiciones\/","title":{"rendered":"T\u00e9rminos y Condiciones"},"content":{"rendered":"\n<div style=\"height:13px\" aria-hidden=\"true\" class=\"wp-block-spacer\"><\/div>\n\n\n\n<h1 class=\"wp-block-heading has-text-color has-link-color wp-elements-0c63d62a0bd4b81649c03d7c0466ffba\" style=\"color:#706f6f\">T\u00e9rminos y Condiciones de Uso<\/h1>\n\n\n\n<p class=\"has-text-color has-link-color wp-elements-35e21ea4bda2c581f62ee29db4114e45\" style=\"color:#706f6f;font-size:28px\"><strong>Informaci\u00f3n general e Identificaci\u00f3n del titular<\/strong><\/p>\n\n\n\n<p class=\"has-text-color has-link-color wp-elements-91e7e4970a595945d8f612b88497545a\" style=\"color:#706f6f\">RIBERA SALUD, S.A., (en adelante, RIBERA o GRUPO RIBERA), informa al usuario que el acceso y uso de la p\u00e1gina web <a href=\"https:\/\/www.riberasalud.com\/jornada-de-cuidados\/\"><mark style=\"background-color:rgba(0, 0, 0, 0);color:#d71029\" class=\"has-inline-color\">https:\/\/www.riberasalud.com\/jornada-de-cuidados\/<\/mark><\/a> est\u00e1 sujeta a las presentes condiciones de uso, por lo que recomendamos su lectura al acceder a nuestro sitio web.<\/p>\n\n\n\n<p class=\"has-text-color has-link-color wp-elements-f3b2707ca431d26c64c5fbbd2ed82cb1\" style=\"color:#706f6f\">En cumplimiento de lo dispuesto en el art\u00edculo 10 de la Ley 34\/2002 de Servicios de la Sociedad de la Informaci\u00f3n y Comercio Electr\u00f3nico (en adelante, \u201cLSSI\u201d), la entidad RIBERA SALUD, S.A, con NIF A-03681186, informa que es una sociedad inscrita en el Registro Mercantil de Valencia al Tomo 5953, Folio 212, Libro 3259, Secci\u00f3n 8\u00aa, Hoja V-57721, Inscripci\u00f3n 1\u00aa, con domicilio en Avenida Cortes Valencianas, n\u00famero 58, Edificio Sorolla Center, 46015 Valencia (Espa\u00f1a). La direcci\u00f3n de correo electr\u00f3nico de contacto es info@riberasalud.es y n\u00famero de tel\u00e9fono (+34) 963 462 591. <\/p>\n\n\n\n<p class=\"has-text-color has-link-color wp-elements-e7e2a98cb9bd744eee584b7dbd15af34\" style=\"color:#706f6f\">La sociedad es propietaria del nombre de dominio riberasalud.com y de la p\u00e1gina web en internet a la que se accede a trav\u00e9s de dicho dominio www.riberasalud.com.<\/p>\n\n\n\n<p class=\"has-text-color has-link-color wp-elements-a760b74c0aa7973535adb91a4f26832a\" style=\"color:#706f6f;font-size:28px\"><strong>El uso de la web implica la aceptaci\u00f3n de las presentes Condiciones Generales<\/strong><\/p>\n\n\n\n<p class=\"has-text-color has-link-color wp-elements-11c56ab026d6c2243c7f3ced8be742c2\" style=\"color:#706f6f\">El usuario que accede voluntariamente a este sitio web, se compromete a utilizarlo de conformidad con la ley, lo establecido en su aviso legal, las presentes condiciones generales de uso, as\u00ed como la moral, las buenas costumbres generalmente aceptadas y el orden p\u00fablico. GRUPO RIBERA se reserva el derecho a modificar las condiciones de acceso y el contenido de la Web cuando estime conveniente y sin previo aviso. Las presentes Condiciones generales tambi\u00e9n regulan las condiciones para la emisi\u00f3n de pedidos sobre servicios ofertados, el pago y la realizaci\u00f3n de los servicios solicitados. La informaci\u00f3n o datos personales que nos facilite ser\u00e1n tratados con arreglo a lo establecido en la POL\u00cdTICA DE PROTECCI\u00d3N DE DATOS, que m\u00e1s adelante se desarrollan. Al emitir un pedido a trav\u00e9s de este sitio web, declara ser mayor de 18 a\u00f1os y tener capacidad legal para celebrar contratos. GRUPO RIBERA no asume ninguna responsabilidad por los problemas de conexi\u00f3n o virus que puedan surgir como consecuencia de los riesgos intr\u00ednsecos de la conexi\u00f3n y la navegaci\u00f3n por Internet. El idioma que se usar\u00e1 para la contrataci\u00f3n y comunicaci\u00f3n en el sitio web es el espa\u00f1ol.<\/p>\n\n\n\n<p class=\"has-text-color has-link-color wp-elements-85d200276b6cd39e273b62ca97e2d666\" style=\"color:#706f6f;font-size:28px\"><strong>Servicios ofertados<\/strong><\/p>\n\n\n\n<p class=\"has-text-color has-link-color wp-elements-587f4ff3a2274e489c8adb92e0259b9f\" style=\"color:#706f6f\">Este sitio web le ofrece la posibilidad de adquirir los siguientes servicios las entradas a la I Jornada en Cuidados \u00abEcograf\u00eda y accesos vasculares\u00bb organizada por el Hospital Ribera Povisa.<br><br>Puede consultar m\u00e1s informaci\u00f3n sobre los servicios ofertados en la informaci\u00f3n disponible en la p\u00e1gina web. Ante cualquier duda en relaci\u00f3n a los servicios ofertados, puede contactar con: <a href=\"mailto:jornadasdecuidados@povisa.es\"><mark style=\"background-color:rgba(0, 0, 0, 0);color:#d71029\" class=\"has-inline-color\">jornadasdecuidados@povisa.es<\/mark><\/a>.<\/p>\n\n\n\n<p class=\"has-text-color has-link-color wp-elements-33166196010603fbd33d601abcda5f2e\" style=\"color:#706f6f;font-size:28px\"><strong>Precios<\/strong><\/p>\n\n\n\n<p class=\"has-text-color has-link-color wp-elements-016f71aa02387cbb1da579d92b6d97d3\" style=\"color:#706f6f\">Los precios est\u00e1n indicados en euros e incluyen el IVA.<\/p>\n\n\n\n<p class=\"has-text-color has-link-color wp-elements-345a18b3ed8c68996a2e3dea81211828\" style=\"color:#706f6f\">El precio&nbsp;de los servicios ser\u00e1 el que se estipule en cada momento en el sitio web. El precio y resto de condiciones no ser\u00e1n modificadas durante el lapso de tiempo que medie entre su solicitud y la aceptaci\u00f3n de la misma emitida a trav\u00e9s de la confirmaci\u00f3n de env\u00edo, salvo que por ley o decisi\u00f3n de organismos gubernamentales se haya de hacer cambios con car\u00e1cter retroactivo en dichas pol\u00edticas, Condiciones o Declaraci\u00f3n de Privacidad, en cuyo caso, los posibles cambios afectar\u00e1n tambi\u00e9n a los pedidos que hubiera hecho previamente.<\/p>\n\n\n\n<p class=\"has-text-color has-link-color wp-elements-fb3f1fc5edd17ee26089277974ccd7e5\" style=\"color:#706f6f\">GRUPO RIBERA se reserva el derecho de modificar los precios de los servicios en cualquier momento, respetando las tarifas en vigor en el momento de formalizarse las solicitudes preexistentes.<\/p>\n\n\n\n<p class=\"has-text-color has-link-color wp-elements-4c839295a57ac0eaedef041d6c18eb9a\" style=\"color:#706f6f;font-size:28px\"><strong>Forma de pago<\/strong><\/p>\n\n\n\n<p class=\"has-text-color has-link-color wp-elements-51c5ee374c29384a7d5584798a2dd3d4\" style=\"color:#706f6f\">El interesado tendr\u00e1 acceso, con anterioridad a la contrataci\u00f3n de los servicios a las caracter\u00edsticas del servicio, fecha, lugar de la prestaci\u00f3n del servicio, precio e impuestos.<\/p>\n\n\n\n<p class=\"has-text-color has-link-color wp-elements-625e5324b918c01d8faaf3c96648ba3b\" style=\"color:#706f6f\">Una vez seleccionados los servicios correspondientes, el interesado deber\u00e1:<\/p>\n\n\n\n<ol class=\"wp-block-list\">\n<li>Cumplimentar adecuadamente la informaci\u00f3n solicitada.<\/li>\n\n\n\n<li>Proceder al pago a trav\u00e9s de transferencia bancaria:<br>TITULAR: Hospital Povisa, S.A.<br>IBAN: ES11 0049 6755 6025 1622 0700<br>CONCEPTO: \u00abAsistencia jornada + N\u00ba DNI del participante\u00bb<\/li>\n\n\n\n<li>Remitir el justificante de la transferencia a<mark style=\"background-color:rgba(0, 0, 0, 0);color:#d71029\" class=\"has-inline-color\"> <a href=\"mailto:jornadascuidados@povisa.es\" target=\"_blank\" rel=\"noreferrer noopener\">jornadascuidados@povisa.es<\/a><\/mark>.<\/li>\n<\/ol>\n\n\n\n<p class=\"has-text-color has-link-color wp-elements-8e826ada4a2ba3b5fe626bf194ab90e1\" style=\"color:#706f6f\">Sus datos se utilizar\u00e1n con el \u00fanico fin de procesar tu inscripci\u00f3n, recibir\u00e1 la confirmaci\u00f3n de la compra a trav\u00e9s de e-mail.<\/p>\n\n\n\n<p class=\"has-text-color has-link-color wp-elements-7ebba45db89461264211e6e47c5e6649\" style=\"color:#706f6f;font-size:28px\"><strong>Derecho al desistimiento de la contrataci\u00f3n del servicio<\/strong><\/p>\n\n\n\n<p class=\"has-text-color has-link-color wp-elements-6087f8a764fbf2dd2cbc1492a341e213\" style=\"color:#706f6f\">De conformidad con la Ley del Consumidor existe el derecho a poder desistir de los servicios contratados en el plazo de 14 d\u00edas naturales desde que se realiz\u00f3 el pedido, sin indicar motivo alguno al respecto.<\/p>\n\n\n\n<p class=\"has-text-color has-link-color wp-elements-a38d00bca639b02f0a6a06d699d4820a\" style=\"color:#706f6f\">El derecho de desistimiento se debe realizar mediante una declaraci\u00f3n inequ\u00edvoca que lo manifieste y por escrito a la direcci\u00f3n postal se\u00f1alada en el primer apartado o al correo electr\u00f3nico&nbsp;dpo@riberasalud.es en el que se deber\u00e1 indicar los datos del servicio contratado y el n\u00famero de referencia recibido tras haber realizado el pago.<br>En caso de ejercer el desistimiento se proceder\u00e1 a la devoluci\u00f3n del importe efectivamente abonado.<\/p>\n\n\n\n<p class=\"has-text-color has-link-color wp-elements-f3de843d9dd93b3fd756b10349afb552\" style=\"color:#706f6f;font-size:28px\"><strong>Protecci\u00f3n de datos<\/strong><\/p>\n\n\n\n<p class=\"has-text-color has-link-color wp-elements-435a8cbfb311e22d578b14f03b8ea121\" style=\"color:#706f6f\">Puede consultar toda la informaci\u00f3n relativa al tratamiento de sus datos personales en la <a href=\"https:\/\/www.riberasalud.com\/jornada-de-cuidados\/politica-privacidad\/\"><mark style=\"background-color:rgba(0, 0, 0, 0);color:#d71029\" class=\"has-inline-color\">POL\u00cdTICA DE PRIVACIDAD<\/mark><\/a>.<\/p>\n\n\n\n<p class=\"has-text-color has-link-color wp-elements-96027b9b7292444f57cb6745c04611de\" style=\"color:#706f6f;font-size:28px\"><strong>Ley aplicable y Jurisdicci\u00f3n<\/strong><\/p>\n\n\n\n<p class=\"has-text-color has-link-color wp-elements-1e199bae2c6bf1857e161d1b0be4f98d\" style=\"color:#706f6f\">Cualquier controversia que pudiera derivarse de la utilizaci\u00f3n o uso de este sitio web y contrataci\u00f3n de los servicios que se ofrecen, queda sujeto a la legislaci\u00f3n espa\u00f1ola y a los juzgados y tribunales de Valencia o del lugar donde se preste el servicio contratado.<\/p>\n\n\n\n<p class=\"has-text-color has-link-color wp-elements-d11d0f66dded029455c1c4eb9d02ca87\" style=\"color:#706f6f\"><em>\u00daltima actualizaci\u00f3n: febrero 2024<\/em><\/p>\n\n\n\n<div style=\"height:64px\" aria-hidden=\"true\" class=\"wp-block-spacer\"><\/div>\n","protected":false},"excerpt":{"rendered":"<p>T\u00e9rminos y Condiciones de Uso Informaci\u00f3n general e Identificaci\u00f3n del titular RIBERA SALUD, S.A., (en adelante, RIBERA o GRUPO RIBERA), informa al usuario que el acceso y uso de la p\u00e1gina web https:\/\/www.riberasalud.com\/jornada-de-cuidados\/ est\u00e1 sujeta a las presentes condiciones de uso, por lo que recomendamos su lectura al acceder a nuestro sitio web. En cumplimiento &#8230;<\/p>\n","protected":false},"author":1,"featured_media":0,"parent":0,"menu_order":0,"comment_status":"closed","ping_status":"closed","template":"","meta":{"footnotes":""},"class_list":["post-18","page","type-page","status-publish","hentry"],"_links":{"self":[{"href":"https:\/\/riberasalud.com\/jornada-de-cuidados\/wp-json\/wp\/v2\/pages\/18","targetHints":{"allow":["GET"]}}],"collection":[{"href":"https:\/\/riberasalud.com\/jornada-de-cuidados\/wp-json\/wp\/v2\/pages"}],"about":[{"href":"https:\/\/riberasalud.com\/jornada-de-cuidados\/wp-json\/wp\/v2\/types\/page"}],"author":[{"embeddable":true,"href":"https:\/\/riberasalud.com\/jornada-de-cuidados\/wp-json\/wp\/v2\/users\/1"}],"replies":[{"embeddable":true,"href":"https:\/\/riberasalud.com\/jornada-de-cuidados\/wp-json\/wp\/v2\/comments?post=18"}],"version-history":[{"count":8,"href":"https:\/\/riberasalud.com\/jornada-de-cuidados\/wp-json\/wp\/v2\/pages\/18\/revisions"}],"predecessor-version":[{"id":4670,"href":"https:\/\/riberasalud.com\/jornada-de-cuidados\/wp-json\/wp\/v2\/pages\/18\/revisions\/4670"}],"wp:attachment":[{"href":"https:\/\/riberasalud.com\/jornada-de-cuidados\/wp-json\/wp\/v2\/media?parent=18"}],"curies":[{"name":"wp","href":"https:\/\/api.w.org\/{rel}","templated":true}]}}

Términos y Condiciones

<div style="height:13px" aria-hidden="true" class="wp-block-spacer"></div>



<h1 class="wp-block-heading has-text-color has-link-color wp-elements-0c63d62a0bd4b81649c03d7c0466ffba" style="color:#706f6f">Términos y Condiciones de Uso</h1>



<p class="has-text-color has-link-color wp-elements-35e21ea4bda2c581f62ee29db4114e45" style="color:#706f6f;font-size:28px"><strong>Información general e Identificación del titular</strong></p>



<p class="has-text-color has-link-color wp-elements-91e7e4970a595945d8f612b88497545a" style="color:#706f6f">RIBERA SALUD, S.A., (en adelante, RIBERA o GRUPO RIBERA), informa al usuario que el acceso y uso de la página web <a href="https://www.riberasalud.com/jornada-de-cuidados/"><mark style="background-color:rgba(0, 0, 0, 0);color:#d71029" class="has-inline-color">https://www.riberasalud.com/jornada-de-cuidados/</mark></a> está sujeta a las presentes condiciones de uso, por lo que recomendamos su lectura al acceder a nuestro sitio web.</p>



<p class="has-text-color has-link-color wp-elements-f3b2707ca431d26c64c5fbbd2ed82cb1" style="color:#706f6f">En cumplimiento de lo dispuesto en el artículo 10 de la Ley 34/2002 de Servicios de la Sociedad de la Información y Comercio Electrónico (en adelante, “LSSI”), la entidad RIBERA SALUD, S.A, con NIF A-03681186, informa que es una sociedad inscrita en el Registro Mercantil de Valencia al Tomo 5953, Folio 212, Libro 3259, Sección 8ª, Hoja V-57721, Inscripción 1ª, con domicilio en Avenida Cortes Valencianas, número 58, Edificio Sorolla Center, 46015 Valencia (España). La dirección de correo electrónico de contacto es info@riberasalud.es y número de teléfono (+34) 963 462 591. </p>



<p class="has-text-color has-link-color wp-elements-e7e2a98cb9bd744eee584b7dbd15af34" style="color:#706f6f">La sociedad es propietaria del nombre de dominio riberasalud.com y de la página web en internet a la que se accede a través de dicho dominio www.riberasalud.com.</p>



<p class="has-text-color has-link-color wp-elements-a760b74c0aa7973535adb91a4f26832a" style="color:#706f6f;font-size:28px"><strong>El uso de la web implica la aceptación de las presentes Condiciones Generales</strong></p>



<p class="has-text-color has-link-color wp-elements-11c56ab026d6c2243c7f3ced8be742c2" style="color:#706f6f">El usuario que accede voluntariamente a este sitio web, se compromete a utilizarlo de conformidad con la ley, lo establecido en su aviso legal, las presentes condiciones generales de uso, así como la moral, las buenas costumbres generalmente aceptadas y el orden público. GRUPO RIBERA se reserva el derecho a modificar las condiciones de acceso y el contenido de la Web cuando estime conveniente y sin previo aviso. Las presentes Condiciones generales también regulan las condiciones para la emisión de pedidos sobre servicios ofertados, el pago y la realización de los servicios solicitados. La información o datos personales que nos facilite serán tratados con arreglo a lo establecido en la POLÍTICA DE PROTECCIÓN DE DATOS, que más adelante se desarrollan. Al emitir un pedido a través de este sitio web, declara ser mayor de 18 años y tener capacidad legal para celebrar contratos. GRUPO RIBERA no asume ninguna responsabilidad por los problemas de conexión o virus que puedan surgir como consecuencia de los riesgos intrínsecos de la conexión y la navegación por Internet. El idioma que se usará para la contratación y comunicación en el sitio web es el español.</p>



<p class="has-text-color has-link-color wp-elements-85d200276b6cd39e273b62ca97e2d666" style="color:#706f6f;font-size:28px"><strong>Servicios ofertados</strong></p>



<p class="has-text-color has-link-color wp-elements-587f4ff3a2274e489c8adb92e0259b9f" style="color:#706f6f">Este sitio web le ofrece la posibilidad de adquirir los siguientes servicios las entradas a la I Jornada en Cuidados «Ecografía y accesos vasculares» organizada por el Hospital Ribera Povisa.<br><br>Puede consultar más información sobre los servicios ofertados en la información disponible en la página web. Ante cualquier duda en relación a los servicios ofertados, puede contactar con: <a href="mailto:jornadasdecuidados@povisa.es"><mark style="background-color:rgba(0, 0, 0, 0);color:#d71029" class="has-inline-color">jornadasdecuidados@povisa.es</mark></a>.</p>



<p class="has-text-color has-link-color wp-elements-33166196010603fbd33d601abcda5f2e" style="color:#706f6f;font-size:28px"><strong>Precios</strong></p>



<p class="has-text-color has-link-color wp-elements-016f71aa02387cbb1da579d92b6d97d3" style="color:#706f6f">Los precios están indicados en euros e incluyen el IVA.</p>



<p class="has-text-color has-link-color wp-elements-345a18b3ed8c68996a2e3dea81211828" style="color:#706f6f">El precio&nbsp;de los servicios será el que se estipule en cada momento en el sitio web. El precio y resto de condiciones no serán modificadas durante el lapso de tiempo que medie entre su solicitud y la aceptación de la misma emitida a través de la confirmación de envío, salvo que por ley o decisión de organismos gubernamentales se haya de hacer cambios con carácter retroactivo en dichas políticas, Condiciones o Declaración de Privacidad, en cuyo caso, los posibles cambios afectarán también a los pedidos que hubiera hecho previamente.</p>



<p class="has-text-color has-link-color wp-elements-fb3f1fc5edd17ee26089277974ccd7e5" style="color:#706f6f">GRUPO RIBERA se reserva el derecho de modificar los precios de los servicios en cualquier momento, respetando las tarifas en vigor en el momento de formalizarse las solicitudes preexistentes.</p>



<p class="has-text-color has-link-color wp-elements-4c839295a57ac0eaedef041d6c18eb9a" style="color:#706f6f;font-size:28px"><strong>Forma de pago</strong></p>



<p class="has-text-color has-link-color wp-elements-51c5ee374c29384a7d5584798a2dd3d4" style="color:#706f6f">El interesado tendrá acceso, con anterioridad a la contratación de los servicios a las características del servicio, fecha, lugar de la prestación del servicio, precio e impuestos.</p>



<p class="has-text-color has-link-color wp-elements-625e5324b918c01d8faaf3c96648ba3b" style="color:#706f6f">Una vez seleccionados los servicios correspondientes, el interesado deberá:</p>



<ol class="wp-block-list">
<li>Cumplimentar adecuadamente la información solicitada.</li>



<li>Proceder al pago a través de transferencia bancaria:<br>TITULAR: Hospital Povisa, S.A.<br>IBAN: ES11 0049 6755 6025 1622 0700<br>CONCEPTO: «Asistencia jornada + Nº DNI del participante»</li>



<li>Remitir el justificante de la transferencia a<mark style="background-color:rgba(0, 0, 0, 0);color:#d71029" class="has-inline-color"> <a href="mailto:jornadascuidados@povisa.es" target="_blank" rel="noreferrer noopener">jornadascuidados@povisa.es</a></mark>.</li>
</ol>



<p class="has-text-color has-link-color wp-elements-8e826ada4a2ba3b5fe626bf194ab90e1" style="color:#706f6f">Sus datos se utilizarán con el único fin de procesar tu inscripción, recibirá la confirmación de la compra a través de e-mail.</p>



<p class="has-text-color has-link-color wp-elements-7ebba45db89461264211e6e47c5e6649" style="color:#706f6f;font-size:28px"><strong>Derecho al desistimiento de la contratación del servicio</strong></p>



<p class="has-text-color has-link-color wp-elements-6087f8a764fbf2dd2cbc1492a341e213" style="color:#706f6f">De conformidad con la Ley del Consumidor existe el derecho a poder desistir de los servicios contratados en el plazo de 14 días naturales desde que se realizó el pedido, sin indicar motivo alguno al respecto.</p>



<p class="has-text-color has-link-color wp-elements-a38d00bca639b02f0a6a06d699d4820a" style="color:#706f6f">El derecho de desistimiento se debe realizar mediante una declaración inequívoca que lo manifieste y por escrito a la dirección postal señalada en el primer apartado o al correo electrónico&nbsp;dpo@riberasalud.es en el que se deberá indicar los datos del servicio contratado y el número de referencia recibido tras haber realizado el pago.<br>En caso de ejercer el desistimiento se procederá a la devolución del importe efectivamente abonado.</p>



<p class="has-text-color has-link-color wp-elements-f3de843d9dd93b3fd756b10349afb552" style="color:#706f6f;font-size:28px"><strong>Protección de datos</strong></p>



<p class="has-text-color has-link-color wp-elements-435a8cbfb311e22d578b14f03b8ea121" style="color:#706f6f">Puede consultar toda la información relativa al tratamiento de sus datos personales en la <a href="https://www.riberasalud.com/jornada-de-cuidados/politica-privacidad/"><mark style="background-color:rgba(0, 0, 0, 0);color:#d71029" class="has-inline-color">POLÍTICA DE PRIVACIDAD</mark></a>.</p>



<p class="has-text-color has-link-color wp-elements-96027b9b7292444f57cb6745c04611de" style="color:#706f6f;font-size:28px"><strong>Ley aplicable y Jurisdicción</strong></p>



<p class="has-text-color has-link-color wp-elements-1e199bae2c6bf1857e161d1b0be4f98d" style="color:#706f6f">Cualquier controversia que pudiera derivarse de la utilización o uso de este sitio web y contratación de los servicios que se ofrecen, queda sujeto a la legislación española y a los juzgados y tribunales de Valencia o del lugar donde se preste el servicio contratado.</p>



<p class="has-text-color has-link-color wp-elements-d11d0f66dded029455c1c4eb9d02ca87" style="color:#706f6f"><em>Última actualización: febrero 2024</em></p>



<div style="height:64px" aria-hidden="true" class="wp-block-spacer"></div>

<p>Términos y Condiciones de Uso Información general e Identificación del titular RIBERA SALUD, S.A., (en adelante, RIBERA o GRUPO RIBERA), informa al usuario que el acceso y uso de la página web https://www.riberasalud.com/jornada-de-cuidados/ está sujeta a las presentes condiciones de uso, por lo que recomendamos su lectura al acceder a nuestro sitio web. En cumplimiento &#8230;</p>
