{"version":"1.0","provider_name":"Hospital de Molina","provider_url":"https:\/\/riberasalud.com\/hospital-de-molina","author_name":"hmolina","author_url":"https:\/\/riberasalud.com\/hospital-de-molina\/author\/hmolina\/","title":"VI Jornada Regional de Enfermedades Raras - Hospital de Molina","type":"rich","width":600,"height":338,"html":"<blockquote class=\"wp-embedded-content\" data-secret=\"nJuiFg9bpG\"><a href=\"https:\/\/riberasalud.com\/hospital-de-molina\/vi-jornada-regional-de-enfermedades-raras\/\">VI Jornada Regional de Enfermedades Raras<\/a><\/blockquote><iframe sandbox=\"allow-scripts\" security=\"restricted\" src=\"https:\/\/riberasalud.com\/hospital-de-molina\/vi-jornada-regional-de-enfermedades-raras\/embed\/#?secret=nJuiFg9bpG\" width=\"600\" height=\"338\" title=\"\u00abVI Jornada Regional de Enfermedades Raras\u00bb \u2014 Hospital de Molina\" data-secret=\"nJuiFg9bpG\" frameborder=\"0\" marginwidth=\"0\" marginheight=\"0\" scrolling=\"no\" class=\"wp-embedded-content\"><\/iframe><script>\n\/*! This file is auto-generated *\/\n!function(d,l){\"use strict\";l.querySelector&&d.addEventListener&&\"undefined\"!=typeof URL&&(d.wp=d.wp||{},d.wp.receiveEmbedMessage||(d.wp.receiveEmbedMessage=function(e){var t=e.data;if((t||t.secret||t.message||t.value)&&!\/[^a-zA-Z0-9]\/.test(t.secret)){for(var s,r,n,a=l.querySelectorAll('iframe[data-secret=\"'+t.secret+'\"]'),o=l.querySelectorAll('blockquote[data-secret=\"'+t.secret+'\"]'),c=new RegExp(\"^https?:$\",\"i\"),i=0;i<o.length;i++)o[i].style.display=\"none\";for(i=0;i<a.length;i++)s=a[i],e.source===s.contentWindow&&(s.removeAttribute(\"style\"),\"height\"===t.message?(1e3<(r=parseInt(t.value,10))?r=1e3:~~r<200&&(r=200),s.height=r):\"link\"===t.message&&(r=new URL(s.getAttribute(\"src\")),n=new URL(t.value),c.test(n.protocol))&&n.host===r.host&&l.activeElement===s&&(d.top.location.href=t.value))}},d.addEventListener(\"message\",d.wp.receiveEmbedMessage,!1),l.addEventListener(\"DOMContentLoaded\",function(){for(var e,t,s=l.querySelectorAll(\"iframe.wp-embedded-content\"),r=0;r<s.length;r++)(t=(e=s[r]).getAttribute(\"data-secret\"))||(t=Math.random().toString(36).substring(2,12),e.src+=\"#?secret=\"+t,e.setAttribute(\"data-secret\",t)),e.contentWindow.postMessage({message:\"ready\",secret:t},\"*\")},!1)))}(window,document);\n\/\/# sourceURL=https:\/\/riberasalud.com\/hospital-de-molina\/wp-includes\/js\/wp-embed.min.js\n<\/script>\n","thumbnail_url":"https:\/\/riberasalud.com\/hospital-de-molina\/wp-content\/uploads\/2020\/02\/2020-Cartel-VI-Jornada-EERR.jpg","thumbnail_width":301,"thumbnail_height":430,"description":"4 febrero 2020.- Con motivo de la celebraci\u00f3n del D\u00eda Mundial de las Enfermedades Raras (29 de febrero), la VI Jornada Regional de Enfermedades Raras, que se celebrar\u00e1 en Molina de Segura el viernes 21 de febrero de 16:00 a 20:30 horas, en el Sal\u00f3n de Plenos del Ayuntamiento de Molina de Segura, ha sido ... Leer m\u00e1s"}

4 febrero 2020.- Con motivo de la celebración del Día Mundial de las Enfermedades Raras (29 de febrero), la VI Jornada Regional de Enfermedades Raras, que se celebrará en Molina de Segura el viernes 21 de febrero de 16:00 a 20:30 horas, en el Salón de Plenos del Ayuntamiento de Molina de Segura, ha sido ... Leer más
