{"version":"1.0","provider_name":"Hospital de Molina","provider_url":"https:\/\/riberasalud.com\/hospital-de-molina","author_name":"hmolina","author_url":"https:\/\/riberasalud.com\/hospital-de-molina\/author\/hmolina\/","title":"\u00bfPor qu\u00e9 aparece la caries? - Hospital de Molina","type":"rich","width":600,"height":338,"html":"<blockquote class=\"wp-embedded-content\" data-secret=\"rDJZMbzWM6\"><a href=\"https:\/\/riberasalud.com\/hospital-de-molina\/por-que-aparece-la-caries\/\">\u00bfPor qu\u00e9 aparece la caries?<\/a><\/blockquote><iframe sandbox=\"allow-scripts\" security=\"restricted\" src=\"https:\/\/riberasalud.com\/hospital-de-molina\/por-que-aparece-la-caries\/embed\/#?secret=rDJZMbzWM6\" width=\"600\" height=\"338\" title=\"\u00ab\u00bfPor qu\u00e9 aparece la caries?\u00bb \u2014 Hospital de Molina\" data-secret=\"rDJZMbzWM6\" frameborder=\"0\" marginwidth=\"0\" marginheight=\"0\" scrolling=\"no\" class=\"wp-embedded-content\"><\/iframe><script>\n\/*! This file is auto-generated *\/\n!function(d,l){\"use strict\";l.querySelector&&d.addEventListener&&\"undefined\"!=typeof URL&&(d.wp=d.wp||{},d.wp.receiveEmbedMessage||(d.wp.receiveEmbedMessage=function(e){var t=e.data;if((t||t.secret||t.message||t.value)&&!\/[^a-zA-Z0-9]\/.test(t.secret)){for(var s,r,n,a=l.querySelectorAll('iframe[data-secret=\"'+t.secret+'\"]'),o=l.querySelectorAll('blockquote[data-secret=\"'+t.secret+'\"]'),c=new RegExp(\"^https?:$\",\"i\"),i=0;i<o.length;i++)o[i].style.display=\"none\";for(i=0;i<a.length;i++)s=a[i],e.source===s.contentWindow&&(s.removeAttribute(\"style\"),\"height\"===t.message?(1e3<(r=parseInt(t.value,10))?r=1e3:~~r<200&&(r=200),s.height=r):\"link\"===t.message&&(r=new URL(s.getAttribute(\"src\")),n=new URL(t.value),c.test(n.protocol))&&n.host===r.host&&l.activeElement===s&&(d.top.location.href=t.value))}},d.addEventListener(\"message\",d.wp.receiveEmbedMessage,!1),l.addEventListener(\"DOMContentLoaded\",function(){for(var e,t,s=l.querySelectorAll(\"iframe.wp-embedded-content\"),r=0;r<s.length;r++)(t=(e=s[r]).getAttribute(\"data-secret\"))||(t=Math.random().toString(36).substring(2,12),e.src+=\"#?secret=\"+t,e.setAttribute(\"data-secret\",t)),e.contentWindow.postMessage({message:\"ready\",secret:t},\"*\")},!1)))}(window,document);\n\/\/# sourceURL=https:\/\/riberasalud.com\/hospital-de-molina\/wp-includes\/js\/wp-embed.min.js\n<\/script>\n","thumbnail_url":"https:\/\/riberasalud.com\/hospital-de-molina\/wp-content\/uploads\/2017\/05\/portrait-2218882_640.jpg","thumbnail_width":640,"thumbnail_height":360,"description":"La caries es una enfermedad infecciosa que puede ser causada por numerosos factores, tales como la microbiota de la cavidad oral, el consumo excesivo de az\u00facares, la predisposici\u00f3n gen\u00e9tica, la cantidad segregada de saliva o un estilo de vida del paciente que afecte negativamente a la superficie del esmalte dental. \u00bfC\u00f3mo se forma la caries? ... Leer m\u00e1s"}

¿Por qué aparece la caries? - Hospital de Molina

<blockquote class="wp-embedded-content" data-secret="rDJZMbzWM6"><a href="https://riberasalud.com/hospital-de-molina/por-que-aparece-la-caries/">¿Por qué aparece la caries?</a></blockquote><iframe sandbox="allow-scripts" security="restricted" src="https://riberasalud.com/hospital-de-molina/por-que-aparece-la-caries/embed/#?secret=rDJZMbzWM6" width="600" height="338" title="«¿Por qué aparece la caries?» — Hospital de Molina" data-secret="rDJZMbzWM6" frameborder="0" marginwidth="0" marginheight="0" scrolling="no" class="wp-embedded-content"></iframe><script>
/*! This file is auto-generated */
!function(d,l){"use strict";l.querySelector&&d.addEventListener&&"undefined"!=typeof URL&&(d.wp=d.wp||{},d.wp.receiveEmbedMessage||(d.wp.receiveEmbedMessage=function(e){var t=e.data;if((t||t.secret||t.message||t.value)&&!/[^a-zA-Z0-9]/.test(t.secret)){for(var s,r,n,a=l.querySelectorAll('iframe[data-secret="'+t.secret+'"]'),o=l.querySelectorAll('blockquote[data-secret="'+t.secret+'"]'),c=new RegExp("^https?:$","i"),i=0;i<o.length;i++)o[i].style.display="none";for(i=0;i<a.length;i++)s=a[i],e.source===s.contentWindow&&(s.removeAttribute("style"),"height"===t.message?(1e3<(r=parseInt(t.value,10))?r=1e3:~~r<200&&(r=200),s.height=r):"link"===t.message&&(r=new URL(s.getAttribute("src")),n=new URL(t.value),c.test(n.protocol))&&n.host===r.host&&l.activeElement===s&&(d.top.location.href=t.value))}},d.addEventListener("message",d.wp.receiveEmbedMessage,!1),l.addEventListener("DOMContentLoaded",function(){for(var e,t,s=l.querySelectorAll("iframe.wp-embedded-content"),r=0;r<s.length;r++)(t=(e=s[r]).getAttribute("data-secret"))||(t=Math.random().toString(36).substring(2,12),e.src+="#?secret="+t,e.setAttribute("data-secret",t)),e.contentWindow.postMessage({message:"ready",secret:t},"*")},!1)))}(window,document);
//# sourceURL=https://riberasalud.com/hospital-de-molina/wp-includes/js/wp-embed.min.js
</script>

La caries es una enfermedad infecciosa que puede ser causada por numerosos factores, tales como la microbiota de la cavidad oral, el consumo excesivo de azúcares, la predisposición genética, la cantidad segregada de saliva o un estilo de vida del paciente que afecte negativamente a la superficie del esmalte dental. ¿Cómo se forma la caries? ... Leer más
