{"version":"1.0","provider_name":"Hospital de Molina","provider_url":"https:\/\/riberasalud.com\/hospital-de-molina","author_name":"hmolina","author_url":"https:\/\/riberasalud.com\/hospital-de-molina\/author\/hmolina\/","title":"Lesiones del cart\u00edlago articular. Osteocondritis - Hospital de Molina","type":"rich","width":600,"height":338,"html":"<blockquote class=\"wp-embedded-content\" data-secret=\"X5prWGCVVL\"><a href=\"https:\/\/riberasalud.com\/hospital-de-molina\/lesiones-del-cartilago-articular-osteocondritis\/\">Lesiones del cart\u00edlago articular. Osteocondritis<\/a><\/blockquote><iframe sandbox=\"allow-scripts\" security=\"restricted\" src=\"https:\/\/riberasalud.com\/hospital-de-molina\/lesiones-del-cartilago-articular-osteocondritis\/embed\/#?secret=X5prWGCVVL\" width=\"600\" height=\"338\" title=\"\u00abLesiones del cart\u00edlago articular. Osteocondritis\u00bb \u2014 Hospital de Molina\" data-secret=\"X5prWGCVVL\" frameborder=\"0\" marginwidth=\"0\" marginheight=\"0\" scrolling=\"no\" class=\"wp-embedded-content\"><\/iframe><script>\n\/*! This file is auto-generated *\/\n!function(d,l){\"use strict\";l.querySelector&&d.addEventListener&&\"undefined\"!=typeof URL&&(d.wp=d.wp||{},d.wp.receiveEmbedMessage||(d.wp.receiveEmbedMessage=function(e){var t=e.data;if((t||t.secret||t.message||t.value)&&!\/[^a-zA-Z0-9]\/.test(t.secret)){for(var s,r,n,a=l.querySelectorAll('iframe[data-secret=\"'+t.secret+'\"]'),o=l.querySelectorAll('blockquote[data-secret=\"'+t.secret+'\"]'),c=new RegExp(\"^https?:$\",\"i\"),i=0;i<o.length;i++)o[i].style.display=\"none\";for(i=0;i<a.length;i++)s=a[i],e.source===s.contentWindow&&(s.removeAttribute(\"style\"),\"height\"===t.message?(1e3<(r=parseInt(t.value,10))?r=1e3:~~r<200&&(r=200),s.height=r):\"link\"===t.message&&(r=new URL(s.getAttribute(\"src\")),n=new URL(t.value),c.test(n.protocol))&&n.host===r.host&&l.activeElement===s&&(d.top.location.href=t.value))}},d.addEventListener(\"message\",d.wp.receiveEmbedMessage,!1),l.addEventListener(\"DOMContentLoaded\",function(){for(var e,t,s=l.querySelectorAll(\"iframe.wp-embedded-content\"),r=0;r<s.length;r++)(t=(e=s[r]).getAttribute(\"data-secret\"))||(t=Math.random().toString(36).substring(2,12),e.src+=\"#?secret=\"+t,e.setAttribute(\"data-secret\",t)),e.contentWindow.postMessage({message:\"ready\",secret:t},\"*\")},!1)))}(window,document);\n\/\/# sourceURL=https:\/\/riberasalud.com\/hospital-de-molina\/wp-includes\/js\/wp-embed.min.js\n<\/script>\n","thumbnail_url":"https:\/\/riberasalud.com\/hospital-de-molina\/wp-content\/uploads\/2017\/01\/UNIrodilla57.jpg","thumbnail_width":177,"thumbnail_height":182,"description":"Definici\u00f3n La separaci\u00f3n del cart\u00edlago articular y el fragmento de hueso fue mal llamada osteocondritis disecante en el siglo XIX en la falsa creencia de que hab\u00eda una patolog\u00eda inflamatoria subyacente. Ahora sabemos que este no es el caso, pero el nombre sigue us\u00e1ndose. El fragmento separado puede convertirse en avascular y existir como un ... Leer m\u00e1s"}

Lesiones del cartílago articular. Osteocondritis - Hospital de Molina

<blockquote class="wp-embedded-content" data-secret="X5prWGCVVL"><a href="https://riberasalud.com/hospital-de-molina/lesiones-del-cartilago-articular-osteocondritis/">Lesiones del cartílago articular. Osteocondritis</a></blockquote><iframe sandbox="allow-scripts" security="restricted" src="https://riberasalud.com/hospital-de-molina/lesiones-del-cartilago-articular-osteocondritis/embed/#?secret=X5prWGCVVL" width="600" height="338" title="«Lesiones del cartílago articular. Osteocondritis» — Hospital de Molina" data-secret="X5prWGCVVL" frameborder="0" marginwidth="0" marginheight="0" scrolling="no" class="wp-embedded-content"></iframe><script>
/*! This file is auto-generated */
!function(d,l){"use strict";l.querySelector&&d.addEventListener&&"undefined"!=typeof URL&&(d.wp=d.wp||{},d.wp.receiveEmbedMessage||(d.wp.receiveEmbedMessage=function(e){var t=e.data;if((t||t.secret||t.message||t.value)&&!/[^a-zA-Z0-9]/.test(t.secret)){for(var s,r,n,a=l.querySelectorAll('iframe[data-secret="'+t.secret+'"]'),o=l.querySelectorAll('blockquote[data-secret="'+t.secret+'"]'),c=new RegExp("^https?:$","i"),i=0;i<o.length;i++)o[i].style.display="none";for(i=0;i<a.length;i++)s=a[i],e.source===s.contentWindow&&(s.removeAttribute("style"),"height"===t.message?(1e3<(r=parseInt(t.value,10))?r=1e3:~~r<200&&(r=200),s.height=r):"link"===t.message&&(r=new URL(s.getAttribute("src")),n=new URL(t.value),c.test(n.protocol))&&n.host===r.host&&l.activeElement===s&&(d.top.location.href=t.value))}},d.addEventListener("message",d.wp.receiveEmbedMessage,!1),l.addEventListener("DOMContentLoaded",function(){for(var e,t,s=l.querySelectorAll("iframe.wp-embedded-content"),r=0;r<s.length;r++)(t=(e=s[r]).getAttribute("data-secret"))||(t=Math.random().toString(36).substring(2,12),e.src+="#?secret="+t,e.setAttribute("data-secret",t)),e.contentWindow.postMessage({message:"ready",secret:t},"*")},!1)))}(window,document);
//# sourceURL=https://riberasalud.com/hospital-de-molina/wp-includes/js/wp-embed.min.js
</script>

Definición La separación del cartílago articular y el fragmento de hueso fue mal llamada osteocondritis disecante en el siglo XIX en la falsa creencia de que había una patología inflamatoria subyacente. Ahora sabemos que este no es el caso, pero el nombre sigue usándose. El fragmento separado puede convertirse en avascular y existir como un ... Leer más
