{"version":"1.0","provider_name":"Hospital de Molina","provider_url":"https:\/\/riberasalud.com\/hospital-de-molina","author_name":"hmolina","author_url":"https:\/\/riberasalud.com\/hospital-de-molina\/author\/hmolina\/","title":"III Jornada Regional de Enfermedades Raras - Hospital de Molina","type":"rich","width":600,"height":338,"html":"<blockquote class=\"wp-embedded-content\" data-secret=\"giAEbYw1WE\"><a href=\"https:\/\/riberasalud.com\/hospital-de-molina\/iii-jornada-regional-de-enfermedades-raras\/\">III Jornada Regional de Enfermedades Raras<\/a><\/blockquote><iframe sandbox=\"allow-scripts\" security=\"restricted\" src=\"https:\/\/riberasalud.com\/hospital-de-molina\/iii-jornada-regional-de-enfermedades-raras\/embed\/#?secret=giAEbYw1WE\" width=\"600\" height=\"338\" title=\"\u00abIII Jornada Regional de Enfermedades Raras\u00bb \u2014 Hospital de Molina\" data-secret=\"giAEbYw1WE\" frameborder=\"0\" marginwidth=\"0\" marginheight=\"0\" scrolling=\"no\" class=\"wp-embedded-content\"><\/iframe><script>\n\/*! This file is auto-generated *\/\n!function(d,l){\"use strict\";l.querySelector&&d.addEventListener&&\"undefined\"!=typeof URL&&(d.wp=d.wp||{},d.wp.receiveEmbedMessage||(d.wp.receiveEmbedMessage=function(e){var t=e.data;if((t||t.secret||t.message||t.value)&&!\/[^a-zA-Z0-9]\/.test(t.secret)){for(var s,r,n,a=l.querySelectorAll('iframe[data-secret=\"'+t.secret+'\"]'),o=l.querySelectorAll('blockquote[data-secret=\"'+t.secret+'\"]'),c=new RegExp(\"^https?:$\",\"i\"),i=0;i<o.length;i++)o[i].style.display=\"none\";for(i=0;i<a.length;i++)s=a[i],e.source===s.contentWindow&&(s.removeAttribute(\"style\"),\"height\"===t.message?(1e3<(r=parseInt(t.value,10))?r=1e3:~~r<200&&(r=200),s.height=r):\"link\"===t.message&&(r=new URL(s.getAttribute(\"src\")),n=new URL(t.value),c.test(n.protocol))&&n.host===r.host&&l.activeElement===s&&(d.top.location.href=t.value))}},d.addEventListener(\"message\",d.wp.receiveEmbedMessage,!1),l.addEventListener(\"DOMContentLoaded\",function(){for(var e,t,s=l.querySelectorAll(\"iframe.wp-embedded-content\"),r=0;r<s.length;r++)(t=(e=s[r]).getAttribute(\"data-secret\"))||(t=Math.random().toString(36).substring(2,12),e.src+=\"#?secret=\"+t,e.setAttribute(\"data-secret\",t)),e.contentWindow.postMessage({message:\"ready\",secret:t},\"*\")},!1)))}(window,document);\n\/\/# sourceURL=https:\/\/riberasalud.com\/hospital-de-molina\/wp-includes\/js\/wp-embed.min.js\n<\/script>\n","description":"23 febrero 2017.- M\u00e1s de 100 asistentes, entre profesionales relacionados con las enfermedades raras y pacientes y familiares, participar\u00e1n el pr\u00f3ximo s\u00e1bado 25 de febrero en la III Jornada Regional de Enfermedades Raras, organizada por la Delegaci\u00f3n de Murcia de la Federaci\u00f3n Espa\u00f1ola de Enfermedades Raras (FEDER), el Ayuntamiento de Molina de Segura, el Hospital ... Leer m\u00e1s","thumbnail_url":"https:\/\/hospitaldemolina.es\/wp-content\/uploads\/2020\/05\/Foto1_1.jpg"}

23 febrero 2017.- Más de 100 asistentes, entre profesionales relacionados con las enfermedades raras y pacientes y familiares, participarán el próximo sábado 25 de febrero en la III Jornada Regional de Enfermedades Raras, organizada por la Delegación de Murcia de la Federación Española de Enfermedades Raras (FEDER), el Ayuntamiento de Molina de Segura, el Hospital ... Leer más
