{"id":8,"date":"2025-06-23T11:23:59","date_gmt":"2025-06-23T09:23:59","guid":{"rendered":"https:\/\/riberasalud.com\/historias-que-nos-unen\/?page_id=8"},"modified":"2026-03-23T11:55:24","modified_gmt":"2026-03-23T10:55:24","slug":"home","status":"publish","type":"page","link":"https:\/\/riberasalud.com\/historias-que-nos-unen\/","title":{"rendered":"Home"},"content":{"rendered":"\n<div class=\"wp-block-group bannerhome\"><div class=\"wp-block-group__inner-container is-layout-constrained wp-block-group-is-layout-constrained\">\n<h2 class=\"wp-block-heading has-text-align-center titulo\">HISTORIAS QUE NOS UNEN<\/h2>\n\n\n\n<p class=\"has-text-align-center subtitulo\">De la lesi\u00f3n a la superaci\u00f3n<\/p>\n<\/div><\/div>\n\n\n\n<div class=\"wp-block-group textohome\"><div class=\"wp-block-group__inner-container is-layout-constrained wp-block-group-is-layout-constrained\">\n<p class=\"has-text-align-center\">Con el proyecto <strong>\u201cHistorias que nos unen\u201d<\/strong> buscamos impulsar el binomio deporte y salud. En las historias como la de Nayara, Borja y las de otros deportistas que est\u00e1n colaborando en la campa\u00f1a, destacamos la superaci\u00f3n, el esfuerzo y la importancia del cuidado de la salud en el \u00e1mbito deportivo, como en la vida. Adem\u00e1s, destacamos como pieza clave del proyecto, <strong>la importancia de confiar en profesionales con amplia experiencia y una extensa red de recursos para apoyar al deportista y a su ciudadano para rendir y estar en plena forma en el \u00e1mbito profesional y en el personal. <\/strong>Queremos contar historias que sirvan de ejemplo, compartir valores como el compromiso, la humanidad, la calidad asistencial, la proximidad.<\/p>\n<\/div><\/div>\n\n\n\n<div class=\"wp-block-group bloquedeportista\"><div class=\"wp-block-group__inner-container is-layout-constrained wp-block-group-is-layout-constrained\">\n<h2 class=\"wp-block-heading has-text-align-center titulo\">Nayara Arroyo<\/h2>\n\n\n\n<div class=\"wp-block-columns is-layout-flex wp-container-core-columns-is-layout-9d6595d7 wp-block-columns-is-layout-flex\">\n<div class=\"wp-block-column is-layout-flow wp-block-column-is-layout-flow\" style=\"flex-basis:33.33%\"><div class=\"wp-block-image\">\n<figure class=\"aligncenter size-full\"><img loading=\"lazy\" decoding=\"async\" width=\"311\" height=\"280\" src=\"https:\/\/riberasalud.com\/historias-que-nos-unen\/wp-content\/uploads\/2025\/06\/Minimalist-Instagram-MockupNayara.png\" alt=\"\" class=\"wp-image-28\" srcset=\"https:\/\/riberasalud.com\/historias-que-nos-unen\/wp-content\/uploads\/2025\/06\/Minimalist-Instagram-MockupNayara.png 311w, https:\/\/riberasalud.com\/historias-que-nos-unen\/wp-content\/uploads\/2025\/06\/Minimalist-Instagram-MockupNayara-300x270.png 300w\" sizes=\"auto, (max-width: 311px) 100vw, 311px\" \/><\/figure>\n<\/div><\/div>\n\n\n\n<div class=\"wp-block-column is-vertically-aligned-center is-layout-flow wp-block-column-is-layout-flow\" style=\"flex-basis:66.66%\">\n<p>Nayara representa el ideal de constancia esfuerzo y sacrificio, como todo deportista de \u00e9lite. Comenz\u00f3 a practicar este deporte con 13 a\u00f1os de edad, y con 14 est\u00e1 inscrita en la Federaci\u00f3n Murciana de Boxeo. Desde los 17 a\u00f1os se encuentra en el equipo nacional. En 2023 recibi\u00f3 el Premio al deporte del Excmo. Ayuntamiento de Cartagena.<\/p>\n\n\n\n<p class=\"nombre\">Nayara Arroyo<\/p>\n\n\n\n<p class=\"profesion\">Boxeadora<\/p>\n<\/div>\n<\/div>\n<\/div><\/div>\n\n\n\n<div class=\"wp-block-group bannerrojo\"><div class=\"wp-block-group__inner-container is-layout-constrained wp-block-group-is-layout-constrained\">\n<p class=\"has-text-align-center\">\u201cSentir ese respaldo ha sido clave para m\u00ed\u201d<img decoding=\"async\" class=\"comillas\" src=\"https:\/\/riberasalud.com\/historias-que-nos-unen\/wp-content\/uploads\/2025\/06\/comillas_Mesa-de-trabajo-1.png\"><\/p>\n<\/div><\/div>\n\n\n\n<div class=\"wp-block-cover bloquevideo\"><img loading=\"lazy\" decoding=\"async\" width=\"1024\" height=\"252\" class=\"wp-block-cover__image-background wp-image-82 size-large\" alt=\"\" src=\"https:\/\/riberasalud.com\/historias-que-nos-unen\/wp-content\/uploads\/2025\/06\/Recurso-2-100-1-1024x252.jpg\" data-object-fit=\"cover\" srcset=\"https:\/\/riberasalud.com\/historias-que-nos-unen\/wp-content\/uploads\/2025\/06\/Recurso-2-100-1-1024x252.jpg 1024w, https:\/\/riberasalud.com\/historias-que-nos-unen\/wp-content\/uploads\/2025\/06\/Recurso-2-100-1-300x74.jpg 300w, https:\/\/riberasalud.com\/historias-que-nos-unen\/wp-content\/uploads\/2025\/06\/Recurso-2-100-1-768x189.jpg 768w, https:\/\/riberasalud.com\/historias-que-nos-unen\/wp-content\/uploads\/2025\/06\/Recurso-2-100-1-1536x378.jpg 1536w, https:\/\/riberasalud.com\/historias-que-nos-unen\/wp-content\/uploads\/2025\/06\/Recurso-2-100-1.jpg 1925w\" sizes=\"auto, (max-width: 1024px) 100vw, 1024px\" \/><span aria-hidden=\"true\" class=\"wp-block-cover__background has-contrast-background-color has-background-dim-10 has-background-dim\"><\/span><div class=\"wp-block-cover__inner-container is-layout-constrained wp-block-cover-is-layout-constrained\"><div class=\"wp-block-image popmake-124\">\n<figure class=\"aligncenter size-full is-resized\"><img loading=\"lazy\" decoding=\"async\" width=\"512\" height=\"512\" src=\"https:\/\/riberasalud.com\/historias-que-nos-unen\/wp-content\/uploads\/2025\/06\/2448071.png\" alt=\"\" class=\"wp-image-48\" style=\"width:120px;height:auto\" srcset=\"https:\/\/riberasalud.com\/historias-que-nos-unen\/wp-content\/uploads\/2025\/06\/2448071.png 512w, https:\/\/riberasalud.com\/historias-que-nos-unen\/wp-content\/uploads\/2025\/06\/2448071-300x300.png 300w, https:\/\/riberasalud.com\/historias-que-nos-unen\/wp-content\/uploads\/2025\/06\/2448071-150x150.png 150w\" sizes=\"auto, (max-width: 512px) 100vw, 512px\" \/><\/figure>\n<\/div><\/div><\/div>\n\n\n\n<div class=\"wp-block-group bloquedeportista\"><div class=\"wp-block-group__inner-container is-layout-constrained wp-block-group-is-layout-constrained\">\n<h2 class=\"wp-block-heading has-text-align-center titulo\">Borja G\u00f3mez<\/h2>\n\n\n\n<div class=\"wp-block-columns is-layout-flex wp-container-core-columns-is-layout-9d6595d7 wp-block-columns-is-layout-flex\">\n<div class=\"wp-block-column is-layout-flow wp-block-column-is-layout-flow\" style=\"flex-basis:33.33%\"><div class=\"wp-block-image\">\n<figure class=\"aligncenter size-full\"><img loading=\"lazy\" decoding=\"async\" width=\"311\" height=\"280\" src=\"https:\/\/riberasalud.com\/historias-que-nos-unen\/wp-content\/uploads\/2025\/06\/Borja.png\" alt=\"\" class=\"wp-image-94\" srcset=\"https:\/\/riberasalud.com\/historias-que-nos-unen\/wp-content\/uploads\/2025\/06\/Borja.png 311w, https:\/\/riberasalud.com\/historias-que-nos-unen\/wp-content\/uploads\/2025\/06\/Borja-300x270.png 300w\" sizes=\"auto, (max-width: 311px) 100vw, 311px\" \/><\/figure>\n<\/div><\/div>\n\n\n\n<div class=\"wp-block-column is-vertically-aligned-center is-layout-flow wp-block-column-is-layout-flow\" style=\"flex-basis:66.66%\">\n<p>Piloto de 20 a\u00f1os originario de San Javier, actualmente piloto de SBK y SSP. Tras una temporada impecable en 2022, en la que demostr\u00f3 un rendimiento excepcional en ESBK, consiguiendo siete victorias consecutivas, nuestro piloto se gan\u00f3 un lugar destacado en el motociclismo. Sus destacados resultados le permitieron obtener la oportunidad de debutar en el Mundial de Moto2 con el reconocido equipo Pons Los 40.<\/p>\n\n\n\n<p class=\"nombre\">Borja G\u00f3mez<\/p>\n\n\n\n<p class=\"profesion\">Motociclismo<\/p>\n<\/div>\n<\/div>\n<\/div><\/div>\n\n\n\n<div class=\"wp-block-group bannerrojo\"><div class=\"wp-block-group__inner-container is-layout-constrained wp-block-group-is-layout-constrained\">\n<p class=\"has-text-align-center\">\u201cLo primero que hice despu\u00e9s del accidente fue ir a Chema y a los amigos de Ribera\u201d<img decoding=\"async\" class=\"comillas\" src=\"https:\/\/riberasalud.com\/historias-que-nos-unen\/wp-content\/uploads\/2025\/06\/comillas_Mesa-de-trabajo-1.png\"><\/p>\n<\/div><\/div>\n\n\n\n<div class=\"wp-block-cover bloquevideo\"><img loading=\"lazy\" decoding=\"async\" width=\"1024\" height=\"252\" class=\"wp-block-cover__image-background wp-image-95 size-large\" alt=\"\" src=\"https:\/\/riberasalud.com\/historias-que-nos-unen\/wp-content\/uploads\/2025\/06\/borja_video-1024x252.jpg\" data-object-fit=\"cover\" srcset=\"https:\/\/riberasalud.com\/historias-que-nos-unen\/wp-content\/uploads\/2025\/06\/borja_video-1024x252.jpg 1024w, https:\/\/riberasalud.com\/historias-que-nos-unen\/wp-content\/uploads\/2025\/06\/borja_video-300x74.jpg 300w, https:\/\/riberasalud.com\/historias-que-nos-unen\/wp-content\/uploads\/2025\/06\/borja_video-768x189.jpg 768w, https:\/\/riberasalud.com\/historias-que-nos-unen\/wp-content\/uploads\/2025\/06\/borja_video-1536x378.jpg 1536w, https:\/\/riberasalud.com\/historias-que-nos-unen\/wp-content\/uploads\/2025\/06\/borja_video.jpg 1925w\" sizes=\"auto, (max-width: 1024px) 100vw, 1024px\" \/><span aria-hidden=\"true\" class=\"wp-block-cover__background has-contrast-background-color has-background-dim-10 has-background-dim\"><\/span><div class=\"wp-block-cover__inner-container is-layout-constrained wp-block-cover-is-layout-constrained\"><div class=\"wp-block-image popmake-126\">\n<figure class=\"aligncenter size-full is-resized\"><a href=\"https:\/\/www.youtube.com\/watch?v=K9aHG9d-omg&amp;t=6s\"><img loading=\"lazy\" decoding=\"async\" width=\"512\" height=\"512\" src=\"https:\/\/riberasalud.com\/historias-que-nos-unen\/wp-content\/uploads\/2025\/06\/2448071.png\" alt=\"\" class=\"wp-image-48\" style=\"width:120px;height:auto\" srcset=\"https:\/\/riberasalud.com\/historias-que-nos-unen\/wp-content\/uploads\/2025\/06\/2448071.png 512w, https:\/\/riberasalud.com\/historias-que-nos-unen\/wp-content\/uploads\/2025\/06\/2448071-300x300.png 300w, https:\/\/riberasalud.com\/historias-que-nos-unen\/wp-content\/uploads\/2025\/06\/2448071-150x150.png 150w\" sizes=\"auto, (max-width: 512px) 100vw, 512px\" \/><\/a><\/figure>\n<\/div><\/div><\/div>\n\n\n\n<div class=\"wp-block-columns footeraux is-layout-flex wp-container-core-columns-is-layout-9d6595d7 wp-block-columns-is-layout-flex\">\n<div class=\"wp-block-column is-vertically-aligned-center is-layout-flow wp-block-column-is-layout-flow\" style=\"flex-basis:33.33%\"><div class=\"wp-block-image\">\n<figure class=\"aligncenter size-full is-resized\"><img loading=\"lazy\" decoding=\"async\" width=\"684\" height=\"195\" src=\"https:\/\/riberasalud.com\/historias-que-nos-unen\/wp-content\/uploads\/2025\/06\/cropped-RIBERA_RED-01-y8vzij.png\" alt=\"\" class=\"wp-image-59\" style=\"width:182px;height:auto\" srcset=\"https:\/\/riberasalud.com\/historias-que-nos-unen\/wp-content\/uploads\/2025\/06\/cropped-RIBERA_RED-01-y8vzij.png 684w, https:\/\/riberasalud.com\/historias-que-nos-unen\/wp-content\/uploads\/2025\/06\/cropped-RIBERA_RED-01-y8vzij-300x86.png 300w\" sizes=\"auto, (max-width: 684px) 100vw, 684px\" \/><\/figure>\n<\/div><\/div>\n\n\n\n<div class=\"wp-block-column is-vertically-aligned-bottom is-layout-flow wp-block-column-is-layout-flow\" style=\"flex-basis:66.66%\">\n<p>\u00a9 2026 All rights reserved Grupo sanitario Ribera | <a href=\"https:\/\/www.riberasalud.com\/politica-de-privacidad\/\">Pol\u00edtica de privacidad<\/a> | <a href=\"https:\/\/www.riberasalud.com\/aviso-legal\/\">Aviso legal<\/a><\/p>\n<\/div>\n<\/div>\n","protected":false},"excerpt":{"rendered":"<p>HISTORIAS QUE NOS UNEN De la lesi\u00f3n a la superaci\u00f3n Con el proyecto \u201cHistorias que nos unen\u201d buscamos impulsar el binomio deporte y salud. En las historias como la de Nayara, Borja y las de otros deportistas que est\u00e1n colaborando en la campa\u00f1a, destacamos la superaci\u00f3n, el esfuerzo y la importancia del cuidado de la &#8230; <a title=\"Home\" class=\"read-more\" href=\"https:\/\/riberasalud.com\/historias-que-nos-unen\/\" aria-label=\"Leer m\u00e1s sobre Home\">Leer m\u00e1s<\/a><\/p>\n","protected":false},"author":1,"featured_media":0,"parent":0,"menu_order":0,"comment_status":"closed","ping_status":"closed","template":"","meta":{"footnotes":""},"class_list":["post-8","page","type-page","status-publish"],"_links":{"self":[{"href":"https:\/\/riberasalud.com\/historias-que-nos-unen\/wp-json\/wp\/v2\/pages\/8","targetHints":{"allow":["GET"]}}],"collection":[{"href":"https:\/\/riberasalud.com\/historias-que-nos-unen\/wp-json\/wp\/v2\/pages"}],"about":[{"href":"https:\/\/riberasalud.com\/historias-que-nos-unen\/wp-json\/wp\/v2\/types\/page"}],"author":[{"embeddable":true,"href":"https:\/\/riberasalud.com\/historias-que-nos-unen\/wp-json\/wp\/v2\/users\/1"}],"replies":[{"embeddable":true,"href":"https:\/\/riberasalud.com\/historias-que-nos-unen\/wp-json\/wp\/v2\/comments?post=8"}],"version-history":[{"count":38,"href":"https:\/\/riberasalud.com\/historias-que-nos-unen\/wp-json\/wp\/v2\/pages\/8\/revisions"}],"predecessor-version":[{"id":148,"href":"https:\/\/riberasalud.com\/historias-que-nos-unen\/wp-json\/wp\/v2\/pages\/8\/revisions\/148"}],"wp:attachment":[{"href":"https:\/\/riberasalud.com\/historias-que-nos-unen\/wp-json\/wp\/v2\/media?parent=8"}],"curies":[{"name":"wp","href":"https:\/\/api.w.org\/{rel}","templated":true}]}}

<div class="wp-block-group bannerhome"><div class="wp-block-group__inner-container is-layout-constrained wp-block-group-is-layout-constrained">
<h2 class="wp-block-heading has-text-align-center titulo">HISTORIAS QUE NOS UNEN</h2>



<p class="has-text-align-center subtitulo">De la lesión a la superación</p>
</div></div>



<div class="wp-block-group textohome"><div class="wp-block-group__inner-container is-layout-constrained wp-block-group-is-layout-constrained">
<p class="has-text-align-center">Con el proyecto <strong>“Historias que nos unen”</strong> buscamos impulsar el binomio deporte y salud. En las historias como la de Nayara, Borja y las de otros deportistas que están colaborando en la campaña, destacamos la superación, el esfuerzo y la importancia del cuidado de la salud en el ámbito deportivo, como en la vida. Además, destacamos como pieza clave del proyecto, <strong>la importancia de confiar en profesionales con amplia experiencia y una extensa red de recursos para apoyar al deportista y a su ciudadano para rendir y estar en plena forma en el ámbito profesional y en el personal. </strong>Queremos contar historias que sirvan de ejemplo, compartir valores como el compromiso, la humanidad, la calidad asistencial, la proximidad.</p>
</div></div>



<div class="wp-block-group bloquedeportista"><div class="wp-block-group__inner-container is-layout-constrained wp-block-group-is-layout-constrained">
<h2 class="wp-block-heading has-text-align-center titulo">Nayara Arroyo</h2>



<div class="wp-block-columns is-layout-flex wp-container-core-columns-is-layout-9d6595d7 wp-block-columns-is-layout-flex">
<div class="wp-block-column is-layout-flow wp-block-column-is-layout-flow" style="flex-basis:33.33%"><div class="wp-block-image">
<figure class="aligncenter size-full"><img loading="lazy" decoding="async" width="311" height="280" src="https://riberasalud.com/historias-que-nos-unen/wp-content/uploads/2025/06/Minimalist-Instagram-MockupNayara.png" alt="" class="wp-image-28" srcset="https://riberasalud.com/historias-que-nos-unen/wp-content/uploads/2025/06/Minimalist-Instagram-MockupNayara.png 311w, https://riberasalud.com/historias-que-nos-unen/wp-content/uploads/2025/06/Minimalist-Instagram-MockupNayara-300x270.png 300w" sizes="auto, (max-width: 311px) 100vw, 311px" /></figure>
</div></div>



<div class="wp-block-column is-vertically-aligned-center is-layout-flow wp-block-column-is-layout-flow" style="flex-basis:66.66%">
<p>Nayara representa el ideal de constancia esfuerzo y sacrificio, como todo deportista de élite. Comenzó a practicar este deporte con 13 años de edad, y con 14 está inscrita en la Federación Murciana de Boxeo. Desde los 17 años se encuentra en el equipo nacional. En 2023 recibió el Premio al deporte del Excmo. Ayuntamiento de Cartagena.</p>



<p class="nombre">Nayara Arroyo</p>



<p class="profesion">Boxeadora</p>
</div>
</div>
</div></div>



<div class="wp-block-group bannerrojo"><div class="wp-block-group__inner-container is-layout-constrained wp-block-group-is-layout-constrained">
<p class="has-text-align-center">“Sentir ese respaldo ha sido clave para mí”<img decoding="async" class="comillas" src="https://riberasalud.com/historias-que-nos-unen/wp-content/uploads/2025/06/comillas_Mesa-de-trabajo-1.png"></p>
</div></div>



<div class="wp-block-cover bloquevideo"><img loading="lazy" decoding="async" width="1024" height="252" class="wp-block-cover__image-background wp-image-82 size-large" alt="" src="https://riberasalud.com/historias-que-nos-unen/wp-content/uploads/2025/06/Recurso-2-100-1-1024x252.jpg" data-object-fit="cover" srcset="https://riberasalud.com/historias-que-nos-unen/wp-content/uploads/2025/06/Recurso-2-100-1-1024x252.jpg 1024w, https://riberasalud.com/historias-que-nos-unen/wp-content/uploads/2025/06/Recurso-2-100-1-300x74.jpg 300w, https://riberasalud.com/historias-que-nos-unen/wp-content/uploads/2025/06/Recurso-2-100-1-768x189.jpg 768w, https://riberasalud.com/historias-que-nos-unen/wp-content/uploads/2025/06/Recurso-2-100-1-1536x378.jpg 1536w, https://riberasalud.com/historias-que-nos-unen/wp-content/uploads/2025/06/Recurso-2-100-1.jpg 1925w" sizes="auto, (max-width: 1024px) 100vw, 1024px" /><span aria-hidden="true" class="wp-block-cover__background has-contrast-background-color has-background-dim-10 has-background-dim"></span><div class="wp-block-cover__inner-container is-layout-constrained wp-block-cover-is-layout-constrained"><div class="wp-block-image popmake-124">
<figure class="aligncenter size-full is-resized"><img loading="lazy" decoding="async" width="512" height="512" src="https://riberasalud.com/historias-que-nos-unen/wp-content/uploads/2025/06/2448071.png" alt="" class="wp-image-48" style="width:120px;height:auto" srcset="https://riberasalud.com/historias-que-nos-unen/wp-content/uploads/2025/06/2448071.png 512w, https://riberasalud.com/historias-que-nos-unen/wp-content/uploads/2025/06/2448071-300x300.png 300w, https://riberasalud.com/historias-que-nos-unen/wp-content/uploads/2025/06/2448071-150x150.png 150w" sizes="auto, (max-width: 512px) 100vw, 512px" /></figure>
</div></div></div>



<div class="wp-block-group bloquedeportista"><div class="wp-block-group__inner-container is-layout-constrained wp-block-group-is-layout-constrained">
<h2 class="wp-block-heading has-text-align-center titulo">Borja Gómez</h2>



<div class="wp-block-columns is-layout-flex wp-container-core-columns-is-layout-9d6595d7 wp-block-columns-is-layout-flex">
<div class="wp-block-column is-layout-flow wp-block-column-is-layout-flow" style="flex-basis:33.33%"><div class="wp-block-image">
<figure class="aligncenter size-full"><img loading="lazy" decoding="async" width="311" height="280" src="https://riberasalud.com/historias-que-nos-unen/wp-content/uploads/2025/06/Borja.png" alt="" class="wp-image-94" srcset="https://riberasalud.com/historias-que-nos-unen/wp-content/uploads/2025/06/Borja.png 311w, https://riberasalud.com/historias-que-nos-unen/wp-content/uploads/2025/06/Borja-300x270.png 300w" sizes="auto, (max-width: 311px) 100vw, 311px" /></figure>
</div></div>



<div class="wp-block-column is-vertically-aligned-center is-layout-flow wp-block-column-is-layout-flow" style="flex-basis:66.66%">
<p>Piloto de 20 años originario de San Javier, actualmente piloto de SBK y SSP. Tras una temporada impecable en 2022, en la que demostró un rendimiento excepcional en ESBK, consiguiendo siete victorias consecutivas, nuestro piloto se ganó un lugar destacado en el motociclismo. Sus destacados resultados le permitieron obtener la oportunidad de debutar en el Mundial de Moto2 con el reconocido equipo Pons Los 40.</p>



<p class="nombre">Borja Gómez</p>



<p class="profesion">Motociclismo</p>
</div>
</div>
</div></div>



<div class="wp-block-group bannerrojo"><div class="wp-block-group__inner-container is-layout-constrained wp-block-group-is-layout-constrained">
<p class="has-text-align-center">“Lo primero que hice después del accidente fue ir a Chema y a los amigos de Ribera”<img decoding="async" class="comillas" src="https://riberasalud.com/historias-que-nos-unen/wp-content/uploads/2025/06/comillas_Mesa-de-trabajo-1.png"></p>
</div></div>



<div class="wp-block-cover bloquevideo"><img loading="lazy" decoding="async" width="1024" height="252" class="wp-block-cover__image-background wp-image-95 size-large" alt="" src="https://riberasalud.com/historias-que-nos-unen/wp-content/uploads/2025/06/borja_video-1024x252.jpg" data-object-fit="cover" srcset="https://riberasalud.com/historias-que-nos-unen/wp-content/uploads/2025/06/borja_video-1024x252.jpg 1024w, https://riberasalud.com/historias-que-nos-unen/wp-content/uploads/2025/06/borja_video-300x74.jpg 300w, https://riberasalud.com/historias-que-nos-unen/wp-content/uploads/2025/06/borja_video-768x189.jpg 768w, https://riberasalud.com/historias-que-nos-unen/wp-content/uploads/2025/06/borja_video-1536x378.jpg 1536w, https://riberasalud.com/historias-que-nos-unen/wp-content/uploads/2025/06/borja_video.jpg 1925w" sizes="auto, (max-width: 1024px) 100vw, 1024px" /><span aria-hidden="true" class="wp-block-cover__background has-contrast-background-color has-background-dim-10 has-background-dim"></span><div class="wp-block-cover__inner-container is-layout-constrained wp-block-cover-is-layout-constrained"><div class="wp-block-image popmake-126">
<figure class="aligncenter size-full is-resized"><a href="https://www.youtube.com/watch?v=K9aHG9d-omg&amp;t=6s"><img loading="lazy" decoding="async" width="512" height="512" src="https://riberasalud.com/historias-que-nos-unen/wp-content/uploads/2025/06/2448071.png" alt="" class="wp-image-48" style="width:120px;height:auto" srcset="https://riberasalud.com/historias-que-nos-unen/wp-content/uploads/2025/06/2448071.png 512w, https://riberasalud.com/historias-que-nos-unen/wp-content/uploads/2025/06/2448071-300x300.png 300w, https://riberasalud.com/historias-que-nos-unen/wp-content/uploads/2025/06/2448071-150x150.png 150w" sizes="auto, (max-width: 512px) 100vw, 512px" /></a></figure>
</div></div></div>



<div class="wp-block-columns footeraux is-layout-flex wp-container-core-columns-is-layout-9d6595d7 wp-block-columns-is-layout-flex">
<div class="wp-block-column is-vertically-aligned-center is-layout-flow wp-block-column-is-layout-flow" style="flex-basis:33.33%"><div class="wp-block-image">
<figure class="aligncenter size-full is-resized"><img loading="lazy" decoding="async" width="684" height="195" src="https://riberasalud.com/historias-que-nos-unen/wp-content/uploads/2025/06/cropped-RIBERA_RED-01-y8vzij.png" alt="" class="wp-image-59" style="width:182px;height:auto" srcset="https://riberasalud.com/historias-que-nos-unen/wp-content/uploads/2025/06/cropped-RIBERA_RED-01-y8vzij.png 684w, https://riberasalud.com/historias-que-nos-unen/wp-content/uploads/2025/06/cropped-RIBERA_RED-01-y8vzij-300x86.png 300w" sizes="auto, (max-width: 684px) 100vw, 684px" /></figure>
</div></div>



<div class="wp-block-column is-vertically-aligned-bottom is-layout-flow wp-block-column-is-layout-flow" style="flex-basis:66.66%">
<p>© 2026 All rights reserved Grupo sanitario Ribera | <a href="https://www.riberasalud.com/politica-de-privacidad/">Política de privacidad</a> | <a href="https://www.riberasalud.com/aviso-legal/">Aviso legal</a></p>
</div>
</div>

<p>HISTORIAS QUE NOS UNEN De la lesión a la superación Con el proyecto “Historias que nos unen” buscamos impulsar el binomio deporte y salud. En las historias como la de Nayara, Borja y las de otros deportistas que están colaborando en la campaña, destacamos la superación, el esfuerzo y la importancia del cuidado de la &#8230; <a title="Home" class="read-more" href="https://riberasalud.com/historias-que-nos-unen/" aria-label="Leer más sobre Home">Leer más</a></p>
