{"id":86,"date":"2024-09-24T16:53:40","date_gmt":"2024-09-24T14:53:40","guid":{"rendered":"https:\/\/riberasalud.com\/covadonga\/?page_id=86"},"modified":"2024-10-15T09:07:59","modified_gmt":"2024-10-15T07:07:59","slug":"instalaciones","status":"publish","type":"page","link":"https:\/\/riberasalud.com\/covadonga\/instalaciones\/","title":{"rendered":"Instalaciones"},"content":{"rendered":"\n<div class=\"wp-block-cover alignfull bannerribera\" style=\"min-height:430px;aspect-ratio:unset;\"><span aria-hidden=\"true\" class=\"wp-block-cover__background has-contrast-background-color has-background-dim\"><\/span><img loading=\"lazy\" decoding=\"async\" width=\"1354\" height=\"477\" class=\"wp-block-cover__image-background wp-image-109\" alt=\"Admisiones\" src=\"https:\/\/riberasalud.com\/covadonga\/wp-content\/uploads\/2024\/09\/banner-admisiones.jpg\" data-object-fit=\"cover\" srcset=\"https:\/\/riberasalud.com\/covadonga\/wp-content\/uploads\/2024\/09\/banner-admisiones.jpg 1354w, https:\/\/riberasalud.com\/covadonga\/wp-content\/uploads\/2024\/09\/banner-admisiones-300x106.jpg 300w, https:\/\/riberasalud.com\/covadonga\/wp-content\/uploads\/2024\/09\/banner-admisiones-1024x361.jpg 1024w, https:\/\/riberasalud.com\/covadonga\/wp-content\/uploads\/2024\/09\/banner-admisiones-768x271.jpg 768w\" sizes=\"auto, (max-width: 1354px) 100vw, 1354px\" \/><div class=\"wp-block-cover__inner-container is-layout-constrained wp-block-cover-is-layout-constrained\">\n<div class=\"wp-block-columns is-layout-flex wp-container-core-columns-is-layout-9d6595d7 wp-block-columns-is-layout-flex\">\n<div class=\"wp-block-column is-layout-flow wp-block-column-is-layout-flow\">\n<h1 class=\"wp-block-heading has-text-align-center has-large-font-size\">Conoce el Hospital<\/h1>\n\n\n\n<p class=\"has-text-align-center\" style=\"font-size:18px\">Pensado para el bienestar y la funcionalidad. Situado en el barrio del Coto, el Hospital Covadonga, es un renovado edificio basado en el confort y la funcionalidad sin barreras arquitect\u00f3nicas. Las instalaciones se distribuyen en 4 plantas diferenciadas para un uso seguro, pr\u00e1ctico y funcional.<\/p>\n<\/div>\n<\/div>\n<\/div><\/div>\n\n\n\n<div class=\"wp-block-group\"><div class=\"wp-block-group__inner-container is-layout-constrained wp-block-group-is-layout-constrained\">\n<div class=\"wp-block-columns prevencion is-layout-flex wp-container-core-columns-is-layout-9d6595d7 wp-block-columns-is-layout-flex\">\n<div class=\"wp-block-column first is-layout-flow wp-block-column-is-layout-flow\">\n<figure class=\"wp-block-image size-full fotomodulo\"><img loading=\"lazy\" decoding=\"async\" width=\"800\" height=\"450\" src=\"https:\/\/riberasalud.com\/covadonga\/wp-content\/uploads\/2024\/09\/recepcion1.jpg\" alt=\"recepci\u00f3n\" class=\"wp-image-101\" srcset=\"https:\/\/riberasalud.com\/covadonga\/wp-content\/uploads\/2024\/09\/recepcion1.jpg 800w, https:\/\/riberasalud.com\/covadonga\/wp-content\/uploads\/2024\/09\/recepcion1-300x169.jpg 300w, https:\/\/riberasalud.com\/covadonga\/wp-content\/uploads\/2024\/09\/recepcion1-768x432.jpg 768w\" sizes=\"auto, (max-width: 800px) 100vw, 800px\" \/><\/figure>\n\n\n\n<h3 class=\"wp-block-heading has-text-align-center\"><strong>Planta baja<\/strong><\/h3>\n\n\n\n<ul class=\"wp-block-list\">\n<li>Recepci\u00f3n <\/li>\n\n\n\n<li>Consultas externas <\/li>\n\n\n\n<li>Fisioterapia <\/li>\n\n\n\n<li>Laboratorio<\/li>\n\n\n\n<li>An\u00e1lisis <\/li>\n\n\n\n<li>Urgencias <\/li>\n\n\n\n<li>\u00c1rea de radiodiagn\u00f3stico <\/li>\n\n\n\n<li>C\u00e1mara hiperb\u00e1rica <\/li>\n\n\n\n<li>Atenci\u00f3n al paciente <\/li>\n\n\n\n<li>Cafeter\u00eda <\/li>\n\n\n\n<li>Aseos<\/li>\n<\/ul>\n<\/div>\n\n\n\n<div class=\"wp-block-column first is-layout-flow wp-block-column-is-layout-flow\">\n<figure class=\"wp-block-image size-full fotomodulo\"><img loading=\"lazy\" decoding=\"async\" width=\"800\" height=\"450\" src=\"https:\/\/riberasalud.com\/covadonga\/wp-content\/uploads\/2024\/09\/Habitacion2.jpg\" alt=\"habitaci\u00f3n primera planta\" class=\"wp-image-103\" srcset=\"https:\/\/riberasalud.com\/covadonga\/wp-content\/uploads\/2024\/09\/Habitacion2.jpg 800w, https:\/\/riberasalud.com\/covadonga\/wp-content\/uploads\/2024\/09\/Habitacion2-300x169.jpg 300w, https:\/\/riberasalud.com\/covadonga\/wp-content\/uploads\/2024\/09\/Habitacion2-768x432.jpg 768w\" sizes=\"auto, (max-width: 800px) 100vw, 800px\" \/><\/figure>\n\n\n\n<h3 class=\"wp-block-heading has-text-align-center\"><strong>Primera planta<\/strong><\/h3>\n\n\n\n<ul class=\"wp-block-list\">\n<li>Consultas externas <\/li>\n\n\n\n<li>Hospital de D\u00eda <\/li>\n\n\n\n<li>Unidad de pruebas especiales <\/li>\n\n\n\n<li>Quir\u00f3fanos <\/li>\n\n\n\n<li>Hospitalizaci\u00f3n<\/li>\n<\/ul>\n<\/div>\n<\/div>\n\n\n\n<div style=\"height:30px\" aria-hidden=\"true\" class=\"wp-block-spacer\"><\/div>\n\n\n\n<div class=\"wp-block-columns prevencion is-layout-flex wp-container-core-columns-is-layout-9d6595d7 wp-block-columns-is-layout-flex\">\n<div class=\"wp-block-column first is-layout-flow wp-block-column-is-layout-flow\">\n<figure class=\"wp-block-image size-full fotomodulo\"><img loading=\"lazy\" decoding=\"async\" width=\"800\" height=\"450\" src=\"https:\/\/riberasalud.com\/covadonga\/wp-content\/uploads\/2024\/09\/Copia-de-hospitalizacion_segunda_paasillo.jpg\" alt=\"hospitalizaci\u00f3n\" class=\"wp-image-105\" srcset=\"https:\/\/riberasalud.com\/covadonga\/wp-content\/uploads\/2024\/09\/Copia-de-hospitalizacion_segunda_paasillo.jpg 800w, https:\/\/riberasalud.com\/covadonga\/wp-content\/uploads\/2024\/09\/Copia-de-hospitalizacion_segunda_paasillo-300x169.jpg 300w, https:\/\/riberasalud.com\/covadonga\/wp-content\/uploads\/2024\/09\/Copia-de-hospitalizacion_segunda_paasillo-768x432.jpg 768w\" sizes=\"auto, (max-width: 800px) 100vw, 800px\" \/><\/figure>\n\n\n\n<h3 class=\"wp-block-heading has-text-align-center\"><strong>Segunda planta<\/strong><\/h3>\n\n\n\n<ul class=\"wp-block-list\">\n<li>Consultas externas<\/li>\n\n\n\n<li>Hospitalizaci\u00f3n<strong>&nbsp;<\/strong><\/li>\n<\/ul>\n<\/div>\n\n\n\n<div class=\"wp-block-column first is-layout-flow wp-block-column-is-layout-flow\">\n<figure class=\"wp-block-image size-full fotomodulo\"><img loading=\"lazy\" decoding=\"async\" width=\"800\" height=\"450\" src=\"https:\/\/riberasalud.com\/covadonga\/wp-content\/uploads\/2024\/09\/CONSULTAS_3_PLANTA.jpg\" alt=\"planta 3\" class=\"wp-image-107\" srcset=\"https:\/\/riberasalud.com\/covadonga\/wp-content\/uploads\/2024\/09\/CONSULTAS_3_PLANTA.jpg 800w, https:\/\/riberasalud.com\/covadonga\/wp-content\/uploads\/2024\/09\/CONSULTAS_3_PLANTA-300x169.jpg 300w, https:\/\/riberasalud.com\/covadonga\/wp-content\/uploads\/2024\/09\/CONSULTAS_3_PLANTA-768x432.jpg 768w\" sizes=\"auto, (max-width: 800px) 100vw, 800px\" \/><\/figure>\n\n\n\n<h3 class=\"wp-block-heading has-text-align-center\"><strong>Tercera planta<\/strong><\/h3>\n\n\n\n<ul class=\"wp-block-list\">\n<li>Consultas externas<\/li>\n\n\n\n<li>IDEMU. Instituto de la Mujer<\/li>\n\n\n\n<li>Administracion&nbsp;<\/li>\n<\/ul>\n<\/div>\n\n\n\n<div class=\"wp-block-column first is-layout-flow wp-block-column-is-layout-flow\">\n<figure class=\"wp-block-image size-full fotomodulo\"><img loading=\"lazy\" decoding=\"async\" width=\"2560\" height=\"1440\" src=\"https:\/\/riberasalud.com\/covadonga\/wp-content\/uploads\/2024\/10\/SALA_CONFERENCIAS2-scaled.jpg\" alt=\"sala conferencias\" class=\"wp-image-478\" srcset=\"https:\/\/riberasalud.com\/covadonga\/wp-content\/uploads\/2024\/10\/SALA_CONFERENCIAS2-scaled.jpg 2560w, https:\/\/riberasalud.com\/covadonga\/wp-content\/uploads\/2024\/10\/SALA_CONFERENCIAS2-300x169.jpg 300w, https:\/\/riberasalud.com\/covadonga\/wp-content\/uploads\/2024\/10\/SALA_CONFERENCIAS2-1024x576.jpg 1024w, https:\/\/riberasalud.com\/covadonga\/wp-content\/uploads\/2024\/10\/SALA_CONFERENCIAS2-768x432.jpg 768w, https:\/\/riberasalud.com\/covadonga\/wp-content\/uploads\/2024\/10\/SALA_CONFERENCIAS2-1536x864.jpg 1536w, https:\/\/riberasalud.com\/covadonga\/wp-content\/uploads\/2024\/10\/SALA_CONFERENCIAS2-2048x1152.jpg 2048w\" sizes=\"auto, (max-width: 2560px) 100vw, 2560px\" \/><\/figure>\n\n\n\n<h3 class=\"wp-block-heading has-text-align-center\"><strong>Cuarta planta<\/strong><\/h3>\n\n\n\n<ul class=\"wp-block-list\">\n<li>Sala de conferencias<\/li>\n\n\n\n<li>Administraci\u00f3n&nbsp;<\/li>\n<\/ul>\n<\/div>\n<\/div>\n<\/div><\/div>\n","protected":false},"excerpt":{"rendered":"<p>Planta baja Primera planta Segunda planta Tercera planta Cuarta planta<\/p>\n","protected":false},"author":2,"featured_media":0,"parent":0,"menu_order":0,"comment_status":"closed","ping_status":"closed","template":"","meta":{"footnotes":""},"class_list":["post-86","page","type-page","status-publish"],"yoast_head":"<!-- This site is optimized with the Yoast SEO plugin v26.6 - https:\/\/yoast.com\/wordpress\/plugins\/seo\/ -->\n<title>Instalaciones - Hospital de Covadonga<\/title>\n<meta name=\"description\" content=\"El hospital Ribera Covadonga forma parte de la red de centros sanitarios del grupo Ribera, con m\u00e1s de 25 a\u00f1os de experiencia en la gesti\u00f3n\" \/>\n<meta name=\"robots\" content=\"index, follow, max-snippet:-1, max-image-preview:large, max-video-preview:-1\" \/>\n<link rel=\"canonical\" href=\"https:\/\/riberasalud.com\/covadonga\/instalaciones\/\" \/>\n<meta property=\"og:locale\" content=\"es_ES\" \/>\n<meta property=\"og:type\" content=\"article\" \/>\n<meta property=\"og:title\" content=\"Instalaciones - Hospital de Covadonga\" \/>\n<meta property=\"og:description\" content=\"El hospital Ribera Covadonga forma parte de la red de centros sanitarios del grupo Ribera, con m\u00e1s de 25 a\u00f1os de experiencia en la gesti\u00f3n\" \/>\n<meta property=\"og:url\" content=\"https:\/\/riberasalud.com\/covadonga\/instalaciones\/\" \/>\n<meta property=\"og:site_name\" content=\"Hospital de Covadonga\" \/>\n<meta property=\"article:modified_time\" content=\"2024-10-15T07:07:59+00:00\" \/>\n<meta property=\"og:image\" content=\"https:\/\/riberasalud.com\/covadonga\/wp-content\/uploads\/2024\/09\/banner-admisiones.jpg\" \/>\n<meta name=\"twitter:card\" content=\"summary_large_image\" \/>\n<meta name=\"twitter:label1\" content=\"Tiempo de lectura\" \/>\n\t<meta name=\"twitter:data1\" content=\"2 minutos\" \/>\n<script type=\"application\/ld+json\" class=\"yoast-schema-graph\">{\"@context\":\"https:\/\/schema.org\",\"@graph\":[{\"@type\":\"WebPage\",\"@id\":\"https:\/\/riberasalud.com\/covadonga\/instalaciones\/\",\"url\":\"https:\/\/riberasalud.com\/covadonga\/instalaciones\/\",\"name\":\"Instalaciones - Hospital de Covadonga\",\"isPartOf\":{\"@id\":\"https:\/\/riberasalud.com\/covadonga\/#website\"},\"primaryImageOfPage\":{\"@id\":\"https:\/\/riberasalud.com\/covadonga\/instalaciones\/#primaryimage\"},\"image\":{\"@id\":\"https:\/\/riberasalud.com\/covadonga\/instalaciones\/#primaryimage\"},\"thumbnailUrl\":\"https:\/\/riberasalud.com\/covadonga\/wp-content\/uploads\/2024\/09\/banner-admisiones.jpg\",\"datePublished\":\"2024-09-24T14:53:40+00:00\",\"dateModified\":\"2024-10-15T07:07:59+00:00\",\"description\":\"El hospital Ribera Covadonga forma parte de la red de centros sanitarios del grupo Ribera, con m\u00e1s de 25 a\u00f1os de experiencia en la gesti\u00f3n\",\"breadcrumb\":{\"@id\":\"https:\/\/riberasalud.com\/covadonga\/instalaciones\/#breadcrumb\"},\"inLanguage\":\"es\",\"potentialAction\":[{\"@type\":\"ReadAction\",\"target\":[\"https:\/\/riberasalud.com\/covadonga\/instalaciones\/\"]}]},{\"@type\":\"ImageObject\",\"inLanguage\":\"es\",\"@id\":\"https:\/\/riberasalud.com\/covadonga\/instalaciones\/#primaryimage\",\"url\":\"https:\/\/riberasalud.com\/covadonga\/wp-content\/uploads\/2024\/09\/banner-admisiones.jpg\",\"contentUrl\":\"https:\/\/riberasalud.com\/covadonga\/wp-content\/uploads\/2024\/09\/banner-admisiones.jpg\",\"width\":1354,\"height\":477,\"caption\":\"Admisiones\"},{\"@type\":\"BreadcrumbList\",\"@id\":\"https:\/\/riberasalud.com\/covadonga\/instalaciones\/#breadcrumb\",\"itemListElement\":[{\"@type\":\"ListItem\",\"position\":1,\"name\":\"Portada\",\"item\":\"https:\/\/riberasalud.com\/covadonga\/\"},{\"@type\":\"ListItem\",\"position\":2,\"name\":\"Instalaciones\"}]},{\"@type\":\"WebSite\",\"@id\":\"https:\/\/riberasalud.com\/covadonga\/#website\",\"url\":\"https:\/\/riberasalud.com\/covadonga\/\",\"name\":\"Hospital de Covadonga\",\"description\":\"\",\"publisher\":{\"@id\":\"https:\/\/riberasalud.com\/covadonga\/#organization\"},\"potentialAction\":[{\"@type\":\"SearchAction\",\"target\":{\"@type\":\"EntryPoint\",\"urlTemplate\":\"https:\/\/riberasalud.com\/covadonga\/?s={search_term_string}\"},\"query-input\":{\"@type\":\"PropertyValueSpecification\",\"valueRequired\":true,\"valueName\":\"search_term_string\"}}],\"inLanguage\":\"es\"},{\"@type\":\"Organization\",\"@id\":\"https:\/\/riberasalud.com\/covadonga\/#organization\",\"name\":\"Hospital de Covadonga\",\"url\":\"https:\/\/riberasalud.com\/covadonga\/\",\"logo\":{\"@type\":\"ImageObject\",\"inLanguage\":\"es\",\"@id\":\"https:\/\/riberasalud.com\/covadonga\/#\/schema\/logo\/image\/\",\"url\":\"https:\/\/riberasalud.com\/covadonga\/wp-content\/uploads\/2024\/09\/cropped-LogoCovadonga_Mesa-de-trabajo-1.png\",\"contentUrl\":\"https:\/\/riberasalud.com\/covadonga\/wp-content\/uploads\/2024\/09\/cropped-LogoCovadonga_Mesa-de-trabajo-1.png\",\"width\":734,\"height\":212,\"caption\":\"Hospital de Covadonga\"},\"image\":{\"@id\":\"https:\/\/riberasalud.com\/covadonga\/#\/schema\/logo\/image\/\"}}]}<\/script>\n<!-- \/ Yoast SEO plugin. -->","yoast_head_json":{"title":"Instalaciones - Hospital de Covadonga","description":"El hospital Ribera Covadonga forma parte de la red de centros sanitarios del grupo Ribera, con m\u00e1s de 25 a\u00f1os de experiencia en la gesti\u00f3n","robots":{"index":"index","follow":"follow","max-snippet":"max-snippet:-1","max-image-preview":"max-image-preview:large","max-video-preview":"max-video-preview:-1"},"canonical":"https:\/\/riberasalud.com\/covadonga\/instalaciones\/","og_locale":"es_ES","og_type":"article","og_title":"Instalaciones - Hospital de Covadonga","og_description":"El hospital Ribera Covadonga forma parte de la red de centros sanitarios del grupo Ribera, con m\u00e1s de 25 a\u00f1os de experiencia en la gesti\u00f3n","og_url":"https:\/\/riberasalud.com\/covadonga\/instalaciones\/","og_site_name":"Hospital de Covadonga","article_modified_time":"2024-10-15T07:07:59+00:00","og_image":[{"url":"https:\/\/riberasalud.com\/covadonga\/wp-content\/uploads\/2024\/09\/banner-admisiones.jpg","type":"","width":"","height":""}],"twitter_card":"summary_large_image","twitter_misc":{"Tiempo de lectura":"2 minutos"},"schema":{"@context":"https:\/\/schema.org","@graph":[{"@type":"WebPage","@id":"https:\/\/riberasalud.com\/covadonga\/instalaciones\/","url":"https:\/\/riberasalud.com\/covadonga\/instalaciones\/","name":"Instalaciones - Hospital de Covadonga","isPartOf":{"@id":"https:\/\/riberasalud.com\/covadonga\/#website"},"primaryImageOfPage":{"@id":"https:\/\/riberasalud.com\/covadonga\/instalaciones\/#primaryimage"},"image":{"@id":"https:\/\/riberasalud.com\/covadonga\/instalaciones\/#primaryimage"},"thumbnailUrl":"https:\/\/riberasalud.com\/covadonga\/wp-content\/uploads\/2024\/09\/banner-admisiones.jpg","datePublished":"2024-09-24T14:53:40+00:00","dateModified":"2024-10-15T07:07:59+00:00","description":"El hospital Ribera Covadonga forma parte de la red de centros sanitarios del grupo Ribera, con m\u00e1s de 25 a\u00f1os de experiencia en la gesti\u00f3n","breadcrumb":{"@id":"https:\/\/riberasalud.com\/covadonga\/instalaciones\/#breadcrumb"},"inLanguage":"es","potentialAction":[{"@type":"ReadAction","target":["https:\/\/riberasalud.com\/covadonga\/instalaciones\/"]}]},{"@type":"ImageObject","inLanguage":"es","@id":"https:\/\/riberasalud.com\/covadonga\/instalaciones\/#primaryimage","url":"https:\/\/riberasalud.com\/covadonga\/wp-content\/uploads\/2024\/09\/banner-admisiones.jpg","contentUrl":"https:\/\/riberasalud.com\/covadonga\/wp-content\/uploads\/2024\/09\/banner-admisiones.jpg","width":1354,"height":477,"caption":"Admisiones"},{"@type":"BreadcrumbList","@id":"https:\/\/riberasalud.com\/covadonga\/instalaciones\/#breadcrumb","itemListElement":[{"@type":"ListItem","position":1,"name":"Portada","item":"https:\/\/riberasalud.com\/covadonga\/"},{"@type":"ListItem","position":2,"name":"Instalaciones"}]},{"@type":"WebSite","@id":"https:\/\/riberasalud.com\/covadonga\/#website","url":"https:\/\/riberasalud.com\/covadonga\/","name":"Hospital de Covadonga","description":"","publisher":{"@id":"https:\/\/riberasalud.com\/covadonga\/#organization"},"potentialAction":[{"@type":"SearchAction","target":{"@type":"EntryPoint","urlTemplate":"https:\/\/riberasalud.com\/covadonga\/?s={search_term_string}"},"query-input":{"@type":"PropertyValueSpecification","valueRequired":true,"valueName":"search_term_string"}}],"inLanguage":"es"},{"@type":"Organization","@id":"https:\/\/riberasalud.com\/covadonga\/#organization","name":"Hospital de Covadonga","url":"https:\/\/riberasalud.com\/covadonga\/","logo":{"@type":"ImageObject","inLanguage":"es","@id":"https:\/\/riberasalud.com\/covadonga\/#\/schema\/logo\/image\/","url":"https:\/\/riberasalud.com\/covadonga\/wp-content\/uploads\/2024\/09\/cropped-LogoCovadonga_Mesa-de-trabajo-1.png","contentUrl":"https:\/\/riberasalud.com\/covadonga\/wp-content\/uploads\/2024\/09\/cropped-LogoCovadonga_Mesa-de-trabajo-1.png","width":734,"height":212,"caption":"Hospital de Covadonga"},"image":{"@id":"https:\/\/riberasalud.com\/covadonga\/#\/schema\/logo\/image\/"}}]}},"_links":{"self":[{"href":"https:\/\/riberasalud.com\/covadonga\/wp-json\/wp\/v2\/pages\/86","targetHints":{"allow":["GET"]}}],"collection":[{"href":"https:\/\/riberasalud.com\/covadonga\/wp-json\/wp\/v2\/pages"}],"about":[{"href":"https:\/\/riberasalud.com\/covadonga\/wp-json\/wp\/v2\/types\/page"}],"author":[{"embeddable":true,"href":"https:\/\/riberasalud.com\/covadonga\/wp-json\/wp\/v2\/users\/2"}],"replies":[{"embeddable":true,"href":"https:\/\/riberasalud.com\/covadonga\/wp-json\/wp\/v2\/comments?post=86"}],"version-history":[{"count":15,"href":"https:\/\/riberasalud.com\/covadonga\/wp-json\/wp\/v2\/pages\/86\/revisions"}],"predecessor-version":[{"id":633,"href":"https:\/\/riberasalud.com\/covadonga\/wp-json\/wp\/v2\/pages\/86\/revisions\/633"}],"wp:attachment":[{"href":"https:\/\/riberasalud.com\/covadonga\/wp-json\/wp\/v2\/media?parent=86"}],"curies":[{"name":"wp","href":"https:\/\/api.w.org\/{rel}","templated":true}]}}